This is the mail archive of the
gcc-testresults@gcc.gnu.org
mailing list for the GCC project.
Results for 4.5.0 20090410 (experimental) (GCC) testsuite on x86_64-unknown-linux-gnu
- From: dnovillo at google dot com (My Name)
- To: gcc-testresults at gcc dot gnu dot org
- Date: Fri, 10 Apr 2009 02:21:52 -0400 (EDT)
- Subject: Results for 4.5.0 20090410 (experimental) (GCC) testsuite on x86_64-unknown-linux-gnu
LAST_UPDATED:
Native configuration is x86_64-unknown-linux-gnu
=== g++ tests ===
Running target unix
FAIL: g++.dg/tree-ssa/pr31146-2.C scan-tree-dump forwprop1 "Replaced .* != 0B. with .1"
=== g++ Summary ===
# of expected passes 19434
# of unexpected failures 1
# of expected failures 142
# of unsupported tests 251
/usr/local/google/dnovillo/perf/sbox/gcc/local.x86_64/bld/gcc/testsuite/g++/../../g++ version 4.5.0 20090410 (experimental) (GCC)
=== gcc tests ===
Running target unix
XPASS: gcc.dg/Warray-bounds.c (test for warnings, line 59)
XPASS: gcc.dg/Warray-bounds.c (test for warnings, line 65)
FAIL: gcc.dg/pr36901-1.c (test for excess errors)
FAIL: gcc.dg/pr36901-2.c (test for excess errors)
FAIL: gcc.dg/pr36901-3.c (test for excess errors)
FAIL: gcc.dg/pr36901-4.c (test for excess errors)
XPASS: gcc.dg/struct/wo_prof_array_through_pointer.c scan-ipa-dump ipa_struct_reorg "Number of structures to transform is 1"
FAIL: gcc.dg/tree-prof/bb-reorg.c compilation, -fprofile-use -D_PROFILE_USE
UNRESOLVED: gcc.dg/tree-prof/bb-reorg.c execution, -fprofile-use -D_PROFILE_USE
FAIL: gcc.dg/tree-prof/pr34999.c compilation, -fprofile-use -D_PROFILE_USE
UNRESOLVED: gcc.dg/tree-prof/pr34999.c execution, -fprofile-use -D_PROFILE_USE
FAIL: gcc.dg/tree-ssa/20030807-2.c scan-tree-dump-times dom2 "if " 0
FAIL: gcc.dg/tree-ssa/forwprop-4.c scan-tree-dump-not forwprop1 "link_error"
=== gcc Summary ===
# of expected passes 56158
# of unexpected failures 8
# of unexpected successes 3
# of expected failures 145
# of unresolved testcases 2
# of unsupported tests 1186
/usr/local/google/dnovillo/perf/sbox/gcc/local.x86_64/bld/gcc/xgcc version 4.5.0 20090410 (experimental) (GCC)
=== gfortran tests ===
Running target unix
FAIL: gfortran.dg/alloc_comp_basics_2.f90 -O0 (internal compiler error)
FAIL: gfortran.dg/alloc_comp_basics_2.f90 -O0 (test for excess errors)
UNRESOLVED: gfortran.dg/alloc_comp_basics_2.f90 -O0 compilation failed to produce executable
FAIL: gfortran.dg/alloc_comp_basics_2.f90 -O1 (internal compiler error)
FAIL: gfortran.dg/alloc_comp_basics_2.f90 -O1 (test for excess errors)
UNRESOLVED: gfortran.dg/alloc_comp_basics_2.f90 -O1 compilation failed to produce executable
FAIL: gfortran.dg/alloc_comp_basics_5.f90 -O0 (internal compiler error)
FAIL: gfortran.dg/alloc_comp_basics_5.f90 -O0 (test for excess errors)
UNRESOLVED: gfortran.dg/alloc_comp_basics_5.f90 -O0 compilation failed to produce executable
FAIL: gfortran.dg/alloc_comp_basics_5.f90 -O1 (internal compiler error)
FAIL: gfortran.dg/alloc_comp_basics_5.f90 -O1 (test for excess errors)
UNRESOLVED: gfortran.dg/alloc_comp_basics_5.f90 -O1 compilation failed to produce executable
FAIL: gfortran.dg/alloc_comp_initializer_1.f90 -O0 (internal compiler error)
FAIL: gfortran.dg/alloc_comp_initializer_1.f90 -O0 (test for excess errors)
UNRESOLVED: gfortran.dg/alloc_comp_initializer_1.f90 -O0 compilation failed to produce executable
FAIL: gfortran.dg/alloc_comp_initializer_1.f90 -O1 (internal compiler error)
FAIL: gfortran.dg/alloc_comp_initializer_1.f90 -O1 (test for excess errors)
UNRESOLVED: gfortran.dg/alloc_comp_initializer_1.f90 -O1 compilation failed to produce executable
FAIL: gfortran.dg/allocate_alloc_opt_3.f90 -O0 (internal compiler error)
FAIL: gfortran.dg/allocate_alloc_opt_3.f90 -O0 (test for excess errors)
UNRESOLVED: gfortran.dg/allocate_alloc_opt_3.f90 -O0 compilation failed to produce executable
FAIL: gfortran.dg/allocate_alloc_opt_3.f90 -O1 (internal compiler error)
FAIL: gfortran.dg/allocate_alloc_opt_3.f90 -O1 (test for excess errors)
UNRESOLVED: gfortran.dg/allocate_alloc_opt_3.f90 -O1 compilation failed to produce executable
FAIL: gfortran.dg/allocate_stat.f90 -O (internal compiler error)
FAIL: gfortran.dg/allocate_stat.f90 -O (test for errors, line 41)
FAIL: gfortran.dg/allocate_stat.f90 -O (test for errors, line 54)
FAIL: gfortran.dg/allocate_stat.f90 -O (test for errors, line 71)
FAIL: gfortran.dg/allocate_stat.f90 -O (test for errors, line 73)
FAIL: gfortran.dg/allocate_stat.f90 -O (test for excess errors)
FAIL: gfortran.dg/char_array_structure_constructor.f90 -O0 (internal compiler error)
FAIL: gfortran.dg/char_array_structure_constructor.f90 -O0 (test for excess errors)
UNRESOLVED: gfortran.dg/char_array_structure_constructor.f90 -O0 compilation failed to produce executable
FAIL: gfortran.dg/char_array_structure_constructor.f90 -O1 (internal compiler error)
FAIL: gfortran.dg/char_array_structure_constructor.f90 -O1 (test for excess errors)
UNRESOLVED: gfortran.dg/char_array_structure_constructor.f90 -O1 compilation failed to produce executable
FAIL: gfortran.dg/f2003_io_1.f03 -O0 execution test
FAIL: gfortran.dg/f2003_io_1.f03 -O1 execution test
FAIL: gfortran.dg/f2003_io_1.f03 -O2 execution test
FAIL: gfortran.dg/f2003_io_1.f03 -O3 -fomit-frame-pointer execution test
FAIL: gfortran.dg/f2003_io_1.f03 -O3 -fomit-frame-pointer -funroll-loops execution test
FAIL: gfortran.dg/f2003_io_1.f03 -O3 -fomit-frame-pointer -funroll-all-loops -finline-functions execution test
FAIL: gfortran.dg/f2003_io_1.f03 -O3 -g execution test
FAIL: gfortran.dg/f2003_io_1.f03 -Os execution test
FAIL: gfortran.dg/f2003_io_4.f03 -O0 execution test
FAIL: gfortran.dg/f2003_io_4.f03 -O1 execution test
FAIL: gfortran.dg/f2003_io_4.f03 -O2 execution test
FAIL: gfortran.dg/f2003_io_4.f03 -O3 -fomit-frame-pointer execution test
FAIL: gfortran.dg/f2003_io_4.f03 -O3 -fomit-frame-pointer -funroll-loops execution test
FAIL: gfortran.dg/f2003_io_4.f03 -O3 -fomit-frame-pointer -funroll-all-loops -finline-functions execution test
FAIL: gfortran.dg/f2003_io_4.f03 -O3 -g execution test
FAIL: gfortran.dg/f2003_io_4.f03 -Os execution test
FAIL: gfortran.dg/f2003_io_5.f03 -O0 execution test
FAIL: gfortran.dg/f2003_io_5.f03 -O1 execution test
FAIL: gfortran.dg/f2003_io_5.f03 -O2 execution test
FAIL: gfortran.dg/f2003_io_5.f03 -O3 -fomit-frame-pointer execution test
FAIL: gfortran.dg/f2003_io_5.f03 -O3 -fomit-frame-pointer -funroll-loops execution test
FAIL: gfortran.dg/f2003_io_5.f03 -O3 -fomit-frame-pointer -funroll-all-loops -finline-functions execution test
FAIL: gfortran.dg/f2003_io_5.f03 -O3 -g execution test
FAIL: gfortran.dg/f2003_io_5.f03 -Os execution test
FAIL: gfortran.dg/f2003_io_6.f03 -O0 execution test
FAIL: gfortran.dg/f2003_io_6.f03 -O1 execution test
FAIL: gfortran.dg/f2003_io_6.f03 -O2 execution test
FAIL: gfortran.dg/f2003_io_6.f03 -O3 -fomit-frame-pointer execution test
FAIL: gfortran.dg/f2003_io_6.f03 -O3 -fomit-frame-pointer -funroll-loops execution test
FAIL: gfortran.dg/f2003_io_6.f03 -O3 -fomit-frame-pointer -funroll-all-loops -finline-functions execution test
FAIL: gfortran.dg/f2003_io_6.f03 -O3 -g execution test
FAIL: gfortran.dg/f2003_io_6.f03 -Os execution test
FAIL: gfortran.dg/f2003_io_7.f03 -O0 execution test
FAIL: gfortran.dg/f2003_io_7.f03 -O1 execution test
FAIL: gfortran.dg/f2003_io_7.f03 -O2 execution test
FAIL: gfortran.dg/f2003_io_7.f03 -O3 -fomit-frame-pointer execution test
FAIL: gfortran.dg/f2003_io_7.f03 -O3 -fomit-frame-pointer -funroll-loops execution test
FAIL: gfortran.dg/f2003_io_7.f03 -O3 -fomit-frame-pointer -funroll-all-loops -finline-functions execution test
FAIL: gfortran.dg/f2003_io_7.f03 -O3 -g execution test
FAIL: gfortran.dg/f2003_io_7.f03 -Os execution test
FAIL: gfortran.dg/fmt_t_5.f90 -O0 execution test
FAIL: gfortran.dg/fmt_t_5.f90 -O1 execution test
FAIL: gfortran.dg/fmt_t_5.f90 -O2 execution test
FAIL: gfortran.dg/fmt_t_5.f90 -O3 -fomit-frame-pointer execution test
FAIL: gfortran.dg/fmt_t_5.f90 -O3 -fomit-frame-pointer -funroll-loops execution test
FAIL: gfortran.dg/fmt_t_5.f90 -O3 -fomit-frame-pointer -funroll-all-loops -finline-functions execution test
FAIL: gfortran.dg/fmt_t_5.f90 -O3 -g execution test
FAIL: gfortran.dg/fmt_t_5.f90 -Os execution test
FAIL: gfortran.dg/fmt_t_7.f -O0 execution test
FAIL: gfortran.dg/fmt_t_7.f -O1 execution test
FAIL: gfortran.dg/fmt_t_7.f -O2 execution test
FAIL: gfortran.dg/fmt_t_7.f -O3 -fomit-frame-pointer execution test
FAIL: gfortran.dg/fmt_t_7.f -O3 -fomit-frame-pointer -funroll-loops execution test
FAIL: gfortran.dg/fmt_t_7.f -O3 -fomit-frame-pointer -funroll-all-loops -finline-functions execution test
FAIL: gfortran.dg/fmt_t_7.f -O3 -g execution test
FAIL: gfortran.dg/fmt_t_7.f -Os execution test
FAIL: gfortran.dg/host_assoc_variable_1.f90 -O (internal compiler error)
FAIL: gfortran.dg/host_assoc_variable_1.f90 -O (test for excess errors)
FAIL: gfortran.dg/implicit_11.f90 -O (internal compiler error)
FAIL: gfortran.dg/implicit_11.f90 -O (test for errors, line 34)
FAIL: gfortran.dg/implicit_11.f90 -O (test for excess errors)
FAIL: gfortran.dg/move_alloc.f90 -O0 (internal compiler error)
FAIL: gfortran.dg/move_alloc.f90 -O0 (test for excess errors)
UNRESOLVED: gfortran.dg/move_alloc.f90 -O0 compilation failed to produce executable
FAIL: gfortran.dg/move_alloc.f90 -O1 (internal compiler error)
FAIL: gfortran.dg/move_alloc.f90 -O1 (test for excess errors)
UNRESOLVED: gfortran.dg/move_alloc.f90 -O1 compilation failed to produce executable
FAIL: gfortran.dg/multiple_allocation_1.f90 -O0 (internal compiler error)
FAIL: gfortran.dg/multiple_allocation_1.f90 -O0 (test for excess errors)
UNRESOLVED: gfortran.dg/multiple_allocation_1.f90 -O0 compilation failed to produce executable
FAIL: gfortran.dg/multiple_allocation_1.f90 -O1 (internal compiler error)
FAIL: gfortran.dg/multiple_allocation_1.f90 -O1 (test for excess errors)
UNRESOLVED: gfortran.dg/multiple_allocation_1.f90 -O1 compilation failed to produce executable
FAIL: gfortran.dg/nullify_3.f90 -O0 (internal compiler error)
FAIL: gfortran.dg/nullify_3.f90 -O0 (test for excess errors)
UNRESOLVED: gfortran.dg/nullify_3.f90 -O0 compilation failed to produce executable
FAIL: gfortran.dg/nullify_3.f90 -O1 (internal compiler error)
FAIL: gfortran.dg/nullify_3.f90 -O1 (test for excess errors)
UNRESOLVED: gfortran.dg/nullify_3.f90 -O1 compilation failed to produce executable
FAIL: gfortran.dg/nullify_3.f90 -O2 (internal compiler error)
FAIL: gfortran.dg/nullify_3.f90 -O2 (test for excess errors)
UNRESOLVED: gfortran.dg/nullify_3.f90 -O2 compilation failed to produce executable
FAIL: gfortran.dg/nullify_3.f90 -O3 -fomit-frame-pointer (internal compiler error)
FAIL: gfortran.dg/nullify_3.f90 -O3 -fomit-frame-pointer (test for excess errors)
UNRESOLVED: gfortran.dg/nullify_3.f90 -O3 -fomit-frame-pointer compilation failed to produce executable
FAIL: gfortran.dg/nullify_3.f90 -O3 -fomit-frame-pointer -funroll-loops (internal compiler error)
FAIL: gfortran.dg/nullify_3.f90 -O3 -fomit-frame-pointer -funroll-loops (test for excess errors)
UNRESOLVED: gfortran.dg/nullify_3.f90 -O3 -fomit-frame-pointer -funroll-loops compilation failed to produce executable
FAIL: gfortran.dg/nullify_3.f90 -O3 -fomit-frame-pointer -funroll-all-loops -finline-functions (internal compiler error)
FAIL: gfortran.dg/nullify_3.f90 -O3 -fomit-frame-pointer -funroll-all-loops -finline-functions (test for excess errors)
UNRESOLVED: gfortran.dg/nullify_3.f90 -O3 -fomit-frame-pointer -funroll-all-loops -finline-functions compilation failed to produce executable
FAIL: gfortran.dg/nullify_3.f90 -O3 -g (internal compiler error)
FAIL: gfortran.dg/nullify_3.f90 -O3 -g (test for excess errors)
UNRESOLVED: gfortran.dg/nullify_3.f90 -O3 -g compilation failed to produce executable
FAIL: gfortran.dg/nullify_3.f90 -Os (internal compiler error)
FAIL: gfortran.dg/nullify_3.f90 -Os (test for excess errors)
UNRESOLVED: gfortran.dg/nullify_3.f90 -Os compilation failed to produce executable
FAIL: gfortran.dg/streamio_1.f90 -O0 execution test
FAIL: gfortran.dg/streamio_1.f90 -O1 execution test
FAIL: gfortran.dg/streamio_1.f90 -O2 execution test
FAIL: gfortran.dg/streamio_1.f90 -O3 -fomit-frame-pointer execution test
FAIL: gfortran.dg/streamio_1.f90 -O3 -fomit-frame-pointer -funroll-loops execution test
FAIL: gfortran.dg/streamio_1.f90 -O3 -fomit-frame-pointer -funroll-all-loops -finline-functions execution test
FAIL: gfortran.dg/streamio_1.f90 -O3 -g execution test
FAIL: gfortran.dg/streamio_1.f90 -Os execution test
FAIL: gfortran.dg/streamio_10.f90 -O0 execution test
FAIL: gfortran.dg/streamio_10.f90 -O1 execution test
FAIL: gfortran.dg/streamio_10.f90 -O2 execution test
FAIL: gfortran.dg/streamio_10.f90 -O3 -fomit-frame-pointer execution test
FAIL: gfortran.dg/streamio_10.f90 -O3 -fomit-frame-pointer -funroll-loops execution test
FAIL: gfortran.dg/streamio_10.f90 -O3 -fomit-frame-pointer -funroll-all-loops -finline-functions execution test
FAIL: gfortran.dg/streamio_10.f90 -O3 -g execution test
FAIL: gfortran.dg/streamio_10.f90 -Os execution test
FAIL: gfortran.dg/streamio_12.f90 -O0 execution test
FAIL: gfortran.dg/streamio_12.f90 -O1 execution test
FAIL: gfortran.dg/streamio_12.f90 -O2 execution test
FAIL: gfortran.dg/streamio_12.f90 -O3 -fomit-frame-pointer execution test
FAIL: gfortran.dg/streamio_12.f90 -O3 -fomit-frame-pointer -funroll-loops execution test
FAIL: gfortran.dg/streamio_12.f90 -O3 -fomit-frame-pointer -funroll-all-loops -finline-functions execution test
FAIL: gfortran.dg/streamio_12.f90 -O3 -g execution test
FAIL: gfortran.dg/streamio_12.f90 -Os execution test
FAIL: gfortran.dg/streamio_14.f90 -O0 execution test
FAIL: gfortran.dg/streamio_14.f90 -O1 execution test
FAIL: gfortran.dg/streamio_14.f90 -O2 execution test
FAIL: gfortran.dg/streamio_14.f90 -O3 -fomit-frame-pointer execution test
FAIL: gfortran.dg/streamio_14.f90 -O3 -fomit-frame-pointer -funroll-loops execution test
FAIL: gfortran.dg/streamio_14.f90 -O3 -fomit-frame-pointer -funroll-all-loops -finline-functions execution test
FAIL: gfortran.dg/streamio_14.f90 -O3 -g execution test
FAIL: gfortran.dg/streamio_14.f90 -Os execution test
FAIL: gfortran.dg/streamio_15.f90 -O0 execution test
FAIL: gfortran.dg/streamio_15.f90 -O1 execution test
FAIL: gfortran.dg/streamio_15.f90 -O2 execution test
FAIL: gfortran.dg/streamio_15.f90 -O3 -fomit-frame-pointer execution test
FAIL: gfortran.dg/streamio_15.f90 -O3 -fomit-frame-pointer -funroll-loops execution test
FAIL: gfortran.dg/streamio_15.f90 -O3 -fomit-frame-pointer -funroll-all-loops -finline-functions execution test
FAIL: gfortran.dg/streamio_15.f90 -O3 -g execution test
FAIL: gfortran.dg/streamio_15.f90 -Os execution test
FAIL: gfortran.dg/streamio_16.f90 -O0 execution test
FAIL: gfortran.dg/streamio_16.f90 -O1 execution test
FAIL: gfortran.dg/streamio_16.f90 -O2 execution test
FAIL: gfortran.dg/streamio_16.f90 -O3 -fomit-frame-pointer execution test
FAIL: gfortran.dg/streamio_16.f90 -O3 -fomit-frame-pointer -funroll-loops execution test
FAIL: gfortran.dg/streamio_16.f90 -O3 -fomit-frame-pointer -funroll-all-loops -finline-functions execution test
FAIL: gfortran.dg/streamio_16.f90 -O3 -g execution test
FAIL: gfortran.dg/streamio_16.f90 -Os execution test
FAIL: gfortran.dg/streamio_2.f90 -O0 execution test
FAIL: gfortran.dg/streamio_2.f90 -O1 execution test
FAIL: gfortran.dg/streamio_2.f90 -O2 execution test
FAIL: gfortran.dg/streamio_2.f90 -O3 -fomit-frame-pointer execution test
FAIL: gfortran.dg/streamio_2.f90 -O3 -fomit-frame-pointer -funroll-loops execution test
FAIL: gfortran.dg/streamio_2.f90 -O3 -fomit-frame-pointer -funroll-all-loops -finline-functions execution test
FAIL: gfortran.dg/streamio_2.f90 -O3 -g execution test
FAIL: gfortran.dg/streamio_2.f90 -Os execution test
FAIL: gfortran.dg/streamio_6.f90 -O0 execution test
FAIL: gfortran.dg/streamio_6.f90 -O1 execution test
FAIL: gfortran.dg/streamio_6.f90 -O2 execution test
FAIL: gfortran.dg/streamio_6.f90 -O3 -fomit-frame-pointer execution test
FAIL: gfortran.dg/streamio_6.f90 -O3 -fomit-frame-pointer -funroll-loops execution test
FAIL: gfortran.dg/streamio_6.f90 -O3 -fomit-frame-pointer -funroll-all-loops -finline-functions execution test
FAIL: gfortran.dg/streamio_6.f90 -O3 -g execution test
FAIL: gfortran.dg/streamio_6.f90 -Os execution test
FAIL: gfortran.dg/streamio_7.f90 -O0 execution test
FAIL: gfortran.dg/streamio_7.f90 -O1 execution test
FAIL: gfortran.dg/streamio_7.f90 -O2 execution test
FAIL: gfortran.dg/streamio_7.f90 -O3 -fomit-frame-pointer execution test
FAIL: gfortran.dg/streamio_7.f90 -O3 -fomit-frame-pointer -funroll-loops execution test
FAIL: gfortran.dg/streamio_7.f90 -O3 -fomit-frame-pointer -funroll-all-loops -finline-functions execution test
FAIL: gfortran.dg/streamio_7.f90 -O3 -g execution test
FAIL: gfortran.dg/streamio_7.f90 -Os execution test
FAIL: gfortran.dg/streamio_8.f90 -O0 execution test
FAIL: gfortran.dg/streamio_8.f90 -O1 execution test
FAIL: gfortran.dg/streamio_8.f90 -O2 execution test
FAIL: gfortran.dg/streamio_8.f90 -O3 -fomit-frame-pointer execution test
FAIL: gfortran.dg/streamio_8.f90 -O3 -fomit-frame-pointer -funroll-loops execution test
FAIL: gfortran.dg/streamio_8.f90 -O3 -fomit-frame-pointer -funroll-all-loops -finline-functions execution test
FAIL: gfortran.dg/streamio_8.f90 -O3 -g execution test
FAIL: gfortran.dg/streamio_8.f90 -Os execution test
FAIL: gfortran.fortran-torture/compile/ambig.f90, -O0 (internal compiler error)
FAIL: gfortran.fortran-torture/compile/ambig.f90, -O1 (internal compiler error)
=== gfortran Summary ===
# of expected passes 29898
# of unexpected failures 193
# of expected failures 11
# of unresolved testcases 22
# of unsupported tests 44
/usr/local/google/dnovillo/perf/sbox/gcc/local.x86_64/bld/gcc/testsuite/gfortran/../../gfortran version 4.5.0 20090410 (experimental) (GCC)
=== obj-c++ tests ===
Running target unix
UNRESOLVED: obj-c++.dg/lookup-2.mm compilation failed to produce executable
UNRESOLVED: obj-c++.dg/try-catch-2.mm compilation failed to produce executable
UNRESOLVED: obj-c++.dg/try-catch-9.mm compilation failed to produce executable
=== obj-c++ Summary ===
# of expected passes 427
# of expected failures 21
# of unresolved testcases 3
# of unsupported tests 13
/usr/local/google/dnovillo/perf/sbox/gcc/local.x86_64/bld/gcc/testsuite/obj-c++/../../g++ version 4.5.0 20090410 (experimental) (GCC)
=== objc tests ===
Running target unix
FAIL: objc/execute/forward-1.m execution, -O0 -fgnu-runtime
FAIL: objc/execute/forward-1.m execution, -O1 -fgnu-runtime
FAIL: objc/execute/forward-1.m execution, -O2 -fgnu-runtime
FAIL: objc/execute/forward-1.m execution, -O3 -fomit-frame-pointer -fgnu-runtime
FAIL: objc/execute/forward-1.m execution, -O3 -fomit-frame-pointer -funroll-loops -fgnu-runtime
FAIL: objc/execute/forward-1.m execution, -O3 -fomit-frame-pointer -funroll-all-loops -finline-functions -fgnu-runtime
FAIL: objc/execute/forward-1.m execution, -O3 -g -fgnu-runtime
FAIL: objc/execute/forward-1.m execution, -Os -fgnu-runtime
=== objc Summary ===
# of expected passes 1864
# of unexpected failures 8
# of expected failures 7
# of unsupported tests 24
/usr/local/google/dnovillo/perf/sbox/gcc/local.x86_64/bld/gcc/xgcc version 4.5.0 20090410 (experimental) (GCC)
=== libgomp tests ===
Running target unix
=== libgomp Summary ===
# of expected passes 2406
=== libmudflap tests ===
Running target unix
FAIL: libmudflap.c++/pass41-frag.cxx execution test
FAIL: libmudflap.c++/pass41-frag.cxx (-static) execution test
FAIL: libmudflap.c++/pass41-frag.cxx (-O2) execution test
FAIL: libmudflap.c++/pass41-frag.cxx (-O3) execution test
=== libmudflap Summary ===
# of expected passes 1890
# of unexpected failures 4
=== libstdc++ tests ===
Running target unix
FAIL: abi_check
XPASS: 26_numerics/headers/cmath/c99_classification_macros_c.cc (test for excess errors)
=== libstdc++ Summary ===
# of expected passes 6078
# of unexpected failures 1
# of unexpected successes 1
# of expected failures 82
# of unsupported tests 333
Compiler version: 4.5.0 20090410 (experimental) (GCC)
Platform: x86_64-unknown-linux-gnu
configure flags: --prefix=/usr/local/google/homedirs/dnovillo/perf/sbox/gcc/local.x86_64/inst --srcdir=/usr/local/google/homedirs/dnovillo/perf/sbox/gcc/local.x86_64/src --with-gmp=/usr/local/google/homedirs/dnovillo/x86_64 --with-mpfr=/usr/local/google/homedirs/dnovillo/x86_64 --enable-languages=c++,fortran,objc,obj-c++