This is the mail archive of the
gcc-testresults@gcc.gnu.org
mailing list for the GCC project.
Results for 4.5.0 20090409 (experimental) [trunk revision 145849] (GCC) testsuite on i686-pc-linux-gnu
- From: Joey Ye <jye2 at shgcc-16 dot sh dot intel dot com>
- To: gcc-testresults at gcc dot gnu dot org
- Date: Fri, 10 Apr 2009 03:32:38 +0800
- Subject: Results for 4.5.0 20090409 (experimental) [trunk revision 145849] (GCC) testsuite on i686-pc-linux-gnu
LAST_UPDATED: Thu Apr 9 17:47:54 UTC 2009 (revision 145849)
Native configuration is i686-pc-linux-gnu
=== g++ tests ===
Running target unix
FAIL: g++.dg/tree-ssa/pr31146-2.C scan-tree-dump forwprop1 "Replaced .* != 0B. with .1"
=== g++ Summary ===
# of expected passes 19738
# of unexpected failures 1
# of expected failures 142
# of unsupported tests 101
/home/jye2/gcc/build-daily/gcc/testsuite/g++/../../g++ version 4.5.0 20090409 (experimental) [trunk revision 145849] (GCC)
=== gcc tests ===
Running target unix
XPASS: gcc.dg/Warray-bounds.c (test for warnings, line 59)
XPASS: gcc.dg/Warray-bounds.c (test for warnings, line 65)
FAIL: gcc.dg/pr36901-1.c (test for excess errors)
FAIL: gcc.dg/pr36901-2.c (test for excess errors)
FAIL: gcc.dg/pr36901-3.c (test for excess errors)
FAIL: gcc.dg/pr36901-4.c (test for excess errors)
XPASS: gcc.dg/struct/wo_prof_array_through_pointer.c scan-ipa-dump ipa_struct_reorg "Number of structures to transform is 1"
FAIL: gcc.dg/tree-ssa/20030807-2.c scan-tree-dump-times dom2 "if " 0
FAIL: gcc.dg/tree-ssa/forwprop-4.c scan-tree-dump-not forwprop1 "link_error"
=== gcc Summary ===
# of expected passes 56538
# of unexpected failures 6
# of unexpected successes 3
# of expected failures 144
# of unsupported tests 882
/home/jye2/gcc/build-daily/gcc/xgcc version 4.5.0 20090409 (experimental) [trunk revision 145849] (GCC)
=== gfortran tests ===
Running target unix
=== gfortran Summary ===
# of expected passes 29975
# of expected failures 11
# of unsupported tests 97
/home/jye2/gcc/build-daily/gcc/testsuite/gfortran/../../gfortran version 4.5.0 20090409 (experimental) [trunk revision 145849] (GCC)
=== objc tests ===
Running target unix
=== objc Summary ===
# of expected passes 1872
# of expected failures 7
# of unsupported tests 24
/home/jye2/gcc/build-daily/gcc/xgcc version 4.5.0 20090409 (experimental) [trunk revision 145849] (GCC)
=== libffi tests ===
Running target unix
=== libffi Summary ===
# of expected passes 1389
# of unsupported tests 10
=== libgomp tests ===
Running target unix
=== libgomp Summary ===
# of expected passes 2406
=== libjava tests ===
Running target unix
=== libjava Summary ===
# of expected passes 2574
=== libmudflap tests ===
Running target unix
FAIL: libmudflap.c++/pass41-frag.cxx execution test
FAIL: libmudflap.c++/pass41-frag.cxx (-static) execution test
FAIL: libmudflap.c++/pass41-frag.cxx (-O2) execution test
FAIL: libmudflap.c++/pass41-frag.cxx (-O3) execution test
=== libmudflap Summary ===
# of expected passes 1890
# of unexpected failures 4
=== libstdc++ tests ===
Running target unix
XPASS: 26_numerics/headers/cmath/c99_classification_macros_c.cc (test for excess errors)
FAIL: 26_numerics/random/knuth_b.cc execution test
FAIL: 26_numerics/random/piecewise_linear_distribution/operators/serialize.cc execution test
FAIL: 26_numerics/random/ranlux48.cc execution test
FAIL: 26_numerics/random/ranlux48_base.cc execution test
=== libstdc++ Summary ===
# of expected passes 6745
# of unexpected failures 4
# of unexpected successes 1
# of expected failures 82
# of unsupported tests 18
Compiler version: 4.5.0 20090409 (experimental) [trunk revision 145849] (GCC)
Platform: i686-pc-linux-gnu
configure flags: --enable-clocale=gnu --with-system-zlib --enable-decimal-float=bid --with-demangler-in-ld --enable-shared --enable-threads=posix --enable-haifa --enable-checking=assert