This is the mail archive of the gcc-testresults@gcc.gnu.org mailing list for the GCC project.
Index Nav: | [Date Index] [Subject Index] [Author Index] [Thread Index] | |
---|---|---|
Message Nav: | [Date Prev] [Date Next] | [Thread Prev] [Thread Next] |
Other format: | [Raw text] |
LAST_UPDATED: Sun Apr 5 02:24:14 UTC 2009 (revision 145559) === acats tests === FAIL: c380004 === acats Summary === # of expected passes 2313 # of unexpected failures 1 Native configuration is hppa2.0w-hp-hpux11.00 === g++ tests === Running target unix === g++ Summary === # of expected passes 12973 # of expected failures 70 # of unsupported tests 188 /home/gnu/gcc/objdir/gcc/testsuite/g++/../../g++ version 4.2.4 === gcc tests === Running target unix WARNING: program timed out. FAIL: gcc.c-torture/compile/20001226-1.c -O2 (test for excess errors) WARNING: program timed out. FAIL: gcc.c-torture/compile/20001226-1.c -O3 -fomit-frame-pointer (test for excess errors) WARNING: program timed out. FAIL: gcc.c-torture/compile/20001226-1.c -O3 -g (test for excess errors) WARNING: program timed out. FAIL: gcc.c-torture/compile/20001226-1.c -Os (test for excess errors) XPASS: gcc.c-torture/execute/mayalias-2.c compilation, -O3 -g XPASS: gcc.dg/cpp/cmdlne-dI-M.c scan-file (^|\\\\n)cmdlne-dI-M.*:[^\\\\n]*cmdlne-dI-M.c XPASS: gcc.dg/cpp/cmdlne-dM-M.c scan-file (^|\\\\n)cmdlne-dM-M[^\\\\n]*:[^\\\\n]*cmdlne-dM-M.c === gcc Summary === # of expected passes 40415 # of unexpected failures 4 # of unexpected successes 3 # of expected failures 82 # of untested testcases 28 # of unsupported tests 501 /home/gnu/gcc/objdir/gcc/xgcc version 4.2.4 === gfortran tests === Running target unix === gfortran Summary === # of expected passes 16042 # of expected failures 6 # of unsupported tests 105 /home/gnu/gcc/objdir/gcc/testsuite/gfortran/../../gfortran version 4.2.4 === gnat tests === Running target unix === gnat Summary === # of expected passes 42 === obj-c++ tests === Running target unix WARNING: obj-c++.dg/lookup-2.mm compilation failed to produce executable WARNING: obj-c++.dg/try-catch-2.mm compilation failed to produce executable WARNING: obj-c++.dg/try-catch-9.mm compilation failed to produce executable === obj-c++ Summary === # of expected passes 441 # of expected failures 6 # of unsupported tests 14 /home/gnu/gcc/objdir/gcc/testsuite/obj-c++/../../g++ version 4.2.4 === objc tests === Running target unix === objc Summary === # of expected passes 1800 # of expected failures 7 # of unsupported tests 27 /home/gnu/gcc/objdir/gcc/xgcc version 4.2.4 === libgomp tests === Running target unix FAIL: libgomp.fortran/vla6.f90 -O0 execution test === libgomp Summary === # of expected passes 1339 # of unexpected failures 1 # of unsupported tests 118 === libstdc++ tests === Running target unix WARNING: program timed out. FAIL: ext/pb_ds/regression/tree_data_map_rand.cc (test for excess errors) WARNING: ext/pb_ds/regression/tree_data_map_rand.cc compilation failed to produce executable WARNING: program timed out. FAIL: ext/pb_ds/regression/tree_no_data_map_rand.cc (test for excess errors) WARNING: ext/pb_ds/regression/tree_no_data_map_rand.cc compilation failed to produce executable === libstdc++ Summary === # of expected passes 3014 # of unexpected failures 2 # of expected failures 12 # of unsupported tests 162 Compiler version: 4.2.4 Platform: hppa2.0w-hp-hpux11.00 configure flags: --with-gnu-as --with-as=/opt/gnu/bin/as --enable-shared --with-local-prefix=/opt/gnu --prefix=/opt/gnu/gcc/gcc-4.2.4 --with-gmp=/opt/gnu/gcc/gcc-4.2.4 --enable-debug=no --disable-nls --enable-threads=posix --enable-checking=release --enable-languages=c,ada,c++,fortran,objc,obj-c++
Index Nav: | [Date Index] [Subject Index] [Author Index] [Thread Index] | |
---|---|---|
Message Nav: | [Date Prev] [Date Next] | [Thread Prev] [Thread Next] |