This is the mail archive of the
gcc-testresults@gcc.gnu.org
mailing list for the GCC project.
Results for 4.4.0 20090403 (prerelease) [gcc-4_4-branch revision 145520] (GCC) testsuite on x86_64-unknown-linux-gnu
- From: Laurent GUERBY gcc15 <guerby at gcc15 dot fsffrance dot org>
- To: gcc-testresults at gcc dot gnu dot org
- Date: Sat, 04 Apr 2009 04:16:48 +0200
- Subject: Results for 4.4.0 20090403 (prerelease) [gcc-4_4-branch revision 145520] (GCC) testsuite on x86_64-unknown-linux-gnu
LAST_UPDATED: Fri Apr 3 21:17:09 UTC 2009 (revision 145520)
=== acats tests ===
=== acats Summary ===
# of expected passes 2315
# of unexpected failures 0
Native configuration is x86_64-unknown-linux-gnu
=== gcc tests ===
Running target unix
FAIL: gcc.dg/tree-prof/bb-reorg.c compilation, -fprofile-use -D_PROFILE_USE
UNRESOLVED: gcc.dg/tree-prof/bb-reorg.c execution, -fprofile-use -D_PROFILE_USE
FAIL: gcc.dg/tree-prof/pr34999.c compilation, -fprofile-use -D_PROFILE_USE
UNRESOLVED: gcc.dg/tree-prof/pr34999.c execution, -fprofile-use -D_PROFILE_USE
=== gcc Summary ===
# of expected passes 55119
# of unexpected failures 2
# of expected failures 187
# of unresolved testcases 2
# of unsupported tests 1282
/home/guerby/build/gcc/xgcc version 4.4.0 20090403 (prerelease) [gcc-4_4-branch revision 145520] (GCC)
=== gfortran tests ===
Running target unix
=== gfortran Summary ===
# of expected passes 29373
# of expected failures 10
# of unsupported tests 44
/home/guerby/build/gcc/testsuite/gfortran/../../gfortran version 4.4.0 20090403 (prerelease) [gcc-4_4-branch revision 145520] (GCC)
=== g++ tests ===
Running target unix
=== g++ Summary ===
# of expected passes 19366
# of expected failures 140
# of unsupported tests 251
/home/guerby/build/gcc/testsuite/g++/../../g++ version 4.4.0 20090403 (prerelease) [gcc-4_4-branch revision 145520] (GCC)
=== gnat tests ===
Running target unix
=== gnat Summary ===
# of expected passes 610
# of expected failures 6
=== objc tests ===
Running target unix
FAIL: objc/execute/forward-1.m execution, -O0 -fgnu-runtime
FAIL: objc/execute/forward-1.m execution, -O1 -fgnu-runtime
FAIL: objc/execute/forward-1.m execution, -O2 -fgnu-runtime
FAIL: objc/execute/forward-1.m execution, -O3 -fomit-frame-pointer -fgnu-runtime
FAIL: objc/execute/forward-1.m execution, -O3 -fomit-frame-pointer -funroll-loops -fgnu-runtime
FAIL: objc/execute/forward-1.m execution, -O3 -fomit-frame-pointer -funroll-all-loops -finline-functions -fgnu-runtime
FAIL: objc/execute/forward-1.m execution, -O3 -g -fgnu-runtime
FAIL: objc/execute/forward-1.m execution, -Os -fgnu-runtime
=== objc Summary ===
# of expected passes 1862
# of unexpected failures 8
# of expected failures 7
# of unsupported tests 24
/home/guerby/build/gcc/xgcc version 4.4.0 20090403 (prerelease) [gcc-4_4-branch revision 145520] (GCC)
=== libffi tests ===
Running target unix
=== libffi Summary ===
# of expected passes 1389
# of unsupported tests 10
=== libgomp tests ===
Running target unix
=== libgomp Summary ===
# of expected passes 2390
=== libjava tests ===
Running target unix
=== libjava Summary ===
# of expected passes 2574
=== libmudflap tests ===
Running target unix
FAIL: libmudflap.c++/pass41-frag.cxx execution test
FAIL: libmudflap.c++/pass41-frag.cxx (-static) execution test
FAIL: libmudflap.c++/pass41-frag.cxx (-O2) execution test
FAIL: libmudflap.c++/pass41-frag.cxx (-O3) execution test
=== libmudflap Summary ===
# of expected passes 1890
# of unexpected failures 4
=== libstdc++ tests ===
Running target unix
FAIL: 22_locale/time_get/get_date/wchar_t/4.cc execution test
XPASS: 26_numerics/headers/cmath/c99_classification_macros_c.cc (test for excess errors)
=== libstdc++ Summary ===
# of expected passes 6477
# of unexpected failures 1
# of unexpected successes 1
# of expected failures 80
# of unsupported tests 15
Compiler version: 4.4.0 20090403 (prerelease) [gcc-4_4-branch revision 145520] (GCC)
Platform: x86_64-unknown-linux-gnu
configure flags: --prefix=/n/15/guerby/install-gcc-4_4-branch --enable-languages=all,ada --enable-__cxa_atexit --disable-nls --enable-threads=posix --disable-multilib --with-mpfr=/opt/cfarm/mpfr-2.3.2