This is the mail archive of the
gcc-testresults@gcc.gnu.org
mailing list for the GCC project.
Results for 4.5.0 20090401 (experimental) [trunk revision 145416] (GCC) testsuite on i686-pc-linux-gnu
- From: Joey Ye <jye2 at shgcc-16 dot sh dot intel dot com>
- To: gcc-testresults at gcc dot gnu dot org
- Date: Thu, 2 Apr 2009 03:33:08 +0800
- Subject: Results for 4.5.0 20090401 (experimental) [trunk revision 145416] (GCC) testsuite on i686-pc-linux-gnu
LAST_UPDATED: Wed Apr 1 17:46:20 UTC 2009 (revision 145416)
Native configuration is i686-pc-linux-gnu
=== g++ tests ===
Running target unix
=== g++ Summary ===
# of expected passes 19682
# of expected failures 142
# of unsupported tests 101
/home/jye2/gcc/build-daily/gcc/testsuite/g++/../../g++ version 4.5.0 20090401 (experimental) [trunk revision 145416] (GCC)
=== gcc tests ===
Running target unix
=== gcc Summary ===
# of expected passes 56271
# of expected failures 153
# of unsupported tests 879
/home/jye2/gcc/build-daily/gcc/xgcc version 4.5.0 20090401 (experimental) [trunk revision 145416] (GCC)
=== gfortran tests ===
Running target unix
=== gfortran Summary ===
# of expected passes 29704
# of expected failures 11
# of unsupported tests 97
/home/jye2/gcc/build-daily/gcc/testsuite/gfortran/../../gfortran version 4.5.0 20090401 (experimental) [trunk revision 145416] (GCC)
=== objc tests ===
Running target unix
=== objc Summary ===
# of expected passes 1856
# of expected failures 7
# of unsupported tests 24
/home/jye2/gcc/build-daily/gcc/xgcc version 4.5.0 20090401 (experimental) [trunk revision 145416] (GCC)
=== libffi tests ===
Running target unix
=== libffi Summary ===
# of expected passes 1389
# of unsupported tests 10
=== libgomp tests ===
Running target unix
=== libgomp Summary ===
# of expected passes 2390
=== libjava tests ===
Running target unix
=== libjava Summary ===
# of expected passes 2574
=== libmudflap tests ===
Running target unix
FAIL: libmudflap.c++/pass41-frag.cxx execution test
FAIL: libmudflap.c++/pass41-frag.cxx (-static) execution test
FAIL: libmudflap.c++/pass41-frag.cxx (-O2) execution test
FAIL: libmudflap.c++/pass41-frag.cxx (-O3) execution test
FAIL: libmudflap.cth/pass39-frag.c (-O2) (rerun 17) execution test
FAIL: libmudflap.cth/pass39-frag.c (-O2) (rerun 17) output pattern test
=== libmudflap Summary ===
# of expected passes 1888
# of unexpected failures 6
=== libstdc++ tests ===
Running target unix
XPASS: 26_numerics/headers/cmath/c99_classification_macros_c.cc (test for excess errors)
FAIL: ext/pb_ds/regression/hash_data_map_rand.cc execution test
FAIL: ext/pb_ds/regression/hash_no_data_map_rand.cc execution test
=== libstdc++ Summary ===
# of expected passes 6470
# of unexpected failures 2
# of unexpected successes 1
# of expected failures 80
# of unsupported tests 18
Compiler version: 4.5.0 20090401 (experimental) [trunk revision 145416] (GCC)
Platform: i686-pc-linux-gnu
configure flags: --enable-clocale=gnu --with-system-zlib --enable-decimal-float=bid --with-demangler-in-ld --enable-shared --enable-threads=posix --enable-haifa --enable-checking=assert