This is the mail archive of the
gcc-testresults@gcc.gnu.org
mailing list for the GCC project.
Results for 4.4.0 20090224 (experimental) (Debian 20090224-1) testsuite on sparc-unknown-linux-gnu
- From: Matthias Klose <doko at debian dot org>
- To: gcc-testresults at gcc dot gnu dot org
- Cc: debian-gcc at lists dot debian dot org
- Date: Wed, 01 Apr 2009 17:54:14 +0000
- Subject: Results for 4.4.0 20090224 (experimental) (Debian 20090224-1) testsuite on sparc-unknown-linux-gnu
- Reply-to: Matthias Klose <doko at debian dot org>
LAST_UPDATED:
Target: sparc-linux-gnu
gcc version 4.4.0 20090224 (experimental) (Debian 20090224-1)
=== acats tests ===
FAIL: c940007
FAIL: c94008c
=== acats Summary ===
# of expected passes 2313
# of unexpected failures 2
Native configuration is sparc-unknown-linux-gnu
=== g++ tests ===
Running target unix
=== g++ Summary for unix ===
# of expected passes 18959
# of expected failures 140
# of unsupported tests 153
Running target unix/-m64
=== g++ Summary for unix/-m64 ===
# of expected passes 18925
# of expected failures 140
# of unsupported tests 155
=== g++ Summary ===
# of expected passes 37884
# of expected failures 280
# of unsupported tests 308
/build/buildd/gcc-snapshot-20090224/build/gcc/testsuite/g++/../../g++ version 4.4.0 20090224 (experimental) (Debian 20090224-1)
=== gcc tests ===
Running target unix
FAIL: gcc.c-torture/execute/pr38819.c execution, -O2
FAIL: gcc.c-torture/execute/pr38819.c execution, -O3 -fomit-frame-pointer
FAIL: gcc.c-torture/execute/pr38819.c execution, -O3 -fomit-frame-pointer -funroll-loops
FAIL: gcc.c-torture/execute/pr38819.c execution, -O3 -fomit-frame-pointer -funroll-all-loops -finline-functions
FAIL: gcc.c-torture/execute/pr38819.c execution, -O3 -g
FAIL: gcc.dg/vect/vect-35.c scan-tree-dump-times vect "vectorized 1 loops" 1
FAIL: gcc.dg/vect/vect-multitypes-12.c scan-tree-dump-times vect "vectorized 1 loops" 1
FAIL: gcc.dg/vect/vect-multitypes-5.c scan-tree-dump-times vect "vectorized 1 loops" 1
FAIL: gcc.dg/vect/vect-multitypes-6.c scan-tree-dump-times vect "vectorized 1 loops" 1
FAIL: gcc.dg/vect/slp-multitypes-2.c execution test
FAIL: gcc.dg/vect/slp-multitypes-3.c scan-tree-dump-times vect "vectorized 1 loops" 1
FAIL: gcc.dg/vect/slp-multitypes-3.c scan-tree-dump-times vect "vectorizing stmts using SLP" 2
=== gcc Summary for unix ===
# of expected passes 50211
# of unexpected failures 12
# of expected failures 234
# of unsupported tests 637
Running target unix/-m64
FAIL: gcc.dg/tree-ssa/gen-vect-11c.c scan-tree-dump-times vect "vectorized 0 loops" 1
FAIL: gcc.misc-tests/linkage.c link
=== gcc Summary for unix/-m64 ===
# of expected passes 50219
# of unexpected failures 2
# of expected failures 235
# of unsupported tests 636
=== gcc Summary ===
# of expected passes 100430
# of unexpected failures 14
# of expected failures 469
# of unsupported tests 1273
/build/buildd/gcc-snapshot-20090224/build/gcc/xgcc version 4.4.0 20090224 (experimental) (Debian 20090224-1)
=== gfortran tests ===
Running target unix
=== gfortran Summary for unix ===
# of expected passes 29158
# of expected failures 16
# of unsupported tests 127
Running target unix/-m64
FAIL: gfortran.dg/char_result_3.f90 -O3 -fomit-frame-pointer execution test
FAIL: gfortran.dg/char_result_3.f90 -O3 -fomit-frame-pointer -funroll-loops execution test
FAIL: gfortran.dg/char_result_3.f90 -O3 -fomit-frame-pointer -funroll-all-loops -finline-functions execution test
FAIL: gfortran.dg/char_result_3.f90 -O3 -g execution test
FAIL: gfortran.dg/random_3.f90 -O0 execution test
FAIL: gfortran.dg/random_3.f90 -O1 execution test
FAIL: gfortran.dg/random_3.f90 -O2 execution test
FAIL: gfortran.dg/random_3.f90 -O3 -fomit-frame-pointer execution test
FAIL: gfortran.dg/random_3.f90 -O3 -fomit-frame-pointer -funroll-loops execution test
FAIL: gfortran.dg/random_3.f90 -O3 -fomit-frame-pointer -funroll-all-loops -finline-functions execution test
FAIL: gfortran.dg/random_3.f90 -O3 -g execution test
FAIL: gfortran.dg/random_3.f90 -Os execution test
FAIL: gfortran.fortran-torture/execute/forall_7.f90 execution, -O2 -fomit-frame-pointer -finline-functions -funroll-loops
=== gfortran Summary for unix/-m64 ===
# of expected passes 29294
# of unexpected failures 13
# of expected failures 16
# of unsupported tests 54
=== gfortran Summary ===
# of expected passes 58452
# of unexpected failures 13
# of expected failures 32
# of unsupported tests 181
/build/buildd/gcc-snapshot-20090224/build/gcc/testsuite/gfortran/../../gfortran version 4.4.0 20090224 (experimental) (Debian 20090224-1)
=== gnat tests ===
Running target unix
=== gnat Summary ===
# of expected passes 608
# of expected failures 6
=== obj-c++ tests ===
Running target unix
UNRESOLVED: obj-c++.dg/lookup-2.mm compilation failed to produce executable
UNRESOLVED: obj-c++.dg/try-catch-2.mm compilation failed to produce executable
UNRESOLVED: obj-c++.dg/try-catch-9.mm compilation failed to produce executable
=== obj-c++ Summary ===
# of expected passes 438
# of expected failures 10
# of unresolved testcases 3
# of unsupported tests 13
/build/buildd/gcc-snapshot-20090224/build/gcc/testsuite/obj-c++/../../g++ version 4.4.0 20090224 (experimental) (Debian 20090224-1)
=== objc tests ===
Running target unix
FAIL: objc/execute/forward-1.m execution, -O0 -fgnu-runtime
FAIL: objc/execute/forward-1.m execution, -O1 -fgnu-runtime
FAIL: objc/execute/forward-1.m execution, -O2 -fgnu-runtime
FAIL: objc/execute/forward-1.m execution, -O3 -fomit-frame-pointer -fgnu-runtime
FAIL: objc/execute/forward-1.m execution, -O3 -fomit-frame-pointer -funroll-loops -fgnu-runtime
FAIL: objc/execute/forward-1.m execution, -O3 -fomit-frame-pointer -funroll-all-loops -finline-functions -fgnu-runtime
FAIL: objc/execute/forward-1.m execution, -O3 -g -fgnu-runtime
FAIL: objc/execute/forward-1.m execution, -Os -fgnu-runtime
=== objc Summary ===
# of expected passes 1822
# of unexpected failures 8
# of expected failures 7
# of unsupported tests 24
/build/buildd/gcc-snapshot-20090224/build/gcc/xgcc version 4.4.0 20090224 (experimental) (Debian 20090224-1)
=== libffi tests ===
Running target unix
=== libffi Summary for unix ===
# of expected passes 1389
# of unsupported tests 10
Running target unix/-m64
=== libffi Summary for unix/-m64 ===
# of expected passes 1389
# of unsupported tests 10
=== libffi Summary ===
# of expected passes 2778
# of unsupported tests 20
=== libgomp tests ===
Running target unix
=== libgomp Summary for unix ===
# of expected passes 2332
# of unsupported tests 7
Running target unix/-m64
=== libgomp Summary for unix/-m64 ===
# of expected passes 2332
# of unsupported tests 7
=== libgomp Summary ===
# of expected passes 4664
# of unsupported tests 14
=== libjava tests ===
Running target unix
FAIL: PR218 execution - source compiled test
WARNING: program timed out.
FAIL: StackTrace2 execution - source compiled test
WARNING: program timed out.
FAIL: StackTrace2 -findirect-dispatch execution - source compiled test
WARNING: program timed out.
FAIL: StackTrace2 -O3 execution - source compiled test
WARNING: program timed out.
FAIL: StackTrace2 -O3 -findirect-dispatch execution - source compiled test
FAIL: Throw_3 execution - source compiled test
FAIL: Throw_3 -findirect-dispatch execution - source compiled test
=== libjava Summary ===
# of expected passes 2560
# of unexpected failures 7
# of untested testcases 7
=== libmudflap tests ===
Running target unix
FAIL: libmudflap.c/pass54-frag.c execution test
FAIL: libmudflap.c/pass54-frag.c execution test
FAIL: libmudflap.c/pass54-frag.c (-static) execution test
FAIL: libmudflap.c/pass54-frag.c (-static) execution test
FAIL: libmudflap.c++/pass41-frag.cxx execution test
FAIL: libmudflap.c++/pass41-frag.cxx (-static) execution test
FAIL: libmudflap.c++/pass41-frag.cxx (-O2) execution test
FAIL: libmudflap.c++/pass41-frag.cxx (-O3) execution test
=== libmudflap Summary for unix ===
# of expected passes 1886
# of unexpected failures 8
Running target unix/-m64
FAIL: libmudflap.c/pass54-frag.c execution test
FAIL: libmudflap.c/pass54-frag.c execution test
FAIL: libmudflap.c/pass54-frag.c (-static) execution test
FAIL: libmudflap.c/pass54-frag.c (-static) execution test
FAIL: libmudflap.c++/pass41-frag.cxx execution test
FAIL: libmudflap.c++/pass41-frag.cxx (-static) execution test
FAIL: libmudflap.c++/pass41-frag.cxx (-O2) execution test
FAIL: libmudflap.c++/pass41-frag.cxx (-O3) execution test
=== libmudflap Summary for unix/-m64 ===
# of expected passes 1886
# of unexpected failures 8
=== libmudflap Summary ===
# of expected passes 3772
# of unexpected failures 16
=== libstdc++ tests ===
Running target unix
XPASS: 26_numerics/headers/cmath/c99_classification_macros_c.cc (test for excess errors)
=== libstdc++ Summary for unix ===
# of expected passes 5826
# of unexpected successes 1
# of expected failures 80
# of unsupported tests 336
Running target unix/-m64
FAIL: abi_check
XPASS: 26_numerics/headers/cmath/c99_classification_macros_c.cc (test for excess errors)
=== libstdc++ Summary for unix/-m64 ===
# of expected passes 5831
# of unexpected successes 1
# of unexpected failures 1
# of expected failures 80
# of unsupported tests 333
=== libstdc++ Summary ===
# of expected passes 11657
# of unexpected failures 1
# of unexpected successes 2
# of expected failures 160
# of unsupported tests 669
Compiler version: 4.4.0 20090224 (experimental) (Debian 20090224-1)
Platform: sparc-unknown-linux-gnu
configure flags: -v --with-pkgversion='Debian 20090224-1' --with-bugurl=file:///usr/share/doc/gcc-snapshot/README.Bugs --enable-languages=c,c++,java,fortran,objc,obj-c++,ada --prefix=/usr/lib/gcc-snapshot --enable-shared --with-system-zlib --disable-nls --enable-clocale=gnu --enable-libstdcxx-debug --enable-java-awt=gtk --enable-gtk-cairo --disable-plugin --with-java-home=/usr/lib/gcc-snapshot/java-1.5.0-gcj-4.4-1.5.0.0/jre --enable-java-home --with-jvm-root-dir=/usr/lib/gcc-snapshot/jvm --with-jvm-jar-dir=/usr/lib/gcc-snapshot/jvm-exports --with-ecj-jar=/usr/share/java/eclipse-ecj.jar --enable-objc-gc --enable-mpfr --enable-targets=all --with-cpu=v8 --with-long-double-128 --disable-werror --build=sparc-linux-gnu --host=sparc-linux-gnu --target=sparc-linux-gnu
BOOT_CFLAGS=
Build Dependencies:
Desired=Unknown/Install/Remove/Purge/Hold
| Status=Not/Inst/Cfg-files/Unpacked/Failed-cfg/Half-inst/trig-aWait/Trig-pend
|/ Err?=(none)/Hold/Reinst-required/X=both-problems (Status,Err: uppercase=bad)
||/ Name Version Description
+++-======================================-===================-==============================================
ii binutils 2.19.1-1 The GNU assembler, linker and binary utilities
ii libc6 2.9-6 GNU C Library: Shared libraries
Patches that Debian applied in this version:
cpu-default-i486:
set default 32bit ix86 architecture to i486
gcc-ice-hack-trunk:
Retry the build on an ice, save the calling options and preprocessed
source when the ice is reproducible.
gcc-ice-apport-trunk:
Report an ICE to apport (if apport is available
and the environment variable GCC_NOAPPORT is not set)
libjava-disable-static:
Disable building the static libjava.
multiarch-include-trunk:
biarch-include.dpatch
Adds biarch include directories
/usr/local/include/<arch>-linux-gnu
/usr/include/<arch>-linux-gnu
to the system include paths, depending on 32/64 bit mode.
libjava-nobiarch-check:
For biarch builds, disable the testsuite for the non-default architecture
for runtime libraries, which are not built by default (libjava).
ada-nobiarch-check:
For biarch builds, disable the gnat testsuite for the non-default
config-ml:
disable some biarch libraries for biarch builds
Counting all warnings,
there are 0 warnings in stage3 of this bootstrap.
Number of warnings per file:
Number of warning types: