This is the mail archive of the
gcc-testresults@gcc.gnu.org
mailing list for the GCC project.
Results for 4.4.0 20090307 (experimental) (GCC) testsuite on i386-redhat-linux-gnu
- From: Pedro Lamarão <pedro dot silva at tqtvd dot com>
- To: gcc-testresults at gcc dot gnu dot org
- Date: Fri, 13 Mar 2009 10:52:29 -0300
- Subject: Results for 4.4.0 20090307 (experimental) (GCC) testsuite on i386-redhat-linux-gnu
- Reply-to: Pedro Silva <pedro dot silva at tqtvd dot com>
LAST_UPDATED:
Native configuration is i386-redhat-linux-gnu
=== gcc tests ===
Running target unix
FAIL: gcc.c-torture/execute/20000112-1.c compilation, -O0
UNRESOLVED: gcc.c-torture/execute/20000112-1.c execution, -O0
FAIL: gcc.c-torture/execute/20000112-1.c compilation, -O1
UNRESOLVED: gcc.c-torture/execute/20000112-1.c execution, -O1
FAIL: gcc.c-torture/execute/20000112-1.c compilation, -O2
UNRESOLVED: gcc.c-torture/execute/20000112-1.c execution, -O2
FAIL: gcc.c-torture/execute/20000112-1.c compilation, -O3 -fomit-frame-pointer
UNRESOLVED: gcc.c-torture/execute/20000112-1.c execution, -O3 -fomit-frame-pointer
FAIL: gcc.c-torture/execute/20000112-1.c compilation, -O3 -fomit-frame-pointer -funroll-loops
UNRESOLVED: gcc.c-torture/execute/20000112-1.c execution, -O3 -fomit-frame-pointer -funroll-loops
FAIL: gcc.c-torture/execute/20000112-1.c compilation, -O3 -fomit-frame-pointer -funroll-all-loops -finline-functions
UNRESOLVED: gcc.c-torture/execute/20000112-1.c execution, -O3 -fomit-frame-pointer -funroll-all-loops -finline-functions
FAIL: gcc.c-torture/execute/20000112-1.c compilation, -O3 -g
UNRESOLVED: gcc.c-torture/execute/20000112-1.c execution, -O3 -g
FAIL: gcc.c-torture/execute/20000112-1.c compilation, -Os
UNRESOLVED: gcc.c-torture/execute/20000112-1.c execution, -Os
FAIL: gcc.c-torture/execute/20000113-1.c compilation, -O0
UNRESOLVED: gcc.c-torture/execute/20000113-1.c execution, -O0
FAIL: gcc.c-torture/execute/20000113-1.c compilation, -O1
UNRESOLVED: gcc.c-torture/execute/20000113-1.c execution, -O1
FAIL: gcc.c-torture/execute/20000113-1.c compilation, -O2
UNRESOLVED: gcc.c-torture/execute/20000113-1.c execution, -O2
FAIL: gcc.c-torture/execute/20000113-1.c compilation, -O3 -fomit-frame-pointer
UNRESOLVED: gcc.c-torture/execute/20000113-1.c execution, -O3 -fomit-frame-pointer
FAIL: gcc.c-torture/execute/20000113-1.c compilation, -O3 -g
UNRESOLVED: gcc.c-torture/execute/20000113-1.c execution, -O3 -g
FAIL: gcc.c-torture/execute/20000113-1.c compilation, -Os
UNRESOLVED: gcc.c-torture/execute/20000113-1.c execution, -Os
FAIL: gcc.c-torture/execute/20000121-1.c compilation, -O0
UNRESOLVED: gcc.c-torture/execute/20000121-1.c execution, -O0
FAIL: gcc.c-torture/execute/20000121-1.c compilation, -O1
UNRESOLVED: gcc.c-torture/execute/20000121-1.c execution, -O1
FAIL: gcc.c-torture/execute/20000121-1.c compilation, -O2
UNRESOLVED: gcc.c-torture/execute/20000121-1.c execution, -O2
FAIL: gcc.c-torture/execute/20000121-1.c compilation, -O3 -fomit-frame-pointer
UNRESOLVED: gcc.c-torture/execute/20000121-1.c execution, -O3 -fomit-frame-pointer
FAIL: gcc.c-torture/execute/20000121-1.c compilation, -O3 -g
UNRESOLVED: gcc.c-torture/execute/20000121-1.c execution, -O3 -g
FAIL: gcc.c-torture/execute/20000121-1.c compilation, -Os
UNRESOLVED: gcc.c-torture/execute/20000121-1.c execution, -Os
FAIL: gcc.c-torture/execute/20000205-1.c compilation, -O0
UNRESOLVED: gcc.c-torture/execute/20000205-1.c execution, -O0
FAIL: gcc.c-torture/execute/20000205-1.c compilation, -O1
UNRESOLVED: gcc.c-torture/execute/20000205-1.c execution, -O1
FAIL: gcc.c-torture/execute/20000205-1.c compilation, -O2
UNRESOLVED: gcc.c-torture/execute/20000205-1.c execution, -O2
FAIL: gcc.c-torture/execute/20000205-1.c compilation, -O3 -fomit-frame-pointer
UNRESOLVED: gcc.c-torture/execute/20000205-1.c execution, -O3 -fomit-frame-pointer
FAIL: gcc.c-torture/execute/20000205-1.c compilation, -O3 -fomit-frame-pointer -funroll-loops
UNRESOLVED: gcc.c-torture/execute/20000205-1.c execution, -O3 -fomit-frame-pointer -funroll-loops
FAIL: gcc.c-torture/execute/20000205-1.c compilation, -O3 -fomit-frame-pointer -funroll-all-loops -finline-functions
UNRESOLVED: gcc.c-torture/execute/20000205-1.c execution, -O3 -fomit-frame-pointer -funroll-all-loops -finline-functions
FAIL: gcc.c-torture/execute/20000205-1.c compilation, -O3 -g
UNRESOLVED: gcc.c-torture/execute/20000205-1.c execution, -O3 -g
FAIL: gcc.c-torture/execute/20000205-1.c compilation, -Os
UNRESOLVED: gcc.c-torture/execute/20000205-1.c execution, -Os
=== gcc Summary ===
# of unexpected failures 28
# of unresolved testcases 28
/home/psilva/Projetos/gcc/trunk-i386-redhat-linux/stage3-gcc/xgcc version 4.4.0 20090307 (experimental) (GCC)
=== gcc tests ===
Running target unix
FAIL: gcc.target/i386/avx-vmovntdq-256-1.c (test for excess errors)
WARNING: gcc.target/i386/avx-vmovntdq-256-1.c compilation failed to produce executable
FAIL: gcc.target/i386/avx-vmovntpd-256-1.c (test for excess errors)
WARNING: gcc.target/i386/avx-vmovntpd-256-1.c compilation failed to produce executable
FAIL: gcc.target/i386/avx-vmovntps-256-1.c (test for excess errors)
WARNING: gcc.target/i386/avx-vmovntps-256-1.c compilation failed to produce executable
=== gcc Summary ===
# of expected passes 56552
# of unexpected failures 3
# of expected failures 187
# of unsupported tests 430
/home/psilva/Projetos/gcc/trunk-i386-redhat-linux/gcc/xgcc version 4.4.0 20090307 (experimental) (GCC)
=== g++ tests ===
Running target unix
=== g++ Summary ===
# of expected passes 19598
# of expected failures 140
# of unsupported tests 98
/home/psilva/Projetos/gcc/trunk-i386-redhat-linux/gcc/testsuite/g++/../../g++ version 4.4.0 20090307 (experimental) (GCC)
=== libmudflap tests ===
Running target unix
=== libmudflap Summary ===
=== libstdc++ tests ===
Running target unix
XPASS: 26_numerics/headers/cmath/c99_classification_macros_c.cc (test for excess errors)
=== libstdc++ Summary ===
# of expected passes 6462
# of unexpected successes 1
# of expected failures 80
# of unsupported tests 18
=== libstdc++ tests ===
Running target unix
=== libstdc++ Summary ===
Compiler version: 4.4.0 20090307 (experimental) (GCC)
Platform: i386-redhat-linux-gnu
configure flags: --prefix=/opt/gcc-4.4 --enable-bootstrap --enable-shared --enable-threads=posix --enable-checking=release --with-system-zlib --enable-__cxa_atexit --disable-libunwind-exceptions --enable-languages=c,c++ --with-cpu=generic --build=i386-redhat-linux