This is the mail archive of the
gcc-testresults@gcc.gnu.org
mailing list for the GCC project.
Results for 4.4.0 20090310 (experimental) [trunk revision 144763] (GCC) testsuite on powerpc-unknown-linux-gnu
- From: Laurent GUERBY gcc53 <guerby at gcc53 dot fsffrance dot org>
- To: gcc-testresults at gcc dot gnu dot org
- Date: Wed, 11 Mar 2009 07:10:27 +0100
- Subject: Results for 4.4.0 20090310 (experimental) [trunk revision 144763] (GCC) testsuite on powerpc-unknown-linux-gnu
LAST_UPDATED: Tue Mar 10 22:30:27 UTC 2009 (revision 144763)
=== acats tests ===
=== acats Summary ===
# of expected passes 2315
# of unexpected failures 0
Native configuration is powerpc-unknown-linux-gnu
=== gcc tests ===
Running target unix
FAIL: gcc.dg/and-1.c scan-assembler-not nand
FAIL: gcc.dg/memcpy-1.c scan-tree-dump-times optimized "nasty_local" 0
FAIL: gcc.dg/tree-ssa/vrp47.c scan-tree-dump-times vrp1 "[xy][^ ]* !=" 0
FAIL: gcc.dg/tree-ssa/vrp47.c scan-tree-dump-times dom1 "x[^ ]* & y" 1
FAIL: gcc.target/powerpc/ppc64-double-1.c scan-assembler-not stfd
=== gcc Summary ===
# of expected passes 53169
# of unexpected failures 5
# of expected failures 201
# of unsupported tests 552
/home/guerby/build/gcc/xgcc version 4.4.0 20090310 (experimental) [trunk revision 144763] (GCC)
=== gnat tests ===
Running target unix
=== gnat Summary ===
# of expected passes 609
# of expected failures 6
=== libgomp tests ===
Running target unix
=== libgomp Summary ===
# of expected passes 250
=== libmudflap tests ===
Running target unix
=== libmudflap Summary ===
# of expected passes 1740
# of unsupported tests 2
Compiler version: 4.4.0 20090310 (experimental) [trunk revision 144763] (GCC)
Platform: powerpc-unknown-linux-gnu
configure flags: --prefix=/n/53/guerby/install-trunk --enable-languages=c,ada --enable-__cxa_atexit --disable-nls --enable-threads=posix --with-mpfr=/opt/cfarm/mpfr-2.3.2 --enable-stage1-checking=release