This is the mail archive of the
gcc-testresults@gcc.gnu.org
mailing list for the GCC project.
Results for 4.4.0 20090309 (experimental) [trunk revision 144730] (GCC) testsuite on powerpc64-unknown-linux-gnu
- From: Laurent GUERBY gcc40 <guerby at gcc40 dot fsffrance dot org>
- To: gcc-testresults at gcc dot gnu dot org
- Date: Tue, 10 Mar 2009 00:30:17 +0100
- Subject: Results for 4.4.0 20090309 (experimental) [trunk revision 144730] (GCC) testsuite on powerpc64-unknown-linux-gnu
LAST_UPDATED: Mon Mar 9 17:35:39 UTC 2009 (revision 144730)
=== acats tests ===
=== acats Summary ===
# of expected passes 2315
# of unexpected failures 0
Native configuration is powerpc64-unknown-linux-gnu
=== gcc tests ===
Running target unix
FAIL: gcc.c-torture/compile/limits-structnest.c -O2 (test for excess errors)
FAIL: gcc.c-torture/compile/limits-structnest.c -O3 -fomit-frame-pointer (test for excess errors)
FAIL: gcc.c-torture/compile/limits-structnest.c -O3 -g (test for excess errors)
FAIL: gcc.c-torture/compile/limits-structnest.c -Os (test for excess errors)
FAIL: gcc.c-torture/execute/va-arg-trap-1.c compilation, -O2 (internal compiler error)
UNRESOLVED: gcc.c-torture/execute/va-arg-trap-1.c execution, -O2
FAIL: gcc.c-torture/execute/va-arg-trap-1.c compilation, -Os (internal compiler error)
UNRESOLVED: gcc.c-torture/execute/va-arg-trap-1.c execution, -Os
FAIL: gcc.dg/and-1.c scan-assembler-not nand
FAIL: gcc.dg/tree-ssa/vrp47.c scan-tree-dump-times vrp1 "[xy][^ ]* !=" 0
FAIL: gcc.dg/tree-ssa/vrp47.c scan-tree-dump-times dom1 "x[^ ]* & y" 1
FAIL: gcc.target/powerpc/dfp-dd.c scan-assembler dadd
FAIL: gcc.target/powerpc/dfp-dd.c scan-assembler ddiv
FAIL: gcc.target/powerpc/dfp-dd.c scan-assembler dmul
FAIL: gcc.target/powerpc/dfp-dd.c scan-assembler dsub
FAIL: gcc.target/powerpc/dfp-dd.c scan-assembler-times dcmpu 6
FAIL: gcc.target/powerpc/dfp-dd.c scan-assembler-times dctfix 2
FAIL: gcc.target/powerpc/dfp-dd.c scan-assembler-times drintn 2
FAIL: gcc.target/powerpc/dfp-dd.c scan-assembler-times dcffixq 2
FAIL: gcc.target/powerpc/dfp-td.c scan-assembler daddq
FAIL: gcc.target/powerpc/dfp-td.c scan-assembler ddivq
FAIL: gcc.target/powerpc/dfp-td.c scan-assembler dmulq
FAIL: gcc.target/powerpc/dfp-td.c scan-assembler dsubq
FAIL: gcc.target/powerpc/dfp-td.c scan-assembler-times dcmpuq 6
FAIL: gcc.target/powerpc/dfp-td.c scan-assembler-times dctfixq 2
FAIL: gcc.target/powerpc/dfp-td.c scan-assembler-times drintnq 2
FAIL: gcc.target/powerpc/dfp-td.c scan-assembler-times dcffixq 2
FAIL: gcc.target/powerpc/ppc64-double-1.c scan-assembler-not stfd
FAIL: gcc.target/powerpc/ppu-intrinsics.c (test for excess errors)
=== gcc Summary ===
# of expected passes 52995
# of unexpected failures 27
# of expected failures 204
# of unresolved testcases 2
# of unsupported tests 615
/home/guerby/build/gcc/xgcc version 4.4.0 20090309 (experimental) [trunk revision 144730] (GCC)
=== gnat tests ===
Running target unix
=== gnat Summary ===
# of expected passes 609
# of expected failures 6
=== libgomp tests ===
Running target unix
=== libgomp Summary ===
# of expected passes 250
=== libmudflap tests ===
Running target unix
FAIL: libmudflap.c/fail27-frag.c output pattern test
FAIL: libmudflap.c/fail27-frag.c (-static) output pattern test
FAIL: libmudflap.c/fail27-frag.c (-O2) output pattern test
FAIL: libmudflap.c/fail27-frag.c (-O3) output pattern test
=== libmudflap Summary ===
# of expected passes 1736
# of unexpected failures 4
# of unsupported tests 2
Compiler version: 4.4.0 20090309 (experimental) [trunk revision 144730] (GCC)
Platform: powerpc64-unknown-linux-gnu
configure flags: --disable-nls --enable-__cxa_atexit --enable-threads=posix --with-mpfr=/opt/cfarm/mpfr-2.3.2-64 --enable-languages=c,ada --prefix=/n/40/guerby/install-trunk --with-gmp=/opt/cfarm/gmp-4.2.4-64/ --disable-multilib --enable-stage1-checking=release