This is the mail archive of the
gcc-testresults@gcc.gnu.org
mailing list for the GCC project.
Results for 4.4.0 20090307 (experimental) [trunk revision 144693] (GCC) testsuite on sparc64-unknown-linux-gnu
- From: Laurent GUERBY gcc54 <guerby at gcc54 dot fsffrance dot org>
- To: gcc-testresults at gcc dot gnu dot org
- Date: Sun, 08 Mar 2009 08:19:39 +0100
- Subject: Results for 4.4.0 20090307 (experimental) [trunk revision 144693] (GCC) testsuite on sparc64-unknown-linux-gnu
LAST_UPDATED: Sat Mar 7 09:43:23 UTC 2009 (revision 144693)
=== acats tests ===
=== acats Summary ===
# of expected passes 2315
# of unexpected failures 0
Native configuration is sparc64-unknown-linux-gnu
=== gcc tests ===
Running target unix
FAIL: gcc.c-torture/execute/pr38819.c execution, -O2
FAIL: gcc.c-torture/execute/pr38819.c execution, -O3 -fomit-frame-pointer
FAIL: gcc.c-torture/execute/pr38819.c execution, -O3 -fomit-frame-pointer -funroll-loops
FAIL: gcc.c-torture/execute/pr38819.c execution, -O3 -fomit-frame-pointer -funroll-all-loops -finline-functions
FAIL: gcc.c-torture/execute/pr38819.c execution, -O3 -g
FAIL: gcc.dg/20061124-1.c (test for excess errors)
UNRESOLVED: gcc.dg/20061124-1.c compilation failed to produce executable
FAIL: gcc.dg/vect/vect-35.c scan-tree-dump-times vect "vectorized 1 loops" 1
FAIL: gcc.dg/vect/vect-multitypes-12.c scan-tree-dump-times vect "vectorized 1 loops" 1
FAIL: gcc.dg/vect/vect-multitypes-5.c scan-tree-dump-times vect "vectorized 1 loops" 1
FAIL: gcc.dg/vect/vect-multitypes-6.c scan-tree-dump-times vect "vectorized 1 loops" 1
FAIL: gcc.dg/vect/slp-multitypes-2.c execution test
FAIL: gcc.dg/vect/slp-multitypes-3.c scan-tree-dump-times vect "vectorized 1 loops" 1
FAIL: gcc.dg/vect/slp-multitypes-3.c scan-tree-dump-times vect "vectorizing stmts using SLP" 2
=== gcc Summary ===
# of expected passes 50193
# of unexpected failures 13
# of expected failures 231
# of unresolved testcases 1
# of unsupported tests 636
/home/guerby/build/gcc/xgcc version 4.4.0 20090307 (experimental) [trunk revision 144693] (GCC)
=== gnat tests ===
Running target unix
=== gnat Summary ===
# of expected passes 610
# of expected failures 6
=== libgomp tests ===
Running target unix
=== libgomp Summary ===
# of expected passes 250
=== libmudflap tests ===
Running target unix
FAIL: libmudflap.c/pass54-frag.c execution test
FAIL: libmudflap.c/pass54-frag.c execution test
FAIL: libmudflap.c/pass54-frag.c (-static) execution test
FAIL: libmudflap.c/pass54-frag.c (-static) execution test
=== libmudflap Summary ===
# of expected passes 1736
# of unexpected failures 4
# of unsupported tests 2
Compiler version: 4.4.0 20090307 (experimental) [trunk revision 144693] (GCC)
Platform: sparc64-unknown-linux-gnu
configure flags: --prefix=/n/54/guerby/install-trunk --enable-languages=c,ada --enable-__cxa_atexit --disable-nls --enable-threads=posix --with-mpfr=/opt/cfarm/mpfr-2.3.2 --with-cpu=v8 --disable-multilib