This is the mail archive of the
gcc-testresults@gcc.gnu.org
mailing list for the GCC project.
Results for 4.3.3 (GCC) testsuite on x86_64-unknown-linux-gnu
- From: root at linux-5x2d dot site (root)
- To: gcc-testresults at gcc dot gnu dot org
- Date: Sat, 07 Mar 2009 14:10:40 +0100
- Subject: Results for 4.3.3 (GCC) testsuite on x86_64-unknown-linux-gnu
LAST_UPDATED: Obtained from SVN: tags/gcc_4_3_3_release revision 143643
=== acats tests ===
=== acats Summary ===
# of expected passes 2315
# of unexpected failures 0
Native configuration is x86_64-unknown-linux-gnu
=== gcc tests ===
Running target unix
=== gcc Summary ===
# of expected passes 49725
# of expected failures 168
# of untested testcases 35
# of unsupported tests 376
/home/robert/src/build/gcc-4.3.3/gcc/xgcc version 4.3.3 (GCC)
=== gfortran tests ===
Running target unix
=== gfortran Summary ===
# of expected passes 25267
# of expected failures 3
# of unsupported tests 18
/home/robert/src/build/gcc-4.3.3/gcc/testsuite/gfortran/../../gfortran version 4.3.3 (GCC)
=== g++ tests ===
Running target unix
=== g++ Summary ===
# of expected passes 17622
# of expected failures 82
# of unsupported tests 122
/home/robert/src/build/gcc-4.3.3/gcc/testsuite/g++/../../g++ version 4.3.3 (GCC)
=== gnat tests ===
Running target unix
=== gnat Summary ===
# of expected passes 374
# of expected failures 1
=== objc tests ===
Running target unix
WARNING: Could not compile objc.dg/gnu-encoding/struct-layout-encoding-1 generator
=== objc Summary ===
# of expected passes 1757
# of unsupported tests 24
/home/robert/src/build/gcc-4.3.3/gcc/xgcc version 4.3.3 (GCC)
=== libffi tests ===
Running target unix
=== libffi Summary ===
# of expected passes 1389
# of unsupported tests 10
=== libgomp tests ===
Running target unix
=== libgomp Summary ===
# of expected passes 1763
=== libjava tests ===
Running target unix
=== libjava Summary ===
# of expected passes 2562
=== libmudflap tests ===
Running target unix
FAIL: libmudflap.c/pass-stratcliff.c execution test
FAIL: libmudflap.c/pass-stratcliff.c (-O2) execution test
FAIL: libmudflap.c/pass-stratcliff.c (-O3) execution test
FAIL: libmudflap.c++/pass41-frag.cxx execution test
FAIL: libmudflap.c++/pass41-frag.cxx (-static) execution test
FAIL: libmudflap.c++/pass41-frag.cxx ( -O) execution test
FAIL: libmudflap.c++/pass41-frag.cxx (-O2) execution test
FAIL: libmudflap.c++/pass41-frag.cxx (-O3) execution test
=== libmudflap Summary ===
# of expected passes 1841
# of unexpected failures 8
=== libstdc++ tests ===
Running target unix
XPASS: 26_numerics/headers/cmath/c99_classification_macros_c.cc (test for excess errors)
=== libstdc++ Summary ===
# of expected passes 5576
# of unexpected successes 1
# of expected failures 59
# of unsupported tests 10
Compiler version: 4.3.3 (GCC)
Platform: x86_64-unknown-linux-gnu
configure flags: --enable-languages=all,ada --enable-__cxa_atexit --enable-threads=posix --disable-nls --disable-multilib
BOOT_CFLAGS=-g -O2
Counting all warnings,
there are 0 warnings in stage3 of this bootstrap.
Number of warnings per file:
Number of warning types: