This is the mail archive of the
gcc-testresults@gcc.gnu.org
mailing list for the GCC project.
Results for 4.4.0 20090305 (experimental) (GCC) testsuite on x86_64-unknown-linux-gnu
- From: root at linux-5x2d dot site (root)
- To: gcc-testresults at gcc dot gnu dot org
- Date: Thu, 05 Mar 2009 22:37:59 +0100
- Subject: Results for 4.4.0 20090305 (experimental) (GCC) testsuite on x86_64-unknown-linux-gnu
LAST_UPDATED:
Native configuration is x86_64-unknown-linux-gnu
=== g++ tests ===
Running target unix
=== g++ Summary ===
# of expected passes 19279
# of expected failures 140
# of unsupported tests 249
/home/robert/src/build/gcc/gcc/testsuite/g++/../../g++ version 4.4.0 20090305 (experimental) (GCC)
=== gcc tests ===
Running target unix
FAIL: gcc.dg/tree-prof/bb-reorg.c compilation, -fprofile-use -D_PROFILE_USE
UNRESOLVED: gcc.dg/tree-prof/bb-reorg.c execution, -fprofile-use -D_PROFILE_USE
FAIL: gcc.dg/tree-prof/pr34999.c compilation, -fprofile-use -D_PROFILE_USE
UNRESOLVED: gcc.dg/tree-prof/pr34999.c execution, -fprofile-use -D_PROFILE_USE
FAIL: gcc.target/i386/avx-vmovntdq-256-1.c (test for excess errors)
WARNING: gcc.target/i386/avx-vmovntdq-256-1.c compilation failed to produce executable
FAIL: gcc.target/i386/avx-vmovntpd-256-1.c (test for excess errors)
WARNING: gcc.target/i386/avx-vmovntpd-256-1.c compilation failed to produce executable
FAIL: gcc.target/i386/avx-vmovntps-256-1.c (test for excess errors)
WARNING: gcc.target/i386/avx-vmovntps-256-1.c compilation failed to produce executable
=== gcc Summary ===
# of expected passes 56213
# of unexpected failures 5
# of expected failures 187
# of unresolved testcases 2
# of unsupported tests 708
/home/robert/src/build/gcc/gcc/xgcc version 4.4.0 20090305 (experimental) (GCC)
=== gfortran tests ===
Running target unix
=== gfortran Summary ===
# of expected passes 29345
# of expected failures 10
# of unsupported tests 44
/home/robert/src/build/gcc/gcc/testsuite/gfortran/../../gfortran version 4.4.0 20090305 (experimental) (GCC)
=== libgomp tests ===
Running target unix
=== libgomp Summary ===
# of expected passes 2346
=== libmudflap tests ===
Running target unix
FAIL: libmudflap.c/pass-stratcliff.c execution test
FAIL: libmudflap.c/pass-stratcliff.c (-O2) execution test
FAIL: libmudflap.c/pass-stratcliff.c (-O3) execution test
FAIL: libmudflap.c++/pass41-frag.cxx execution test
FAIL: libmudflap.c++/pass41-frag.cxx (-static) execution test
FAIL: libmudflap.c++/pass41-frag.cxx (-O2) execution test
FAIL: libmudflap.c++/pass41-frag.cxx (-O3) execution test
=== libmudflap Summary ===
# of expected passes 1887
# of unexpected failures 7
=== libstdc++ tests ===
Running target unix
XPASS: 26_numerics/headers/cmath/c99_classification_macros_c.cc (test for excess errors)
=== libstdc++ Summary ===
# of expected passes 6468
# of unexpected successes 1
# of expected failures 80
# of unsupported tests 15
Compiler version: 4.4.0 20090305 (experimental) (GCC)
Platform: x86_64-unknown-linux-gnu
configure flags: --enable-languages=c,c++,fortran --enable-bootstrap --disable-nls --disable-multilib --with-tune=amdfam10
BOOT_CFLAGS=-g -O2
Counting all warnings,
there are 0 warnings in stage3 of this bootstrap.
Number of warnings per file:
Number of warning types: