This is the mail archive of the
gcc-testresults@gcc.gnu.org
mailing list for the GCC project.
Results for 4.4.0 20090304 (experimental) [trunk revision 144629] (GCC) testsuite on i686-pc-linux-gnu
- From: rob1weld at aol dot com
- To: gcc-testresults at gcc dot gnu dot org
- Date: Thu, 05 Mar 2009 07:03:30 -0500
- Subject: Results for 4.4.0 20090304 (experimental) [trunk revision 144629] (GCC) testsuite on i686-pc-linux-gnu
A total of 10 errors on Debian Lenny 5.0 (32-Bit) with newer Kernel and
Libc 2.7-18
# uname -a
Linux debian 2.6.28-i386 #1 SMP PREEMPT Wed Mar 4 12:42:00 PST 2009
i686 GNU/Linux
----------
LAST_UPDATED: Wed Mar 4 23:35:06 UTC 2009 (revision 144629)
=== acats tests ===
=== acats Summary ===
# of expected passes 2315
# of unexpected failures 0
Native configuration is i686-pc-linux-gnu
=== gcc tests ===
Running target unix
=== gcc Summary ===
# of expected passes 55635
# of expected failures 187
# of unsupported tests 884
/mnt/drive2/gcc_build/gcc/xgcc version 4.4.0 20090304 (experimental)
[trunk revision 144629] (GCC)
=== gfortran tests ===
Running target unix
=== gfortran Summary ===
# of expected passes 29232
# of expected failures 10
# of unsupported tests 97
/mnt/drive2/gcc_build/gcc/testsuite/gfortran/../../gfortran version
4.4.0 20090304 (experimental) [trunk revision 144629] (GCC)
=== g++ tests ===
Running target unix
=== g++ Summary ===
# of expected passes 19580
# of expected failures 140
# of unsupported tests 100
/mnt/drive2/gcc_build/gcc/testsuite/g++/../../g++ version 4.4.0
20090304 (experimental) [trunk revision 144629] (GCC)
=== gnat tests ===
Running target unix
=== gnat Summary ===
# of expected passes 609
# of expected failures 6
=== obj-c++ tests ===
Running target unix
XPASS: obj-c++.dg/comp-types-10.mm (test for excess errors)
UNRESOLVED: obj-c++.dg/lookup-2.mm compilation failed to produce
executable
UNRESOLVED: obj-c++.dg/try-catch-2.mm compilation failed to produce
executable
UNRESOLVED: obj-c++.dg/try-catch-9.mm compilation failed to produce
executable
=== obj-c++ Summary ===
# of expected passes 436
# of unexpected successes 1
# of expected failures 9
# of unresolved testcases 3
# of unsupported tests 13
/mnt/drive2/gcc_build/gcc/testsuite/obj-c++/../../g++ version 4.4.0
20090304 (experimental) [trunk revision 144629] (GCC)
=== objc tests ===
Running target unix
=== objc Summary ===
# of expected passes 1830
# of expected failures 7
# of unsupported tests 24
/mnt/drive2/gcc_build/gcc/xgcc version 4.4.0 20090304 (experimental)
[trunk revision 144629] (GCC)
=== libffi tests ===
Running target unix
=== libffi Summary ===
# of expected passes 1389
# of unsupported tests 10
=== libgomp tests ===
Running target unix
=== libgomp Summary ===
# of expected passes 2346
=== libjava tests ===
Running target unix
=== libjava Summary ===
# of expected passes 2574
=== libmudflap tests ===
Running target unix
FAIL: libmudflap.c++/pass41-frag.cxx execution test
FAIL: libmudflap.c++/pass41-frag.cxx (-static) execution test
FAIL: libmudflap.c++/pass41-frag.cxx (-O2) execution test
FAIL: libmudflap.c++/pass41-frag.cxx (-O3) execution test
=== libmudflap Summary ===
# of expected passes 1890
# of unexpected failures 4
=== libstdc++ tests ===
Running target unix
FAIL: abi_check
XPASS: 26_numerics/headers/cmath/c99_classification_macros_c.cc (test
for excess errors)
=== libstdc++ Summary ===
# of expected passes 5825
# of unexpected failures 1
# of unexpected successes 1
# of expected failures 80
# of unsupported tests 336
Compiler version: 4.4.0 20090304 (experimental) [trunk revision 144629]
(GCC)
Platform: i686-pc-linux-gnu
configure flags: --prefix=/mnt/drive2/gcc_installed
--enable-languages=c,ada,c++,fortran,java,objc,obj-c++
--enable-multilib --disable-stage1-checking --enable-checking=release
--with-gmp=/usr/local --with-mpfr=/usr/local
----------
Errors from the .logs:
=== obj-c++ tests ===
XPASS: obj-c++.dg/comp-types-10.mm (test for excess errors)
UNRESOLVED: obj-c++.dg/lookup-2.mm compilation failed to produce
executable
UNRESOLVED: obj-c++.dg/try-catch-2.mm compilation failed to produce
executable
UNRESOLVED: obj-c++.dg/try-catch-9.mm compilation failed to produce
executable
/mnt/drive2/gcc_build/gcc/testsuite/obj-c++/../../g++ ... -S -o
comp-types-10.s
(No Output)
Executing on host:
/mnt/drive2/gcc_build/gcc/testsuite/obj-c++/../../g++
-B/mnt/drive2/gcc_build/gcc/testsuite/obj-c++/../../
/mnt/drive2/gcc_trunk/gcc/testsuite/obj-c++.dg/lookup-2.mm -nostdinc++
-I/mnt/drive2/gcc_build/i686-pc-linux-gnu/libstdc++-v3/include/i686-pc-li
nux-gnu -I/mnt/drive2/gcc_build/i686-pc-linux-gnu/libstdc++-v3/include
-I/mnt/drive2/gcc_trunk/libstdc++-v3/libsupc++
-I/mnt/drive2/gcc_trunk/libstdc++-v3/include/backward
-I/mnt/drive2/gcc_trunk/libstdc++-v3/testsuite/util -fmessage-length=0
-ansi -pedantic-errors -Wno-long-long
-I/mnt/drive2/gcc_trunk/gcc/testsuite/../../libobjc
-L/mnt/drive2/gcc_build/i686-pc-linux-gnu/./libstdc++-v3/src/.libs
-L/mnt/drive2/gcc_build/i686-pc-linux-gnu/./libstdc++-v3/src/.libs
-L/mnt/drive2/gcc_build/i686-pc-linux-gnu/./libiberty
-L/mnt/drive2/gcc_build/i686-pc-linux-gnu/./libobjc/.libs -lobjc -lm
-o ./lookup-2.exe (timeout = 300)
/mnt/drive2/gcc_trunk/gcc/testsuite/obj-c++.dg/lookup-2.mm: In function
'MyWidget* _c_Container__elementForView_(objc_object*, const
objc_selector*, Foo*)':
/mnt/drive2/gcc_trunk/gcc/testsuite/obj-c++.dg/lookup-2.mm:41: error:
cannot convert 'objc_object*' to 'MyWidget*' in initialization
compiler exited with status 1
output is:
/mnt/drive2/gcc_trunk/gcc/testsuite/obj-c++.dg/lookup-2.mm: In function
'MyWidget* _c_Container__elementForView_(objc_object*, const
objc_selector*, Foo*)':
/mnt/drive2/gcc_trunk/gcc/testsuite/obj-c++.dg/lookup-2.mm:41: error:
cannot convert 'objc_object*' to 'MyWidget*' in initialization
XFAIL: obj-c++.dg/lookup-2.mm (test for excess errors)
Excess errors:
/mnt/drive2/gcc_trunk/gcc/testsuite/obj-c++.dg/lookup-2.mm:41: error:
cannot convert 'objc_object*' to 'MyWidget*' in initialization
UNRESOLVED: obj-c++.dg/lookup-2.mm compilation failed to produce
executable
Executing on host:
/mnt/drive2/gcc_build/gcc/testsuite/obj-c++/../../g++
-B/mnt/drive2/gcc_build/gcc/testsuite/obj-c++/../../
/mnt/drive2/gcc_trunk/gcc/testsuite/obj-c++.dg/try-catch-2.mm
-nostdinc++
-I/mnt/drive2/gcc_build/i686-pc-linux-gnu/libstdc++-v3/include/i686-pc-li
nux-gnu -I/mnt/drive2/gcc_build/i686-pc-linux-gnu/libstdc++-v3/include
-I/mnt/drive2/gcc_trunk/libstdc++-v3/libsupc++
-I/mnt/drive2/gcc_trunk/libstdc++-v3/include/backward
-I/mnt/drive2/gcc_trunk/libstdc++-v3/testsuite/util -fmessage-length=0
-fobjc-exceptions -I/mnt/drive2/gcc_trunk/gcc/testsuite/../../libobjc
-L/mnt/drive2/gcc_build/i686-pc-linux-gnu/./libstdc++-v3/src/.libs
-L/mnt/drive2/gcc_build/i686-pc-linux-gnu/./libstdc++-v3/src/.libs
-L/mnt/drive2/gcc_build/i686-pc-linux-gnu/./libiberty
-L/mnt/drive2/gcc_build/i686-pc-linux-gnu/./libobjc/.libs -lobjc -lm
-o ./try-catch-2.exe (timeout = 300)
/tmp/ccYwaCvK.o:(.gcc_except_table+0x14): undefined reference to
`typeinfo for Frob*'
collect2: ld returned 1 exit status
compiler exited with status 1
output is:
/tmp/ccYwaCvK.o:(.gcc_except_table+0x14): undefined reference to
`typeinfo for Frob*'
collect2: ld returned 1 exit status
XFAIL: obj-c++.dg/try-catch-2.mm (test for excess errors)
Excess errors:
/tmp/ccYwaCvK.o:(.gcc_except_table+0x14): undefined reference to
`typeinfo for Frob*'
UNRESOLVED: obj-c++.dg/try-catch-2.mm compilation failed to produce
executable
Executing on host:
/mnt/drive2/gcc_build/gcc/testsuite/obj-c++/../../g++
-B/mnt/drive2/gcc_build/gcc/testsuite/obj-c++/../../
/mnt/drive2/gcc_trunk/gcc/testsuite/obj-c++.dg/try-catch-9.mm
-nostdinc++
-I/mnt/drive2/gcc_build/i686-pc-linux-gnu/libstdc++-v3/include/i686-pc-li
nux-gnu -I/mnt/drive2/gcc_build/i686-pc-linux-gnu/libstdc++-v3/include
-I/mnt/drive2/gcc_trunk/libstdc++-v3/libsupc++
-I/mnt/drive2/gcc_trunk/libstdc++-v3/include/backward
-I/mnt/drive2/gcc_trunk/libstdc++-v3/testsuite/util -fmessage-length=0
-fobjc-exceptions -O2
-I/mnt/drive2/gcc_trunk/gcc/testsuite/../../libobjc
-L/mnt/drive2/gcc_build/i686-pc-linux-gnu/./libstdc++-v3/src/.libs
-L/mnt/drive2/gcc_build/i686-pc-linux-gnu/./libstdc++-v3/src/.libs
-L/mnt/drive2/gcc_build/i686-pc-linux-gnu/./libiberty
-L/mnt/drive2/gcc_build/i686-pc-linux-gnu/./libobjc/.libs -lobjc -lm
-o ./try-catch-9.exe (timeout = 300)
/tmp/ccIlurrj.o:(.gcc_except_table+0x14): undefined reference to
`typeinfo for Object*'
collect2: ld returned 1 exit status
compiler exited with status 1
output is:
/tmp/ccIlurrj.o:(.gcc_except_table+0x14): undefined reference to
`typeinfo for Object*'
collect2: ld returned 1 exit status
XFAIL: obj-c++.dg/try-catch-9.mm (test for excess errors)
Excess errors:
/tmp/ccIlurrj.o:(.gcc_except_table+0x14): undefined reference to
`typeinfo for Object*'
UNRESOLVED: obj-c++.dg/try-catch-9.mm compilation failed to produce
executable
=== libmudflap tests ===
FAIL: libmudflap.c++/pass41-frag.cxx execution test
FAIL: libmudflap.c++/pass41-frag.cxx (-static) execution test
FAIL: libmudflap.c++/pass41-frag.cxx (-O2) execution test
FAIL: libmudflap.c++/pass41-frag.cxx (-O3) execution test
Executing on host: /mnt/drive2/gcc_build/./gcc/g++ -shared-libgcc
-B/mnt/drive2/gcc_build/./gcc -nostdinc++
-L/mnt/drive2/gcc_build/i686-pc-linux-gnu/libstdc++-v3/src
-L/mnt/drive2/gcc_build/i686-pc-linux-gnu/libstdc++-v3/src/.libs
-B/mnt/drive2/gcc_installed/i686-pc-linux-gnu/bin/
-B/mnt/drive2/gcc_installed/i686-pc-linux-gnu/lib/ -isystem
/mnt/drive2/gcc_installed/i686-pc-linux-gnu/include -isystem
/mnt/drive2/gcc_installed/i686-pc-linux-gnu/sys-include -ggdb3
-DDEBUG_ASSERT -g -O2 -D_GLIBCXX_ASSERT -fmessage-length=0
-ffunction-sections -fdata-sections -g -O2 -D_GNU_SOURCE
-I/mnt/drive2/gcc_trunk/libmudflap/testsuite
-I/mnt/drive2/gcc_trunk/libmudflap/testsuite/.. -I.. -nostdinc++
-I/mnt/drive2/gcc_build/i686-pc-linux-gnu/libstdc++-v3/include/i686-pc-li
nux-gnu -I/mnt/drive2/gcc_build/i686-pc-linux-gnu/libstdc++-v3/include
-I/mnt/drive2/gcc_trunk/libstdc++-v3/libsupc++
-I/mnt/drive2/gcc_trunk/libstdc++-v3/include/backward
-I/mnt/drive2/gcc_trunk/libstdc++-v3/testsuite/util
-L/mnt/drive2/gcc_build/i686-pc-linux-gnu/./libmudflap/.libs
/mnt/drive2/gcc_trunk/libmudflap/testsuite/libmudflap.c++/pass41-frag.cxx
-fmudflap -lmudflap
-L/mnt/drive2/gcc_build/i686-pc-linux-gnu/./libmudflap/testsuite -ldl
-lm -o ./pass41-frag.exe (timeout = 300)
PASS: libmudflap.c++/pass41-frag.cxx (test for excess errors)
Setting LD_LIBRARY_PATH to
..:/mnt/drive2/gcc_build/gcc:/mnt/drive2/gcc_build/i686-pc-linux-gnu/./lib
stdc++-v3/src/.libs:/mnt/drive2/gcc_build/i686-pc-linux-gnu/./libmudflap/
..libs:.:/mnt/drive2/gcc_build/gcc:/mnt/drive2/gcc_build/i686-pc-linux-gnu
/./libstdc++-v3/src/.libs:/mnt/drive2/gcc_build/i686-pc-linux-gnu/./libmu
dflap/.libs:/mnt/drive2/gcc_build/i686-pc-linux-gnu/libstdc++-v3/.libs:/m
nt/drive2/gcc_build/i686-pc-linux-gnu/libmudflap/.libs:/mnt/drive2/gcc_bu
ild/i686-pc-linux-gnu/libssp/.libs:/mnt/drive2/gcc_build/i686-pc-linux-gn
u/libgomp/.libs:/mnt/drive2/gcc_build/./gcc:/mnt/drive2/gcc_build/./prev-
gcc:/usr/local/lib
*******
mudflap violation 1 (check/read): time=1236248744.587458 ptr=0x401ff580
size=4
pc=0x40027d4d
location=`/mnt/drive2/gcc_build/i686-pc-linux-gnu/libstdc++-v3/include/os
tream:544:46 (main)'
/mnt/drive2/gcc_build/i686-pc-linux-gnu/./libmudflap/.libs/libmudflap.so.
0(__mf_check+0x3d) [0x40027d4d]
./pass41-frag.exe(main+0x3ab) [0x804911b]
/mnt/drive2/gcc_build/i686-pc-linux-gnu/./libmudflap/.libs/libmudflap.so.
0(__wrap_main+0x49) [0x40027549]
number of nearby objects: 0
FAIL: libmudflap.c++/pass41-frag.cxx execution test
Executing on host: /mnt/drive2/gcc_build/./gcc/g++ -shared-libgcc
-B/mnt/drive2/gcc_build/./gcc -nostdinc++
-L/mnt/drive2/gcc_build/i686-pc-linux-gnu/libstdc++-v3/src
-L/mnt/drive2/gcc_build/i686-pc-linux-gnu/libstdc++-v3/src/.libs
-B/mnt/drive2/gcc_installed/i686-pc-linux-gnu/bin/
-B/mnt/drive2/gcc_installed/i686-pc-linux-gnu/lib/ -isystem
/mnt/drive2/gcc_installed/i686-pc-linux-gnu/include -isystem
/mnt/drive2/gcc_installed/i686-pc-linux-gnu/sys-include -ggdb3
-DDEBUG_ASSERT -g -O2 -D_GLIBCXX_ASSERT -fmessage-length=0
-ffunction-sections -fdata-sections -g -O2 -D_GNU_SOURCE
-I/mnt/drive2/gcc_trunk/libmudflap/testsuite
-I/mnt/drive2/gcc_trunk/libmudflap/testsuite/.. -I.. -nostdinc++
-I/mnt/drive2/gcc_build/i686-pc-linux-gnu/libstdc++-v3/include/i686-pc-li
nux-gnu -I/mnt/drive2/gcc_build/i686-pc-linux-gnu/libstdc++-v3/include
-I/mnt/drive2/gcc_trunk/libstdc++-v3/libsupc++
-I/mnt/drive2/gcc_trunk/libstdc++-v3/include/backward
-I/mnt/drive2/gcc_trunk/libstdc++-v3/testsuite/util
-L/mnt/drive2/gcc_build/i686-pc-linux-gnu/./libmudflap/.libs
/mnt/drive2/gcc_trunk/libmudflap/testsuite/libmudflap.c++/pass41-frag.cxx
-static -fmudflap -lmudflap
-L/mnt/drive2/gcc_build/i686-pc-linux-gnu/./libmudflap/testsuite -ldl
-lm -o ./pass41-frag.exe (timeout = 300)
PASS: libmudflap.c++/pass41-frag.cxx (-static) (test for excess errors)
Setting LD_LIBRARY_PATH to
..:/mnt/drive2/gcc_build/gcc:/mnt/drive2/gcc_build/i686-pc-linux-gnu/./lib
stdc++-v3/src/.libs:/mnt/drive2/gcc_build/i686-pc-linux-gnu/./libmudflap/
..libs:.:/mnt/drive2/gcc_build/gcc:/mnt/drive2/gcc_build/i686-pc-linux-gnu
/./libstdc++-v3/src/.libs:/mnt/drive2/gcc_build/i686-pc-linux-gnu/./libmu
dflap/.libs:/mnt/drive2/gcc_build/i686-pc-linux-gnu/libstdc++-v3/.libs:/m
nt/drive2/gcc_build/i686-pc-linux-gnu/libmudflap/.libs:/mnt/drive2/gcc_bu
ild/i686-pc-linux-gnu/libssp/.libs:/mnt/drive2/gcc_build/i686-pc-linux-gn
u/libgomp/.libs:/mnt/drive2/gcc_build/./gcc:/mnt/drive2/gcc_build/./prev-
gcc:/usr/local/lib
*******
mudflap violation 1 (check/read): time=1236248754.753903 ptr=0x8106360
size=4
pc=0x804b5c0
location=`/mnt/drive2/gcc_build/i686-pc-linux-gnu/libstdc++-v3/include/os
tream:544:46 (main)'
[0x804b5c0]
[0x804860b]
[0x804b607]
number of nearby objects: 0
FAIL: libmudflap.c++/pass41-frag.cxx (-static) execution test
Executing on host: /mnt/drive2/gcc_build/./gcc/g++ -shared-libgcc
-B/mnt/drive2/gcc_build/./gcc -nostdinc++
-L/mnt/drive2/gcc_build/i686-pc-linux-gnu/libstdc++-v3/src
-L/mnt/drive2/gcc_build/i686-pc-linux-gnu/libstdc++-v3/src/.libs
-B/mnt/drive2/gcc_installed/i686-pc-linux-gnu/bin/
-B/mnt/drive2/gcc_installed/i686-pc-linux-gnu/lib/ -isystem
/mnt/drive2/gcc_installed/i686-pc-linux-gnu/include -isystem
/mnt/drive2/gcc_installed/i686-pc-linux-gnu/sys-include -ggdb3
-DDEBUG_ASSERT -g -O2 -D_GLIBCXX_ASSERT -fmessage-length=0
-ffunction-sections -fdata-sections -g -O2 -D_GNU_SOURCE
-I/mnt/drive2/gcc_trunk/libmudflap/testsuite
-I/mnt/drive2/gcc_trunk/libmudflap/testsuite/.. -I.. -nostdinc++
-I/mnt/drive2/gcc_build/i686-pc-linux-gnu/libstdc++-v3/include/i686-pc-li
nux-gnu -I/mnt/drive2/gcc_build/i686-pc-linux-gnu/libstdc++-v3/include
-I/mnt/drive2/gcc_trunk/libstdc++-v3/libsupc++
-I/mnt/drive2/gcc_trunk/libstdc++-v3/include/backward
-I/mnt/drive2/gcc_trunk/libstdc++-v3/testsuite/util
-L/mnt/drive2/gcc_build/i686-pc-linux-gnu/./libmudflap/.libs
/mnt/drive2/gcc_trunk/libmudflap/testsuite/libmudflap.c++/pass41-frag.cxx
-O2 -fmudflap -lmudflap
-L/mnt/drive2/gcc_build/i686-pc-linux-gnu/./libmudflap/testsuite -ldl
-lm -o ./pass41-frag.exe (timeout = 300)
PASS: libmudflap.c++/pass41-frag.cxx (-O2) (test for excess errors)
Setting LD_LIBRARY_PATH to
..:/mnt/drive2/gcc_build/gcc:/mnt/drive2/gcc_build/i686-pc-linux-gnu/./lib
stdc++-v3/src/.libs:/mnt/drive2/gcc_build/i686-pc-linux-gnu/./libmudflap/
..libs:.:/mnt/drive2/gcc_build/gcc:/mnt/drive2/gcc_build/i686-pc-linux-gnu
/./libstdc++-v3/src/.libs:/mnt/drive2/gcc_build/i686-pc-linux-gnu/./libmu
dflap/.libs:/mnt/drive2/gcc_build/i686-pc-linux-gnu/libstdc++-v3/.libs:/m
nt/drive2/gcc_build/i686-pc-linux-gnu/libmudflap/.libs:/mnt/drive2/gcc_bu
ild/i686-pc-linux-gnu/libssp/.libs:/mnt/drive2/gcc_build/i686-pc-linux-gn
u/libgomp/.libs:/mnt/drive2/gcc_build/./gcc:/mnt/drive2/gcc_build/./prev-
gcc:/usr/local/lib
*******
mudflap violation 1 (check/read): time=1236248767.786963 ptr=0x401ff580
size=4
pc=0x40027d4d
location=`/mnt/drive2/gcc_build/i686-pc-linux-gnu/libstdc++-v3/include/os
tream:544:46 (main)'
/mnt/drive2/gcc_build/i686-pc-linux-gnu/./libmudflap/.libs/libmudflap.so.
0(__mf_check+0x3d) [0x40027d4d]
./pass41-frag.exe(main+0x3ab) [0x804911b]
/mnt/drive2/gcc_build/i686-pc-linux-gnu/./libmudflap/.libs/libmudflap.so.
0(__wrap_main+0x49) [0x40027549]
number of nearby objects: 0
FAIL: libmudflap.c++/pass41-frag.cxx (-O2) execution test
Executing on host: /mnt/drive2/gcc_build/./gcc/g++ -shared-libgcc
-B/mnt/drive2/gcc_build/./gcc -nostdinc++
-L/mnt/drive2/gcc_build/i686-pc-linux-gnu/libstdc++-v3/src
-L/mnt/drive2/gcc_build/i686-pc-linux-gnu/libstdc++-v3/src/.libs
-B/mnt/drive2/gcc_installed/i686-pc-linux-gnu/bin/
-B/mnt/drive2/gcc_installed/i686-pc-linux-gnu/lib/ -isystem
/mnt/drive2/gcc_installed/i686-pc-linux-gnu/include -isystem
/mnt/drive2/gcc_installed/i686-pc-linux-gnu/sys-include -ggdb3
-DDEBUG_ASSERT -g -O2 -D_GLIBCXX_ASSERT -fmessage-length=0
-ffunction-sections -fdata-sections -g -O2 -D_GNU_SOURCE
-I/mnt/drive2/gcc_trunk/libmudflap/testsuite
-I/mnt/drive2/gcc_trunk/libmudflap/testsuite/.. -I.. -nostdinc++
-I/mnt/drive2/gcc_build/i686-pc-linux-gnu/libstdc++-v3/include/i686-pc-li
nux-gnu -I/mnt/drive2/gcc_build/i686-pc-linux-gnu/libstdc++-v3/include
-I/mnt/drive2/gcc_trunk/libstdc++-v3/libsupc++
-I/mnt/drive2/gcc_trunk/libstdc++-v3/include/backward
-I/mnt/drive2/gcc_trunk/libstdc++-v3/testsuite/util
-L/mnt/drive2/gcc_build/i686-pc-linux-gnu/./libmudflap/.libs
/mnt/drive2/gcc_trunk/libmudflap/testsuite/libmudflap.c++/pass41-frag.cxx
-O3 -fmudflap -lmudflap
-L/mnt/drive2/gcc_build/i686-pc-linux-gnu/./libmudflap/testsuite -ldl
-lm -o ./pass41-frag.exe (timeout = 300)
PASS: libmudflap.c++/pass41-frag.cxx (-O3) (test for excess errors)
Setting LD_LIBRARY_PATH to
..:/mnt/drive2/gcc_build/gcc:/mnt/drive2/gcc_build/i686-pc-linux-gnu/./lib
stdc++-v3/src/.libs:/mnt/drive2/gcc_build/i686-pc-linux-gnu/./libmudflap/
..libs:.:/mnt/drive2/gcc_build/gcc:/mnt/drive2/gcc_build/i686-pc-linux-gnu
/./libstdc++-v3/src/.libs:/mnt/drive2/gcc_build/i686-pc-linux-gnu/./libmu
dflap/.libs:/mnt/drive2/gcc_build/i686-pc-linux-gnu/libstdc++-v3/.libs:/m
nt/drive2/gcc_build/i686-pc-linux-gnu/libmudflap/.libs:/mnt/drive2/gcc_bu
ild/i686-pc-linux-gnu/libssp/.libs:/mnt/drive2/gcc_build/i686-pc-linux-gn
u/libgomp/.libs:/mnt/drive2/gcc_build/./gcc:/mnt/drive2/gcc_build/./prev-
gcc:/usr/local/lib
*******
mudflap violation 1 (check/read): time=1236248774.077010 ptr=0x401ff580
size=4
pc=0x40027d4d
location=`/mnt/drive2/gcc_build/i686-pc-linux-gnu/libstdc++-v3/include/os
tream:544:46 (main)'
/mnt/drive2/gcc_build/i686-pc-linux-gnu/./libmudflap/.libs/libmudflap.so.
0(__mf_check+0x3d) [0x40027d4d]
./pass41-frag.exe(main+0x3ab) [0x804911b]
/mnt/drive2/gcc_build/i686-pc-linux-gnu/./libmudflap/.libs/libmudflap.so.
0(__wrap_main+0x49) [0x40027549]
number of nearby objects: 0
FAIL: libmudflap.c++/pass41-frag.cxx (-O3) execution test
=== libstdc++ tests ===
FAIL: abi_check
XPASS: 26_numerics/headers/cmath/c99_classification_macros_c.cc (test
for excess errors)
using: baseline_symbols.txt
FAIL: abi_check
testcase
/mnt/drive2/gcc_trunk/libstdc++-v3/testsuite/libstdc++-abi/abi.exp
completed in 55 seconds
Executing on host: /mnt/drive2/gcc_build/./gcc/g++ -shared-libgcc
-B/mnt/drive2/gcc_build/./gcc -nostdinc++
-L/mnt/drive2/gcc_build/i686-pc-linux-gnu/libstdc++-v3/src
-L/mnt/drive2/gcc_build/i686-pc-linux-gnu/libstdc++-v3/src/.libs
-B/mnt/drive2/gcc_installed/i686-pc-linux-gnu/bin/
-B/mnt/drive2/gcc_installed/i686-pc-linux-gnu/lib/ -isystem
/mnt/drive2/gcc_installed/i686-pc-linux-gnu/include -isystem
/mnt/drive2/gcc_installed/i686-pc-linux-gnu/sys-include -g -O2
-D_GLIBCXX_ASSERT -fmessage-length=0 -ffunction-sections
-fdata-sections -g -O2 -D_GNU_SOURCE -g -O2 -D_GNU_SOURCE
-DLOCALEDIR="." -nostdinc++
-I/mnt/drive2/gcc_build/i686-pc-linux-gnu/libstdc++-v3/include/i686-pc-li
nux-gnu -I/mnt/drive2/gcc_build/i686-pc-linux-gnu/libstdc++-v3/include
-I/mnt/drive2/gcc_trunk/libstdc++-v3/libsupc++
-I/mnt/drive2/gcc_trunk/libstdc++-v3/include/backward
-I/mnt/drive2/gcc_trunk/libstdc++-v3/testsuite/util
/mnt/drive2/gcc_trunk/libstdc++-v3/testsuite/26_numerics/headers/cmath/c9
9_classification_macros_c.cc -include bits/stdc++.h -S -o
c99_classification_macros_c.s (timeout = 600)
XPASS: 26_numerics/headers/cmath/c99_classification_macros_c.cc (test
for excess errors)
extra_tool_flags are:
-include bits/stdc++.h
----------