This is the mail archive of the
gcc-testresults@gcc.gnu.org
mailing list for the GCC project.
Results for 4.3.3 (GCC) testsuite on hppa2.0-unknown-linux-gnu
- From: "Laurent GUERBY gcc61" <guerby at k2000 dot esiee dot fr>
- To: gcc-testresults at gcc dot gnu dot org
- Date: Wed, 04 Mar 2009 08:37:44 +0100
- Subject: Results for 4.3.3 (GCC) testsuite on hppa2.0-unknown-linux-gnu
LAST_UPDATED: Obtained from SVN: tags/gcc_4_3_3_release revision 143643
=== acats tests ===
FAIL: cxf3a01
=== acats Summary ===
# of expected passes 2314
# of unexpected failures 1
Native configuration is hppa2.0-unknown-linux-gnu
=== gcc tests ===
Running target unix
XPASS: gcc.dg/tree-ssa/loop-1.c scan-assembler-times foo 5
=== gcc Summary ===
# of expected passes 46301
# of unexpected successes 1
# of expected failures 92
# of untested testcases 35
# of unsupported tests 340
/home/guerby/build-4.3.3/gcc/xgcc version 4.3.3 (GCC)
=== gnat tests ===
Running target unix
=== gnat Summary ===
# of expected passes 375
# of expected failures 1
=== libgomp tests ===
Running target unix
=== libgomp Summary ===
# of expected passes 171
# of unsupported tests 7
=== libmudflap tests ===
Running target unix
=== libmudflap Summary ===
# of expected passes 1700
# of unsupported tests 2
Compiler version: 4.3.3 (GCC)
Platform: hppa2.0-unknown-linux-gnu
configure flags: --enable-languages=c,ada --enable-__cxa_atexit --disable-nls --with-mpfr=/opt/cfarm/mpfr-2.3.2 --prefix=/opt/cfarm/release/4.3.3