This is the mail archive of the
gcc-testresults@gcc.gnu.org
mailing list for the GCC project.
Results for 4.4.0 20090223 (experimental) [ revision ] (GCC) testsuite on alphaev56-unknown-linux-gnu
- From: uros at gcc11 dot fsffrance dot org
- To: gcc-testresults at gcc dot gnu dot org
- Date: Mon, 02 Mar 2009 08:38:10 +0100
- Subject: Results for 4.4.0 20090223 (experimental) [ revision ] (GCC) testsuite on alphaev56-unknown-linux-gnu
Native configuration is alphaev56-unknown-linux-gnu
=== libffi tests ===
Running target unix
=== libffi Summary ===
# of expected passes 1389
# of unsupported tests 10
=== libgomp tests ===
Running target unix
=== libgomp Summary ===
# of expected passes 2346
=== libjava tests ===
Running target unix
FAIL: TestClosureGC run
FAIL: Array_3 execution - source compiled test
FAIL: Array_3 -findirect-dispatch execution - source compiled test
FAIL: Array_3 -O3 execution - source compiled test
FAIL: Array_3 -O3 -findirect-dispatch execution - source compiled test
FAIL: Invoke_1 execution - source compiled test
FAIL: Invoke_1 -findirect-dispatch execution - source compiled test
FAIL: Invoke_1 -O3 execution - source compiled test
FAIL: Invoke_1 -O3 -findirect-dispatch execution - source compiled test
FAIL: PR218 output - source compiled test
FAIL: PR218 -O3 output - source compiled test
FAIL: StackTrace2 execution - source compiled test
FAIL: StackTrace2 -findirect-dispatch execution - source compiled test
FAIL: StackTrace2 -O3 execution - source compiled test
FAIL: StackTrace2 -O3 -findirect-dispatch execution - source compiled test
FAIL: Throw_2 execution - source compiled test
FAIL: Throw_2 -findirect-dispatch execution - source compiled test
FAIL: Throw_2 -O3 execution - source compiled test
FAIL: Throw_2 -O3 -findirect-dispatch execution - source compiled test
FAIL: Throw_3 output - source compiled test
FAIL: Throw_3 -findirect-dispatch output - source compiled test
FAIL: Throw_3 -O3 output - source compiled test
FAIL: Throw_3 -O3 -findirect-dispatch output - source compiled test
FAIL: pr83 -findirect-dispatch execution - source compiled test
FAIL: pr83 -O3 -findirect-dispatch execution - source compiled test
=== libjava Summary ===
# of expected passes 2531
# of unexpected failures 25
# of untested testcases 19
=== libmudflap tests ===
Running target unix
FAIL: libmudflap.c++/pass41-frag.cxx execution test
FAIL: libmudflap.c++/pass41-frag.cxx (-static) execution test
FAIL: libmudflap.c++/pass41-frag.cxx (-O2) execution test
FAIL: libmudflap.c++/pass41-frag.cxx (-O3) execution test
=== libmudflap Summary ===
# of expected passes 1890
# of unexpected failures 4
=== libstdc++ tests ===
Running target unix
FAIL: 22_locale/time_get/get_date/wchar_t/4.cc execution test
XPASS: 26_numerics/headers/cmath/c99_classification_macros_c.cc (test for excess errors)
=== libstdc++ Summary ===
# of expected passes 6467
# of unexpected failures 1
# of unexpected successes 1
# of expected failures 80
# of unsupported tests 15
=== gcc tests ===
Running target unix
FAIL: gcc.dg/cleanup-10.c execution test
FAIL: gcc.dg/cleanup-11.c execution test
FAIL: gcc.dg/cleanup-8.c execution test
FAIL: gcc.dg/cleanup-9.c execution test
=== gcc Summary ===
# of expected passes 49184
# of unexpected failures 4
# of expected failures 129
# of unsupported tests 498
/home/uros/gcc-build/gcc/xgcc version 4.4.0 20090223 (experimental) [ revision ] (GCC)
=== gfortran tests ===
Running target unix
=== gfortran Summary ===
# of expected passes 28764
# of expected failures 18
# of unsupported tests 46
/home/uros/gcc-build/gcc/testsuite/gfortran/../../gfortran version 4.4.0 20090223 (experimental) [ revision ] (GCC)
=== g++ tests ===
Running target unix
FAIL: g++.dg/ext/cleanup-10.C execution test
FAIL: g++.dg/ext/cleanup-11.C execution test
FAIL: g++.dg/ext/cleanup-8.C execution test
FAIL: g++.dg/ext/cleanup-9.C execution test
=== g++ Summary ===
# of expected passes 18897
# of unexpected failures 4
# of expected failures 141
# of unsupported tests 158
/home/uros/gcc-build/gcc/testsuite/g++/../../g++ version 4.4.0 20090223 (experimental) [ revision ] (GCC)
=== objc tests ===
Running target unix
FAIL: objc/execute/forward-1.m execution, -O0 -fgnu-runtime
FAIL: objc/execute/forward-1.m execution, -O1 -fgnu-runtime
FAIL: objc/execute/forward-1.m execution, -O2 -fgnu-runtime
FAIL: objc/execute/forward-1.m execution, -O3 -fomit-frame-pointer -fgnu-runtime
FAIL: objc/execute/forward-1.m execution, -O3 -fomit-frame-pointer -funroll-loops -fgnu-runtime
FAIL: objc/execute/forward-1.m execution, -O3 -fomit-frame-pointer -funroll-all-loops -finline-functions -fgnu-runtime
FAIL: objc/execute/forward-1.m execution, -O3 -g -fgnu-runtime
FAIL: objc/execute/forward-1.m execution, -Os -fgnu-runtime
=== objc Summary ===
# of expected passes 1820
# of unexpected failures 8
# of expected failures 7
# of unsupported tests 25
/home/uros/gcc-build/gcc/xgcc version 4.4.0 20090223 (experimental) [ revision ] (GCC)
Compiler version: 4.4.0 20090223 (experimental) [ revision ] (GCC)
Platform: alphaev56-unknown-linux-gnu
BOOT_CFLAGS=-g -O2