This is the mail archive of the
gcc-testresults@gcc.gnu.org
mailing list for the GCC project.
Results for 4.4.0 20090216 (experimental) [trunk revision 144213] (GCC) testsuite on hppa-unknown-linux-gnu
- From: dave at mx3210 dot hia dot nrc dot ca (John David Anglin)
- To: dave dot anglin at nrc-cnrc dot gc dot ca, gcc-testresults at gcc dot gnu dot org
- Date: Tue, 17 Feb 2009 20:14:06 -0500 (EST)
- Subject: Results for 4.4.0 20090216 (experimental) [trunk revision 144213] (GCC) testsuite on hppa-unknown-linux-gnu
LAST_UPDATED: Mon Feb 16 21:32:45 UTC 2009 (revision 144213)
=== acats tests ===
=== acats Summary ===
# of expected passes 2315
# of unexpected failures 0
Native configuration is hppa-unknown-linux-gnu
=== g++ tests ===
Running target unix
=== g++ Summary ===
# of expected passes 18913
# of expected failures 141
# of unsupported tests 154
/home/dave/gnu/gcc/objdir/gcc/testsuite/g++/../../g++ version 4.4.0 20090216 (experimental) [trunk revision 144213] (GCC)
=== gcc tests ===
Running target unix
WARNING: program timed out.
FAIL: gcc.c-torture/execute/builtins/sprintf-chk.c compilation, -O3 -fomit-frame-pointer -funroll-loops
UNRESOLVED: gcc.c-torture/execute/builtins/sprintf-chk.c execution, -O3 -fomit-frame-pointer -funroll-loops
XPASS: gcc.dg/tree-ssa/loop-1.c scan-assembler-times foo 5
=== gcc Summary ===
# of expected passes 48954
# of unexpected failures 1
# of unexpected successes 1
# of expected failures 128
# of unresolved testcases 1
# of unsupported tests 510
/home/dave/gnu/gcc/objdir/gcc/xgcc version 4.4.0 20090216 (experimental) [trunk revision 144213] (GCC)
=== gfortran tests ===
Running target unix
=== gfortran Summary ===
# of expected passes 28333
# of expected failures 10
# of unsupported tests 255
/home/dave/gnu/gcc/objdir/gcc/testsuite/gfortran/../../gfortran version 4.4.0 20090216 (experimental) [trunk revision 144213] (GCC)
=== gnat tests ===
Running target unix
=== gnat Summary ===
# of expected passes 608
# of expected failures 6
=== obj-c++ tests ===
Running target unix
UNRESOLVED: obj-c++.dg/lookup-2.mm compilation failed to produce executable
UNRESOLVED: obj-c++.dg/try-catch-2.mm compilation failed to produce executable
UNRESOLVED: obj-c++.dg/try-catch-9.mm compilation failed to produce executable
=== obj-c++ Summary ===
# of expected passes 438
# of expected failures 10
# of unresolved testcases 3
# of unsupported tests 13
/home/dave/gnu/gcc/objdir/gcc/testsuite/obj-c++/../../g++ version 4.4.0 20090216 (experimental) [trunk revision 144213] (GCC)
=== objc tests ===
Running target unix
WARNING: program timed out.
FAIL: objc/execute/class-9.m compilation, -Os -fgnu-runtime
UNRESOLVED: objc/execute/class-9.m execution, -Os -fgnu-runtime
FAIL: objc/execute/forward-1.m execution, -O0 -fgnu-runtime
FAIL: objc/execute/forward-1.m execution, -O1 -fgnu-runtime
FAIL: objc/execute/forward-1.m execution, -O2 -fgnu-runtime
FAIL: objc/execute/forward-1.m execution, -O3 -fomit-frame-pointer -fgnu-runtime
FAIL: objc/execute/forward-1.m execution, -O3 -fomit-frame-pointer -funroll-loops -fgnu-runtime
FAIL: objc/execute/forward-1.m execution, -O3 -fomit-frame-pointer -funroll-all-loops -finline-functions -fgnu-runtime
FAIL: objc/execute/forward-1.m execution, -O3 -g -fgnu-runtime
FAIL: objc/execute/forward-1.m execution, -Os -fgnu-runtime
=== objc Summary ===
# of expected passes 1820
# of unexpected failures 9
# of expected failures 7
# of unresolved testcases 1
# of unsupported tests 24
/home/dave/gnu/gcc/objdir/gcc/xgcc version 4.4.0 20090216 (experimental) [trunk revision 144213] (GCC)
=== libffi tests ===
Running target unix
=== libffi Summary ===
# of expected passes 1389
# of unsupported tests 10
=== libgomp tests ===
Running target unix
FAIL: libgomp.fortran/vla6.f90 -O0 execution test
=== libgomp Summary ===
# of expected passes 2331
# of unexpected failures 1
# of unsupported tests 7
=== libjava tests ===
Running target unix
=== libjava Summary ===
# of expected passes 2574
=== libmudflap tests ===
Running target unix
FAIL: libmudflap.c++/pass41-frag.cxx execution test
FAIL: libmudflap.c++/pass41-frag.cxx (-static) execution test
FAIL: libmudflap.c++/pass41-frag.cxx (-O2) execution test
FAIL: libmudflap.c++/pass41-frag.cxx (-O3) execution test
WARNING: program timed out.
FAIL: libmudflap.cth/pass40-frag.c execution test
FAIL: libmudflap.cth/pass40-frag.c output pattern test
WARNING: program timed out.
FAIL: libmudflap.cth/pass40-frag.c (-static -DSTATIC) execution test
FAIL: libmudflap.cth/pass40-frag.c (-static -DSTATIC) output pattern test
WARNING: program timed out.
FAIL: libmudflap.cth/pass40-frag.c (-O2) execution test
FAIL: libmudflap.cth/pass40-frag.c (-O2) output pattern test
WARNING: program timed out.
FAIL: libmudflap.cth/pass40-frag.c (-O3) execution test
FAIL: libmudflap.cth/pass40-frag.c (-O3) output pattern test
=== libmudflap Summary ===
# of expected passes 1882
# of unexpected failures 12
=== libstdc++ tests ===
Running target unix
FAIL: 22_locale/time_get/get_date/wchar_t/4.cc execution test
XPASS: 26_numerics/headers/cmath/c99_classification_macros_c.cc (test for excess errors)
WARNING: program timed out.
FAIL: thread/pthread7-rope.cc execution test
=== libstdc++ Summary ===
# of expected passes 6460
# of unexpected failures 2
# of unexpected successes 1
# of expected failures 80
# of unsupported tests 18
Compiler version: 4.4.0 20090216 (experimental) [trunk revision 144213] (GCC)
Platform: hppa-unknown-linux-gnu
configure flags: --with-gnu-as --with-gnu-ld --enable-shared --prefix=/home/dave/opt/gnu/gcc/gcc-4.4.0 --with-local-prefix=/home/dave/opt/gnu --enable-threads=posix --enable-__cxa_atexit --build=hppa-linux --enable-clocale=gnu --enable-java-gc=boehm --enable-java-awt=xlib --enable-languages=c,c++,objc,fortran,obj-c++,java,ada