This is the mail archive of the
gcc-testresults@gcc.gnu.org
mailing list for the GCC project.
Results for 4.4.0 20090201 (experimental) [alias-improvements revision 143890] (GCC) testsuite on powerpc64-unknown-linux-gnu
- From: Janis Johnson <janis187 at us dot ibm dot com>
- To: gcc-testresults at gcc dot gnu dot org
- Date: Tue, 3 Feb 2009 15:11:15 -0800
- Subject: Results for 4.4.0 20090201 (experimental) [alias-improvements revision 143890] (GCC) testsuite on powerpc64-unknown-linux-gnu
Linux 2.6.16.46-0.4-ppc64 ppc64
GNU C Library development release version 2.4 (20070330)
GNU ld (GNU Binutils) 2.19
GNU assembler (GNU Binutils) 2.19
GNU Make 3.80
DejaGnu:
Expect version is 5.43.0
Tcl version is 8.4
Framework version is 1.4.4
32-bit biarch default32
LAST_UPDATED: Tue Feb 3 11:28:36 UTC 2009 (revision 143890)
Native configuration is powerpc64-unknown-linux-gnu
=== gcc tests ===
Running target unix/-m32
FAIL: gcc.dg/and-1.c scan-assembler-not nand
FAIL: gcc.dg/memcpy-1.c scan-tree-dump-times optimized "nasty_local" 0
XPASS: gcc.dg/pr38984.c scan-tree-dump-not optimized "return 1"
FAIL: gcc.dg/uninit-B.c uninit i warning (test for warnings, line 12)
FAIL: gcc.dg/uninit-pr19430.c (test for warnings, line 32)
FAIL: gcc.dg/uninit-pr19430.c uninitialized (test for warnings, line 41)
XPASS: gcc.dg/tree-ssa/20070302-1.c (test for excess errors)
XPASS: gcc.dg/tree-ssa/alias-18.c scan-tree-dump fre "with 1"
XPASS: gcc.dg/tree-ssa/alias-18.c scan-tree-dump fre "with 3"
XPASS: gcc.dg/tree-ssa/alias-18.c scan-tree-dump fre "with 8"
FAIL: gcc.dg/tree-ssa/ldist-11.c scan-tree-dump-times ldist "distributed: split to 2 loops" 1
FAIL: gcc.dg/tree-ssa/loop-36.c scan-tree-dump-not dce2 "c.array"
FAIL: gcc.dg/tree-ssa/pr35286.c scan-tree-dump-times pre "Eliminated: 2" 1
XPASS: gcc.dg/tree-ssa/sra-3.c scan-tree-dump-times optimized "link_error" 0
FAIL: gcc.dg/tree-ssa/ssa-fre-10.c scan-tree-dump pre "Insertions: 2"
FAIL: gcc.dg/tree-ssa/ssa-pre-24.c scan-tree-dump-not pre "prephitmp"
FAIL: gcc.dg/tree-ssa/vrp47.c scan-tree-dump-times vrp1 "[xy][^ ]* !=" 0
FAIL: gcc.dg/tree-ssa/vrp47.c scan-tree-dump-times dom1 "x[^ ]* & y" 1
FAIL: gcc.dg/vect/pr35821-altivec.c scan-tree-dump-times vect "vectorized 1 loops" 1
XPASS: gcc.dg/vect/no-vfa-vect-49.c scan-tree-dump-times vect "vectorized 1 loops" 1
XPASS: gcc.dg/vect/no-vfa-vect-53.c scan-tree-dump-times vect "vectorized 1 loops" 1
XPASS: gcc.dg/vect/no-vfa-vect-57.c scan-tree-dump-times vect "vectorized 1 loops" 1
XPASS: gcc.dg/vect/no-vfa-vect-61.c scan-tree-dump-times vect "vectorized 1 loops" 1
=== gcc Summary for unix/-m32 ===
# of expected passes 52924
# of unexpected successes 10
# of unexpected failures 13
# of expected failures 191
# of unsupported tests 545
Running target unix/-m64
FAIL: gcc.dg/and-1.c scan-assembler-not nand
XPASS: gcc.dg/pr38984.c scan-tree-dump-not optimized "return 1"
FAIL: gcc.dg/uninit-B.c uninit i warning (test for warnings, line 12)
FAIL: gcc.dg/uninit-pr19430.c (test for warnings, line 32)
FAIL: gcc.dg/uninit-pr19430.c uninitialized (test for warnings, line 41)
XPASS: gcc.dg/tree-ssa/20070302-1.c (test for excess errors)
XPASS: gcc.dg/tree-ssa/alias-18.c scan-tree-dump fre "with 1"
XPASS: gcc.dg/tree-ssa/alias-18.c scan-tree-dump fre "with 3"
XPASS: gcc.dg/tree-ssa/alias-18.c scan-tree-dump fre "with 8"
FAIL: gcc.dg/tree-ssa/ldist-11.c scan-tree-dump-times ldist "distributed: split to 2 loops" 1
FAIL: gcc.dg/tree-ssa/loop-36.c scan-tree-dump-not dce2 "c.array"
FAIL: gcc.dg/tree-ssa/pr35286.c scan-tree-dump-times pre "Eliminated: 2" 1
XPASS: gcc.dg/tree-ssa/sra-3.c scan-tree-dump-times optimized "link_error" 0
FAIL: gcc.dg/tree-ssa/ssa-fre-10.c scan-tree-dump pre "Insertions: 2"
FAIL: gcc.dg/tree-ssa/ssa-pre-24.c scan-tree-dump-not pre "prephitmp"
FAIL: gcc.dg/tree-ssa/vrp47.c scan-tree-dump-times vrp1 "[xy][^ ]* !=" 0
FAIL: gcc.dg/tree-ssa/vrp47.c scan-tree-dump-times dom1 "x[^ ]* & y" 1
FAIL: gcc.dg/vect/pr35821-altivec.c scan-tree-dump-times vect "vectorized 1 loops" 1
XPASS: gcc.dg/vect/no-vfa-vect-49.c scan-tree-dump-times vect "vectorized 1 loops" 1
XPASS: gcc.dg/vect/no-vfa-vect-53.c scan-tree-dump-times vect "vectorized 1 loops" 1
XPASS: gcc.dg/vect/no-vfa-vect-57.c scan-tree-dump-times vect "vectorized 1 loops" 1
XPASS: gcc.dg/vect/no-vfa-vect-61.c scan-tree-dump-times vect "vectorized 1 loops" 1
FAIL: gcc.target/powerpc/ppc64-double-1.c scan-assembler-not stfd
=== gcc Summary for unix/-m64 ===
# of expected passes 52773
# of unexpected successes 10
# of unexpected failures 13
# of expected failures 194
# of unsupported tests 608
=== gcc Summary ===
# of expected passes 105697
# of unexpected failures 26
# of unexpected successes 20
# of expected failures 385
# of unsupported tests 1153
/home/gccbuild/build/nightly/build-gcc-alias/gcc/xgcc version 4.4.0 20090201 (experimental) [alias-improvements revision 143890] (GCC)
=== gfortran tests ===
Running target unix/-m32
XPASS: gfortran.dg/default_format_denormal_2.f90 -O0 execution test
XPASS: gfortran.dg/default_format_denormal_2.f90 -O1 execution test
XPASS: gfortran.dg/default_format_denormal_2.f90 -O2 execution test
XPASS: gfortran.dg/default_format_denormal_2.f90 -O3 -fomit-frame-pointer execution test
XPASS: gfortran.dg/default_format_denormal_2.f90 -O3 -fomit-frame-pointer -funroll-loops execution test
XPASS: gfortran.dg/default_format_denormal_2.f90 -O3 -fomit-frame-pointer -funroll-all-loops -finline-functions execution test
XPASS: gfortran.dg/default_format_denormal_2.f90 -O3 -g execution test
XPASS: gfortran.dg/default_format_denormal_2.f90 -Os execution test
=== gfortran Summary for unix/-m32 ===
# of expected passes 29107
# of unexpected successes 8
# of expected failures 27
# of unsupported tests 118
Running target unix/-m64
XPASS: gfortran.dg/default_format_denormal_2.f90 -O0 execution test
XPASS: gfortran.dg/default_format_denormal_2.f90 -O1 execution test
XPASS: gfortran.dg/default_format_denormal_2.f90 -O2 execution test
XPASS: gfortran.dg/default_format_denormal_2.f90 -O3 -fomit-frame-pointer execution test
XPASS: gfortran.dg/default_format_denormal_2.f90 -O3 -fomit-frame-pointer -funroll-loops execution test
XPASS: gfortran.dg/default_format_denormal_2.f90 -O3 -fomit-frame-pointer -funroll-all-loops -finline-functions execution test
XPASS: gfortran.dg/default_format_denormal_2.f90 -O3 -g execution test
XPASS: gfortran.dg/default_format_denormal_2.f90 -Os execution test
=== gfortran Summary for unix/-m64 ===
# of expected passes 29256
# of unexpected successes 8
# of expected failures 27
# of unsupported tests 45
=== gfortran Summary ===
# of expected passes 58363
# of unexpected successes 16
# of expected failures 54
# of unsupported tests 163
/home/gccbuild/build/nightly/build-gcc-alias/gcc/testsuite/gfortran/../../gfortran version 4.4.0 20090201 (experimental) [alias-improvements revision 143890] (GCC)
=== g++ tests ===
Running target unix/-m32
=== g++ Summary for unix/-m32 ===
# of expected passes 19014
# of expected failures 141
# of unsupported tests 128
Running target unix/-m64
=== g++ Summary for unix/-m64 ===
# of expected passes 18979
# of expected failures 141
# of unsupported tests 131
=== g++ Summary ===
# of expected passes 37993
# of expected failures 282
# of unsupported tests 259
/home/gccbuild/build/nightly/build-gcc-alias/gcc/testsuite/g++/../../g++ version 4.4.0 20090201 (experimental) [alias-improvements revision 143890] (GCC)
=== obj-c++ tests ===
Running target unix/-m32
WARNING: obj-c++.dg/lookup-2.mm compilation failed to produce executable
WARNING: obj-c++.dg/try-catch-2.mm compilation failed to produce executable
WARNING: obj-c++.dg/try-catch-9.mm compilation failed to produce executable
=== obj-c++ Summary for unix/-m32 ===
# of expected passes 438
# of expected failures 10
# of unsupported tests 13
Running target unix/-m64
WARNING: obj-c++.dg/lookup-2.mm compilation failed to produce executable
WARNING: obj-c++.dg/try-catch-2.mm compilation failed to produce executable
WARNING: obj-c++.dg/try-catch-9.mm compilation failed to produce executable
=== obj-c++ Summary for unix/-m64 ===
# of expected passes 427
# of expected failures 21
# of unsupported tests 13
=== obj-c++ Summary ===
# of expected passes 865
# of expected failures 31
# of unsupported tests 26
/home/gccbuild/build/nightly/build-gcc-alias/gcc/testsuite/obj-c++/../../g++ version 4.4.0 20090201 (experimental) [alias-improvements revision 143890] (GCC)
=== objc tests ===
Running target unix/-m32
FAIL: objc/execute/forward-1.m execution, -O0 -fgnu-runtime
FAIL: objc/execute/forward-1.m execution, -O1 -fgnu-runtime
FAIL: objc/execute/forward-1.m execution, -O2 -fgnu-runtime
FAIL: objc/execute/forward-1.m execution, -O3 -fomit-frame-pointer -fgnu-runtime
FAIL: objc/execute/forward-1.m execution, -O3 -fomit-frame-pointer -funroll-loops -fgnu-runtime
FAIL: objc/execute/forward-1.m execution, -O3 -fomit-frame-pointer -funroll-all-loops -finline-functions -fgnu-runtime
FAIL: objc/execute/forward-1.m execution, -O3 -g -fgnu-runtime
FAIL: objc/execute/forward-1.m execution, -Os -fgnu-runtime
=== objc Summary for unix/-m32 ===
# of expected passes 1822
# of unexpected failures 8
# of expected failures 7
# of unsupported tests 24
Running target unix/-m64
FAIL: objc/execute/forward-1.m execution, -O0 -fgnu-runtime
FAIL: objc/execute/forward-1.m execution, -O1 -fgnu-runtime
FAIL: objc/execute/forward-1.m execution, -O2 -fgnu-runtime
FAIL: objc/execute/forward-1.m execution, -O3 -fomit-frame-pointer -fgnu-runtime
FAIL: objc/execute/forward-1.m execution, -O3 -fomit-frame-pointer -funroll-loops -fgnu-runtime
FAIL: objc/execute/forward-1.m execution, -O3 -fomit-frame-pointer -funroll-all-loops -finline-functions -fgnu-runtime
FAIL: objc/execute/forward-1.m execution, -O3 -g -fgnu-runtime
FAIL: objc/execute/forward-1.m execution, -Os -fgnu-runtime
=== objc Summary for unix/-m64 ===
# of expected passes 1822
# of unexpected failures 8
# of expected failures 7
# of unsupported tests 24
=== objc Summary ===
# of expected passes 3644
# of unexpected failures 16
# of expected failures 14
# of unsupported tests 48
/home/gccbuild/build/nightly/build-gcc-alias/gcc/xgcc version 4.4.0 20090201 (experimental) [alias-improvements revision 143890] (GCC)
=== libffi tests ===
Running target unix/-m32
=== libffi Summary for unix/-m32 ===
# of expected passes 1389
# of unsupported tests 10
Running target unix/-m64
=== libffi Summary for unix/-m64 ===
# of expected passes 1389
# of unsupported tests 10
=== libffi Summary ===
# of expected passes 2778
# of unsupported tests 20
=== libgomp tests ===
Running target unix/-m32
=== libgomp Summary for unix/-m32 ===
# of expected passes 2345
Running target unix/-m64
=== libgomp Summary for unix/-m64 ===
# of expected passes 2345
=== libgomp Summary ===
# of expected passes 4690
=== libjava tests ===
Running target unix/-m32
=== libjava Summary for unix/-m32 ===
# of expected passes 2574
Running target unix/-m64
FAIL: getlocalvartable output
=== libjava Summary for unix/-m64 ===
# of expected passes 2573
# of unexpected failures 1
=== libjava Summary ===
# of expected passes 5147
# of unexpected failures 1
=== libmudflap tests ===
Running target unix/-m32
FAIL: libmudflap.c++/pass41-frag.cxx execution test
FAIL: libmudflap.c++/pass41-frag.cxx (-static) execution test
FAIL: libmudflap.c++/pass41-frag.cxx (-O2) execution test
FAIL: libmudflap.c++/pass41-frag.cxx (-O3) execution test
=== libmudflap Summary for unix/-m32 ===
# of expected passes 1890
# of unexpected failures 4
Running target unix/-m64
FAIL: libmudflap.c/fail27-frag.c output pattern test
FAIL: libmudflap.c/fail27-frag.c (-static) output pattern test
FAIL: libmudflap.c/fail27-frag.c (-O2) output pattern test
FAIL: libmudflap.c/fail27-frag.c (-O3) output pattern test
FAIL: libmudflap.c++/pass41-frag.cxx execution test
FAIL: libmudflap.c++/pass41-frag.cxx (-static) execution test
FAIL: libmudflap.c++/pass41-frag.cxx (-O2) execution test
FAIL: libmudflap.c++/pass41-frag.cxx (-O3) execution test
=== libmudflap Summary for unix/-m64 ===
# of expected passes 1886
# of unexpected failures 8
=== libmudflap Summary ===
# of expected passes 3776
# of unexpected failures 12
=== libstdc++ tests ===
Running target unix/-m32
FAIL: abi_check
XPASS: 26_numerics/headers/cmath/c99_classification_macros_c.cc (test for excess errors)
=== libstdc++ Summary for unix/-m32 ===
# of expected passes 6423
# of unexpected successes 1
# of unexpected failures 1
# of expected failures 79
# of unsupported tests 13
Running target unix/-m64
FAIL: abi_check
XPASS: 26_numerics/complex/13450.cc execution test
XPASS: 26_numerics/complex/complex_value.cc execution test
XPASS: 26_numerics/complex/pow.cc execution test
XPASS: 26_numerics/headers/cmath/c99_classification_macros_c.cc (test for excess errors)
=== libstdc++ Summary for unix/-m64 ===
# of expected passes 6420
# of unexpected successes 4
# of unexpected failures 1
# of expected failures 79
# of unsupported tests 13
=== libstdc++ Summary ===
# of expected passes 12843
# of unexpected failures 2
# of unexpected successes 5
# of expected failures 158
# of unsupported tests 26
Compiler version: 4.4.0 20090201 (experimental) [alias-improvements revision 143890] (GCC)
Platform: powerpc64-unknown-linux-gnu
configure flags: --prefix=/opt/gcc-nightly/alias-20090203 --build=powerpc64-linux --host=powerpc64-linux --target=powerpc64-linux --with-cpu=default32 --with-as=/opt/gcc-nightly/binutils-2.19/bin/as --with-ld=/opt/gcc-nightly/binutils-2.19/bin/ld --enable-threads=posix --enable-shared --enable-__cxa_atexit --enable-languages=c,c++,fortran,objc,obj-c++,java --with-long-double-128 --enable-secureplt --enable-checking --disable-alsa --with-gmp=/opt/gcc-nightly/gmp-mpfr --with-mpfr=/opt/gcc-nightly/gmp-mpfr