This is the mail archive of the
gcc-testresults@gcc.gnu.org
mailing list for the GCC project.
Results for 4.3.3 (GCC) testsuite on mipsel-unknown-linux-gnu
- From: Laurent GUERBY <laurent at guerby dot net>
- To: gcc-test <gcc-testresults at gcc dot gnu dot org>
- Date: Mon, 02 Feb 2009 23:21:45 +0100
- Subject: Results for 4.3.3 (GCC) testsuite on mipsel-unknown-linux-gnu
LAST_UPDATED: Obtained from SVN: tags/gcc_4_3_3_release revision 143643
=== acats tests ===
FAIL: a83a02b
FAIL: a85013b
FAIL: a87b59a
FAIL: a95001c
FAIL: a95074d
FAIL: a97106a
FAIL: a99006a
FAIL: ac3207a
FAIL: ad7201a
FAIL: ad7203b
FAIL: ad7205b
FAIL: ada101a
FAIL: c34007j
FAIL: c34008a
FAIL: c35102a
FAIL: c37402a
FAIL: c37403a
FAIL: c380004
FAIL: c38102d
FAIL: c38202a
FAIL: c390002
FAIL: c39008a
FAIL: c39008b
FAIL: c39008c
FAIL: c392002
FAIL: c392003
FAIL: c392013
FAIL: c393008
FAIL: c393009
FAIL: c3a0003
FAIL: c3a0004
FAIL: c3a0010
FAIL: c41306a
FAIL: c41306b
FAIL: c41306c
FAIL: c41307d
FAIL: c41401a
FAIL: c43204g
FAIL: c45282b
FAIL: c45291a
FAIL: c46051a
FAIL: c51004a
FAIL: c59002c
FAIL: c64201b
FAIL: c64201c
FAIL: c650001
FAIL: c74004a
FAIL: c74401k
FAIL: c74406a
FAIL: c760013
FAIL: c761006
FAIL: c761007
FAIL: c83023a
FAIL: c85004b
FAIL: c85005a
FAIL: c85005b
FAIL: c85005c
FAIL: c85005d
FAIL: c85005e
FAIL: c85006a
FAIL: c85006b
FAIL: c85006c
FAIL: c85006d
FAIL: c85006e
FAIL: c85014a
FAIL: c85014b
FAIL: c85014c
FAIL: c85018a
FAIL: c85018b
FAIL: c87b26b
FAIL: c87b41a
FAIL: c87b45c
FAIL: c87b54a
FAIL: c87b62d
FAIL: c910001
FAIL: c910002
FAIL: c91004b
FAIL: c91004c
FAIL: c91006a
FAIL: c91007a
FAIL: c92002a
FAIL: c92003a
FAIL: c92005a
FAIL: c92005b
FAIL: c92006a
FAIL: c930001
FAIL: c93001a
FAIL: c93002a
FAIL: c93003a
FAIL: c93004a
FAIL: c93004b
FAIL: c93004c
FAIL: c93004d
FAIL: c93004f
FAIL: c93005a
FAIL: c93005b
FAIL: c93005d
FAIL: c93007a
FAIL: c93008a
FAIL: c93008b
FAIL: c940001
FAIL: c940005
FAIL: c940007
FAIL: c940010
FAIL: c940013
FAIL: c940014
FAIL: c940016
FAIL: c94001a
FAIL: c94001b
FAIL: c94001c
FAIL: c94001e
FAIL: c94001f
FAIL: c94001g
FAIL: c94002a
FAIL: c94002b
FAIL: c94002d
FAIL: c94002e
FAIL: c94002f
FAIL: c94002g
FAIL: c94005b
FAIL: c94006a
FAIL: c94007a
FAIL: c94007b
FAIL: c94008a
FAIL: c94008b
FAIL: c94008c
FAIL: c94008d
FAIL: c94010a
FAIL: c94011a
FAIL: c94020a
FAIL: c95008a
FAIL: c95009a
FAIL: c95010a
FAIL: c95011a
FAIL: c95012a
FAIL: c95021a
FAIL: c95022a
FAIL: c95022b
FAIL: c95033a
FAIL: c95033b
FAIL: c95034a
FAIL: c95034b
FAIL: c95035a
FAIL: c95040a
FAIL: c95040b
FAIL: c95040c
FAIL: c95040d
FAIL: c95041a
FAIL: c95065a
FAIL: c95065b
FAIL: c95065c
FAIL: c95065d
FAIL: c95065e
FAIL: c95065f
FAIL: c95066a
FAIL: c95067a
FAIL: c95071a
FAIL: c95072a
FAIL: c95072b
FAIL: c95073a
FAIL: c95074c
FAIL: c95076a
FAIL: c95078a
FAIL: c95080b
FAIL: c95082g
FAIL: c95085a
FAIL: c95085b
FAIL: c95085c
FAIL: c95085d
FAIL: c95085e
FAIL: c95085f
FAIL: c95085g
FAIL: c95085h
FAIL: c95085i
FAIL: c95085j
FAIL: c95085k
FAIL: c95085l
FAIL: c95085m
FAIL: c95085n
FAIL: c95085o
FAIL: c95086a
FAIL: c95086b
FAIL: c95086c
FAIL: c95086d
FAIL: c95086e
FAIL: c95086f
FAIL: c95087a
FAIL: c95087b
FAIL: c95087c
FAIL: c95087d
FAIL: c95088a
FAIL: c95089a
FAIL: c95090a
FAIL: c95092a
FAIL: c95093a
FAIL: c95095a
FAIL: c95095b
FAIL: c95095c
FAIL: c95095d
FAIL: c95095e
FAIL: c951001
FAIL: c951002
FAIL: c953001
FAIL: c953002
FAIL: c953003
FAIL: c954001
FAIL: c954010
FAIL: c954011
FAIL: c954012
FAIL: c954013
FAIL: c954014
FAIL: c954015
FAIL: c954016
FAIL: c954017
FAIL: c954018
FAIL: c954019
FAIL: c954020
FAIL: c954021
FAIL: c954022
FAIL: c954023
FAIL: c954024
FAIL: c954025
FAIL: c954026
FAIL: c954a01
FAIL: c954a02
FAIL: c954a03
FAIL: c960001
FAIL: c960002
FAIL: c960004
FAIL: c97112a
FAIL: c97113a
FAIL: c97114a
FAIL: c97115a
FAIL: c97116a
FAIL: c97117a
FAIL: c97117b
FAIL: c97117c
FAIL: c97118a
FAIL: c97120a
FAIL: c97120b
FAIL: c97201a
FAIL: c97201b
FAIL: c97201c
FAIL: c97201d
FAIL: c97201e
FAIL: c97201g
FAIL: c97201h
FAIL: c97201x
FAIL: c97202a
FAIL: c97203a
FAIL: c97203b
FAIL: c97203c
FAIL: c97204a
FAIL: c97204b
FAIL: c97205a
FAIL: c97205b
FAIL: c97301a
FAIL: c97301b
FAIL: c97301c
FAIL: c97301d
FAIL: c97301e
FAIL: c97302a
FAIL: c97303a
FAIL: c97303b
FAIL: c97303c
FAIL: c97304a
FAIL: c97304b
FAIL: c97305a
FAIL: c97305b
FAIL: c97305c
FAIL: c97305d
FAIL: c97307a
FAIL: c974001
FAIL: c974002
FAIL: c974012
FAIL: c974013
FAIL: c980002
FAIL: c99004a
FAIL: c99005a
FAIL: c9a003a
FAIL: c9a004a
FAIL: c9a007a
FAIL: c9a009a
FAIL: c9a009c
FAIL: c9a009f
FAIL: c9a009g
FAIL: c9a009h
FAIL: c9a010a
FAIL: c9a011a
FAIL: c9a011b
FAIL: cb40005
FAIL: cb4013a
FAIL: cb41002
FAIL: cb5001a
FAIL: cb5001b
FAIL: cb5002a
FAIL: cc1104c
FAIL: cc1207b
FAIL: cc1225a
FAIL: cc1310a
FAIL: cc3019c
FAIL: cc3106b
FAIL: cc3120b
FAIL: cc3207b
FAIL: cc3225a
FAIL: cc3601c
FAIL: cc3602a
FAIL: cd1009k
FAIL: cd1009t
FAIL: cd1009u
FAIL: cd1c03e
FAIL: cd1c06a
FAIL: cd2a91c
FAIL: cd2c11a
FAIL: cd2c11d
FAIL: cd5003e
FAIL: cd72a02
FAIL: cdd2a01
FAIL: cdd2a03
FAIL: cxf3a01
FAIL: cxf3a02
FAIL: la14010
=== acats Summary ===
# of expected passes 1943
# of unexpected failures 322
# of unsupported tests 50
Native configuration is mipsel-unknown-linux-gnu
=== gcc tests ===
Running target unix
FAIL: gcc.dg/pch/common-1.c -O0 -g (test for excess errors)
FAIL: gcc.dg/pch/common-1.c -O0 -g assembly comparison
FAIL: gcc.dg/pch/common-1.c -O0 (test for excess errors)
FAIL: gcc.dg/pch/common-1.c -O0 assembly comparison
FAIL: gcc.dg/pch/common-1.c -O1 (test for excess errors)
FAIL: gcc.dg/pch/common-1.c -O1 assembly comparison
FAIL: gcc.dg/pch/common-1.c -O2 (test for excess errors)
FAIL: gcc.dg/pch/common-1.c -O2 assembly comparison
FAIL: gcc.dg/pch/common-1.c -O3 -fomit-frame-pointer (test for excess errors)
FAIL: gcc.dg/pch/common-1.c -O3 -fomit-frame-pointer assembly comparison
FAIL: gcc.dg/pch/common-1.c -O3 -g (test for excess errors)
FAIL: gcc.dg/pch/common-1.c -O3 -g assembly comparison
FAIL: gcc.dg/pch/common-1.c -Os (test for excess errors)
FAIL: gcc.dg/pch/common-1.c -Os assembly comparison
FAIL: gcc.dg/pch/counter-1.c -O0 -g (test for excess errors)
FAIL: gcc.dg/pch/counter-1.c -O0 -g assembly comparison
FAIL: gcc.dg/pch/counter-1.c -O0 (test for excess errors)
FAIL: gcc.dg/pch/counter-1.c -O0 assembly comparison
FAIL: gcc.dg/pch/counter-1.c -O1 (test for excess errors)
FAIL: gcc.dg/pch/counter-1.c -O1 assembly comparison
FAIL: gcc.dg/pch/counter-1.c -O2 (test for excess errors)
FAIL: gcc.dg/pch/counter-1.c -O2 assembly comparison
FAIL: gcc.dg/pch/counter-1.c -O3 -fomit-frame-pointer (test for excess errors)
FAIL: gcc.dg/pch/counter-1.c -O3 -fomit-frame-pointer assembly comparison
FAIL: gcc.dg/pch/counter-1.c -O3 -g (test for excess errors)
FAIL: gcc.dg/pch/counter-1.c -O3 -g assembly comparison
FAIL: gcc.dg/pch/counter-1.c -Os (test for excess errors)
FAIL: gcc.dg/pch/counter-1.c -Os assembly comparison
FAIL: gcc.dg/pch/counter-3.c -O0 -g (test for excess errors)
FAIL: gcc.dg/pch/counter-3.c -O0 -g assembly comparison
FAIL: gcc.dg/pch/counter-3.c -O0 (test for excess errors)
FAIL: gcc.dg/pch/counter-3.c -O0 assembly comparison
FAIL: gcc.dg/pch/counter-3.c -O1 (test for excess errors)
FAIL: gcc.dg/pch/counter-3.c -O1 assembly comparison
FAIL: gcc.dg/pch/counter-3.c -O2 (test for excess errors)
FAIL: gcc.dg/pch/counter-3.c -O2 assembly comparison
FAIL: gcc.dg/pch/counter-3.c -O3 -fomit-frame-pointer (test for excess errors)
FAIL: gcc.dg/pch/counter-3.c -O3 -fomit-frame-pointer assembly comparison
FAIL: gcc.dg/pch/counter-3.c -O3 -g (test for excess errors)
FAIL: gcc.dg/pch/counter-3.c -O3 -g assembly comparison
FAIL: gcc.dg/pch/counter-3.c -Os (test for excess errors)
FAIL: gcc.dg/pch/counter-3.c -Os assembly comparison
FAIL: gcc.dg/pch/cpp-1.c -O0 -g (test for excess errors)
FAIL: gcc.dg/pch/cpp-1.c -O0 -g assembly comparison
FAIL: gcc.dg/pch/cpp-1.c -O0 (test for excess errors)
FAIL: gcc.dg/pch/cpp-1.c -O0 assembly comparison
FAIL: gcc.dg/pch/cpp-1.c -O1 (test for excess errors)
FAIL: gcc.dg/pch/cpp-1.c -O1 assembly comparison
FAIL: gcc.dg/pch/cpp-1.c -O2 (test for excess errors)
FAIL: gcc.dg/pch/cpp-1.c -O2 assembly comparison
FAIL: gcc.dg/pch/cpp-1.c -O3 -fomit-frame-pointer (test for excess errors)
FAIL: gcc.dg/pch/cpp-1.c -O3 -fomit-frame-pointer assembly comparison
FAIL: gcc.dg/pch/cpp-1.c -O3 -g (test for excess errors)
FAIL: gcc.dg/pch/cpp-1.c -O3 -g assembly comparison
FAIL: gcc.dg/pch/cpp-1.c -Os (test for excess errors)
FAIL: gcc.dg/pch/cpp-1.c -Os assembly comparison
FAIL: gcc.dg/pch/cpp-2.c -O0 -g (test for excess errors)
FAIL: gcc.dg/pch/cpp-2.c -O0 -g assembly comparison
FAIL: gcc.dg/pch/cpp-2.c -O0 (test for excess errors)
FAIL: gcc.dg/pch/cpp-2.c -O0 assembly comparison
FAIL: gcc.dg/pch/cpp-2.c -O1 (test for excess errors)
FAIL: gcc.dg/pch/cpp-2.c -O1 assembly comparison
FAIL: gcc.dg/pch/cpp-2.c -O2 (test for excess errors)
FAIL: gcc.dg/pch/cpp-2.c -O2 assembly comparison
FAIL: gcc.dg/pch/cpp-2.c -O3 -fomit-frame-pointer (test for excess errors)
FAIL: gcc.dg/pch/cpp-2.c -O3 -fomit-frame-pointer assembly comparison
FAIL: gcc.dg/pch/cpp-2.c -O3 -g (test for excess errors)
FAIL: gcc.dg/pch/cpp-2.c -O3 -g assembly comparison
FAIL: gcc.dg/pch/cpp-2.c -Os (test for excess errors)
FAIL: gcc.dg/pch/cpp-2.c -Os assembly comparison
FAIL: gcc.dg/pch/cpp-3.c -O0 -g (test for warnings, line )
FAIL: gcc.dg/pch/cpp-3.c -O0 -g (test for excess errors)
FAIL: gcc.dg/pch/cpp-3.c -O0 -g assembly comparison
FAIL: gcc.dg/pch/cpp-3.c -O0 (test for warnings, line )
FAIL: gcc.dg/pch/cpp-3.c -O0 (test for excess errors)
FAIL: gcc.dg/pch/cpp-3.c -O0 assembly comparison
FAIL: gcc.dg/pch/cpp-3.c -O1 (test for warnings, line )
FAIL: gcc.dg/pch/cpp-3.c -O1 (test for excess errors)
FAIL: gcc.dg/pch/cpp-3.c -O1 assembly comparison
FAIL: gcc.dg/pch/cpp-3.c -O2 (test for warnings, line )
FAIL: gcc.dg/pch/cpp-3.c -O2 (test for excess errors)
FAIL: gcc.dg/pch/cpp-3.c -O2 assembly comparison
FAIL: gcc.dg/pch/cpp-3.c -O3 -fomit-frame-pointer (test for warnings, line )
FAIL: gcc.dg/pch/cpp-3.c -O3 -fomit-frame-pointer (test for excess errors)
FAIL: gcc.dg/pch/cpp-3.c -O3 -fomit-frame-pointer assembly comparison
FAIL: gcc.dg/pch/cpp-3.c -O3 -g (test for warnings, line )
FAIL: gcc.dg/pch/cpp-3.c -O3 -g (test for excess errors)
FAIL: gcc.dg/pch/cpp-3.c -O3 -g assembly comparison
FAIL: gcc.dg/pch/cpp-3.c -Os (test for warnings, line )
FAIL: gcc.dg/pch/cpp-3.c -Os (test for excess errors)
FAIL: gcc.dg/pch/cpp-3.c -Os assembly comparison
FAIL: gcc.dg/pch/decl-1.c -O0 -g (test for excess errors)
FAIL: gcc.dg/pch/decl-1.c -O0 -g assembly comparison
FAIL: gcc.dg/pch/decl-1.c -O0 (test for excess errors)
FAIL: gcc.dg/pch/decl-1.c -O0 assembly comparison
FAIL: gcc.dg/pch/decl-1.c -O1 (test for excess errors)
FAIL: gcc.dg/pch/decl-1.c -O1 assembly comparison
FAIL: gcc.dg/pch/decl-1.c -O2 (test for excess errors)
FAIL: gcc.dg/pch/decl-1.c -O2 assembly comparison
FAIL: gcc.dg/pch/decl-1.c -O3 -fomit-frame-pointer (test for excess errors)
FAIL: gcc.dg/pch/decl-1.c -O3 -fomit-frame-pointer assembly comparison
FAIL: gcc.dg/pch/decl-1.c -O3 -g (test for excess errors)
FAIL: gcc.dg/pch/decl-1.c -O3 -g assembly comparison
FAIL: gcc.dg/pch/decl-1.c -Os (test for excess errors)
FAIL: gcc.dg/pch/decl-1.c -Os assembly comparison
FAIL: gcc.dg/pch/decl-2.c -O0 -g (test for excess errors)
FAIL: gcc.dg/pch/decl-2.c -O0 -g assembly comparison
FAIL: gcc.dg/pch/decl-2.c -O0 (test for excess errors)
FAIL: gcc.dg/pch/decl-2.c -O0 assembly comparison
FAIL: gcc.dg/pch/decl-2.c -O1 (test for excess errors)
FAIL: gcc.dg/pch/decl-2.c -O1 assembly comparison
FAIL: gcc.dg/pch/decl-2.c -O2 (test for excess errors)
FAIL: gcc.dg/pch/decl-2.c -O2 assembly comparison
FAIL: gcc.dg/pch/decl-2.c -O3 -fomit-frame-pointer (test for excess errors)
FAIL: gcc.dg/pch/decl-2.c -O3 -fomit-frame-pointer assembly comparison
FAIL: gcc.dg/pch/decl-2.c -O3 -g (test for excess errors)
FAIL: gcc.dg/pch/decl-2.c -O3 -g assembly comparison
FAIL: gcc.dg/pch/decl-2.c -Os (test for excess errors)
FAIL: gcc.dg/pch/decl-2.c -Os assembly comparison
FAIL: gcc.dg/pch/decl-3.c -O0 -g (test for excess errors)
FAIL: gcc.dg/pch/decl-3.c -O0 -g assembly comparison
FAIL: gcc.dg/pch/decl-3.c -O0 (test for excess errors)
FAIL: gcc.dg/pch/decl-3.c -O0 assembly comparison
FAIL: gcc.dg/pch/decl-3.c -O1 (test for excess errors)
FAIL: gcc.dg/pch/decl-3.c -O1 assembly comparison
FAIL: gcc.dg/pch/decl-3.c -O2 (test for excess errors)
FAIL: gcc.dg/pch/decl-3.c -O2 assembly comparison
FAIL: gcc.dg/pch/decl-3.c -O3 -fomit-frame-pointer (test for excess errors)
FAIL: gcc.dg/pch/decl-3.c -O3 -fomit-frame-pointer assembly comparison
FAIL: gcc.dg/pch/decl-3.c -O3 -g (test for excess errors)
FAIL: gcc.dg/pch/decl-3.c -O3 -g assembly comparison
FAIL: gcc.dg/pch/decl-3.c -Os (test for excess errors)
FAIL: gcc.dg/pch/decl-3.c -Os assembly comparison
FAIL: gcc.dg/pch/decl-4.c -O0 -g (test for excess errors)
FAIL: gcc.dg/pch/decl-4.c -O0 -g assembly comparison
FAIL: gcc.dg/pch/decl-4.c -O0 (test for excess errors)
FAIL: gcc.dg/pch/decl-4.c -O0 assembly comparison
FAIL: gcc.dg/pch/decl-4.c -O1 (test for excess errors)
FAIL: gcc.dg/pch/decl-4.c -O1 assembly comparison
FAIL: gcc.dg/pch/decl-4.c -O2 (test for excess errors)
FAIL: gcc.dg/pch/decl-4.c -O2 assembly comparison
FAIL: gcc.dg/pch/decl-4.c -O3 -fomit-frame-pointer (test for excess errors)
FAIL: gcc.dg/pch/decl-4.c -O3 -fomit-frame-pointer assembly comparison
FAIL: gcc.dg/pch/decl-4.c -O3 -g (test for excess errors)
FAIL: gcc.dg/pch/decl-4.c -O3 -g assembly comparison
FAIL: gcc.dg/pch/decl-4.c -Os (test for excess errors)
FAIL: gcc.dg/pch/decl-4.c -Os assembly comparison
FAIL: gcc.dg/pch/decl-5.c -O0 -g (test for excess errors)
FAIL: gcc.dg/pch/decl-5.c -O0 -g assembly comparison
FAIL: gcc.dg/pch/decl-5.c -O0 (test for excess errors)
FAIL: gcc.dg/pch/decl-5.c -O0 assembly comparison
FAIL: gcc.dg/pch/decl-5.c -O1 (test for excess errors)
FAIL: gcc.dg/pch/decl-5.c -O1 assembly comparison
FAIL: gcc.dg/pch/decl-5.c -O2 (test for excess errors)
FAIL: gcc.dg/pch/decl-5.c -O2 assembly comparison
FAIL: gcc.dg/pch/decl-5.c -O3 -fomit-frame-pointer (test for excess errors)
FAIL: gcc.dg/pch/decl-5.c -O3 -fomit-frame-pointer assembly comparison
FAIL: gcc.dg/pch/decl-5.c -O3 -g (test for excess errors)
FAIL: gcc.dg/pch/decl-5.c -O3 -g assembly comparison
FAIL: gcc.dg/pch/decl-5.c -Os (test for excess errors)
FAIL: gcc.dg/pch/decl-5.c -Os assembly comparison
FAIL: gcc.dg/pch/empty.c -O0 -g (test for excess errors)
FAIL: gcc.dg/pch/empty.c -O0 -g assembly comparison
FAIL: gcc.dg/pch/empty.c -O0 (test for excess errors)
FAIL: gcc.dg/pch/empty.c -O0 assembly comparison
FAIL: gcc.dg/pch/empty.c -O1 (test for excess errors)
FAIL: gcc.dg/pch/empty.c -O1 assembly comparison
FAIL: gcc.dg/pch/empty.c -O2 (test for excess errors)
FAIL: gcc.dg/pch/empty.c -O2 assembly comparison
FAIL: gcc.dg/pch/empty.c -O3 -fomit-frame-pointer (test for excess errors)
FAIL: gcc.dg/pch/empty.c -O3 -fomit-frame-pointer assembly comparison
FAIL: gcc.dg/pch/empty.c -O3 -g (test for excess errors)
FAIL: gcc.dg/pch/empty.c -O3 -g assembly comparison
FAIL: gcc.dg/pch/empty.c -Os (test for excess errors)
FAIL: gcc.dg/pch/empty.c -Os assembly comparison
FAIL: gcc.dg/pch/except-1.c -O0 -g (test for excess errors)
FAIL: gcc.dg/pch/except-1.c -O0 -g assembly comparison
FAIL: gcc.dg/pch/except-1.c -O0 (test for excess errors)
FAIL: gcc.dg/pch/except-1.c -O0 assembly comparison
FAIL: gcc.dg/pch/except-1.c -O1 (test for excess errors)
FAIL: gcc.dg/pch/except-1.c -O1 assembly comparison
FAIL: gcc.dg/pch/except-1.c -O2 (test for excess errors)
FAIL: gcc.dg/pch/except-1.c -O2 assembly comparison
FAIL: gcc.dg/pch/except-1.c -O3 -fomit-frame-pointer (test for excess errors)
FAIL: gcc.dg/pch/except-1.c -O3 -fomit-frame-pointer assembly comparison
FAIL: gcc.dg/pch/except-1.c -O3 -g (test for excess errors)
FAIL: gcc.dg/pch/except-1.c -O3 -g assembly comparison
FAIL: gcc.dg/pch/except-1.c -Os (test for excess errors)
FAIL: gcc.dg/pch/except-1.c -Os assembly comparison
FAIL: gcc.dg/pch/global-1.c -O0 -g (test for excess errors)
FAIL: gcc.dg/pch/global-1.c -O0 -g assembly comparison
FAIL: gcc.dg/pch/global-1.c -O0 (test for excess errors)
FAIL: gcc.dg/pch/global-1.c -O0 assembly comparison
FAIL: gcc.dg/pch/global-1.c -O1 (test for excess errors)
FAIL: gcc.dg/pch/global-1.c -O1 assembly comparison
FAIL: gcc.dg/pch/global-1.c -O2 (test for excess errors)
FAIL: gcc.dg/pch/global-1.c -O2 assembly comparison
FAIL: gcc.dg/pch/global-1.c -O3 -fomit-frame-pointer (test for excess errors)
FAIL: gcc.dg/pch/global-1.c -O3 -fomit-frame-pointer assembly comparison
FAIL: gcc.dg/pch/global-1.c -O3 -g (test for excess errors)
FAIL: gcc.dg/pch/global-1.c -O3 -g assembly comparison
FAIL: gcc.dg/pch/global-1.c -Os (test for excess errors)
FAIL: gcc.dg/pch/global-1.c -Os assembly comparison
FAIL: gcc.dg/pch/import-1.c -O0 -g (test for excess errors)
FAIL: gcc.dg/pch/import-1.c -O0 -g assembly comparison
FAIL: gcc.dg/pch/import-1.c -O0 (test for excess errors)
FAIL: gcc.dg/pch/import-1.c -O0 assembly comparison
FAIL: gcc.dg/pch/import-1.c -O1 (test for excess errors)
FAIL: gcc.dg/pch/import-1.c -O1 assembly comparison
FAIL: gcc.dg/pch/import-1.c -O2 (test for excess errors)
FAIL: gcc.dg/pch/import-1.c -O2 assembly comparison
FAIL: gcc.dg/pch/import-1.c -O3 -fomit-frame-pointer (test for excess errors)
FAIL: gcc.dg/pch/import-1.c -O3 -fomit-frame-pointer assembly comparison
FAIL: gcc.dg/pch/import-1.c -O3 -g (test for excess errors)
FAIL: gcc.dg/pch/import-1.c -O3 -g assembly comparison
FAIL: gcc.dg/pch/import-1.c -Os (test for excess errors)
FAIL: gcc.dg/pch/import-1.c -Os assembly comparison
FAIL: gcc.dg/pch/import-2.c -O0 -g (test for excess errors)
FAIL: gcc.dg/pch/import-2.c -O0 -g assembly comparison
FAIL: gcc.dg/pch/import-2.c -O0 (test for excess errors)
FAIL: gcc.dg/pch/import-2.c -O0 assembly comparison
FAIL: gcc.dg/pch/import-2.c -O1 (test for excess errors)
FAIL: gcc.dg/pch/import-2.c -O1 assembly comparison
FAIL: gcc.dg/pch/import-2.c -O2 (test for excess errors)
FAIL: gcc.dg/pch/import-2.c -O2 assembly comparison
FAIL: gcc.dg/pch/import-2.c -O3 -fomit-frame-pointer (test for excess errors)
FAIL: gcc.dg/pch/import-2.c -O3 -fomit-frame-pointer assembly comparison
FAIL: gcc.dg/pch/import-2.c -O3 -g (test for excess errors)
FAIL: gcc.dg/pch/import-2.c -O3 -g assembly comparison
FAIL: gcc.dg/pch/import-2.c -Os (test for excess errors)
FAIL: gcc.dg/pch/import-2.c -Os assembly comparison
FAIL: gcc.dg/pch/inline-1.c -O0 -g (test for excess errors)
FAIL: gcc.dg/pch/inline-1.c -O0 -g assembly comparison
FAIL: gcc.dg/pch/inline-1.c -O0 (test for excess errors)
FAIL: gcc.dg/pch/inline-1.c -O0 assembly comparison
FAIL: gcc.dg/pch/inline-1.c -O1 (test for excess errors)
FAIL: gcc.dg/pch/inline-1.c -O1 assembly comparison
FAIL: gcc.dg/pch/inline-1.c -O2 (test for excess errors)
FAIL: gcc.dg/pch/inline-1.c -O2 assembly comparison
FAIL: gcc.dg/pch/inline-1.c -O3 -fomit-frame-pointer (test for excess errors)
FAIL: gcc.dg/pch/inline-1.c -O3 -fomit-frame-pointer assembly comparison
FAIL: gcc.dg/pch/inline-1.c -O3 -g (test for excess errors)
FAIL: gcc.dg/pch/inline-1.c -O3 -g assembly comparison
FAIL: gcc.dg/pch/inline-1.c -Os (test for excess errors)
FAIL: gcc.dg/pch/inline-1.c -Os assembly comparison
FAIL: gcc.dg/pch/inline-2.c -O0 -g (test for excess errors)
FAIL: gcc.dg/pch/inline-2.c -O0 -g assembly comparison
FAIL: gcc.dg/pch/inline-2.c -O0 (test for excess errors)
FAIL: gcc.dg/pch/inline-2.c -O0 assembly comparison
FAIL: gcc.dg/pch/inline-2.c -O1 (test for excess errors)
FAIL: gcc.dg/pch/inline-2.c -O1 assembly comparison
FAIL: gcc.dg/pch/inline-2.c -O2 (test for excess errors)
FAIL: gcc.dg/pch/inline-2.c -O2 assembly comparison
FAIL: gcc.dg/pch/inline-2.c -O3 -fomit-frame-pointer (test for excess errors)
FAIL: gcc.dg/pch/inline-2.c -O3 -fomit-frame-pointer assembly comparison
FAIL: gcc.dg/pch/inline-2.c -O3 -g (test for excess errors)
FAIL: gcc.dg/pch/inline-2.c -O3 -g assembly comparison
FAIL: gcc.dg/pch/inline-2.c -Os (test for excess errors)
FAIL: gcc.dg/pch/inline-2.c -Os assembly comparison
FAIL: gcc.dg/pch/inline-3.c -O0 -g (test for excess errors)
FAIL: gcc.dg/pch/inline-3.c -O0 -g assembly comparison
FAIL: gcc.dg/pch/inline-3.c -O0 (test for excess errors)
FAIL: gcc.dg/pch/inline-3.c -O0 assembly comparison
FAIL: gcc.dg/pch/inline-3.c -O1 (test for excess errors)
FAIL: gcc.dg/pch/inline-3.c -O1 assembly comparison
FAIL: gcc.dg/pch/inline-3.c -O2 (test for excess errors)
FAIL: gcc.dg/pch/inline-3.c -O2 assembly comparison
FAIL: gcc.dg/pch/inline-3.c -O3 -fomit-frame-pointer (test for excess errors)
FAIL: gcc.dg/pch/inline-3.c -O3 -fomit-frame-pointer assembly comparison
FAIL: gcc.dg/pch/inline-3.c -O3 -g (test for excess errors)
FAIL: gcc.dg/pch/inline-3.c -O3 -g assembly comparison
FAIL: gcc.dg/pch/inline-3.c -Os (test for excess errors)
FAIL: gcc.dg/pch/inline-3.c -Os assembly comparison
FAIL: gcc.dg/pch/inline-4.c -O0 -g (test for excess errors)
FAIL: gcc.dg/pch/inline-4.c -O0 -g assembly comparison
FAIL: gcc.dg/pch/inline-4.c -O0 (test for excess errors)
FAIL: gcc.dg/pch/inline-4.c -O0 assembly comparison
FAIL: gcc.dg/pch/inline-4.c -O1 (test for excess errors)
FAIL: gcc.dg/pch/inline-4.c -O1 assembly comparison
FAIL: gcc.dg/pch/inline-4.c -O2 (test for excess errors)
FAIL: gcc.dg/pch/inline-4.c -O2 assembly comparison
FAIL: gcc.dg/pch/inline-4.c -O3 -fomit-frame-pointer (test for excess errors)
FAIL: gcc.dg/pch/inline-4.c -O3 -fomit-frame-pointer assembly comparison
FAIL: gcc.dg/pch/inline-4.c -O3 -g (test for excess errors)
FAIL: gcc.dg/pch/inline-4.c -O3 -g assembly comparison
FAIL: gcc.dg/pch/inline-4.c -Os (test for excess errors)
FAIL: gcc.dg/pch/inline-4.c -Os assembly comparison
FAIL: gcc.dg/pch/macro-1.c -O0 -g (test for excess errors)
FAIL: gcc.dg/pch/macro-1.c -O0 -g assembly comparison
FAIL: gcc.dg/pch/macro-1.c -O0 (test for excess errors)
FAIL: gcc.dg/pch/macro-1.c -O0 assembly comparison
FAIL: gcc.dg/pch/macro-1.c -O1 (test for excess errors)
FAIL: gcc.dg/pch/macro-1.c -O1 assembly comparison
FAIL: gcc.dg/pch/macro-1.c -O2 (test for excess errors)
FAIL: gcc.dg/pch/macro-1.c -O2 assembly comparison
FAIL: gcc.dg/pch/macro-1.c -O3 -fomit-frame-pointer (test for excess errors)
FAIL: gcc.dg/pch/macro-1.c -O3 -fomit-frame-pointer assembly comparison
FAIL: gcc.dg/pch/macro-1.c -O3 -g (test for excess errors)
FAIL: gcc.dg/pch/macro-1.c -O3 -g assembly comparison
FAIL: gcc.dg/pch/macro-1.c -Os (test for excess errors)
FAIL: gcc.dg/pch/macro-1.c -Os assembly comparison
FAIL: gcc.dg/pch/macro-2.c -O0 -g (test for excess errors)
FAIL: gcc.dg/pch/macro-2.c -O0 -g assembly comparison
FAIL: gcc.dg/pch/macro-2.c -O0 (test for excess errors)
FAIL: gcc.dg/pch/macro-2.c -O0 assembly comparison
FAIL: gcc.dg/pch/macro-2.c -O1 (test for excess errors)
FAIL: gcc.dg/pch/macro-2.c -O1 assembly comparison
FAIL: gcc.dg/pch/macro-2.c -O2 (test for excess errors)
FAIL: gcc.dg/pch/macro-2.c -O2 assembly comparison
FAIL: gcc.dg/pch/macro-2.c -O3 -fomit-frame-pointer (test for excess errors)
FAIL: gcc.dg/pch/macro-2.c -O3 -fomit-frame-pointer assembly comparison
FAIL: gcc.dg/pch/macro-2.c -O3 -g (test for excess errors)
FAIL: gcc.dg/pch/macro-2.c -O3 -g assembly comparison
FAIL: gcc.dg/pch/macro-2.c -Os (test for excess errors)
FAIL: gcc.dg/pch/macro-2.c -Os assembly comparison
FAIL: gcc.dg/pch/macro-3.c -O0 -g (test for excess errors)
FAIL: gcc.dg/pch/macro-3.c -O0 -g assembly comparison
FAIL: gcc.dg/pch/macro-3.c -O0 (test for excess errors)
FAIL: gcc.dg/pch/macro-3.c -O0 assembly comparison
FAIL: gcc.dg/pch/macro-3.c -O1 (test for excess errors)
FAIL: gcc.dg/pch/macro-3.c -O1 assembly comparison
FAIL: gcc.dg/pch/macro-3.c -O2 (test for excess errors)
FAIL: gcc.dg/pch/macro-3.c -O2 assembly comparison
FAIL: gcc.dg/pch/macro-3.c -O3 -fomit-frame-pointer (test for excess errors)
FAIL: gcc.dg/pch/macro-3.c -O3 -fomit-frame-pointer assembly comparison
FAIL: gcc.dg/pch/macro-3.c -O3 -g (test for excess errors)
FAIL: gcc.dg/pch/macro-3.c -O3 -g assembly comparison
FAIL: gcc.dg/pch/macro-3.c -Os (test for excess errors)
FAIL: gcc.dg/pch/macro-3.c -Os assembly comparison
FAIL: gcc.dg/pch/macro-4.c -O0 -g (test for excess errors)
FAIL: gcc.dg/pch/macro-4.c -O0 -g assembly comparison
FAIL: gcc.dg/pch/macro-4.c -O0 (test for excess errors)
FAIL: gcc.dg/pch/macro-4.c -O0 assembly comparison
FAIL: gcc.dg/pch/macro-4.c -O1 (test for excess errors)
FAIL: gcc.dg/pch/macro-4.c -O1 assembly comparison
FAIL: gcc.dg/pch/macro-4.c -O2 (test for excess errors)
FAIL: gcc.dg/pch/macro-4.c -O2 assembly comparison
FAIL: gcc.dg/pch/macro-4.c -O3 -fomit-frame-pointer (test for excess errors)
FAIL: gcc.dg/pch/macro-4.c -O3 -fomit-frame-pointer assembly comparison
FAIL: gcc.dg/pch/macro-4.c -O3 -g (test for excess errors)
FAIL: gcc.dg/pch/macro-4.c -O3 -g assembly comparison
FAIL: gcc.dg/pch/macro-4.c -Os (test for excess errors)
FAIL: gcc.dg/pch/macro-4.c -Os assembly comparison
FAIL: gcc.dg/pch/save-temps-1.c -O0 -g (test for excess errors)
FAIL: gcc.dg/pch/save-temps-1.c -O0 (test for excess errors)
FAIL: gcc.dg/pch/save-temps-1.c -O1 (test for excess errors)
FAIL: gcc.dg/pch/save-temps-1.c -O2 (test for excess errors)
FAIL: gcc.dg/pch/save-temps-1.c -O3 -fomit-frame-pointer (test for excess errors)
FAIL: gcc.dg/pch/save-temps-1.c -O3 -g (test for excess errors)
FAIL: gcc.dg/pch/save-temps-1.c -Os (test for excess errors)
FAIL: gcc.dg/pch/static-1.c -O0 -g (test for excess errors)
FAIL: gcc.dg/pch/static-1.c -O0 -g assembly comparison
FAIL: gcc.dg/pch/static-1.c -O0 (test for excess errors)
FAIL: gcc.dg/pch/static-1.c -O0 assembly comparison
FAIL: gcc.dg/pch/static-1.c -O1 (test for excess errors)
FAIL: gcc.dg/pch/static-1.c -O1 assembly comparison
FAIL: gcc.dg/pch/static-1.c -O2 (test for excess errors)
FAIL: gcc.dg/pch/static-1.c -O2 assembly comparison
FAIL: gcc.dg/pch/static-1.c -O3 -fomit-frame-pointer (test for excess errors)
FAIL: gcc.dg/pch/static-1.c -O3 -fomit-frame-pointer assembly comparison
FAIL: gcc.dg/pch/static-1.c -O3 -g (test for excess errors)
FAIL: gcc.dg/pch/static-1.c -O3 -g assembly comparison
FAIL: gcc.dg/pch/static-1.c -Os (test for excess errors)
FAIL: gcc.dg/pch/static-1.c -Os assembly comparison
FAIL: gcc.dg/pch/static-2.c -O0 -g (test for excess errors)
FAIL: gcc.dg/pch/static-2.c -O0 -g assembly comparison
FAIL: gcc.dg/pch/static-2.c -O0 (test for excess errors)
FAIL: gcc.dg/pch/static-2.c -O0 assembly comparison
FAIL: gcc.dg/pch/static-2.c -O1 (test for excess errors)
FAIL: gcc.dg/pch/static-2.c -O1 assembly comparison
FAIL: gcc.dg/pch/static-2.c -O2 (test for excess errors)
FAIL: gcc.dg/pch/static-2.c -O2 assembly comparison
FAIL: gcc.dg/pch/static-2.c -O3 -fomit-frame-pointer (test for excess errors)
FAIL: gcc.dg/pch/static-2.c -O3 -fomit-frame-pointer assembly comparison
FAIL: gcc.dg/pch/static-2.c -O3 -g (test for excess errors)
FAIL: gcc.dg/pch/static-2.c -O3 -g assembly comparison
FAIL: gcc.dg/pch/static-2.c -Os (test for excess errors)
FAIL: gcc.dg/pch/static-2.c -Os assembly comparison
FAIL: gcc.dg/pch/static-3.c -O0 -g (test for excess errors)
FAIL: gcc.dg/pch/static-3.c -O0 -g assembly comparison
FAIL: gcc.dg/pch/static-3.c -O0 (test for excess errors)
FAIL: gcc.dg/pch/static-3.c -O0 assembly comparison
FAIL: gcc.dg/pch/static-3.c -O1 (test for excess errors)
FAIL: gcc.dg/pch/static-3.c -O1 assembly comparison
FAIL: gcc.dg/pch/static-3.c -O2 (test for excess errors)
FAIL: gcc.dg/pch/static-3.c -O2 assembly comparison
FAIL: gcc.dg/pch/static-3.c -O3 -fomit-frame-pointer (test for excess errors)
FAIL: gcc.dg/pch/static-3.c -O3 -fomit-frame-pointer assembly comparison
FAIL: gcc.dg/pch/static-3.c -O3 -g (test for excess errors)
FAIL: gcc.dg/pch/static-3.c -O3 -g assembly comparison
FAIL: gcc.dg/pch/static-3.c -Os (test for excess errors)
FAIL: gcc.dg/pch/static-3.c -Os assembly comparison
FAIL: gcc.dg/pch/struct-1.c -O0 -g (test for excess errors)
FAIL: gcc.dg/pch/struct-1.c -O0 -g assembly comparison
FAIL: gcc.dg/pch/struct-1.c -O0 (test for excess errors)
FAIL: gcc.dg/pch/struct-1.c -O0 assembly comparison
FAIL: gcc.dg/pch/struct-1.c -O1 (test for excess errors)
FAIL: gcc.dg/pch/struct-1.c -O1 assembly comparison
FAIL: gcc.dg/pch/struct-1.c -O2 (test for excess errors)
FAIL: gcc.dg/pch/struct-1.c -O2 assembly comparison
FAIL: gcc.dg/pch/struct-1.c -O3 -fomit-frame-pointer (test for excess errors)
FAIL: gcc.dg/pch/struct-1.c -O3 -fomit-frame-pointer assembly comparison
FAIL: gcc.dg/pch/struct-1.c -O3 -g (test for excess errors)
FAIL: gcc.dg/pch/struct-1.c -O3 -g assembly comparison
FAIL: gcc.dg/pch/struct-1.c -Os (test for excess errors)
FAIL: gcc.dg/pch/struct-1.c -Os assembly comparison
FAIL: gcc.dg/pch/system-1.c -O0 -g (test for excess errors)
FAIL: gcc.dg/pch/system-1.c -O0 -g assembly comparison
FAIL: gcc.dg/pch/system-1.c -O0 (test for excess errors)
FAIL: gcc.dg/pch/system-1.c -O0 assembly comparison
FAIL: gcc.dg/pch/system-1.c -O1 (test for excess errors)
FAIL: gcc.dg/pch/system-1.c -O1 assembly comparison
FAIL: gcc.dg/pch/system-1.c -O2 (test for excess errors)
FAIL: gcc.dg/pch/system-1.c -O2 assembly comparison
FAIL: gcc.dg/pch/system-1.c -O3 -fomit-frame-pointer (test for excess errors)
FAIL: gcc.dg/pch/system-1.c -O3 -fomit-frame-pointer assembly comparison
FAIL: gcc.dg/pch/system-1.c -O3 -g (test for excess errors)
FAIL: gcc.dg/pch/system-1.c -O3 -g assembly comparison
FAIL: gcc.dg/pch/system-1.c -Os (test for excess errors)
FAIL: gcc.dg/pch/system-1.c -Os assembly comparison
FAIL: gcc.dg/pch/valid-1b.c -O0 -g (test for excess errors)
FAIL: gcc.dg/pch/valid-1b.c -O0 -g assembly comparison
FAIL: gcc.dg/pch/valid-1b.c -O0 (test for excess errors)
FAIL: gcc.dg/pch/valid-1b.c -O0 assembly comparison
FAIL: gcc.dg/pch/valid-1b.c -O1 (test for excess errors)
FAIL: gcc.dg/pch/valid-1b.c -O1 assembly comparison
FAIL: gcc.dg/pch/valid-1b.c -O2 (test for excess errors)
FAIL: gcc.dg/pch/valid-1b.c -O2 assembly comparison
FAIL: gcc.dg/pch/valid-1b.c -O3 -fomit-frame-pointer (test for excess errors)
FAIL: gcc.dg/pch/valid-1b.c -O3 -fomit-frame-pointer assembly comparison
FAIL: gcc.dg/pch/valid-1b.c -O3 -g (test for excess errors)
FAIL: gcc.dg/pch/valid-1b.c -O3 -g assembly comparison
FAIL: gcc.dg/pch/valid-1b.c -Os (test for excess errors)
FAIL: gcc.dg/pch/valid-1b.c -Os assembly comparison
FAIL: gcc.dg/pch/valid-4.c -O0 -g (test for warnings, line 5)
FAIL: gcc.dg/pch/valid-4.c -O0 -g (test for excess errors)
FAIL: gcc.dg/pch/valid-4.c -O0 -g assembly comparison
FAIL: gcc.dg/pch/valid-4.c -O0 (test for warnings, line 5)
FAIL: gcc.dg/pch/valid-4.c -O0 (test for excess errors)
FAIL: gcc.dg/pch/valid-4.c -O0 assembly comparison
FAIL: gcc.dg/pch/valid-4.c -O1 (test for warnings, line 5)
FAIL: gcc.dg/pch/valid-4.c -O1 (test for excess errors)
FAIL: gcc.dg/pch/valid-4.c -O1 assembly comparison
FAIL: gcc.dg/pch/valid-4.c -O2 (test for warnings, line 5)
FAIL: gcc.dg/pch/valid-4.c -O2 (test for excess errors)
FAIL: gcc.dg/pch/valid-4.c -O2 assembly comparison
FAIL: gcc.dg/pch/valid-4.c -O3 -fomit-frame-pointer (test for warnings, line 5)
FAIL: gcc.dg/pch/valid-4.c -O3 -fomit-frame-pointer (test for excess errors)
FAIL: gcc.dg/pch/valid-4.c -O3 -fomit-frame-pointer assembly comparison
FAIL: gcc.dg/pch/valid-4.c -O3 -g (test for warnings, line 5)
FAIL: gcc.dg/pch/valid-4.c -O3 -g (test for excess errors)
FAIL: gcc.dg/pch/valid-4.c -O3 -g assembly comparison
FAIL: gcc.dg/pch/valid-4.c -Os (test for warnings, line 5)
FAIL: gcc.dg/pch/valid-4.c -Os (test for excess errors)
FAIL: gcc.dg/pch/valid-4.c -Os assembly comparison
FAIL: gcc.dg/pch/valid-5.c -O0 -g (test for excess errors)
FAIL: gcc.dg/pch/valid-5.c -O0 -g assembly comparison
FAIL: gcc.dg/pch/valid-5.c -O0 (test for excess errors)
FAIL: gcc.dg/pch/valid-5.c -O0 assembly comparison
FAIL: gcc.dg/pch/valid-5.c -O1 (test for excess errors)
FAIL: gcc.dg/pch/valid-5.c -O1 assembly comparison
FAIL: gcc.dg/pch/valid-5.c -O2 (test for excess errors)
FAIL: gcc.dg/pch/valid-5.c -O2 assembly comparison
FAIL: gcc.dg/pch/valid-5.c -O3 -fomit-frame-pointer (test for excess errors)
FAIL: gcc.dg/pch/valid-5.c -O3 -fomit-frame-pointer assembly comparison
FAIL: gcc.dg/pch/valid-5.c -O3 -g (test for excess errors)
FAIL: gcc.dg/pch/valid-5.c -O3 -g assembly comparison
FAIL: gcc.dg/pch/valid-5.c -Os (test for excess errors)
FAIL: gcc.dg/pch/valid-5.c -Os assembly comparison
FAIL: gcc.dg/pch/valid-6.c -O0 -g (test for excess errors)
FAIL: gcc.dg/pch/valid-6.c -O0 -g assembly comparison
FAIL: gcc.dg/pch/valid-6.c -O0 (test for excess errors)
FAIL: gcc.dg/pch/valid-6.c -O0 assembly comparison
FAIL: gcc.dg/pch/valid-6.c -O1 (test for excess errors)
FAIL: gcc.dg/pch/valid-6.c -O1 assembly comparison
FAIL: gcc.dg/pch/valid-6.c -O2 (test for excess errors)
FAIL: gcc.dg/pch/valid-6.c -O2 assembly comparison
FAIL: gcc.dg/pch/valid-6.c -O3 -fomit-frame-pointer (test for excess errors)
FAIL: gcc.dg/pch/valid-6.c -O3 -fomit-frame-pointer assembly comparison
FAIL: gcc.dg/pch/valid-6.c -O3 -g (test for excess errors)
FAIL: gcc.dg/pch/valid-6.c -O3 -g assembly comparison
FAIL: gcc.dg/pch/valid-6.c -Os (test for excess errors)
FAIL: gcc.dg/pch/valid-6.c -Os assembly comparison
WARNING: program timed out.
FAIL: largefile.c -O0 -g (test for excess errors)
WARNING: program timed out.
FAIL: largefile.c -O0 (test for excess errors)
WARNING: program timed out.
FAIL: largefile.c -O1 (test for excess errors)
WARNING: program timed out.
FAIL: largefile.c -O2 (test for excess errors)
WARNING: program timed out.
FAIL: largefile.c -O3 -fomit-frame-pointer (test for excess errors)
WARNING: program timed out.
FAIL: largefile.c -O3 -g (test for excess errors)
FAIL: largefile.c -Os (test for excess errors)
FAIL: gcc.dg/pch/largefile.c -Os assembly comparison
FAIL: gcc.dg/special/gcsec-1.c (test for excess errors)
WARNING: gcc.dg/special/gcsec-1.c compilation failed to produce executable
=== gcc Summary ===
# of expected passes 47405
# of unexpected failures 492
# of expected failures 91
# of untested testcases 48
# of unsupported tests 319
/n/pc2/guerby/build-4.3.3/gcc/xgcc version 4.3.3 (GCC)
=== gfortran tests ===
Running target unix
=== gfortran Summary ===
# of expected passes 24465
# of expected failures 3
# of unsupported tests 148
/n/pc2/guerby/build-4.3.3/gcc/testsuite/gfortran/../../gfortran version 4.3.3 (GCC)
=== g++ tests ===
Running target unix
FAIL: g++.dg/pch/array-1.C -g (test for excess errors)
FAIL: g++.dg/pch/array-1.C -g assembly comparison
FAIL: g++.dg/pch/array-1.C -O2 -g (test for excess errors)
FAIL: g++.dg/pch/array-1.C -O2 -g assembly comparison
FAIL: g++.dg/pch/array-1.C -O2 (test for excess errors)
FAIL: g++.dg/pch/array-1.C -O2 assembly comparison
FAIL: g++.dg/pch/empty.C -g (test for excess errors)
FAIL: g++.dg/pch/empty.C -g assembly comparison
FAIL: g++.dg/pch/empty.C -O2 -g (test for excess errors)
FAIL: g++.dg/pch/empty.C -O2 -g assembly comparison
FAIL: g++.dg/pch/empty.C -O2 (test for excess errors)
FAIL: g++.dg/pch/empty.C -O2 assembly comparison
FAIL: g++.dg/pch/externc-1.C -g (test for excess errors)
FAIL: g++.dg/pch/externc-1.C -g assembly comparison
FAIL: g++.dg/pch/externc-1.C -O2 -g (test for excess errors)
FAIL: g++.dg/pch/externc-1.C -O2 -g assembly comparison
FAIL: g++.dg/pch/externc-1.C -O2 (test for excess errors)
FAIL: g++.dg/pch/externc-1.C -O2 assembly comparison
FAIL: g++.dg/pch/local-1.C -g (test for excess errors)
FAIL: g++.dg/pch/local-1.C -g assembly comparison
FAIL: g++.dg/pch/local-1.C -O2 -g (test for excess errors)
FAIL: g++.dg/pch/local-1.C -O2 -g assembly comparison
FAIL: g++.dg/pch/local-1.C -O2 (test for excess errors)
FAIL: g++.dg/pch/local-1.C -O2 assembly comparison
FAIL: g++.dg/pch/pch.C -g (test for excess errors)
FAIL: g++.dg/pch/pch.C -O2 -g (test for excess errors)
FAIL: g++.dg/pch/pch.C -O2 (test for excess errors)
FAIL: g++.dg/pch/static-1.C -g (test for excess errors)
FAIL: g++.dg/pch/static-1.C -g assembly comparison
FAIL: g++.dg/pch/static-1.C -O2 -g (test for excess errors)
FAIL: g++.dg/pch/static-1.C -O2 -g assembly comparison
FAIL: g++.dg/pch/static-1.C -O2 (test for excess errors)
FAIL: g++.dg/pch/static-1.C -O2 assembly comparison
FAIL: g++.dg/pch/template-1.C -g (test for excess errors)
FAIL: g++.dg/pch/template-1.C -g assembly comparison
FAIL: g++.dg/pch/template-1.C -O2 -g (test for excess errors)
FAIL: g++.dg/pch/template-1.C -O2 -g assembly comparison
FAIL: g++.dg/pch/template-1.C -O2 (test for excess errors)
FAIL: g++.dg/pch/template-1.C -O2 assembly comparison
FAIL: g++.dg/pch/uninst.C -g (test for excess errors)
FAIL: g++.dg/pch/uninst.C -g assembly comparison
FAIL: g++.dg/pch/uninst.C -O2 -g (test for excess errors)
FAIL: g++.dg/pch/uninst.C -O2 -g assembly comparison
FAIL: g++.dg/pch/uninst.C -O2 (test for excess errors)
FAIL: g++.dg/pch/uninst.C -O2 assembly comparison
FAIL: g++.dg/pch/wchar-1.C -g (test for excess errors)
FAIL: g++.dg/pch/wchar-1.C -g assembly comparison
FAIL: g++.dg/pch/wchar-1.C -O2 -g (test for excess errors)
FAIL: g++.dg/pch/wchar-1.C -O2 -g assembly comparison
FAIL: g++.dg/pch/wchar-1.C -O2 (test for excess errors)
FAIL: g++.dg/pch/wchar-1.C -O2 assembly comparison
=== g++ Summary ===
# of expected passes 17541
# of unexpected failures 51
# of expected failures 82
# of untested testcases 3
# of unsupported tests 139
/n/pc2/guerby/build-4.3.3/gcc/testsuite/g++/../../g++ version 4.3.3 (GCC)
=== gnat tests ===
Running target unix
FAIL: gnat.dg/abstract_with_anonymous_result.adb (test for excess errors)
WARNING: gnat.dg/abstract_with_anonymous_result.adb compilation failed to produce executable
FAIL: gnat.dg/access1.adb (test for excess errors)
FAIL: gnat.dg/access_discr.adb (test for excess errors)
FAIL: gnat.dg/access_test.adb (test for excess errors)
WARNING: gnat.dg/access_test.adb compilation failed to produce executable
FAIL: gnat.dg/aggr2.adb (test for excess errors)
FAIL: gnat.dg/aggr3.adb (test for excess errors)
WARNING: gnat.dg/aggr3.adb compilation failed to produce executable
FAIL: gnat.dg/aggr7.adb (test for excess errors)
FAIL: gnat.dg/array3.adb (test for excess errors)
WARNING: gnat.dg/array3.adb compilation failed to produce executable
FAIL: gnat.dg/class_wide.adb (test for excess errors)
FAIL: gnat.dg/curr_task.adb (test for excess errors)
WARNING: gnat.dg/curr_task.adb compilation failed to produce executable
FAIL: gnat.dg/discr4.adb (test for excess errors)
WARNING: gnat.dg/discr4.adb compilation failed to produce executable
FAIL: gnat.dg/discr_range_check.adb (test for excess errors)
FAIL: gnat.dg/discr_test.adb (test for excess errors)
FAIL: gnat.dg/entry_queues.adb (test for excess errors)
WARNING: gnat.dg/entry_queues.adb compilation failed to produce executable
FAIL: gnat.dg/finalized.adb (test for excess errors)
FAIL: gnat.dg/inline_tagged.adb (test for excess errors)
WARNING: gnat.dg/inline_tagged.adb compilation failed to produce executable
FAIL: gnat.dg/interface1.adb (test for excess errors)
WARNING: gnat.dg/interface1.adb compilation failed to produce executable
FAIL: gnat.dg/interface2.adb (test for excess errors)
WARNING: gnat.dg/interface2.adb compilation failed to produce executable
FAIL: gnat.dg/interface3.adb (test for excess errors)
WARNING: gnat.dg/interface3.adb compilation failed to produce executable
FAIL: gnat.dg/interface_conv.adb (test for excess errors)
WARNING: gnat.dg/interface_conv.adb compilation failed to produce executable
FAIL: gnat.dg/iprot_test.adb (test for excess errors)
WARNING: gnat.dg/iprot_test.adb compilation failed to produce executable
FAIL: gnat.dg/late_overriding.adb (test for excess errors)
FAIL: gnat.dg/lhs_view_convert.adb (test for excess errors)
WARNING: gnat.dg/lhs_view_convert.adb compilation failed to produce executable
FAIL: gnat.dg/named_test.adb (test for excess errors)
WARNING: gnat.dg/named_test.adb compilation failed to produce executable
FAIL: gnat.dg/nested_controlled_alloc.adb (test for excess errors)
WARNING: gnat.dg/nested_controlled_alloc.adb compilation failed to produce executable
FAIL: gnat.dg/no_exc_prop.adb (test for excess errors)
FAIL: gnat.dg/no_final.adb (test for excess errors)
WARNING: gnat.dg/no_final.adb compilation failed to produce executable
FAIL: gnat.dg/prot1.adb (test for excess errors)
FAIL: gnat.dg/requeue1.adb (test for excess errors)
WARNING: gnat.dg/requeue1.adb compilation failed to produce executable
FAIL: gnat.dg/tag1.adb (test for excess errors)
WARNING: gnat.dg/tag1.adb compilation failed to produce executable
FAIL: gnat.dg/test_delay.adb execution test
FAIL: gnat.dg/test_image.adb execution test
FAIL: gnat.dg/test_prio.adb (test for excess errors)
WARNING: gnat.dg/test_prio.adb compilation failed to produce executable
FAIL: gnat.dg/timing_events.adb (test for excess errors)
WARNING: gnat.dg/timing_events.adb compilation failed to produce executable
=== gnat Summary ===
# of expected passes 320
# of unexpected failures 34
# of expected failures 1
=== obj-c++ tests ===
Running target unix
WARNING: obj-c++.dg/lookup-2.mm compilation failed to produce executable
WARNING: obj-c++.dg/try-catch-2.mm compilation failed to produce executable
WARNING: obj-c++.dg/try-catch-9.mm compilation failed to produce executable
=== obj-c++ Summary ===
# of expected passes 437
# of expected failures 9
# of unsupported tests 13
/n/pc2/guerby/build-4.3.3/gcc/testsuite/obj-c++/../../g++ version 4.3.3 (GCC)
=== objc tests ===
Running target unix
WARNING: Could not compile objc.dg/gnu-encoding/struct-layout-encoding-1 generator
FAIL: objc.dg/pch/interface-1.m -O0 -g (test for excess errors)
FAIL: objc.dg/pch/interface-1.m -O0 -g assembly comparison
FAIL: objc.dg/pch/interface-1.m -O0 (test for excess errors)
FAIL: objc.dg/pch/interface-1.m -O0 assembly comparison
FAIL: objc.dg/pch/interface-1.m -O1 (test for excess errors)
FAIL: objc.dg/pch/interface-1.m -O1 assembly comparison
FAIL: objc.dg/pch/interface-1.m -O2 (test for excess errors)
FAIL: objc.dg/pch/interface-1.m -O2 assembly comparison
FAIL: objc.dg/pch/interface-1.m -O3 -fomit-frame-pointer (test for excess errors)
FAIL: objc.dg/pch/interface-1.m -O3 -fomit-frame-pointer assembly comparison
FAIL: objc.dg/pch/interface-1.m -O3 -g (test for excess errors)
FAIL: objc.dg/pch/interface-1.m -O3 -g assembly comparison
FAIL: objc.dg/pch/interface-1.m -Os (test for excess errors)
FAIL: objc.dg/pch/interface-1.m -Os assembly comparison
=== objc Summary ===
# of expected passes 1743
# of unexpected failures 14
# of unsupported tests 24
/n/pc2/guerby/build-4.3.3/gcc/xgcc version 4.3.3 (GCC)
=== libgomp tests ===
Running target unix
WARNING: program timed out.
FAIL: libgomp.c/appendix-a/a.18.1.c execution test
WARNING: program timed out.
FAIL: libgomp.fortran/appendix-a/a.18.1.f90 -O3 -fomit-frame-pointer -funroll-loops execution test
FAIL: libgomp.fortran/reference1.f90 -O1 execution test
FAIL: libgomp.fortran/reference1.f90 -O2 execution test
FAIL: libgomp.fortran/reference1.f90 -O3 -fomit-frame-pointer execution test
FAIL: libgomp.fortran/reference1.f90 -O3 -fomit-frame-pointer -funroll-loops execution test
FAIL: libgomp.fortran/reference1.f90 -O3 -fomit-frame-pointer -funroll-all-loops -finline-functions execution test
FAIL: libgomp.fortran/reference1.f90 -O3 -g execution test
FAIL: libgomp.fortran/reference1.f90 -Os execution test
=== libgomp Summary ===
# of expected passes 1740
# of unexpected failures 9
# of unsupported tests 7
=== libmudflap tests ===
Running target unix
FAIL: libmudflap.c++/pass41-frag.cxx execution test
FAIL: libmudflap.c++/pass41-frag.cxx ( -O) execution test
FAIL: libmudflap.c++/pass41-frag.cxx (-O2) execution test
FAIL: libmudflap.c++/pass41-frag.cxx (-O3) execution test
=== libmudflap Summary ===
# of expected passes 1389
# of unexpected failures 4
=== libstdc++ tests ===
Running target unix
XPASS: 26_numerics/headers/cmath/c99_classification_macros_c.cc (test for excess errors)
=== libstdc++ Summary ===
# of expected passes 4944
# of unexpected successes 1
# of expected failures 59
# of unsupported tests 326
Compiler version: 4.3.3 (GCC)
Platform: mipsel-unknown-linux-gnu
configure flags: --enable-languages=c,c++,fortran,objc,obj-c++,ada --prefix=/opt/cfarm/release/4.3.3 --disable-nls --disable-multilib --enable-__cxa_atexit --enable-threads=posix --build=mipsel-linux-gnu --host=mipsel-linux-gnu --target=mipsel-linux-gnu --with-mpfr=/opt/cfarm/mpfr-2.3.2