This is the mail archive of the
gcc-testresults@gcc.gnu.org
mailing list for the GCC project.
Results for 4.3.3 (AutoBuild) testsuite on mips-sgi-irix5.3
- From: Jan-Jaap van der Heijden <j dot j dot vanderheijden at gmail dot com>
- To: gcc-testresults at gcc dot gnu dot org
- Date: Wed, 28 Jan 2009 14:00:49 +0100
- Subject: Results for 4.3.3 (AutoBuild) testsuite on mips-sgi-irix5.3
Using 'as' from GNU binutils 2.19 and native ld.
patchSG0001068 (linker patch) and the patchSG0001875 (libexc) are
needed as well.
LAST_UPDATED: Obtained from SVN: tags/gcc_4_3_3_release revision 143643
=== acats tests ===
=== acats Summary ===
# of expected passes 1959
# of unexpected failures 0
# of unsupported tests 356
Native configuration is mips-sgi-irix5.3
=== g++ tests ===
Running target unix
WARNING: Could not compile g++.dg/compat/struct-layout-1 generator
FAIL: g++.dg/debug/const1.C -gstabs1 (test for excess errors)
FAIL: g++.dg/debug/const1.C -gstabs1 -O2 (test for excess errors)
FAIL: g++.dg/debug/const1.C -gstabs1 -O3 (test for excess errors)
FAIL: g++.dg/debug/const1.C -gstabs (test for excess errors)
FAIL: g++.dg/debug/const1.C -gstabs -O2 (test for excess errors)
FAIL: g++.dg/debug/const1.C -gstabs -O3 (test for excess errors)
FAIL: g++.dg/debug/const1.C -gstabs3 (test for excess errors)
FAIL: g++.dg/debug/const1.C -gstabs3 -O2 (test for excess errors)
FAIL: g++.dg/debug/const1.C -gstabs3 -O3 (test for excess errors)
FAIL: g++.dg/debug/const1.C -gstabs+1 (test for excess errors)
FAIL: g++.dg/debug/const1.C -gstabs+1 -O2 (test for excess errors)
FAIL: g++.dg/debug/const1.C -gstabs+1 -O3 (test for excess errors)
FAIL: g++.dg/debug/const1.C -gstabs+ (test for excess errors)
FAIL: g++.dg/debug/const1.C -gstabs+ -O2 (test for excess errors)
FAIL: g++.dg/debug/const1.C -gstabs+ -O3 (test for excess errors)
FAIL: g++.dg/debug/const1.C -gstabs+3 (test for excess errors)
FAIL: g++.dg/debug/const1.C -gstabs+3 -O2 (test for excess errors)
FAIL: g++.dg/debug/const1.C -gstabs+3 -O3 (test for excess errors)
FAIL: g++.dg/debug/debug4.C -gstabs1 (test for excess errors)
FAIL: g++.dg/debug/debug4.C -gstabs1 -O2 (test for excess errors)
FAIL: g++.dg/debug/debug4.C -gstabs1 -O3 (test for excess errors)
FAIL: g++.dg/debug/debug4.C -gstabs (test for excess errors)
FAIL: g++.dg/debug/debug4.C -gstabs -O2 (test for excess errors)
FAIL: g++.dg/debug/debug4.C -gstabs -O3 (test for excess errors)
FAIL: g++.dg/debug/debug4.C -gstabs3 (test for excess errors)
FAIL: g++.dg/debug/debug4.C -gstabs3 -O2 (test for excess errors)
FAIL: g++.dg/debug/debug4.C -gstabs3 -O3 (test for excess errors)
FAIL: g++.dg/debug/debug4.C -gstabs+1 (test for excess errors)
FAIL: g++.dg/debug/debug4.C -gstabs+1 -O2 (test for excess errors)
FAIL: g++.dg/debug/debug4.C -gstabs+1 -O3 (test for excess errors)
FAIL: g++.dg/debug/debug4.C -gstabs+ (test for excess errors)
FAIL: g++.dg/debug/debug4.C -gstabs+ -O2 (test for excess errors)
FAIL: g++.dg/debug/debug4.C -gstabs+ -O3 (test for excess errors)
FAIL: g++.dg/debug/debug4.C -gstabs+3 (test for excess errors)
FAIL: g++.dg/debug/debug4.C -gstabs+3 -O2 (test for excess errors)
FAIL: g++.dg/debug/debug4.C -gstabs+3 -O3 (test for excess errors)
FAIL: g++.dg/debug/debug9.C -gstabs1 (test for excess errors)
FAIL: g++.dg/debug/debug9.C -gstabs1 -O2 (test for excess errors)
FAIL: g++.dg/debug/debug9.C -gstabs1 -O3 (test for excess errors)
FAIL: g++.dg/debug/debug9.C -gstabs (test for excess errors)
FAIL: g++.dg/debug/debug9.C -gstabs -O2 (test for excess errors)
FAIL: g++.dg/debug/debug9.C -gstabs -O3 (test for excess errors)
FAIL: g++.dg/debug/debug9.C -gstabs3 (test for excess errors)
FAIL: g++.dg/debug/debug9.C -gstabs3 -O2 (test for excess errors)
FAIL: g++.dg/debug/debug9.C -gstabs3 -O3 (test for excess errors)
FAIL: g++.dg/debug/debug9.C -gstabs+1 (test for excess errors)
FAIL: g++.dg/debug/debug9.C -gstabs+1 -O2 (test for excess errors)
FAIL: g++.dg/debug/debug9.C -gstabs+1 -O3 (test for excess errors)
FAIL: g++.dg/debug/debug9.C -gstabs+ (test for excess errors)
FAIL: g++.dg/debug/debug9.C -gstabs+ -O2 (test for excess errors)
FAIL: g++.dg/debug/debug9.C -gstabs+ -O3 (test for excess errors)
FAIL: g++.dg/debug/debug9.C -gstabs+3 (test for excess errors)
FAIL: g++.dg/debug/debug9.C -gstabs+3 -O2 (test for excess errors)
FAIL: g++.dg/debug/debug9.C -gstabs+3 -O3 (test for excess errors)
FAIL: g++.dg/debug/pr27657.C -gstabs1 (test for excess errors)
FAIL: g++.dg/debug/pr27657.C -gstabs1 -O2 (test for excess errors)
FAIL: g++.dg/debug/pr27657.C -gstabs1 -O3 (test for excess errors)
FAIL: g++.dg/debug/pr27657.C -gstabs (test for excess errors)
FAIL: g++.dg/debug/pr27657.C -gstabs -O2 (test for excess errors)
FAIL: g++.dg/debug/pr27657.C -gstabs -O3 (test for excess errors)
FAIL: g++.dg/debug/pr27657.C -gstabs3 (test for excess errors)
FAIL: g++.dg/debug/pr27657.C -gstabs3 -O2 (test for excess errors)
FAIL: g++.dg/debug/pr27657.C -gstabs3 -O3 (test for excess errors)
FAIL: g++.dg/debug/pr27657.C -gstabs+1 (test for excess errors)
FAIL: g++.dg/debug/pr27657.C -gstabs+1 -O2 (test for excess errors)
FAIL: g++.dg/debug/pr27657.C -gstabs+1 -O3 (test for excess errors)
FAIL: g++.dg/debug/pr27657.C -gstabs+ (test for excess errors)
FAIL: g++.dg/debug/pr27657.C -gstabs+ -O2 (test for excess errors)
FAIL: g++.dg/debug/pr27657.C -gstabs+ -O3 (test for excess errors)
FAIL: g++.dg/debug/pr27657.C -gstabs+3 (test for excess errors)
FAIL: g++.dg/debug/pr27657.C -gstabs+3 -O2 (test for excess errors)
FAIL: g++.dg/debug/pr27657.C -gstabs+3 -O3 (test for excess errors)
FAIL: g++.dg/debug/trivial.C -gstabs1 (test for excess errors)
FAIL: g++.dg/debug/trivial.C -gstabs1 -O2 (test for excess errors)
FAIL: g++.dg/debug/trivial.C -gstabs1 -O3 (test for excess errors)
FAIL: g++.dg/debug/trivial.C -gstabs (test for excess errors)
FAIL: g++.dg/debug/trivial.C -gstabs -O2 (test for excess errors)
FAIL: g++.dg/debug/trivial.C -gstabs -O3 (test for excess errors)
FAIL: g++.dg/debug/trivial.C -gstabs3 (test for excess errors)
FAIL: g++.dg/debug/trivial.C -gstabs3 -O2 (test for excess errors)
FAIL: g++.dg/debug/trivial.C -gstabs3 -O3 (test for excess errors)
FAIL: g++.dg/debug/trivial.C -gstabs+1 (test for excess errors)
WARNING: g++.dg/debug/trivial.C -gstabs+1 compilation failed to
produce executable
FAIL: g++.dg/debug/trivial.C -gstabs+1 -O2 (test for excess errors)
WARNING: g++.dg/debug/trivial.C -gstabs+1 -O2 compilation failed to
produce executable
FAIL: g++.dg/debug/trivial.C -gstabs+1 -O3 (test for excess errors)
WARNING: g++.dg/debug/trivial.C -gstabs+1 -O3 compilation failed to
produce executable
FAIL: g++.dg/debug/trivial.C -gstabs+ (test for excess errors)
WARNING: g++.dg/debug/trivial.C -gstabs+ compilation failed to produce
executable
FAIL: g++.dg/debug/trivial.C -gstabs+ -O2 (test for excess errors)
WARNING: g++.dg/debug/trivial.C -gstabs+ -O2 compilation failed to
produce executable
FAIL: g++.dg/debug/trivial.C -gstabs+ -O3 (test for excess errors)
WARNING: g++.dg/debug/trivial.C -gstabs+ -O3 compilation failed to
produce executable
FAIL: g++.dg/debug/trivial.C -gstabs+3 (test for excess errors)
WARNING: g++.dg/debug/trivial.C -gstabs+3 compilation failed to
produce executable
FAIL: g++.dg/debug/trivial.C -gstabs+3 -O2 (test for excess errors)
WARNING: g++.dg/debug/trivial.C -gstabs+3 -O2 compilation failed to
produce executable
FAIL: g++.dg/debug/trivial.C -gstabs+3 -O3 (test for excess errors)
WARNING: g++.dg/debug/trivial.C -gstabs+3 -O3 compilation failed to
produce executable
FAIL: g++.dg/cpp/_Pragma1.C (test for excess errors)
FAIL: g++.dg/eh/simd-2.C (test for excess errors)
WARNING: g++.dg/eh/simd-2.C compilation failed to produce executable
WARNING: program timed out.
FAIL: g++.dg/other/anon5.C undefined (test for errors, line )
FAIL: g++.dg/other/anon5.C (test for excess errors)
FAIL: g++.dg/warn/miss-format-1.C scanf attribute warning (test for
warnings, line 24)
FAIL: g++.dg/warn/miss-format-1.C (test for excess errors)
FAIL: g++.dg/special/conpr-1.C execution test
FAIL: g++.dg/special/conpr-2.C execution test
FAIL: g++.dg/special/conpr-3.C execution test
FAIL: g++.dg/special/conpr-4.C execution test
FAIL: g++.dg/special/initp1.C execution test
FAIL: g++.dg/special/initpri1.C execution test
XPASS: g++.old-deja/g++.other/init19.C execution test
=== g++ Summary ===
# of expected passes 16765
# of unexpected failures 102
# of unexpected successes 1
# of expected failures 82
# of unsupported tests 209
/build53/gcc/gcc-4_3_3-release/obj-irix5.3-full/gcc/testsuite/g++/../../g++
version 4.3.3 (AutoBuild)
=== gcc tests ===
Running target unix
WARNING: Could not compile gcc.dg/compat/struct-layout-1 generator
FAIL: gcc.dg/cpp/_Pragma3.c (test for excess errors)
FAIL: gcc.dg/cpp/_Pragma6.c (test for excess errors)
FAIL: gcc.dg/debug/20020220-1.c -gstabs1 (test for excess errors)
FAIL: gcc.dg/debug/20020220-1.c -gstabs1 -O (test for excess errors)
FAIL: gcc.dg/debug/20020220-1.c -gstabs1 -O3 (test for excess errors)
FAIL: gcc.dg/debug/20020220-1.c -gstabs (test for excess errors)
FAIL: gcc.dg/debug/20020220-1.c -gstabs -O (test for excess errors)
FAIL: gcc.dg/debug/20020220-1.c -gstabs -O3 (test for excess errors)
FAIL: gcc.dg/debug/20020220-1.c -gstabs3 (test for excess errors)
FAIL: gcc.dg/debug/20020220-1.c -gstabs3 -O (test for excess errors)
FAIL: gcc.dg/debug/20020220-1.c -gstabs3 -O3 (test for excess errors)
FAIL: gcc.dg/debug/20020220-1.c -gstabs+1 (test for excess errors)
WARNING: gcc.dg/debug/20020220-1.c -gstabs+1 compilation failed to
produce executable
FAIL: gcc.dg/debug/20020220-1.c -gstabs+1 -O (test for excess errors)
WARNING: gcc.dg/debug/20020220-1.c -gstabs+1 -O compilation failed to
produce executable
FAIL: gcc.dg/debug/20020220-1.c -gstabs+1 -O3 (test for excess errors)
WARNING: gcc.dg/debug/20020220-1.c -gstabs+1 -O3 compilation failed to
produce executable
FAIL: gcc.dg/debug/20020220-1.c -gstabs+ (test for excess errors)
WARNING: gcc.dg/debug/20020220-1.c -gstabs+ compilation failed to
produce executable
FAIL: gcc.dg/debug/20020220-1.c -gstabs+ -O (test for excess errors)
WARNING: gcc.dg/debug/20020220-1.c -gstabs+ -O compilation failed to
produce executable
FAIL: gcc.dg/debug/20020220-1.c -gstabs+ -O3 (test for excess errors)
WARNING: gcc.dg/debug/20020220-1.c -gstabs+ -O3 compilation failed to
produce executable
FAIL: gcc.dg/debug/20020220-1.c -gstabs+3 (test for excess errors)
WARNING: gcc.dg/debug/20020220-1.c -gstabs+3 compilation failed to
produce executable
FAIL: gcc.dg/debug/20020220-1.c -gstabs+3 -O (test for excess errors)
WARNING: gcc.dg/debug/20020220-1.c -gstabs+3 -O compilation failed to
produce executable
FAIL: gcc.dg/debug/20020220-1.c -gstabs+3 -O3 (test for excess errors)
WARNING: gcc.dg/debug/20020220-1.c -gstabs+3 -O3 compilation failed to
produce executable
FAIL: gcc.dg/debug/20020327-1.c -gstabs1 (test for excess errors)
FAIL: gcc.dg/debug/20020327-1.c -gstabs1 -O (test for excess errors)
FAIL: gcc.dg/debug/20020327-1.c -gstabs1 -O3 (test for excess errors)
FAIL: gcc.dg/debug/20020327-1.c -gstabs (test for excess errors)
FAIL: gcc.dg/debug/20020327-1.c -gstabs -O (test for excess errors)
FAIL: gcc.dg/debug/20020327-1.c -gstabs -O3 (test for excess errors)
FAIL: gcc.dg/debug/20020327-1.c -gstabs3 (test for excess errors)
FAIL: gcc.dg/debug/20020327-1.c -gstabs3 -O (test for excess errors)
FAIL: gcc.dg/debug/20020327-1.c -gstabs3 -O3 (test for excess errors)
FAIL: gcc.dg/debug/20020327-1.c -gstabs+1 (test for excess errors)
FAIL: gcc.dg/debug/20020327-1.c -gstabs+1 -O (test for excess errors)
FAIL: gcc.dg/debug/20020327-1.c -gstabs+1 -O3 (test for excess errors)
FAIL: gcc.dg/debug/20020327-1.c -gstabs+ (test for excess errors)
FAIL: gcc.dg/debug/20020327-1.c -gstabs+ -O (test for excess errors)
FAIL: gcc.dg/debug/20020327-1.c -gstabs+ -O3 (test for excess errors)
FAIL: gcc.dg/debug/20020327-1.c -gstabs+3 (test for excess errors)
FAIL: gcc.dg/debug/20020327-1.c -gstabs+3 -O (test for excess errors)
FAIL: gcc.dg/debug/20020327-1.c -gstabs+3 -O3 (test for excess errors)
FAIL: gcc.dg/debug/20050907-1.c -gstabs1 (test for excess errors)
FAIL: gcc.dg/debug/20050907-1.c -gstabs1 -O (test for excess errors)
FAIL: gcc.dg/debug/20050907-1.c -gstabs1 -O3 (test for excess errors)
FAIL: gcc.dg/debug/20050907-1.c -gstabs (test for excess errors)
FAIL: gcc.dg/debug/20050907-1.c -gstabs -O (test for excess errors)
FAIL: gcc.dg/debug/20050907-1.c -gstabs -O3 (test for excess errors)
FAIL: gcc.dg/debug/20050907-1.c -gstabs3 (test for excess errors)
FAIL: gcc.dg/debug/20050907-1.c -gstabs3 -O (test for excess errors)
FAIL: gcc.dg/debug/20050907-1.c -gstabs3 -O3 (test for excess errors)
FAIL: gcc.dg/debug/20050907-1.c -gstabs+1 (test for excess errors)
FAIL: gcc.dg/debug/20050907-1.c -gstabs+1 -O (test for excess errors)
FAIL: gcc.dg/debug/20050907-1.c -gstabs+1 -O3 (test for excess errors)
FAIL: gcc.dg/debug/20050907-1.c -gstabs+ (test for excess errors)
FAIL: gcc.dg/debug/20050907-1.c -gstabs+ -O (test for excess errors)
FAIL: gcc.dg/debug/20050907-1.c -gstabs+ -O3 (test for excess errors)
FAIL: gcc.dg/debug/20050907-1.c -gstabs+3 (test for excess errors)
FAIL: gcc.dg/debug/20050907-1.c -gstabs+3 -O (test for excess errors)
FAIL: gcc.dg/debug/20050907-1.c -gstabs+3 -O3 (test for excess errors)
FAIL: gcc.dg/debug/trivial.c -gstabs1 (test for excess errors)
FAIL: gcc.dg/debug/trivial.c -gstabs1 -O (test for excess errors)
FAIL: gcc.dg/debug/trivial.c -gstabs1 -O3 (test for excess errors)
FAIL: gcc.dg/debug/trivial.c -gstabs (test for excess errors)
FAIL: gcc.dg/debug/trivial.c -gstabs -O (test for excess errors)
FAIL: gcc.dg/debug/trivial.c -gstabs -O3 (test for excess errors)
FAIL: gcc.dg/debug/trivial.c -gstabs3 (test for excess errors)
FAIL: gcc.dg/debug/trivial.c -gstabs3 -O (test for excess errors)
FAIL: gcc.dg/debug/trivial.c -gstabs3 -O3 (test for excess errors)
FAIL: gcc.dg/debug/trivial.c -gstabs+1 (test for excess errors)
WARNING: gcc.dg/debug/trivial.c -gstabs+1 compilation failed to
produce executable
FAIL: gcc.dg/debug/trivial.c -gstabs+1 -O (test for excess errors)
WARNING: gcc.dg/debug/trivial.c -gstabs+1 -O compilation failed to
produce executable
FAIL: gcc.dg/debug/trivial.c -gstabs+1 -O3 (test for excess errors)
WARNING: gcc.dg/debug/trivial.c -gstabs+1 -O3 compilation failed to
produce executable
FAIL: gcc.dg/debug/trivial.c -gstabs+ (test for excess errors)
WARNING: gcc.dg/debug/trivial.c -gstabs+ compilation failed to produce
executable
FAIL: gcc.dg/debug/trivial.c -gstabs+ -O (test for excess errors)
WARNING: gcc.dg/debug/trivial.c -gstabs+ -O compilation failed to
produce executable
FAIL: gcc.dg/debug/trivial.c -gstabs+ -O3 (test for excess errors)
WARNING: gcc.dg/debug/trivial.c -gstabs+ -O3 compilation failed to
produce executable
FAIL: gcc.dg/debug/trivial.c -gstabs+3 (test for excess errors)
WARNING: gcc.dg/debug/trivial.c -gstabs+3 compilation failed to
produce executable
FAIL: gcc.dg/debug/trivial.c -gstabs+3 -O (test for excess errors)
WARNING: gcc.dg/debug/trivial.c -gstabs+3 -O compilation failed to
produce executable
FAIL: gcc.dg/debug/trivial.c -gstabs+3 -O3 (test for excess errors)
WARNING: gcc.dg/debug/trivial.c -gstabs+3 -O3 compilation failed to
produce executable
FAIL: gcc.dg/initpri1.c execution test
FAIL: gcc.dg/pr27095.c scan-assembler-not (?n)strlen(.*\\n)+.*strlen
FAIL: gcc.dg/tls/opt-2.c (test for excess errors)
FAIL: gcc.dg/tree-ssa/loop-1.c scan-assembler-times foo 5
=== gcc Summary ===
# of expected passes 45944
# of unexpected failures 78
# of expected failures 86
# of untested testcases 35
# of unsupported tests 409
/build53/gcc/gcc-4_3_3-release/obj-irix5.3-full/gcc/xgcc version
4.3.3 (AutoBuild)
=== gfortran tests ===
Running target unix
FAIL: gfortran.dg/namelist_42.f90 -O0 execution test
FAIL: gfortran.dg/namelist_42.f90 -O1 execution test
FAIL: gfortran.dg/namelist_42.f90 -O2 execution test
FAIL: gfortran.dg/namelist_42.f90 -O3 -fomit-frame-pointer execution test
FAIL: gfortran.dg/namelist_42.f90 -O3 -fomit-frame-pointer
-funroll-loops execution test
FAIL: gfortran.dg/namelist_42.f90 -O3 -fomit-frame-pointer
-funroll-all-loops -finline-functions execution test
FAIL: gfortran.dg/namelist_42.f90 -O3 -g execution test
FAIL: gfortran.dg/namelist_42.f90 -Os execution test
FAIL: gfortran.dg/namelist_43.f90 -O0 execution test
FAIL: gfortran.dg/namelist_43.f90 -O1 execution test
FAIL: gfortran.dg/namelist_43.f90 -O2 execution test
FAIL: gfortran.dg/namelist_43.f90 -O3 -fomit-frame-pointer execution test
FAIL: gfortran.dg/namelist_43.f90 -O3 -fomit-frame-pointer
-funroll-loops execution test
FAIL: gfortran.dg/namelist_43.f90 -O3 -fomit-frame-pointer
-funroll-all-loops -finline-functions execution test
FAIL: gfortran.dg/namelist_43.f90 -O3 -g execution test
FAIL: gfortran.dg/namelist_43.f90 -Os execution test
FAIL: gfortran.dg/nan_3.f90 -O0 execution test
FAIL: gfortran.dg/nan_3.f90 -O1 execution test
FAIL: gfortran.dg/nan_3.f90 -O2 execution test
FAIL: gfortran.dg/nan_3.f90 -O3 -fomit-frame-pointer execution test
FAIL: gfortran.dg/nan_3.f90 -O3 -fomit-frame-pointer -funroll-loops
execution test
FAIL: gfortran.dg/nan_3.f90 -O3 -fomit-frame-pointer
-funroll-all-loops -finline-functions execution test
FAIL: gfortran.dg/nan_3.f90 -O3 -g execution test
FAIL: gfortran.dg/nan_3.f90 -Os execution test
FAIL: gfortran.dg/nearest_3.f90 -O0 execution test
FAIL: gfortran.dg/nearest_3.f90 -O1 execution test
FAIL: gfortran.dg/nearest_3.f90 -O2 execution test
FAIL: gfortran.dg/nearest_3.f90 -O3 -fomit-frame-pointer execution test
FAIL: gfortran.dg/nearest_3.f90 -O3 -fomit-frame-pointer
-funroll-loops execution test
FAIL: gfortran.dg/nearest_3.f90 -O3 -fomit-frame-pointer
-funroll-all-loops -finline-functions execution test
FAIL: gfortran.dg/nearest_3.f90 -O3 -g execution test
FAIL: gfortran.dg/nearest_3.f90 -Os execution test
FAIL: gfortran.dg/nint_2.f90 -O0 execution test
=== gfortran Summary ===
# of expected passes 24178
# of unexpected failures 33
# of expected failures 1
# of unsupported tests 156
/build53/gcc/gcc-4_3_3-release/obj-irix5.3-full/gcc/testsuite/gfortran/../../gfortran
version 4.3.3 (AutoBuild)
=== gnat tests ===
Running target unix
FAIL: gnat.dg/curr_task.adb execution test
FAIL: gnat.dg/entry_queues.adb execution test
FAIL: gnat.dg/interface2.adb execution test
FAIL: gnat.dg/iprot_test.adb execution test
FAIL: gnat.dg/requeue1.adb execution test
FAIL: gnat.dg/socket1.adb (test for excess errors)
WARNING: gnat.dg/socket1.adb compilation failed to produce executable
FAIL: gnat.dg/socket2.adb (test for excess errors)
WARNING: gnat.dg/socket2.adb compilation failed to produce executable
FAIL: gnat.dg/test_delay.adb execution test
FAIL: gnat.dg/test_image.adb execution test
FAIL: gnat.dg/test_prio.adb execution test
FAIL: gnat.dg/timing_events.adb execution test
=== gnat Summary ===
# of expected passes 362
# of unexpected failures 11
# of expected failures 1
=== obj-c++ tests ===
Running target unix
WARNING: obj-c++.dg/lookup-2.mm compilation failed to produce executable
WARNING: obj-c++.dg/try-catch-2.mm compilation failed to produce executable
WARNING: obj-c++.dg/try-catch-9.mm compilation failed to produce executable
=== obj-c++ Summary ===
# of expected passes 437
# of expected failures 9
# of unsupported tests 13
/build53/gcc/gcc-4_3_3-release/obj-irix5.3-full/gcc/testsuite/obj-c++/../../g++
version 4.3.3 (AutoBuild)
=== objc tests ===
Running target unix
FAIL: objc.dg/stabs-1.m scan-assembler
(.SUBSPA.*[\$]CODE[\$]|.text"?)\\n\\t.stabs.*100,0,0,([.\$])?L?L[\$]?etext[0-9]*\\n([.\$])?L?L[\$]?etext
WARNING: Could not compile
objc.dg/gnu-encoding/struct-layout-encoding-1 generator
=== objc Summary ===
# of expected passes 1756
# of unexpected failures 1
# of unsupported tests 24
/build53/gcc/gcc-4_3_3-release/obj-irix5.3-full/gcc/xgcc version
4.3.3 (AutoBuild)
=== libstdc++ tests ===
Running target unix
FAIL: 17_intro/headers/all.cc (test for excess errors)
FAIL: 17_intro/headers/all_c++200x_compatibility.cc (test for excess errors)
FAIL: 17_intro/headers/all_pedantic_errors.cc (test for excess errors)
FAIL: 21_strings/headers/cwctype/macros.cc (test for excess errors)
FAIL: 22_locale/time_put/put/char/1.cc execution test
FAIL: 23_containers/vector/resize/1.cc execution test
FAIL: 27_io/ios_base/storage/2.cc execution test
FAIL: ext/headers.cc (test for excess errors)
=== libstdc++ Summary ===
# of expected passes 3993
# of unexpected failures 8
# of expected failures 57
# of unsupported tests 199
Compiler version: 4.3.3 (AutoBuild)
Platform: mips-sgi-irix5.3
configure flags: -v --enable-languages=c,ada,c++,fortran,objc,obj-c++
--prefix=/usr/local/gnu --enable-shared --disable-nls --with-gnu-as
--with-as=/usr/local/gnu/mips-sgi-irix5.3/bin/as --without-gnu-ld
--with-ld=/usr/bin/ld --with-mpfr=/usr/local/gnu
--enable-checking=release --with-pkgversion=AutoBuild