This is the mail archive of the
gcc-testresults@gcc.gnu.org
mailing list for the GCC project.
Results for 4.3.2 (GCC) testsuite on arm-none-linux-gnueabi
- From: dave at hiauly1 dot hia dot nrc dot ca (John David Anglin)
- To: dave at hiauly1 dot hia dot nrc dot ca, gcc-testresults at gcc dot gnu dot org
- Date: Tue, 27 Jan 2009 14:08:26 -0500 (EST)
- Subject: Results for 4.3.2 (GCC) testsuite on arm-none-linux-gnueabi
LAST_UPDATED: Obtained from SVN: tags/gcc_4_3_2_release revision 139673
Native configuration is arm-none-linux-gnueabi
=== libgomp tests ===
Running target unix
FAIL: libgomp.fortran/character1.f90 -O0 execution test
FAIL: libgomp.fortran/nestedfn1.f90 -O0 execution test
FAIL: libgomp.fortran/nestedfn3.f90 -O0 execution test
FAIL: libgomp.fortran/reduction3.f90 -O0 execution test
FAIL: libgomp.fortran/reduction3.f90 -O1 execution test
FAIL: libgomp.fortran/reduction3.f90 -O2 execution test
FAIL: libgomp.fortran/reduction3.f90 -O3 -fomit-frame-pointer execution test
FAIL: libgomp.fortran/reduction3.f90 -O3 -fomit-frame-pointer -funroll-loops execution test
FAIL: libgomp.fortran/reduction3.f90 -O3 -fomit-frame-pointer -funroll-all-loops -finline-functions execution test
FAIL: libgomp.fortran/reduction3.f90 -O3 -g execution test
FAIL: libgomp.fortran/reduction3.f90 -Os execution test
FAIL: libgomp.fortran/retval2.f90 -O0 execution test
FAIL: libgomp.fortran/vla1.f90 -O1 execution test
FAIL: libgomp.fortran/vla1.f90 -O2 execution test
FAIL: libgomp.fortran/vla1.f90 -O3 -fomit-frame-pointer execution test
FAIL: libgomp.fortran/vla1.f90 -O3 -fomit-frame-pointer -funroll-loops execution test
FAIL: libgomp.fortran/vla1.f90 -O3 -fomit-frame-pointer -funroll-all-loops -finline-functions execution test
FAIL: libgomp.fortran/vla1.f90 -O3 -g execution test
FAIL: libgomp.fortran/vla1.f90 -Os execution test
FAIL: libgomp.fortran/vla2.f90 -O1 execution test
FAIL: libgomp.fortran/vla2.f90 -O2 execution test
FAIL: libgomp.fortran/vla2.f90 -O3 -fomit-frame-pointer execution test
FAIL: libgomp.fortran/vla2.f90 -O3 -fomit-frame-pointer -funroll-loops execution test
FAIL: libgomp.fortran/vla2.f90 -O3 -fomit-frame-pointer -funroll-all-loops -finline-functions execution test
FAIL: libgomp.fortran/vla2.f90 -O3 -g execution test
FAIL: libgomp.fortran/vla2.f90 -Os execution test
FAIL: libgomp.fortran/vla3.f90 -O1 execution test
FAIL: libgomp.fortran/vla3.f90 -O2 execution test
FAIL: libgomp.fortran/vla3.f90 -O3 -fomit-frame-pointer execution test
FAIL: libgomp.fortran/vla3.f90 -O3 -fomit-frame-pointer -funroll-loops execution test
FAIL: libgomp.fortran/vla3.f90 -O3 -fomit-frame-pointer -funroll-all-loops -finline-functions execution test
FAIL: libgomp.fortran/vla3.f90 -O3 -g execution test
FAIL: libgomp.fortran/vla3.f90 -Os execution test
FAIL: libgomp.fortran/vla4.f90 -O1 execution test
FAIL: libgomp.fortran/vla4.f90 -O2 execution test
FAIL: libgomp.fortran/vla4.f90 -O3 -fomit-frame-pointer execution test
FAIL: libgomp.fortran/vla4.f90 -O3 -fomit-frame-pointer -funroll-loops execution test
FAIL: libgomp.fortran/vla4.f90 -O3 -fomit-frame-pointer -funroll-all-loops -finline-functions execution test
FAIL: libgomp.fortran/vla4.f90 -O3 -g execution test
FAIL: libgomp.fortran/vla4.f90 -Os execution test
FAIL: libgomp.fortran/vla5.f90 -O1 execution test
FAIL: libgomp.fortran/vla5.f90 -O2 execution test
FAIL: libgomp.fortran/vla5.f90 -O3 -fomit-frame-pointer execution test
FAIL: libgomp.fortran/vla5.f90 -O3 -fomit-frame-pointer -funroll-loops execution test
FAIL: libgomp.fortran/vla5.f90 -O3 -fomit-frame-pointer -funroll-all-loops -finline-functions execution test
FAIL: libgomp.fortran/vla5.f90 -O3 -g execution test
FAIL: libgomp.fortran/vla5.f90 -Os execution test
FAIL: libgomp.fortran/vla6.f90 -O1 execution test
FAIL: libgomp.fortran/vla6.f90 -O2 execution test
FAIL: libgomp.fortran/vla6.f90 -O3 -fomit-frame-pointer execution test
FAIL: libgomp.fortran/vla6.f90 -O3 -fomit-frame-pointer -funroll-loops execution test
FAIL: libgomp.fortran/vla6.f90 -O3 -fomit-frame-pointer -funroll-all-loops -finline-functions execution test
FAIL: libgomp.fortran/vla6.f90 -O3 -g execution test
FAIL: libgomp.fortran/vla6.f90 -Os execution test
=== libgomp Summary ===
# of expected passes 1695
# of unexpected failures 54
# of unsupported tests 7
=== libstdc++ tests ===
Running target unix
FAIL: 20_util/make_signed/requirements/typedefs-2.cc (test for excess errors)
FAIL: 20_util/make_unsigned/requirements/typedefs-2.cc (test for excess errors)
FAIL: 27_io/fpos/14775.cc execution test
=== libstdc++ Summary ===
# of expected passes 4939
# of unexpected failures 3
# of expected failures 60
# of unsupported tests 326
=== g++ tests ===
Running target unix
FAIL: g++.dg/abi/forced.C execution test
FAIL: g++.dg/ext/cleanup-10.C execution test
FAIL: g++.dg/ext/cleanup-11.C execution test
FAIL: g++.dg/ext/cleanup-8.C execution test
FAIL: g++.dg/ext/cleanup-9.C execution test
FAIL: g++.dg/ext/java-1.C (test for excess errors)
FAIL: g++.dg/ext/java-2.C (test for excess errors)
FAIL: g++.dg/ext/visibility/arm3.C scan-not-hidden hidden[ \\t_]*_ZTI1A
FAIL: g++.dg/ext/visibility/arm3.C scan-not-hidden hidden[ \\t_]*_ZTS1A
FAIL: g++.dg/ext/visibility/arm3.C scan-not-hidden hidden[ \\t_]*_ZTI1B
FAIL: g++.dg/ext/visibility/arm3.C scan-not-hidden hidden[ \\t_]*_ZTS1B
FAIL: g++.dg/other/anon5.C (test for errors, line 19)
FAIL: g++.dg/other/anon5.C (test for excess errors)
XPASS: g++.dg/other/packed1.C execution test
FAIL: g++.old-deja/g++.jason/enum6.C (test for excess errors)
FAIL: g++.old-deja/g++.law/enum9.C (test for excess errors)
FAIL: g++.old-deja/g++.law/profile1.C execution test
FAIL: g++.old-deja/g++.other/enum4.C (test for excess errors)
=== g++ Summary ===
# of expected passes 17574
# of unexpected failures 17
# of unexpected successes 1
# of expected failures 82
# of unsupported tests 134
/home/dave/gnu/gcc/objdir/gcc/testsuite/g++/../../g++ version 4.3.2 (GCC)
=== gcc tests ===
Running target unix
FAIL: gcc.c-torture/compile/limits-structnest.c -O2 (test for excess errors)
FAIL: gcc.c-torture/compile/limits-structnest.c -O3 -fomit-frame-pointer (test for excess errors)
FAIL: gcc.c-torture/compile/limits-structnest.c -O3 -g (test for excess errors)
FAIL: gcc.c-torture/compile/limits-structnest.c -Os (test for excess errors)
FAIL: gcc.dg/20021014-1.c execution test
FAIL: gcc.dg/cleanup-10.c execution test
FAIL: gcc.dg/cleanup-11.c execution test
FAIL: gcc.dg/cleanup-8.c execution test
FAIL: gcc.dg/cleanup-9.c execution test
FAIL: gcc.dg/fshort-wchar.c (test for excess errors)
WARNING: gcc.dg/fshort-wchar.c compilation failed to produce executable
FAIL: gcc.dg/memcpy-1.c scan-tree-dump-times optimized "nasty_local" 0
FAIL: gcc.dg/nest.c execution test
FAIL: gcc.dg/nested-func-4.c execution test
FAIL: gcc.dg/pr32450.c execution test
FAIL: gcc.dg/uninit-13.c unconditional (test for warnings, line 8)
FAIL: gcc.dg/uninit-13.c (test for excess errors)
FAIL: gcc.dg/tree-prof/bb-reorg.c compilation, -fprofile-use -D_PROFILE_USE
UNRESOLVED: gcc.dg/tree-prof/bb-reorg.c execution, -fprofile-use -D_PROFILE_USE
FAIL: gcc.target/arm/neon/vabsQf32.c (test for excess errors)
FAIL: gcc.target/arm/neon/vabsQs16.c (test for excess errors)
FAIL: gcc.target/arm/neon/vabsQs32.c (test for excess errors)
FAIL: gcc.target/arm/neon/vabsQs8.c (test for excess errors)
FAIL: gcc.target/arm/neon/vaddQf32.c (test for excess errors)
FAIL: gcc.target/arm/neon/vaddQs16.c (test for excess errors)
FAIL: gcc.target/arm/neon/vaddQs32.c (test for excess errors)
FAIL: gcc.target/arm/neon/vaddQs64.c (test for excess errors)
FAIL: gcc.target/arm/neon/vaddQs8.c (test for excess errors)
FAIL: gcc.target/arm/neon/vaddQu16.c (test for excess errors)
FAIL: gcc.target/arm/neon/vaddQu32.c (test for excess errors)
FAIL: gcc.target/arm/neon/vaddQu64.c (test for excess errors)
FAIL: gcc.target/arm/neon/vaddQu8.c (test for excess errors)
FAIL: gcc.target/arm/neon/vget_lowf32.c scan-assembler vmov[ \\t]+[dD][0-9]+, [dD][0-9]+!?([ \\t]+@[a-zA-Z0-9 ]+)?\\n
FAIL: gcc.target/arm/neon/vget_lowp16.c scan-assembler vmov[ \\t]+[dD][0-9]+, [dD][0-9]+!?([ \\t]+@[a-zA-Z0-9 ]+)?\\n
FAIL: gcc.target/arm/neon/vget_lowp8.c scan-assembler vmov[ \\t]+[dD][0-9]+, [dD][0-9]+!?([ \\t]+@[a-zA-Z0-9 ]+)?\\n
FAIL: gcc.target/arm/neon/vget_lows16.c scan-assembler vmov[ \\t]+[dD][0-9]+, [dD][0-9]+!?([ \\t]+@[a-zA-Z0-9 ]+)?\\n
FAIL: gcc.target/arm/neon/vget_lows32.c scan-assembler vmov[ \\t]+[dD][0-9]+, [dD][0-9]+!?([ \\t]+@[a-zA-Z0-9 ]+)?\\n
FAIL: gcc.target/arm/neon/vget_lows64.c scan-assembler vmov[ \\t]+[dD][0-9]+, [dD][0-9]+!?([ \\t]+@[a-zA-Z0-9 ]+)?\\n
FAIL: gcc.target/arm/neon/vget_lows8.c scan-assembler vmov[ \\t]+[dD][0-9]+, [dD][0-9]+!?([ \\t]+@[a-zA-Z0-9 ]+)?\\n
FAIL: gcc.target/arm/neon/vget_lowu16.c scan-assembler vmov[ \\t]+[dD][0-9]+, [dD][0-9]+!?([ \\t]+@[a-zA-Z0-9 ]+)?\\n
FAIL: gcc.target/arm/neon/vget_lowu32.c scan-assembler vmov[ \\t]+[dD][0-9]+, [dD][0-9]+!?([ \\t]+@[a-zA-Z0-9 ]+)?\\n
FAIL: gcc.target/arm/neon/vget_lowu64.c scan-assembler vmov[ \\t]+[dD][0-9]+, [dD][0-9]+!?([ \\t]+@[a-zA-Z0-9 ]+)?\\n
FAIL: gcc.target/arm/neon/vget_lowu8.c scan-assembler vmov[ \\t]+[dD][0-9]+, [dD][0-9]+!?([ \\t]+@[a-zA-Z0-9 ]+)?\\n
FAIL: gcc.target/arm/neon/vmlaQ_lanef32.c (test for excess errors)
FAIL: gcc.target/arm/neon/vmlaQ_lanes16.c (test for excess errors)
FAIL: gcc.target/arm/neon/vmlaQ_lanes32.c (test for excess errors)
FAIL: gcc.target/arm/neon/vmlaQ_laneu16.c (test for excess errors)
FAIL: gcc.target/arm/neon/vmlaQ_laneu32.c (test for excess errors)
FAIL: gcc.target/arm/neon/vmlaQ_nf32.c (test for excess errors)
FAIL: gcc.target/arm/neon/vmlaQ_ns16.c (test for excess errors)
FAIL: gcc.target/arm/neon/vmlaQ_ns32.c (test for excess errors)
FAIL: gcc.target/arm/neon/vmlaQ_nu16.c (test for excess errors)
FAIL: gcc.target/arm/neon/vmlaQ_nu32.c (test for excess errors)
FAIL: gcc.target/arm/neon/vmlaQf32.c (test for excess errors)
FAIL: gcc.target/arm/neon/vmlaQs16.c (test for excess errors)
FAIL: gcc.target/arm/neon/vmlaQs32.c (test for excess errors)
FAIL: gcc.target/arm/neon/vmlaQs8.c (test for excess errors)
FAIL: gcc.target/arm/neon/vmlaQu16.c (test for excess errors)
FAIL: gcc.target/arm/neon/vmlaQu32.c (test for excess errors)
FAIL: gcc.target/arm/neon/vmlaQu8.c (test for excess errors)
FAIL: gcc.target/arm/neon/vmla_lanef32.c (test for excess errors)
FAIL: gcc.target/arm/neon/vmla_lanes16.c (test for excess errors)
FAIL: gcc.target/arm/neon/vmla_lanes32.c (test for excess errors)
FAIL: gcc.target/arm/neon/vmla_laneu16.c (test for excess errors)
FAIL: gcc.target/arm/neon/vmla_laneu32.c (test for excess errors)
FAIL: gcc.target/arm/neon/vmla_nf32.c (test for excess errors)
FAIL: gcc.target/arm/neon/vmla_ns16.c (test for excess errors)
FAIL: gcc.target/arm/neon/vmla_ns32.c (test for excess errors)
FAIL: gcc.target/arm/neon/vmla_nu16.c (test for excess errors)
FAIL: gcc.target/arm/neon/vmla_nu32.c (test for excess errors)
FAIL: gcc.target/arm/neon/vmlsQ_lanef32.c (test for excess errors)
FAIL: gcc.target/arm/neon/vmlsQ_lanes16.c (test for excess errors)
FAIL: gcc.target/arm/neon/vmlsQ_lanes32.c (test for excess errors)
FAIL: gcc.target/arm/neon/vmlsQ_laneu16.c (test for excess errors)
FAIL: gcc.target/arm/neon/vmlsQ_laneu32.c (test for excess errors)
FAIL: gcc.target/arm/neon/vmlsQ_nf32.c (test for excess errors)
FAIL: gcc.target/arm/neon/vmlsQ_ns16.c (test for excess errors)
FAIL: gcc.target/arm/neon/vmlsQ_ns32.c (test for excess errors)
FAIL: gcc.target/arm/neon/vmlsQ_nu16.c (test for excess errors)
FAIL: gcc.target/arm/neon/vmlsQ_nu32.c (test for excess errors)
FAIL: gcc.target/arm/neon/vmlsQf32.c (test for excess errors)
FAIL: gcc.target/arm/neon/vmlsQs16.c (test for excess errors)
FAIL: gcc.target/arm/neon/vmlsQs32.c (test for excess errors)
FAIL: gcc.target/arm/neon/vmlsQs8.c (test for excess errors)
FAIL: gcc.target/arm/neon/vmlsQu16.c (test for excess errors)
FAIL: gcc.target/arm/neon/vmlsQu32.c (test for excess errors)
FAIL: gcc.target/arm/neon/vmlsQu8.c (test for excess errors)
FAIL: gcc.target/arm/neon/vmls_lanef32.c (test for excess errors)
FAIL: gcc.target/arm/neon/vmls_lanes16.c (test for excess errors)
FAIL: gcc.target/arm/neon/vmls_lanes32.c (test for excess errors)
FAIL: gcc.target/arm/neon/vmls_laneu16.c (test for excess errors)
FAIL: gcc.target/arm/neon/vmls_laneu32.c (test for excess errors)
FAIL: gcc.target/arm/neon/vmls_nf32.c (test for excess errors)
FAIL: gcc.target/arm/neon/vmls_ns16.c (test for excess errors)
FAIL: gcc.target/arm/neon/vmls_ns32.c (test for excess errors)
FAIL: gcc.target/arm/neon/vmls_nu16.c (test for excess errors)
FAIL: gcc.target/arm/neon/vmls_nu32.c (test for excess errors)
FAIL: gcc.target/arm/neon/vmulQ_lanef32.c (test for excess errors)
FAIL: gcc.target/arm/neon/vmulQ_lanes16.c (test for excess errors)
FAIL: gcc.target/arm/neon/vmulQ_lanes32.c (test for excess errors)
FAIL: gcc.target/arm/neon/vmulQ_laneu16.c (test for excess errors)
FAIL: gcc.target/arm/neon/vmulQ_laneu32.c (test for excess errors)
FAIL: gcc.target/arm/neon/vmulQ_nf32.c (test for excess errors)
FAIL: gcc.target/arm/neon/vmulQ_ns16.c (test for excess errors)
FAIL: gcc.target/arm/neon/vmulQ_ns32.c (test for excess errors)
FAIL: gcc.target/arm/neon/vmulQ_nu16.c (test for excess errors)
FAIL: gcc.target/arm/neon/vmulQ_nu32.c (test for excess errors)
FAIL: gcc.target/arm/neon/vmulQf32.c (test for excess errors)
FAIL: gcc.target/arm/neon/vmulQp8.c (test for excess errors)
FAIL: gcc.target/arm/neon/vmulQs16.c (test for excess errors)
FAIL: gcc.target/arm/neon/vmulQs32.c (test for excess errors)
FAIL: gcc.target/arm/neon/vmulQs8.c (test for excess errors)
FAIL: gcc.target/arm/neon/vmulQu16.c (test for excess errors)
FAIL: gcc.target/arm/neon/vmulQu32.c (test for excess errors)
FAIL: gcc.target/arm/neon/vmulQu8.c (test for excess errors)
FAIL: gcc.target/arm/neon/vmul_lanef32.c (test for excess errors)
FAIL: gcc.target/arm/neon/vmul_lanes16.c (test for excess errors)
FAIL: gcc.target/arm/neon/vmul_lanes32.c (test for excess errors)
FAIL: gcc.target/arm/neon/vmul_laneu16.c (test for excess errors)
FAIL: gcc.target/arm/neon/vmul_laneu32.c (test for excess errors)
FAIL: gcc.target/arm/neon/vmul_nf32.c (test for excess errors)
FAIL: gcc.target/arm/neon/vmul_ns16.c (test for excess errors)
FAIL: gcc.target/arm/neon/vmul_ns32.c (test for excess errors)
FAIL: gcc.target/arm/neon/vmul_nu16.c (test for excess errors)
FAIL: gcc.target/arm/neon/vmul_nu32.c (test for excess errors)
FAIL: gcc.target/arm/neon/vnegQf32.c (test for excess errors)
FAIL: gcc.target/arm/neon/vnegQs16.c (test for excess errors)
FAIL: gcc.target/arm/neon/vnegQs32.c (test for excess errors)
FAIL: gcc.target/arm/neon/vnegQs8.c (test for excess errors)
FAIL: gcc.target/arm/neon/vsubQf32.c (test for excess errors)
FAIL: gcc.target/arm/neon/vsubQs16.c (test for excess errors)
FAIL: gcc.target/arm/neon/vsubQs32.c (test for excess errors)
FAIL: gcc.target/arm/neon/vsubQs64.c (test for excess errors)
FAIL: gcc.target/arm/neon/vsubQs8.c (test for excess errors)
FAIL: gcc.target/arm/neon/vsubQu16.c (test for excess errors)
FAIL: gcc.target/arm/neon/vsubQu32.c (test for excess errors)
FAIL: gcc.target/arm/neon/vsubQu64.c (test for excess errors)
FAIL: gcc.target/arm/neon/vsubQu8.c (test for excess errors)
=== gcc Summary ===
# of expected passes 49770
# of unexpected failures 136
# of expected failures 102
# of unresolved testcases 1
# of untested testcases 35
# of unsupported tests 723
/home/dave/gnu/gcc/objdir/gcc/xgcc version 4.3.2 (GCC)
=== gfortran tests ===
Running target unix
FAIL: gfortran.dg/enum_10.f90 -O0 (test for excess errors)
FAIL: gfortran.dg/enum_10.f90 -O1 (test for excess errors)
FAIL: gfortran.dg/enum_10.f90 -O2 (test for excess errors)
FAIL: gfortran.dg/enum_10.f90 -O3 -fomit-frame-pointer (test for excess errors)
FAIL: gfortran.dg/enum_10.f90 -O3 -fomit-frame-pointer -funroll-loops (test for excess errors)
FAIL: gfortran.dg/enum_10.f90 -O3 -fomit-frame-pointer -funroll-all-loops -finline-functions (test for excess errors)
FAIL: gfortran.dg/enum_10.f90 -O3 -g (test for excess errors)
FAIL: gfortran.dg/enum_10.f90 -Os (test for excess errors)
FAIL: gfortran.dg/namelist_14.f90 -O0 execution test
FAIL: gfortran.dg/ret_array_1.f90 -O3 -fomit-frame-pointer -funroll-loops (internal compiler error)
FAIL: gfortran.dg/ret_array_1.f90 -O3 -fomit-frame-pointer -funroll-loops (test for excess errors)
WARNING: gfortran.dg/ret_array_1.f90 -O3 -fomit-frame-pointer -funroll-loops compilation failed to produce executable
FAIL: gfortran.dg/ret_array_1.f90 -O3 -fomit-frame-pointer -funroll-all-loops -finline-functions (internal compiler error)
FAIL: gfortran.dg/ret_array_1.f90 -O3 -fomit-frame-pointer -funroll-all-loops -finline-functions (test for excess errors)
WARNING: gfortran.dg/ret_array_1.f90 -O3 -fomit-frame-pointer -funroll-all-loops -finline-functions compilation failed to produce executable
FAIL: gfortran.dg/zero_sized_1.f90 -O3 -fomit-frame-pointer -funroll-loops (internal compiler error)
FAIL: gfortran.dg/zero_sized_1.f90 -O3 -fomit-frame-pointer -funroll-loops (test for excess errors)
WARNING: gfortran.dg/zero_sized_1.f90 -O3 -fomit-frame-pointer -funroll-loops compilation failed to produce executable
FAIL: gfortran.dg/zero_sized_1.f90 -O3 -fomit-frame-pointer -funroll-all-loops -finline-functions (internal compiler error)
FAIL: gfortran.dg/zero_sized_1.f90 -O3 -fomit-frame-pointer -funroll-all-loops -finline-functions (test for excess errors)
WARNING: gfortran.dg/zero_sized_1.f90 -O3 -fomit-frame-pointer -funroll-all-loops -finline-functions compilation failed to produce executable
=== gfortran Summary ===
# of expected passes 23923
# of unexpected failures 17
# of expected failures 3
# of unsupported tests 150
/home/dave/gnu/gcc/objdir/gcc/testsuite/gfortran/../../gfortran version 4.3.2 (GCC)
Compiler version: 4.3.2 (GCC)
Platform: arm-none-linux-gnueabi
configure flags: --host=arm-none-linux-gnueabi --target=arm-none-linux-gnueabi --build=arm-none-linux-gnueabi --enable-languages=c,c++,fortran --enable-shared --enable-threads --disable-multilib --disable-libmudflap --disable-libssp --enable-symvers=gnu --enable-__cxa_atexit --disable-libstdcxx-pch --prefix=/home/dave/opt/gnu/gcc/gcc-4.3.2 --with-gmp=/home/dave/opt/gnu