This is the mail archive of the
gcc-testresults@gcc.gnu.org
mailing list for the GCC project.
Results for 4.4.0 20090126 (experimental) (GCC) testsuite on s390x-ibm-linux-gnu
- From: Andreas Krebbel <Andreas dot Krebbel at de dot ibm dot com>
- To: gcc-testresults at gcc dot gnu dot org
- Date: Tue, 27 Jan 2009 06:26:46 +0100
- Subject: Results for 4.4.0 20090126 (experimental) (GCC) testsuite on s390x-ibm-linux-gnu
LAST_UPDATED: Mon Jan 26 22:21:26 UTC 2009 (revision 143686M)
=== acats tests ===
=== acats Summary ===
# of expected passes 2315
# of unexpected failures 0
Native configuration is s390x-ibm-linux-gnu
=== g++ tests ===
Running target unix
=== g++ Summary ===
# of expected passes 18825
# of expected failures 141
# of unsupported tests 153
/31bit/build-extralong/BUILD/gcc/obj-s390x-redhat-linux/gcc/testsuite/g++/../../g++ version 4.4.0 20090126 (experimental) (GCC)
=== gcc tests ===
Running target unix
FAIL: gcc.dg/uninit-13.c unconditional (test for warnings, line 8)
FAIL: gcc.dg/uninit-13.c (test for excess errors)
FAIL: gcc.dg/tree-prof/bb-reorg.c compilation, -fprofile-use -D_PROFILE_USE
UNRESOLVED: gcc.dg/tree-prof/bb-reorg.c execution, -fprofile-use -D_PROFILE_USE
FAIL: gcc.dg/tree-prof/pr34999.c compilation, -fprofile-use -D_PROFILE_USE
UNRESOLVED: gcc.dg/tree-prof/pr34999.c execution, -fprofile-use -D_PROFILE_USE
XPASS: gcc.dg/tree-ssa/20040204-1.c scan-tree-dump-times optimized "link_error" 0
FAIL: gcc.dg/tree-ssa/vrp47.c scan-tree-dump-times vrp1 "[xy][^ ]* !=" 0
FAIL: gcc.dg/tree-ssa/vrp47.c scan-tree-dump-times dom1 "x[^ ]* & y" 1
FAIL: gcc.dg/tree-ssa/vrp47.c scan-tree-dump-times vrp1 "x[^ ]* [|] y" 1
=== gcc Summary ===
# of expected passes 48908
# of unexpected failures 7
# of unexpected successes 1
# of expected failures 126
# of unresolved testcases 2
# of unsupported tests 489
/31bit/build-extralong/BUILD/gcc/obj-s390x-redhat-linux/gcc/xgcc version 4.4.0 20090126 (experimental) (GCC)
=== gfortran tests ===
Running target unix
=== gfortran Summary ===
# of expected passes 28696
# of expected failures 10
# of unsupported tests 44
/31bit/build-extralong/BUILD/gcc/obj-s390x-redhat-linux/gcc/testsuite/gfortran/../../gfortran version 4.4.0 20090126 (experimental) (GCC)
=== gnat tests ===
Running target unix
FAIL: gnat.dg/pack3.adb execution test
FAIL: gnat.dg/rep_clause2.adb (test for excess errors)
=== gnat Summary ===
# of expected passes 602
# of unexpected failures 2
# of expected failures 6
=== obj-c++ tests ===
Running target unix
WARNING: obj-c++.dg/lookup-2.mm compilation failed to produce executable
WARNING: obj-c++.dg/try-catch-2.mm compilation failed to produce executable
WARNING: obj-c++.dg/try-catch-9.mm compilation failed to produce executable
=== obj-c++ Summary ===
# of expected passes 427
# of expected failures 21
# of unsupported tests 13
/31bit/build-extralong/BUILD/gcc/obj-s390x-redhat-linux/gcc/testsuite/obj-c++/../../g++ version 4.4.0 20090126 (experimental) (GCC)
=== objc tests ===
Running target unix
FAIL: objc/execute/forward-1.m execution, -O0 -fgnu-runtime
FAIL: objc/execute/forward-1.m execution, -O1 -fgnu-runtime
FAIL: objc/execute/forward-1.m execution, -O2 -fgnu-runtime
FAIL: objc/execute/forward-1.m execution, -O3 -fomit-frame-pointer -fgnu-runtime
FAIL: objc/execute/forward-1.m execution, -O3 -fomit-frame-pointer -funroll-loops -fgnu-runtime
FAIL: objc/execute/forward-1.m execution, -O3 -fomit-frame-pointer -funroll-all-loops -finline-functions -fgnu-runtime
FAIL: objc/execute/forward-1.m execution, -O3 -g -fgnu-runtime
FAIL: objc/execute/forward-1.m execution, -Os -fgnu-runtime
=== objc Summary ===
# of expected passes 1822
# of unexpected failures 8
# of expected failures 7
# of unsupported tests 24
/31bit/build-extralong/BUILD/gcc/obj-s390x-redhat-linux/gcc/xgcc version 4.4.0 20090126 (experimental) (GCC)
=== libffi tests ===
Running target unix
=== libffi Summary ===
# of expected passes 1389
# of unsupported tests 10
=== libgomp tests ===
Running target unix
=== libgomp Summary ===
# of expected passes 2345
=== libjava tests ===
Running target unix
=== libjava Summary ===
# of expected passes 2574
=== libmudflap tests ===
Running target unix
FAIL: libmudflap.c++/pass41-frag.cxx execution test
FAIL: libmudflap.c++/pass57-frag.cxx (test for excess errors)
FAIL: libmudflap.c++/pass41-frag.cxx (-static) execution test
FAIL: libmudflap.c++/pass57-frag.cxx (-static) (test for excess errors)
FAIL: libmudflap.c++/pass57-frag.cxx ( -O) (test for excess errors)
FAIL: libmudflap.c++/pass41-frag.cxx (-O2) execution test
FAIL: libmudflap.c++/pass57-frag.cxx (-O2) (test for excess errors)
FAIL: libmudflap.c++/pass41-frag.cxx (-O3) execution test
FAIL: libmudflap.c++/pass57-frag.cxx (-O3) (test for excess errors)
=== libmudflap Summary ===
# of expected passes 1885
# of unexpected failures 9
=== libstdc++ tests ===
Running target unix
FAIL: 21_strings/basic_string/element_access/wchar_t/empty.cc (test for excess errors)
FAIL: 23_containers/list/modifiers/1.cc (test for excess errors)
FAIL: 23_containers/list/modifiers/3.cc (test for excess errors)
FAIL: 23_containers/list/modifiers/insert/25288.cc (test for excess errors)
FAIL: 23_containers/list/operations/35969.cc (test for excess errors)
FAIL: 23_containers/list/operations/4.cc (test for excess errors)
FAIL: 25_algorithms/binary_search/2.cc (test for excess errors)
FAIL: 25_algorithms/copy_if/check_type.cc (test for excess errors)
FAIL: 25_algorithms/equal_range/2.cc (test for excess errors)
FAIL: 25_algorithms/partial_sort_copy/2.cc (test for excess errors)
FAIL: 25_algorithms/partial_sort_copy/check_type.cc (test for excess errors)
FAIL: 25_algorithms/partition_copy/check_type.cc (test for excess errors)
FAIL: 25_algorithms/remove_if/check_type.cc (test for excess errors)
FAIL: 25_algorithms/stable_partition/1.cc (test for excess errors)
XPASS: 26_numerics/headers/cmath/c99_classification_macros_c.cc (test for excess errors)
FAIL: 27_io/ios_base/types/fmtflags/bitmask_operators.cc (test for excess errors)
FAIL: 27_io/ios_base/types/iostate/bitmask_operators.cc (test for excess errors)
FAIL: 27_io/ios_base/types/openmode/bitmask_operators.cc (test for excess errors)
FAIL: ext/pb_ds/example/assoc_container_traits.cc (test for excess errors)
FAIL: ext/pb_ds/example/priority_queue_container_traits.cc (test for excess errors)
FAIL: ext/pb_ds/regression/hash_data_map_rand.cc (test for excess errors)
FAIL: ext/pb_ds/regression/hash_no_data_map_rand.cc (test for excess errors)
FAIL: ext/pb_ds/regression/list_update_data_map_rand.cc (test for excess errors)
FAIL: ext/pb_ds/regression/list_update_no_data_map_rand.cc (test for excess errors)
FAIL: ext/pb_ds/regression/priority_queue_rand.cc (test for excess errors)
FAIL: ext/pb_ds/regression/tree_data_map_rand.cc (test for excess errors)
FAIL: ext/pb_ds/regression/tree_no_data_map_rand.cc (test for excess errors)
FAIL: ext/pb_ds/regression/trie_data_map_rand.cc (test for excess errors)
FAIL: ext/pb_ds/regression/trie_no_data_map_rand.cc (test for excess errors)
FAIL: tr1/3_function_objects/function/4.cc (test for excess errors)
=== libstdc++ Summary ===
# of expected passes 6384
# of unexpected failures 29
# of unexpected successes 1
# of expected failures 79
# of unsupported tests 13
Compiler version: 4.4.0 20090126 (experimental) (GCC)
Platform: s390x-ibm-linux-gnu
configure flags: --prefix=/usr --mandir=/usr/share/man --infodir=/usr/share/info --enable-shared --enable-threads=posix --enable-checking --with-system-zlib --enable-__cxa_atexit --with-long-double-128 --host=s390x-redhat-linux --build=s390x-redhat-linux --target=s390x-redhat-linux --enable-languages=c,c++,objc,obj-c++,java,fortran,ada