This is the mail archive of the
gcc-testresults@gcc.gnu.org
mailing list for the GCC project.
Results for 4.4.0 20090117 (experimental) [trunk revision 143454] (GCC) testsuite on i386-pc-solaris2.11
- From: rob1weld at aol dot com
- To: gcc-testresults at gcc dot gnu dot org
- Date: Sun, 18 Jan 2009 07:38:43 -0500
- Subject: Results for 4.4.0 20090117 (experimental) [trunk revision 143454] (GCC) testsuite on i386-pc-solaris2.11
The build was broken today but if you get it working you may expect
these results
on OpenSolaris 2008.11 if you use the same ./configure options, and
this patch:
libmudflap could be enabled for Solaris when using GNU ld
http://gcc.gnu.org/bugzilla/show_bug.cgi?id=38738
LAST_UPDATED: Sat Jan 17 01:02:29 UTC 2009 (revision 143454)
=== acats tests ===
=== acats Summary ===
# of expected passes 2315
# of unexpected failures 0
Native configuration is i386-pc-solaris2.11
=== g++ tests ===
Running target unix
XPASS: g++.dg/other/ucnid-1.C (test for excess errors)
FAIL: g++.dg/pch/array-1.C -g -I. (internal compiler error)
FAIL: g++.dg/pch/array-1.C -g -I. (test for excess errors)
FAIL: g++.dg/pch/array-1.C -g assembly comparison
FAIL: g++.dg/pch/array-1.C -O2 -g -I. (internal compiler error)
FAIL: g++.dg/pch/array-1.C -O2 -g -I. (test for excess errors)
FAIL: g++.dg/pch/array-1.C -O2 -g assembly comparison
FAIL: g++.dg/pch/array-1.C -O2 -I. (internal compiler error)
FAIL: g++.dg/pch/array-1.C -O2 -I. (test for excess errors)
FAIL: g++.dg/pch/array-1.C -O2 assembly comparison
FAIL: g++.dg/pch/empty.C -g -I. (internal compiler error)
FAIL: g++.dg/pch/empty.C -g -I. (test for excess errors)
FAIL: g++.dg/pch/empty.C -g assembly comparison
FAIL: g++.dg/pch/empty.C -O2 -g -I. (internal compiler error)
FAIL: g++.dg/pch/empty.C -O2 -g -I. (test for excess errors)
FAIL: g++.dg/pch/empty.C -O2 -g assembly comparison
FAIL: g++.dg/pch/empty.C -O2 -I. (internal compiler error)
FAIL: g++.dg/pch/empty.C -O2 -I. (test for excess errors)
FAIL: g++.dg/pch/empty.C -O2 assembly comparison
FAIL: g++.dg/pch/externc-1.C -g -I. (internal compiler error)
FAIL: g++.dg/pch/externc-1.C -g -I. (test for excess errors)
FAIL: g++.dg/pch/externc-1.C -g assembly comparison
FAIL: g++.dg/pch/externc-1.C -O2 -g -I. (internal compiler error)
FAIL: g++.dg/pch/externc-1.C -O2 -g -I. (test for excess errors)
FAIL: g++.dg/pch/externc-1.C -O2 -g assembly comparison
FAIL: g++.dg/pch/local-1.C -g -I. (internal compiler error)
FAIL: g++.dg/pch/local-1.C -g -I. (test for excess errors)
FAIL: g++.dg/pch/local-1.C -g assembly comparison
FAIL: g++.dg/pch/local-1.C -O2 -g -I. (internal compiler error)
FAIL: g++.dg/pch/local-1.C -O2 -g -I. (test for excess errors)
FAIL: g++.dg/pch/local-1.C -O2 -g assembly comparison
FAIL: g++.dg/pch/local-1.C -O2 -I. (internal compiler error)
FAIL: g++.dg/pch/local-1.C -O2 -I. (test for excess errors)
FAIL: g++.dg/pch/local-1.C -O2 assembly comparison
FAIL: g++.dg/pch/pch.C -g -I. (internal compiler error)
FAIL: g++.dg/pch/pch.C -g -I. (test for excess errors)
FAIL: g++.dg/pch/pch.C -g assembly comparison
FAIL: g++.dg/pch/pch.C -O2 -g -I. (internal compiler error)
FAIL: g++.dg/pch/pch.C -O2 -g -I. (test for excess errors)
FAIL: g++.dg/pch/pch.C -O2 -g assembly comparison
FAIL: g++.dg/pch/pch.C -O2 -I. (internal compiler error)
FAIL: g++.dg/pch/pch.C -O2 -I. (test for excess errors)
FAIL: g++.dg/pch/pch.C -O2 assembly comparison
FAIL: g++.dg/pch/static-1.C -g -I. (internal compiler error)
FAIL: g++.dg/pch/static-1.C -g -I. (test for excess errors)
FAIL: g++.dg/pch/static-1.C -g assembly comparison
FAIL: g++.dg/pch/static-1.C -O2 -g -I. (internal compiler error)
FAIL: g++.dg/pch/static-1.C -O2 -g -I. (test for excess errors)
FAIL: g++.dg/pch/static-1.C -O2 -g assembly comparison
FAIL: g++.dg/pch/static-1.C -O2 -I. (internal compiler error)
FAIL: g++.dg/pch/static-1.C -O2 -I. (test for excess errors)
FAIL: g++.dg/pch/static-1.C -O2 assembly comparison
FAIL: g++.dg/pch/system-1.C -g -I. (internal compiler error)
FAIL: g++.dg/pch/system-1.C -g -I. (test for excess errors)
FAIL: g++.dg/pch/system-1.C -g assembly comparison
FAIL: g++.dg/pch/system-1.C -O2 -g -I. (internal compiler error)
FAIL: g++.dg/pch/system-1.C -O2 -g -I. (test for excess errors)
FAIL: g++.dg/pch/system-1.C -O2 -g assembly comparison
FAIL: g++.dg/pch/system-1.C -O2 -I. (internal compiler error)
FAIL: g++.dg/pch/system-1.C -O2 -I. (test for excess errors)
FAIL: g++.dg/pch/system-1.C -O2 assembly comparison
FAIL: g++.dg/pch/system-2.C -g -I. (internal compiler error)
FAIL: g++.dg/pch/system-2.C -g -I. (test for excess errors)
FAIL: g++.dg/pch/system-2.C -g assembly comparison
FAIL: g++.dg/pch/system-2.C -O2 -g -I. (internal compiler error)
FAIL: g++.dg/pch/system-2.C -O2 -g -I. (test for excess errors)
FAIL: g++.dg/pch/system-2.C -O2 -g assembly comparison
FAIL: g++.dg/pch/system-2.C -O2 -I. (internal compiler error)
FAIL: g++.dg/pch/system-2.C -O2 -I. (test for excess errors)
FAIL: g++.dg/pch/system-2.C -O2 assembly comparison
FAIL: g++.dg/pch/template-1.C -g -I. (internal compiler error)
FAIL: g++.dg/pch/template-1.C -g -I. (test for excess errors)
FAIL: g++.dg/pch/template-1.C -g assembly comparison
FAIL: g++.dg/pch/template-1.C -O2 -g -I. (internal compiler error)
FAIL: g++.dg/pch/template-1.C -O2 -g -I. (test for excess errors)
FAIL: g++.dg/pch/template-1.C -O2 -g assembly comparison
FAIL: g++.dg/pch/template-1.C -O2 -I. (internal compiler error)
FAIL: g++.dg/pch/template-1.C -O2 -I. (test for excess errors)
FAIL: g++.dg/pch/template-1.C -O2 assembly comparison
FAIL: g++.dg/pch/uninst.C -g -I. (internal compiler error)
FAIL: g++.dg/pch/uninst.C -g -I. (test for excess errors)
FAIL: g++.dg/pch/uninst.C -g assembly comparison
FAIL: g++.dg/pch/uninst.C -O2 -g -I. (internal compiler error)
FAIL: g++.dg/pch/uninst.C -O2 -g -I. (test for excess errors)
FAIL: g++.dg/pch/uninst.C -O2 -g assembly comparison
FAIL: g++.dg/pch/uninst.C -O2 -I. (internal compiler error)
FAIL: g++.dg/pch/uninst.C -O2 -I. (test for excess errors)
FAIL: g++.dg/pch/uninst.C -O2 assembly comparison
FAIL: g++.dg/pch/wchar-1.C -g -I. (internal compiler error)
FAIL: g++.dg/pch/wchar-1.C -g -I. (test for excess errors)
FAIL: g++.dg/pch/wchar-1.C -g assembly comparison
FAIL: g++.dg/pch/wchar-1.C -O2 -g -I. (internal compiler error)
FAIL: g++.dg/pch/wchar-1.C -O2 -g -I. (test for excess errors)
FAIL: g++.dg/pch/wchar-1.C -O2 -g assembly comparison
FAIL: g++.dg/tls/static-1.C execution test
XPASS: g++.old-deja/g++.oliva/dwarf2.C (test for excess errors)
XPASS: g++.old-deja/g++.oliva/dwarf3.C (test for excess errors)
XPASS: g++.old-deja/g++.other/init19.C execution test
=== g++ Summary ===
# of expected passes 19262
# of unexpected failures 94
# of unexpected successes 4
# of expected failures 142
# of unsupported tests 130
/usr/share/src/gcc_build/gcc/testsuite/g++/../../g++ version 4.4.0
20090117 (experimental) [trunk revision 143454] (GCC)
=== gcc tests ===
Running target unix
FAIL: gcc.c-torture/compile/limits-structnest.c -O2 (test for excess
errors)
FAIL: gcc.c-torture/compile/limits-structnest.c -O3
-fomit-frame-pointer (test for excess errors)
FAIL: gcc.c-torture/compile/limits-structnest.c -O3 -g (test for
excess errors)
FAIL: gcc.c-torture/compile/limits-structnest.c -Os (test for excess
errors)
FAIL: gcc.dg/dfp/func-vararg-mixed-2.c (test for excess errors)
WARNING: gcc.dg/dfp/func-vararg-mixed-2.c compilation failed to produce
executable
XPASS: gcc.dg/ucnid-2.c (test for excess errors)
XPASS: gcc.dg/ucnid-3.c (test for excess errors)
XPASS: gcc.dg/ucnid-4.c (test for excess errors)
FAIL: gcc.dg/pch/common-1.c -O0 -g -I. (internal compiler error)
FAIL: gcc.dg/pch/common-1.c -O0 -g -I. (test for excess errors)
FAIL: gcc.dg/pch/common-1.c -O0 -g assembly comparison
FAIL: gcc.dg/pch/common-1.c -O3 -g -I. (internal compiler error)
FAIL: gcc.dg/pch/common-1.c -O3 -g -I. (test for excess errors)
FAIL: gcc.dg/pch/common-1.c -O3 -g assembly comparison
FAIL: gcc.dg/pch/counter-1.c -O0 -g -I. (internal compiler error)
FAIL: gcc.dg/pch/counter-1.c -O0 -g -I. (test for excess errors)
FAIL: gcc.dg/pch/counter-1.c -O0 -g assembly comparison
FAIL: gcc.dg/pch/counter-1.c -O0 -I. (internal compiler error)
FAIL: gcc.dg/pch/counter-1.c -O0 -I. (test for excess errors)
FAIL: gcc.dg/pch/counter-1.c -O0 assembly comparison
FAIL: gcc.dg/pch/counter-1.c -O1 -I. (internal compiler error)
FAIL: gcc.dg/pch/counter-1.c -O1 -I. (test for excess errors)
FAIL: gcc.dg/pch/counter-1.c -O1 assembly comparison
FAIL: gcc.dg/pch/counter-1.c -O2 -I. (internal compiler error)
FAIL: gcc.dg/pch/counter-1.c -O2 -I. (test for excess errors)
FAIL: gcc.dg/pch/counter-1.c -O2 assembly comparison
FAIL: gcc.dg/pch/counter-1.c -O3 -fomit-frame-pointer -I. (internal
compiler error)
FAIL: gcc.dg/pch/counter-1.c -O3 -fomit-frame-pointer -I. (test for
excess errors)
FAIL: gcc.dg/pch/counter-1.c -O3 -fomit-frame-pointer assembly
comparison
FAIL: gcc.dg/pch/counter-1.c -O3 -g -I. (internal compiler error)
FAIL: gcc.dg/pch/counter-1.c -O3 -g -I. (test for excess errors)
FAIL: gcc.dg/pch/counter-1.c -O3 -g assembly comparison
FAIL: gcc.dg/pch/counter-1.c -Os -I. (internal compiler error)
FAIL: gcc.dg/pch/counter-1.c -Os -I. (test for excess errors)
FAIL: gcc.dg/pch/counter-1.c -Os assembly comparison
FAIL: gcc.dg/pch/counter-3.c -O0 -g -I. (internal compiler error)
FAIL: gcc.dg/pch/counter-3.c -O0 -g -I. (test for excess errors)
FAIL: gcc.dg/pch/counter-3.c -O0 -g assembly comparison
FAIL: gcc.dg/pch/counter-3.c -O0 -I. (internal compiler error)
FAIL: gcc.dg/pch/counter-3.c -O0 -I. (test for excess errors)
FAIL: gcc.dg/pch/counter-3.c -O0 assembly comparison
FAIL: gcc.dg/pch/counter-3.c -O1 -I. (internal compiler error)
FAIL: gcc.dg/pch/counter-3.c -O1 -I. (test for excess errors)
FAIL: gcc.dg/pch/counter-3.c -O1 assembly comparison
FAIL: gcc.dg/pch/counter-3.c -O2 -I. (internal compiler error)
FAIL: gcc.dg/pch/counter-3.c -O2 -I. (test for excess errors)
FAIL: gcc.dg/pch/counter-3.c -O2 assembly comparison
FAIL: gcc.dg/pch/counter-3.c -O3 -fomit-frame-pointer -I. (internal
compiler error)
FAIL: gcc.dg/pch/counter-3.c -O3 -fomit-frame-pointer -I. (test for
excess errors)
FAIL: gcc.dg/pch/counter-3.c -O3 -fomit-frame-pointer assembly
comparison
FAIL: gcc.dg/pch/counter-3.c -O3 -g -I. (internal compiler error)
FAIL: gcc.dg/pch/counter-3.c -O3 -g -I. (test for excess errors)
FAIL: gcc.dg/pch/counter-3.c -O3 -g assembly comparison
FAIL: gcc.dg/pch/counter-3.c -Os -I. (internal compiler error)
FAIL: gcc.dg/pch/counter-3.c -Os -I. (test for excess errors)
FAIL: gcc.dg/pch/counter-3.c -Os assembly comparison
FAIL: gcc.dg/pch/cpp-1.c -O0 -g -I. (internal compiler error)
FAIL: gcc.dg/pch/cpp-1.c -O0 -g -I. (test for excess errors)
FAIL: gcc.dg/pch/cpp-1.c -O0 -g assembly comparison
FAIL: gcc.dg/pch/cpp-1.c -O3 -g -I. (internal compiler error)
FAIL: gcc.dg/pch/cpp-1.c -O3 -g -I. (test for excess errors)
FAIL: gcc.dg/pch/cpp-1.c -O3 -g assembly comparison
FAIL: gcc.dg/pch/cpp-2.c -O0 -g -I. (internal compiler error)
FAIL: gcc.dg/pch/cpp-2.c -O0 -g -I. (test for excess errors)
FAIL: gcc.dg/pch/cpp-2.c -O0 -g assembly comparison
FAIL: gcc.dg/pch/cpp-2.c -O3 -g -I. (internal compiler error)
FAIL: gcc.dg/pch/cpp-2.c -O3 -g -I. (test for excess errors)
FAIL: gcc.dg/pch/cpp-2.c -O3 -g assembly comparison
FAIL: gcc.dg/pch/cpp-3.c -O0 -g -I. (internal compiler error)
FAIL: gcc.dg/pch/cpp-3.c -O0 -g -I. (test for excess errors)
FAIL: gcc.dg/pch/cpp-3.c -O0 -g assembly comparison
FAIL: gcc.dg/pch/cpp-3.c -O0 -I. (internal compiler error)
FAIL: gcc.dg/pch/cpp-3.c -O0 -I. (test for excess errors)
FAIL: gcc.dg/pch/cpp-3.c -O0 assembly comparison
FAIL: gcc.dg/pch/cpp-3.c -O1 -I. (internal compiler error)
FAIL: gcc.dg/pch/cpp-3.c -O1 -I. (test for excess errors)
FAIL: gcc.dg/pch/cpp-3.c -O1 assembly comparison
FAIL: gcc.dg/pch/cpp-3.c -O2 -I. (internal compiler error)
FAIL: gcc.dg/pch/cpp-3.c -O2 -I. (test for excess errors)
FAIL: gcc.dg/pch/cpp-3.c -O2 assembly comparison
FAIL: gcc.dg/pch/cpp-3.c -O3 -fomit-frame-pointer -I. (internal
compiler error)
FAIL: gcc.dg/pch/cpp-3.c -O3 -fomit-frame-pointer -I. (test for
excess errors)
FAIL: gcc.dg/pch/cpp-3.c -O3 -fomit-frame-pointer assembly comparison
FAIL: gcc.dg/pch/cpp-3.c -O3 -g -I. (internal compiler error)
FAIL: gcc.dg/pch/cpp-3.c -O3 -g -I. (test for excess errors)
FAIL: gcc.dg/pch/cpp-3.c -O3 -g assembly comparison
FAIL: gcc.dg/pch/cpp-3.c -Os -I. (internal compiler error)
FAIL: gcc.dg/pch/cpp-3.c -Os -I. (test for excess errors)
FAIL: gcc.dg/pch/cpp-3.c -Os assembly comparison
FAIL: gcc.dg/pch/decl-1.c -O0 -g -I. (internal compiler error)
FAIL: gcc.dg/pch/decl-1.c -O0 -g -I. (test for excess errors)
FAIL: gcc.dg/pch/decl-1.c -O0 -g assembly comparison
FAIL: gcc.dg/pch/decl-1.c -O0 -I. (internal compiler error)
FAIL: gcc.dg/pch/decl-1.c -O0 -I. (test for excess errors)
FAIL: gcc.dg/pch/decl-1.c -O0 assembly comparison
FAIL: gcc.dg/pch/decl-1.c -O1 -I. (internal compiler error)
FAIL: gcc.dg/pch/decl-1.c -O1 -I. (test for excess errors)
FAIL: gcc.dg/pch/decl-1.c -O1 assembly comparison
FAIL: gcc.dg/pch/decl-1.c -O2 -I. (internal compiler error)
FAIL: gcc.dg/pch/decl-1.c -O2 -I. (test for excess errors)
FAIL: gcc.dg/pch/decl-1.c -O2 assembly comparison
FAIL: gcc.dg/pch/decl-1.c -O3 -fomit-frame-pointer -I. (internal
compiler error)
FAIL: gcc.dg/pch/decl-1.c -O3 -fomit-frame-pointer -I. (test for
excess errors)
FAIL: gcc.dg/pch/decl-1.c -O3 -fomit-frame-pointer assembly comparison
FAIL: gcc.dg/pch/decl-1.c -O3 -g -I. (internal compiler error)
FAIL: gcc.dg/pch/decl-1.c -O3 -g -I. (test for excess errors)
FAIL: gcc.dg/pch/decl-1.c -O3 -g assembly comparison
FAIL: gcc.dg/pch/decl-1.c -Os -I. (internal compiler error)
FAIL: gcc.dg/pch/decl-1.c -Os -I. (test for excess errors)
FAIL: gcc.dg/pch/decl-1.c -Os assembly comparison
FAIL: gcc.dg/pch/decl-2.c -O0 -g -I. (internal compiler error)
FAIL: gcc.dg/pch/decl-2.c -O0 -g -I. (test for excess errors)
FAIL: gcc.dg/pch/decl-2.c -O0 -g assembly comparison
FAIL: gcc.dg/pch/decl-2.c -O0 -I. (internal compiler error)
FAIL: gcc.dg/pch/decl-2.c -O0 -I. (test for excess errors)
FAIL: gcc.dg/pch/decl-2.c -O0 assembly comparison
FAIL: gcc.dg/pch/decl-2.c -O1 -I. (internal compiler error)
FAIL: gcc.dg/pch/decl-2.c -O1 -I. (test for excess errors)
FAIL: gcc.dg/pch/decl-2.c -O1 assembly comparison
FAIL: gcc.dg/pch/decl-2.c -O2 -I. (internal compiler error)
FAIL: gcc.dg/pch/decl-2.c -O2 -I. (test for excess errors)
FAIL: gcc.dg/pch/decl-2.c -O2 assembly comparison
FAIL: gcc.dg/pch/decl-2.c -O3 -fomit-frame-pointer -I. (internal
compiler error)
FAIL: gcc.dg/pch/decl-2.c -O3 -fomit-frame-pointer -I. (test for
excess errors)
FAIL: gcc.dg/pch/decl-2.c -O3 -fomit-frame-pointer assembly comparison
FAIL: gcc.dg/pch/decl-2.c -O3 -g -I. (internal compiler error)
FAIL: gcc.dg/pch/decl-2.c -O3 -g -I. (test for excess errors)
FAIL: gcc.dg/pch/decl-2.c -O3 -g assembly comparison
FAIL: gcc.dg/pch/decl-2.c -Os -I. (internal compiler error)
FAIL: gcc.dg/pch/decl-2.c -Os -I. (test for excess errors)
FAIL: gcc.dg/pch/decl-2.c -Os assembly comparison
FAIL: gcc.dg/pch/decl-3.c -O0 -g -I. (internal compiler error)
FAIL: gcc.dg/pch/decl-3.c -O0 -g -I. (test for excess errors)
FAIL: gcc.dg/pch/decl-3.c -O0 -g assembly comparison
FAIL: gcc.dg/pch/decl-3.c -O0 -I. (internal compiler error)
FAIL: gcc.dg/pch/decl-3.c -O0 -I. (test for excess errors)
FAIL: gcc.dg/pch/decl-3.c -O0 assembly comparison
FAIL: gcc.dg/pch/decl-3.c -O1 -I. (internal compiler error)
FAIL: gcc.dg/pch/decl-3.c -O1 -I. (test for excess errors)
FAIL: gcc.dg/pch/decl-3.c -O1 assembly comparison
FAIL: gcc.dg/pch/decl-3.c -O2 -I. (internal compiler error)
FAIL: gcc.dg/pch/decl-3.c -O2 -I. (test for excess errors)
FAIL: gcc.dg/pch/decl-3.c -O2 assembly comparison
FAIL: gcc.dg/pch/decl-3.c -O3 -fomit-frame-pointer -I. (internal
compiler error)
FAIL: gcc.dg/pch/decl-3.c -O3 -fomit-frame-pointer -I. (test for
excess errors)
FAIL: gcc.dg/pch/decl-3.c -O3 -fomit-frame-pointer assembly comparison
FAIL: gcc.dg/pch/decl-3.c -O3 -g -I. (internal compiler error)
FAIL: gcc.dg/pch/decl-3.c -O3 -g -I. (test for excess errors)
FAIL: gcc.dg/pch/decl-3.c -O3 -g assembly comparison
FAIL: gcc.dg/pch/decl-3.c -Os -I. (internal compiler error)
FAIL: gcc.dg/pch/decl-3.c -Os -I. (test for excess errors)
FAIL: gcc.dg/pch/decl-3.c -Os assembly comparison
FAIL: gcc.dg/pch/decl-4.c -O0 -g -I. (internal compiler error)
FAIL: gcc.dg/pch/decl-4.c -O0 -g -I. (test for excess errors)
FAIL: gcc.dg/pch/decl-4.c -O0 -g assembly comparison
FAIL: gcc.dg/pch/decl-4.c -O0 -I. (internal compiler error)
FAIL: gcc.dg/pch/decl-4.c -O0 -I. (test for excess errors)
FAIL: gcc.dg/pch/decl-4.c -O0 assembly comparison
FAIL: gcc.dg/pch/decl-4.c -O1 -I. (internal compiler error)
FAIL: gcc.dg/pch/decl-4.c -O1 -I. (test for excess errors)
FAIL: gcc.dg/pch/decl-4.c -O1 assembly comparison
FAIL: gcc.dg/pch/decl-4.c -O2 -I. (internal compiler error)
FAIL: gcc.dg/pch/decl-4.c -O2 -I. (test for excess errors)
FAIL: gcc.dg/pch/decl-4.c -O2 assembly comparison
FAIL: gcc.dg/pch/decl-4.c -O3 -fomit-frame-pointer -I. (internal
compiler error)
FAIL: gcc.dg/pch/decl-4.c -O3 -fomit-frame-pointer -I. (test for
excess errors)
FAIL: gcc.dg/pch/decl-4.c -O3 -fomit-frame-pointer assembly comparison
FAIL: gcc.dg/pch/decl-4.c -O3 -g -I. (internal compiler error)
FAIL: gcc.dg/pch/decl-4.c -O3 -g -I. (test for excess errors)
FAIL: gcc.dg/pch/decl-4.c -O3 -g assembly comparison
FAIL: gcc.dg/pch/decl-4.c -Os -I. (internal compiler error)
FAIL: gcc.dg/pch/decl-4.c -Os -I. (test for excess errors)
FAIL: gcc.dg/pch/decl-4.c -Os assembly comparison
FAIL: gcc.dg/pch/decl-5.c -O0 -g -I. (internal compiler error)
FAIL: gcc.dg/pch/decl-5.c -O0 -g -I. (test for excess errors)
FAIL: gcc.dg/pch/decl-5.c -O0 -g assembly comparison
FAIL: gcc.dg/pch/decl-5.c -O3 -g -I. (internal compiler error)
FAIL: gcc.dg/pch/decl-5.c -O3 -g -I. (test for excess errors)
FAIL: gcc.dg/pch/decl-5.c -O3 -g assembly comparison
FAIL: gcc.dg/pch/empty.c -O0 -g -I. (internal compiler error)
FAIL: gcc.dg/pch/empty.c -O0 -g -I. (test for excess errors)
FAIL: gcc.dg/pch/empty.c -O0 -g assembly comparison
FAIL: gcc.dg/pch/empty.c -O0 -I. (internal compiler error)
FAIL: gcc.dg/pch/empty.c -O0 -I. (test for excess errors)
FAIL: gcc.dg/pch/empty.c -O0 assembly comparison
FAIL: gcc.dg/pch/empty.c -O1 -I. (internal compiler error)
FAIL: gcc.dg/pch/empty.c -O1 -I. (test for excess errors)
FAIL: gcc.dg/pch/empty.c -O1 assembly comparison
FAIL: gcc.dg/pch/empty.c -O2 -I. (internal compiler error)
FAIL: gcc.dg/pch/empty.c -O2 -I. (test for excess errors)
FAIL: gcc.dg/pch/empty.c -O2 assembly comparison
FAIL: gcc.dg/pch/empty.c -O3 -fomit-frame-pointer -I. (internal
compiler error)
FAIL: gcc.dg/pch/empty.c -O3 -fomit-frame-pointer -I. (test for
excess errors)
FAIL: gcc.dg/pch/empty.c -O3 -fomit-frame-pointer assembly comparison
FAIL: gcc.dg/pch/empty.c -O3 -g -I. (internal compiler error)
FAIL: gcc.dg/pch/empty.c -O3 -g -I. (test for excess errors)
FAIL: gcc.dg/pch/empty.c -O3 -g assembly comparison
FAIL: gcc.dg/pch/empty.c -Os -I. (internal compiler error)
FAIL: gcc.dg/pch/empty.c -Os -I. (test for excess errors)
FAIL: gcc.dg/pch/empty.c -Os assembly comparison
FAIL: gcc.dg/pch/except-1.c -O0 -g -I. (internal compiler error)
FAIL: gcc.dg/pch/except-1.c -O0 -g -I. (test for excess errors)
FAIL: gcc.dg/pch/except-1.c -O0 -g assembly comparison
FAIL: gcc.dg/pch/except-1.c -O0 -I. (internal compiler error)
FAIL: gcc.dg/pch/except-1.c -O0 -I. (test for excess errors)
FAIL: gcc.dg/pch/except-1.c -O0 assembly comparison
FAIL: gcc.dg/pch/except-1.c -O1 -I. (internal compiler error)
FAIL: gcc.dg/pch/except-1.c -O1 -I. (test for excess errors)
FAIL: gcc.dg/pch/except-1.c -O1 assembly comparison
FAIL: gcc.dg/pch/except-1.c -O2 -I. (internal compiler error)
FAIL: gcc.dg/pch/except-1.c -O2 -I. (test for excess errors)
FAIL: gcc.dg/pch/except-1.c -O2 assembly comparison
FAIL: gcc.dg/pch/except-1.c -O3 -fomit-frame-pointer -I. (internal
compiler error)
FAIL: gcc.dg/pch/except-1.c -O3 -fomit-frame-pointer -I. (test for
excess errors)
FAIL: gcc.dg/pch/except-1.c -O3 -fomit-frame-pointer assembly
comparison
FAIL: gcc.dg/pch/except-1.c -O3 -g -I. (internal compiler error)
FAIL: gcc.dg/pch/except-1.c -O3 -g -I. (test for excess errors)
FAIL: gcc.dg/pch/except-1.c -O3 -g assembly comparison
FAIL: gcc.dg/pch/except-1.c -Os -I. (internal compiler error)
FAIL: gcc.dg/pch/except-1.c -Os -I. (test for excess errors)
FAIL: gcc.dg/pch/except-1.c -Os assembly comparison
FAIL: gcc.dg/pch/global-1.c -O0 -g -I. (internal compiler error)
FAIL: gcc.dg/pch/global-1.c -O0 -g -I. (test for excess errors)
FAIL: gcc.dg/pch/global-1.c -O0 -g assembly comparison
FAIL: gcc.dg/pch/global-1.c -O3 -g -I. (internal compiler error)
FAIL: gcc.dg/pch/global-1.c -O3 -g -I. (test for excess errors)
FAIL: gcc.dg/pch/global-1.c -O3 -g assembly comparison
FAIL: gcc.dg/pch/import-1.c -O0 -g -I. (internal compiler error)
FAIL: gcc.dg/pch/import-1.c -O0 -g -I. (test for excess errors)
FAIL: gcc.dg/pch/import-1.c -O0 -g assembly comparison
FAIL: gcc.dg/pch/import-1.c -O3 -g -I. (internal compiler error)
FAIL: gcc.dg/pch/import-1.c -O3 -g -I. (test for excess errors)
FAIL: gcc.dg/pch/import-1.c -O3 -g assembly comparison
FAIL: gcc.dg/pch/import-2.c -O0 -g -I. (internal compiler error)
FAIL: gcc.dg/pch/import-2.c -O0 -g -I. (test for excess errors)
FAIL: gcc.dg/pch/import-2.c -O0 -g assembly comparison
FAIL: gcc.dg/pch/import-2.c -O0 -I. (internal compiler error)
FAIL: gcc.dg/pch/import-2.c -O0 -I. (test for excess errors)
FAIL: gcc.dg/pch/import-2.c -O0 assembly comparison
FAIL: gcc.dg/pch/import-2.c -O1 -I. (internal compiler error)
FAIL: gcc.dg/pch/import-2.c -O1 -I. (test for excess errors)
FAIL: gcc.dg/pch/import-2.c -O1 assembly comparison
FAIL: gcc.dg/pch/import-2.c -O2 -I. (internal compiler error)
FAIL: gcc.dg/pch/import-2.c -O2 -I. (test for excess errors)
FAIL: gcc.dg/pch/import-2.c -O2 assembly comparison
FAIL: gcc.dg/pch/import-2.c -O3 -fomit-frame-pointer -I. (internal
compiler error)
FAIL: gcc.dg/pch/import-2.c -O3 -fomit-frame-pointer -I. (test for
excess errors)
FAIL: gcc.dg/pch/import-2.c -O3 -fomit-frame-pointer assembly
comparison
FAIL: gcc.dg/pch/import-2.c -O3 -g -I. (internal compiler error)
FAIL: gcc.dg/pch/import-2.c -O3 -g -I. (test for excess errors)
FAIL: gcc.dg/pch/import-2.c -O3 -g assembly comparison
FAIL: gcc.dg/pch/import-2.c -Os -I. (internal compiler error)
FAIL: gcc.dg/pch/import-2.c -Os -I. (test for excess errors)
FAIL: gcc.dg/pch/import-2.c -Os assembly comparison
FAIL: gcc.dg/pch/inline-1.c -O0 -g -I. (internal compiler error)
FAIL: gcc.dg/pch/inline-1.c -O0 -g -I. (test for excess errors)
FAIL: gcc.dg/pch/inline-1.c -O0 -g assembly comparison
FAIL: gcc.dg/pch/inline-1.c -O0 -I. (internal compiler error)
FAIL: gcc.dg/pch/inline-1.c -O0 -I. (test for excess errors)
FAIL: gcc.dg/pch/inline-1.c -O0 assembly comparison
FAIL: gcc.dg/pch/inline-1.c -O1 -I. (internal compiler error)
FAIL: gcc.dg/pch/inline-1.c -O1 -I. (test for excess errors)
FAIL: gcc.dg/pch/inline-1.c -O1 assembly comparison
FAIL: gcc.dg/pch/inline-1.c -O2 -I. (internal compiler error)
FAIL: gcc.dg/pch/inline-1.c -O2 -I. (test for excess errors)
FAIL: gcc.dg/pch/inline-1.c -O2 assembly comparison
FAIL: gcc.dg/pch/inline-1.c -O3 -fomit-frame-pointer -I. (internal
compiler error)
FAIL: gcc.dg/pch/inline-1.c -O3 -fomit-frame-pointer -I. (test for
excess errors)
FAIL: gcc.dg/pch/inline-1.c -O3 -fomit-frame-pointer assembly
comparison
FAIL: gcc.dg/pch/inline-1.c -O3 -g -I. (internal compiler error)
FAIL: gcc.dg/pch/inline-1.c -O3 -g -I. (test for excess errors)
FAIL: gcc.dg/pch/inline-1.c -O3 -g assembly comparison
FAIL: gcc.dg/pch/inline-1.c -Os -I. (internal compiler error)
FAIL: gcc.dg/pch/inline-1.c -Os -I. (test for excess errors)
FAIL: gcc.dg/pch/inline-1.c -Os assembly comparison
FAIL: gcc.dg/pch/inline-2.c -O0 -g -I. (internal compiler error)
FAIL: gcc.dg/pch/inline-2.c -O0 -g -I. (test for excess errors)
FAIL: gcc.dg/pch/inline-2.c -O0 -g assembly comparison
FAIL: gcc.dg/pch/inline-2.c -O0 -I. (internal compiler error)
FAIL: gcc.dg/pch/inline-2.c -O0 -I. (test for excess errors)
FAIL: gcc.dg/pch/inline-2.c -O0 assembly comparison
FAIL: gcc.dg/pch/inline-2.c -O1 -I. (internal compiler error)
FAIL: gcc.dg/pch/inline-2.c -O1 -I. (test for excess errors)
FAIL: gcc.dg/pch/inline-2.c -O1 assembly comparison
FAIL: gcc.dg/pch/inline-2.c -O2 -I. (internal compiler error)
FAIL: gcc.dg/pch/inline-2.c -O2 -I. (test for excess errors)
FAIL: gcc.dg/pch/inline-2.c -O2 assembly comparison
FAIL: gcc.dg/pch/inline-2.c -O3 -fomit-frame-pointer -I. (internal
compiler error)
FAIL: gcc.dg/pch/inline-2.c -O3 -fomit-frame-pointer -I. (test for
excess errors)
FAIL: gcc.dg/pch/inline-2.c -O3 -fomit-frame-pointer assembly
comparison
FAIL: gcc.dg/pch/inline-2.c -O3 -g -I. (internal compiler error)
FAIL: gcc.dg/pch/inline-2.c -O3 -g -I. (test for excess errors)
FAIL: gcc.dg/pch/inline-2.c -O3 -g assembly comparison
FAIL: gcc.dg/pch/inline-2.c -Os -I. (internal compiler error)
FAIL: gcc.dg/pch/inline-2.c -Os -I. (test for excess errors)
FAIL: gcc.dg/pch/inline-2.c -Os assembly comparison
FAIL: gcc.dg/pch/inline-3.c -O0 -g -I. (internal compiler error)
FAIL: gcc.dg/pch/inline-3.c -O0 -g -I. (test for excess errors)
FAIL: gcc.dg/pch/inline-3.c -O0 -g assembly comparison
FAIL: gcc.dg/pch/inline-3.c -O0 -I. (internal compiler error)
FAIL: gcc.dg/pch/inline-3.c -O0 -I. (test for excess errors)
FAIL: gcc.dg/pch/inline-3.c -O0 assembly comparison
FAIL: gcc.dg/pch/inline-3.c -O1 -I. (internal compiler error)
FAIL: gcc.dg/pch/inline-3.c -O1 -I. (test for excess errors)
FAIL: gcc.dg/pch/inline-3.c -O1 assembly comparison
FAIL: gcc.dg/pch/inline-3.c -O2 -I. (internal compiler error)
FAIL: gcc.dg/pch/inline-3.c -O2 -I. (test for excess errors)
FAIL: gcc.dg/pch/inline-3.c -O2 assembly comparison
FAIL: gcc.dg/pch/inline-3.c -O3 -fomit-frame-pointer -I. (internal
compiler error)
FAIL: gcc.dg/pch/inline-3.c -O3 -fomit-frame-pointer -I. (test for
excess errors)
FAIL: gcc.dg/pch/inline-3.c -O3 -fomit-frame-pointer assembly
comparison
FAIL: gcc.dg/pch/inline-3.c -O3 -g -I. (internal compiler error)
FAIL: gcc.dg/pch/inline-3.c -O3 -g -I. (test for excess errors)
FAIL: gcc.dg/pch/inline-3.c -O3 -g assembly comparison
FAIL: gcc.dg/pch/inline-3.c -Os -I. (internal compiler error)
FAIL: gcc.dg/pch/inline-3.c -Os -I. (test for excess errors)
FAIL: gcc.dg/pch/inline-3.c -Os assembly comparison
FAIL: gcc.dg/pch/inline-4.c -O0 -g -I. (internal compiler error)
FAIL: gcc.dg/pch/inline-4.c -O0 -g -I. (test for excess errors)
FAIL: gcc.dg/pch/inline-4.c -O0 -g assembly comparison
FAIL: gcc.dg/pch/inline-4.c -O0 -I. (internal compiler error)
FAIL: gcc.dg/pch/inline-4.c -O0 -I. (test for excess errors)
FAIL: gcc.dg/pch/inline-4.c -O0 assembly comparison
FAIL: gcc.dg/pch/inline-4.c -O1 -I. (internal compiler error)
FAIL: gcc.dg/pch/inline-4.c -O1 -I. (test for excess errors)
FAIL: gcc.dg/pch/inline-4.c -O1 assembly comparison
FAIL: gcc.dg/pch/inline-4.c -O2 -I. (internal compiler error)
FAIL: gcc.dg/pch/inline-4.c -O2 -I. (test for excess errors)
FAIL: gcc.dg/pch/inline-4.c -O2 assembly comparison
FAIL: gcc.dg/pch/inline-4.c -O3 -fomit-frame-pointer -I. (internal
compiler error)
FAIL: gcc.dg/pch/inline-4.c -O3 -fomit-frame-pointer -I. (test for
excess errors)
FAIL: gcc.dg/pch/inline-4.c -O3 -fomit-frame-pointer assembly
comparison
FAIL: gcc.dg/pch/inline-4.c -O3 -g -I. (internal compiler error)
FAIL: gcc.dg/pch/inline-4.c -O3 -g -I. (test for excess errors)
FAIL: gcc.dg/pch/inline-4.c -O3 -g assembly comparison
FAIL: gcc.dg/pch/inline-4.c -Os -I. (internal compiler error)
FAIL: gcc.dg/pch/inline-4.c -Os -I. (test for excess errors)
FAIL: gcc.dg/pch/inline-4.c -Os assembly comparison
FAIL: gcc.dg/pch/macro-1.c -O0 -g -I. (internal compiler error)
FAIL: gcc.dg/pch/macro-1.c -O0 -g -I. (test for excess errors)
FAIL: gcc.dg/pch/macro-1.c -O0 -g assembly comparison
FAIL: gcc.dg/pch/macro-1.c -O0 -I. (internal compiler error)
FAIL: gcc.dg/pch/macro-1.c -O0 -I. (test for excess errors)
FAIL: gcc.dg/pch/macro-1.c -O0 assembly comparison
FAIL: gcc.dg/pch/macro-1.c -O1 -I. (internal compiler error)
FAIL: gcc.dg/pch/macro-1.c -O1 -I. (test for excess errors)
FAIL: gcc.dg/pch/macro-1.c -O1 assembly comparison
FAIL: gcc.dg/pch/macro-1.c -O2 -I. (internal compiler error)
FAIL: gcc.dg/pch/macro-1.c -O2 -I. (test for excess errors)
FAIL: gcc.dg/pch/macro-1.c -O2 assembly comparison
FAIL: gcc.dg/pch/macro-1.c -O3 -fomit-frame-pointer -I. (internal
compiler error)
FAIL: gcc.dg/pch/macro-1.c -O3 -fomit-frame-pointer -I. (test for
excess errors)
FAIL: gcc.dg/pch/macro-1.c -O3 -fomit-frame-pointer assembly
comparison
FAIL: gcc.dg/pch/macro-1.c -O3 -g -I. (internal compiler error)
FAIL: gcc.dg/pch/macro-1.c -O3 -g -I. (test for excess errors)
FAIL: gcc.dg/pch/macro-1.c -O3 -g assembly comparison
FAIL: gcc.dg/pch/macro-1.c -Os -I. (internal compiler error)
FAIL: gcc.dg/pch/macro-1.c -Os -I. (test for excess errors)
FAIL: gcc.dg/pch/macro-1.c -Os assembly comparison
FAIL: gcc.dg/pch/macro-2.c -O0 -g -I. (internal compiler error)
FAIL: gcc.dg/pch/macro-2.c -O0 -g -I. (test for excess errors)
FAIL: gcc.dg/pch/macro-2.c -O0 -g assembly comparison
FAIL: gcc.dg/pch/macro-2.c -O0 -I. (internal compiler error)
FAIL: gcc.dg/pch/macro-2.c -O0 -I. (test for excess errors)
FAIL: gcc.dg/pch/macro-2.c -O0 assembly comparison
FAIL: gcc.dg/pch/macro-2.c -O1 -I. (internal compiler error)
FAIL: gcc.dg/pch/macro-2.c -O1 -I. (test for excess errors)
FAIL: gcc.dg/pch/macro-2.c -O1 assembly comparison
FAIL: gcc.dg/pch/macro-2.c -O2 -I. (internal compiler error)
FAIL: gcc.dg/pch/macro-2.c -O2 -I. (test for excess errors)
FAIL: gcc.dg/pch/macro-2.c -O2 assembly comparison
FAIL: gcc.dg/pch/macro-2.c -O3 -fomit-frame-pointer -I. (internal
compiler error)
FAIL: gcc.dg/pch/macro-2.c -O3 -fomit-frame-pointer -I. (test for
excess errors)
FAIL: gcc.dg/pch/macro-2.c -O3 -fomit-frame-pointer assembly
comparison
FAIL: gcc.dg/pch/macro-2.c -O3 -g -I. (internal compiler error)
FAIL: gcc.dg/pch/macro-2.c -O3 -g -I. (test for excess errors)
FAIL: gcc.dg/pch/macro-2.c -O3 -g assembly comparison
FAIL: gcc.dg/pch/macro-2.c -Os -I. (internal compiler error)
FAIL: gcc.dg/pch/macro-2.c -Os -I. (test for excess errors)
FAIL: gcc.dg/pch/macro-2.c -Os assembly comparison
FAIL: gcc.dg/pch/macro-3.c -O0 -g -I. (internal compiler error)
FAIL: gcc.dg/pch/macro-3.c -O0 -g -I. (test for excess errors)
FAIL: gcc.dg/pch/macro-3.c -O0 -g assembly comparison
FAIL: gcc.dg/pch/macro-3.c -O0 -I. (internal compiler error)
FAIL: gcc.dg/pch/macro-3.c -O0 -I. (test for excess errors)
FAIL: gcc.dg/pch/macro-3.c -O0 assembly comparison
FAIL: gcc.dg/pch/macro-3.c -O1 -I. (internal compiler error)
FAIL: gcc.dg/pch/macro-3.c -O1 -I. (test for excess errors)
FAIL: gcc.dg/pch/macro-3.c -O1 assembly comparison
FAIL: gcc.dg/pch/macro-3.c -O2 -I. (internal compiler error)
FAIL: gcc.dg/pch/macro-3.c -O2 -I. (test for excess errors)
FAIL: gcc.dg/pch/macro-3.c -O2 assembly comparison
FAIL: gcc.dg/pch/macro-3.c -O3 -fomit-frame-pointer -I. (internal
compiler error)
FAIL: gcc.dg/pch/macro-3.c -O3 -fomit-frame-pointer -I. (test for
excess errors)
FAIL: gcc.dg/pch/macro-3.c -O3 -fomit-frame-pointer assembly
comparison
FAIL: gcc.dg/pch/macro-3.c -O3 -g -I. (internal compiler error)
FAIL: gcc.dg/pch/macro-3.c -O3 -g -I. (test for excess errors)
FAIL: gcc.dg/pch/macro-3.c -O3 -g assembly comparison
FAIL: gcc.dg/pch/macro-3.c -Os -I. (internal compiler error)
FAIL: gcc.dg/pch/macro-3.c -Os -I. (test for excess errors)
FAIL: gcc.dg/pch/macro-3.c -Os assembly comparison
FAIL: gcc.dg/pch/macro-4.c -O0 -g -I. (internal compiler error)
FAIL: gcc.dg/pch/macro-4.c -O0 -g -I. (test for excess errors)
FAIL: gcc.dg/pch/macro-4.c -O0 -g assembly comparison
FAIL: gcc.dg/pch/macro-4.c -O0 -I. (internal compiler error)
FAIL: gcc.dg/pch/macro-4.c -O0 -I. (test for excess errors)
FAIL: gcc.dg/pch/macro-4.c -O0 assembly comparison
FAIL: gcc.dg/pch/macro-4.c -O1 -I. (internal compiler error)
FAIL: gcc.dg/pch/macro-4.c -O1 -I. (test for excess errors)
FAIL: gcc.dg/pch/macro-4.c -O1 assembly comparison
FAIL: gcc.dg/pch/macro-4.c -O2 -I. (internal compiler error)
FAIL: gcc.dg/pch/macro-4.c -O2 -I. (test for excess errors)
FAIL: gcc.dg/pch/macro-4.c -O2 assembly comparison
FAIL: gcc.dg/pch/macro-4.c -O3 -fomit-frame-pointer -I. (internal
compiler error)
FAIL: gcc.dg/pch/macro-4.c -O3 -fomit-frame-pointer -I. (test for
excess errors)
FAIL: gcc.dg/pch/macro-4.c -O3 -fomit-frame-pointer assembly
comparison
FAIL: gcc.dg/pch/macro-4.c -O3 -g -I. (internal compiler error)
FAIL: gcc.dg/pch/macro-4.c -O3 -g -I. (test for excess errors)
FAIL: gcc.dg/pch/macro-4.c -O3 -g assembly comparison
FAIL: gcc.dg/pch/macro-4.c -Os -I. (internal compiler error)
FAIL: gcc.dg/pch/macro-4.c -Os -I. (test for excess errors)
FAIL: gcc.dg/pch/macro-4.c -Os assembly comparison
FAIL: gcc.dg/pch/save-temps-1.c -O0 -g -I. (internal compiler error)
FAIL: gcc.dg/pch/save-temps-1.c -O0 -g -I. (test for excess errors)
FAIL: gcc.dg/pch/save-temps-1.c -O0 -g assembly comparison
FAIL: gcc.dg/pch/save-temps-1.c -O0 -I. (internal compiler error)
FAIL: gcc.dg/pch/save-temps-1.c -O0 -I. (test for excess errors)
FAIL: gcc.dg/pch/save-temps-1.c -O0 assembly comparison
FAIL: gcc.dg/pch/save-temps-1.c -O1 -I. (internal compiler error)
FAIL: gcc.dg/pch/save-temps-1.c -O1 -I. (test for excess errors)
FAIL: gcc.dg/pch/save-temps-1.c -O1 assembly comparison
FAIL: gcc.dg/pch/save-temps-1.c -O2 -I. (internal compiler error)
FAIL: gcc.dg/pch/save-temps-1.c -O2 -I. (test for excess errors)
FAIL: gcc.dg/pch/save-temps-1.c -O2 assembly comparison
FAIL: gcc.dg/pch/save-temps-1.c -O3 -fomit-frame-pointer -I.
(internal compiler error)
FAIL: gcc.dg/pch/save-temps-1.c -O3 -fomit-frame-pointer -I. (test
for excess errors)
FAIL: gcc.dg/pch/save-temps-1.c -O3 -fomit-frame-pointer assembly
comparison
FAIL: gcc.dg/pch/save-temps-1.c -O3 -g -I. (internal compiler error)
FAIL: gcc.dg/pch/save-temps-1.c -O3 -g -I. (test for excess errors)
FAIL: gcc.dg/pch/save-temps-1.c -O3 -g assembly comparison
FAIL: gcc.dg/pch/save-temps-1.c -Os -I. (internal compiler error)
FAIL: gcc.dg/pch/save-temps-1.c -Os -I. (test for excess errors)
FAIL: gcc.dg/pch/save-temps-1.c -Os assembly comparison
FAIL: gcc.dg/pch/static-1.c -O0 -g -I. (internal compiler error)
FAIL: gcc.dg/pch/static-1.c -O0 -g -I. (test for excess errors)
FAIL: gcc.dg/pch/static-1.c -O0 -g assembly comparison
FAIL: gcc.dg/pch/static-1.c -O0 -I. (internal compiler error)
FAIL: gcc.dg/pch/static-1.c -O0 -I. (test for excess errors)
FAIL: gcc.dg/pch/static-1.c -O0 assembly comparison
FAIL: gcc.dg/pch/static-1.c -O1 -I. (internal compiler error)
FAIL: gcc.dg/pch/static-1.c -O1 -I. (test for excess errors)
FAIL: gcc.dg/pch/static-1.c -O1 assembly comparison
FAIL: gcc.dg/pch/static-1.c -O2 -I. (internal compiler error)
FAIL: gcc.dg/pch/static-1.c -O2 -I. (test for excess errors)
FAIL: gcc.dg/pch/static-1.c -O2 assembly comparison
FAIL: gcc.dg/pch/static-1.c -O3 -fomit-frame-pointer -I. (internal
compiler error)
FAIL: gcc.dg/pch/static-1.c -O3 -fomit-frame-pointer -I. (test for
excess errors)
FAIL: gcc.dg/pch/static-1.c -O3 -fomit-frame-pointer assembly
comparison
FAIL: gcc.dg/pch/static-1.c -O3 -g -I. (internal compiler error)
FAIL: gcc.dg/pch/static-1.c -O3 -g -I. (test for excess errors)
FAIL: gcc.dg/pch/static-1.c -O3 -g assembly comparison
FAIL: gcc.dg/pch/static-1.c -Os -I. (internal compiler error)
FAIL: gcc.dg/pch/static-1.c -Os -I. (test for excess errors)
FAIL: gcc.dg/pch/static-1.c -Os assembly comparison
FAIL: gcc.dg/pch/static-2.c -O0 -g -I. (internal compiler error)
FAIL: gcc.dg/pch/static-2.c -O0 -g -I. (test for excess errors)
FAIL: gcc.dg/pch/static-2.c -O0 -g assembly comparison
FAIL: gcc.dg/pch/static-2.c -O0 -I. (internal compiler error)
FAIL: gcc.dg/pch/static-2.c -O0 -I. (test for excess errors)
FAIL: gcc.dg/pch/static-2.c -O0 assembly comparison
FAIL: gcc.dg/pch/static-2.c -O1 -I. (internal compiler error)
FAIL: gcc.dg/pch/static-2.c -O1 -I. (test for excess errors)
FAIL: gcc.dg/pch/static-2.c -O1 assembly comparison
FAIL: gcc.dg/pch/static-2.c -O2 -I. (internal compiler error)
FAIL: gcc.dg/pch/static-2.c -O2 -I. (test for excess errors)
FAIL: gcc.dg/pch/static-2.c -O2 assembly comparison
FAIL: gcc.dg/pch/static-2.c -O3 -fomit-frame-pointer -I. (internal
compiler error)
FAIL: gcc.dg/pch/static-2.c -O3 -fomit-frame-pointer -I. (test for
excess errors)
FAIL: gcc.dg/pch/static-2.c -O3 -fomit-frame-pointer assembly
comparison
FAIL: gcc.dg/pch/static-2.c -O3 -g -I. (internal compiler error)
FAIL: gcc.dg/pch/static-2.c -O3 -g -I. (test for excess errors)
FAIL: gcc.dg/pch/static-2.c -O3 -g assembly comparison
FAIL: gcc.dg/pch/static-2.c -Os -I. (internal compiler error)
FAIL: gcc.dg/pch/static-2.c -Os -I. (test for excess errors)
FAIL: gcc.dg/pch/static-2.c -Os assembly comparison
FAIL: gcc.dg/pch/static-3.c -O0 -g -I. (internal compiler error)
FAIL: gcc.dg/pch/static-3.c -O0 -g -I. (test for excess errors)
FAIL: gcc.dg/pch/static-3.c -O0 -g assembly comparison
FAIL: gcc.dg/pch/static-3.c -O0 -I. (internal compiler error)
FAIL: gcc.dg/pch/static-3.c -O0 -I. (test for excess errors)
FAIL: gcc.dg/pch/static-3.c -O0 assembly comparison
FAIL: gcc.dg/pch/static-3.c -O1 -I. (internal compiler error)
FAIL: gcc.dg/pch/static-3.c -O1 -I. (test for excess errors)
FAIL: gcc.dg/pch/static-3.c -O1 assembly comparison
FAIL: gcc.dg/pch/static-3.c -O2 -I. (internal compiler error)
FAIL: gcc.dg/pch/static-3.c -O2 -I. (test for excess errors)
FAIL: gcc.dg/pch/static-3.c -O2 assembly comparison
FAIL: gcc.dg/pch/static-3.c -O3 -fomit-frame-pointer -I. (internal
compiler error)
FAIL: gcc.dg/pch/static-3.c -O3 -fomit-frame-pointer -I. (test for
excess errors)
FAIL: gcc.dg/pch/static-3.c -O3 -fomit-frame-pointer assembly
comparison
FAIL: gcc.dg/pch/static-3.c -O3 -g -I. (internal compiler error)
FAIL: gcc.dg/pch/static-3.c -O3 -g -I. (test for excess errors)
FAIL: gcc.dg/pch/static-3.c -O3 -g assembly comparison
FAIL: gcc.dg/pch/static-3.c -Os -I. (internal compiler error)
FAIL: gcc.dg/pch/static-3.c -Os -I. (test for excess errors)
FAIL: gcc.dg/pch/static-3.c -Os assembly comparison
FAIL: gcc.dg/pch/struct-1.c -O0 -g -I. (internal compiler error)
FAIL: gcc.dg/pch/struct-1.c -O0 -g -I. (test for excess errors)
FAIL: gcc.dg/pch/struct-1.c -O0 -g assembly comparison
FAIL: gcc.dg/pch/struct-1.c -O0 -I. (internal compiler error)
FAIL: gcc.dg/pch/struct-1.c -O0 -I. (test for excess errors)
FAIL: gcc.dg/pch/struct-1.c -O0 assembly comparison
FAIL: gcc.dg/pch/struct-1.c -O1 -I. (internal compiler error)
FAIL: gcc.dg/pch/struct-1.c -O1 -I. (test for excess errors)
FAIL: gcc.dg/pch/struct-1.c -O1 assembly comparison
FAIL: gcc.dg/pch/struct-1.c -O2 -I. (internal compiler error)
FAIL: gcc.dg/pch/struct-1.c -O2 -I. (test for excess errors)
FAIL: gcc.dg/pch/struct-1.c -O2 assembly comparison
FAIL: gcc.dg/pch/struct-1.c -O3 -fomit-frame-pointer -I. (internal
compiler error)
FAIL: gcc.dg/pch/struct-1.c -O3 -fomit-frame-pointer -I. (test for
excess errors)
FAIL: gcc.dg/pch/struct-1.c -O3 -fomit-frame-pointer assembly
comparison
FAIL: gcc.dg/pch/struct-1.c -O3 -g -I. (internal compiler error)
FAIL: gcc.dg/pch/struct-1.c -O3 -g -I. (test for excess errors)
FAIL: gcc.dg/pch/struct-1.c -O3 -g assembly comparison
FAIL: gcc.dg/pch/struct-1.c -Os -I. (internal compiler error)
FAIL: gcc.dg/pch/struct-1.c -Os -I. (test for excess errors)
FAIL: gcc.dg/pch/struct-1.c -Os assembly comparison
FAIL: gcc.dg/pch/system-1.c -O0 -g -I. (internal compiler error)
FAIL: gcc.dg/pch/system-1.c -O0 -g -I. (test for excess errors)
FAIL: gcc.dg/pch/system-1.c -O0 -g assembly comparison
FAIL: gcc.dg/pch/system-1.c -O0 -I. (internal compiler error)
FAIL: gcc.dg/pch/system-1.c -O0 -I. (test for excess errors)
FAIL: gcc.dg/pch/system-1.c -O0 assembly comparison
FAIL: gcc.dg/pch/system-1.c -O1 -I. (internal compiler error)
FAIL: gcc.dg/pch/system-1.c -O1 -I. (test for excess errors)
FAIL: gcc.dg/pch/system-1.c -O1 assembly comparison
FAIL: gcc.dg/pch/system-1.c -O2 -I. (internal compiler error)
FAIL: gcc.dg/pch/system-1.c -O2 -I. (test for excess errors)
FAIL: gcc.dg/pch/system-1.c -O2 assembly comparison
FAIL: gcc.dg/pch/system-1.c -O3 -fomit-frame-pointer -I. (internal
compiler error)
FAIL: gcc.dg/pch/system-1.c -O3 -fomit-frame-pointer -I. (test for
excess errors)
FAIL: gcc.dg/pch/system-1.c -O3 -fomit-frame-pointer assembly
comparison
FAIL: gcc.dg/pch/system-1.c -O3 -g -I. (internal compiler error)
FAIL: gcc.dg/pch/system-1.c -O3 -g -I. (test for excess errors)
FAIL: gcc.dg/pch/system-1.c -O3 -g assembly comparison
FAIL: gcc.dg/pch/system-1.c -Os -I. (internal compiler error)
FAIL: gcc.dg/pch/system-1.c -Os -I. (test for excess errors)
FAIL: gcc.dg/pch/system-1.c -Os assembly comparison
FAIL: gcc.dg/pch/valid-4.c -O0 -g -I. (internal compiler error)
FAIL: gcc.dg/pch/valid-4.c -O0 -g -I. (test for excess errors)
FAIL: gcc.dg/pch/valid-4.c -O0 -g assembly comparison
FAIL: gcc.dg/pch/valid-4.c -O3 -g -I. (internal compiler error)
FAIL: gcc.dg/pch/valid-4.c -O3 -g -I. (test for excess errors)
FAIL: gcc.dg/pch/valid-4.c -O3 -g assembly comparison
FAIL: gcc.dg/pch/valid-5.c -O0 -g -I. (internal compiler error)
FAIL: gcc.dg/pch/valid-5.c -O0 -g -I. (test for excess errors)
FAIL: gcc.dg/pch/valid-5.c -O0 -g assembly comparison
FAIL: gcc.dg/pch/valid-5.c -O3 -g -I. (internal compiler error)
FAIL: gcc.dg/pch/valid-5.c -O3 -g -I. (test for excess errors)
FAIL: gcc.dg/pch/valid-5.c -O3 -g assembly comparison
FAIL: gcc.dg/pch/valid-6.c -O0 -g -I. (internal compiler error)
FAIL: gcc.dg/pch/valid-6.c -O0 -g -I. (test for excess errors)
FAIL: gcc.dg/pch/valid-6.c -O0 -g assembly comparison
FAIL: gcc.dg/pch/valid-6.c -O3 -g -I. (internal compiler error)
FAIL: gcc.dg/pch/valid-6.c -O3 -g -I. (test for excess errors)
FAIL: gcc.dg/pch/valid-6.c -O3 -g assembly comparison
FAIL: largefile.c -O0 -g -I. (test for excess errors)
FAIL: gcc.dg/pch/largefile.c -O0 -g assembly comparison
FAIL: largefile.c -O0 -I. (test for excess errors)
FAIL: gcc.dg/pch/largefile.c -O0 assembly comparison
FAIL: largefile.c -O1 -I. (test for excess errors)
FAIL: gcc.dg/pch/largefile.c -O1 assembly comparison
FAIL: largefile.c -O2 -I. (test for excess errors)
FAIL: gcc.dg/pch/largefile.c -O2 assembly comparison
FAIL: largefile.c -O3 -fomit-frame-pointer -I. (test for excess
errors)
FAIL: gcc.dg/pch/largefile.c -O3 -fomit-frame-pointer assembly
comparison
FAIL: largefile.c -O3 -g -I. (test for excess errors)
FAIL: gcc.dg/pch/largefile.c -O3 -g assembly comparison
FAIL: largefile.c -Os -I. (test for excess errors)
FAIL: gcc.dg/pch/largefile.c -Os assembly comparison
FAIL: gcc.dg/torture/fp-int-convert-float128.c -O0 (test for excess
errors)
WARNING: gcc.dg/torture/fp-int-convert-float128.c -O0 compilation
failed to produce executable
FAIL: gcc.dg/torture/fp-int-convert-float128.c -O1 (test for excess
errors)
WARNING: gcc.dg/torture/fp-int-convert-float128.c -O1 compilation
failed to produce executable
FAIL: gcc.dg/torture/fp-int-convert-float128.c -O2 (test for excess
errors)
WARNING: gcc.dg/torture/fp-int-convert-float128.c -O2 compilation
failed to produce executable
FAIL: gcc.dg/torture/fp-int-convert-float128.c -O3
-fomit-frame-pointer (test for excess errors)
WARNING: gcc.dg/torture/fp-int-convert-float128.c -O3
-fomit-frame-pointer compilation failed to produce executable
FAIL: gcc.dg/torture/fp-int-convert-float128.c -O3 -g (test for
excess errors)
WARNING: gcc.dg/torture/fp-int-convert-float128.c -O3 -g compilation
failed to produce executable
FAIL: gcc.dg/torture/fp-int-convert-float128.c -Os (test for excess
errors)
WARNING: gcc.dg/torture/fp-int-convert-float128.c -Os compilation
failed to produce executable
XPASS: gcc.dg/tree-ssa/20040204-1.c scan-tree-dump-times optimized
"link_error" 0
ERROR: tcl error sourcing
/usr/share/src/gcc_trunk/gcc/testsuite/gcc.dg/tree-ssa/tree-ssa.exp.
ERROR: unmatched open brace in list
FAIL: gcc.target/i386/avx-vmovntdq-256-1.c (test for excess errors)
WARNING: gcc.target/i386/avx-vmovntdq-256-1.c compilation failed to
produce executable
FAIL: gcc.target/i386/avx-vmovntpd-256-1.c (test for excess errors)
WARNING: gcc.target/i386/avx-vmovntpd-256-1.c compilation failed to
produce executable
FAIL: gcc.target/i386/avx-vmovntps-256-1.c (test for excess errors)
WARNING: gcc.target/i386/avx-vmovntps-256-1.c compilation failed to
produce executable
FAIL: gcc.target/i386/pr22076.c scan-assembler-times movq 3
FAIL: gcc.target/i386/pr22076.c scan-assembler-not movl
FAIL: gcc.target/i386/pr32065-2.c (test for excess errors)
WARNING: gcc.target/i386/pr32065-2.c compilation failed to produce
executable
=== gcc Summary ===
# of expected passes 54252
# of unexpected failures 589
# of unexpected successes 4
# of expected failures 167
# of unsupported tests 493
/usr/share/src/gcc_build/gcc/xgcc version 4.4.0 20090117
(experimental) [trunk revision 143454] (GCC)
=== gfortran tests ===
Running target unix
FAIL: gfortran.dg/array_constructor_23.f -O3 -fomit-frame-pointer
execution test
FAIL: gfortran.dg/array_constructor_23.f -O3 -fomit-frame-pointer
-funroll-loops execution test
FAIL: gfortran.dg/array_constructor_23.f -O3 -fomit-frame-pointer
-funroll-all-loops -finline-functions execution test
FAIL: gfortran.dg/array_constructor_23.f -O3 -g execution test
FAIL: gfortran.dg/array_constructor_24.f -O3 -fomit-frame-pointer
execution test
FAIL: gfortran.dg/array_constructor_24.f -O3 -fomit-frame-pointer
-funroll-loops execution test
FAIL: gfortran.dg/array_constructor_24.f -O3 -fomit-frame-pointer
-funroll-all-loops -finline-functions execution test
FAIL: gfortran.dg/array_constructor_24.f -O3 -g execution test
FAIL: gfortran.dg/ltrans-7.f90 -O scan-tree-dump-times ltrans
"transformed loop" 1
=== gfortran Summary ===
# of expected passes 29029
# of unexpected failures 9
# of expected failures 14
# of unsupported tests 113
/usr/share/src/gcc_build/gcc/testsuite/gfortran/../../gfortran version
4.4.0 20090117 (experimental) [trunk revision 143454] (GCC)
=== gnat tests ===
Running target unix
=== gnat Summary ===
# of expected passes 604
# of expected failures 6
=== obj-c++ tests ===
Running target unix
XPASS: obj-c++.dg/comp-types-10.mm (test for excess errors)
WARNING: obj-c++.dg/lookup-2.mm compilation failed to produce executable
WARNING: obj-c++.dg/try-catch-2.mm compilation failed to produce
executable
WARNING: obj-c++.dg/try-catch-9.mm compilation failed to produce
executable
=== obj-c++ Summary ===
# of expected passes 436
# of unexpected successes 1
# of expected failures 9
# of unsupported tests 13
/usr/share/src/gcc_build/gcc/testsuite/obj-c++/../../g++ version 4.4.0
20090117 (experimental) [trunk revision 143454] (GCC)
=== objc tests ===
Running target unix
FAIL: objc.dg/pch/interface-1.m -O0 -g -I. (internal compiler error)
FAIL: objc.dg/pch/interface-1.m -O0 -g -I. (test for excess errors)
FAIL: objc.dg/pch/interface-1.m -O0 -g assembly comparison
FAIL: objc.dg/pch/interface-1.m -O0 -I. (internal compiler error)
FAIL: objc.dg/pch/interface-1.m -O0 -I. (test for excess errors)
FAIL: objc.dg/pch/interface-1.m -O0 assembly comparison
FAIL: objc.dg/pch/interface-1.m -O1 -I. (internal compiler error)
FAIL: objc.dg/pch/interface-1.m -O1 -I. (test for excess errors)
FAIL: objc.dg/pch/interface-1.m -O1 assembly comparison
FAIL: objc.dg/pch/interface-1.m -O2 -I. (internal compiler error)
FAIL: objc.dg/pch/interface-1.m -O2 -I. (test for excess errors)
FAIL: objc.dg/pch/interface-1.m -O2 assembly comparison
FAIL: objc.dg/pch/interface-1.m -O3 -fomit-frame-pointer -I.
(internal compiler error)
FAIL: objc.dg/pch/interface-1.m -O3 -fomit-frame-pointer -I. (test
for excess errors)
FAIL: objc.dg/pch/interface-1.m -O3 -fomit-frame-pointer assembly
comparison
FAIL: objc.dg/pch/interface-1.m -O3 -g -I. (internal compiler error)
FAIL: objc.dg/pch/interface-1.m -O3 -g -I. (test for excess errors)
FAIL: objc.dg/pch/interface-1.m -O3 -g assembly comparison
FAIL: objc.dg/pch/interface-1.m -Os -I. (internal compiler error)
FAIL: objc.dg/pch/interface-1.m -Os -I. (test for excess errors)
FAIL: objc.dg/pch/interface-1.m -Os assembly comparison
=== objc Summary ===
# of expected passes 1809
# of unexpected failures 21
# of expected failures 7
# of unsupported tests 24
/usr/share/src/gcc_build/gcc/xgcc version 4.4.0 20090117
(experimental) [trunk revision 143454] (GCC)
=== libffi tests ===
Running target unix
=== libffi Summary ===
# of expected passes 1389
# of unsupported tests 10
=== libgomp tests ===
Running target unix
FAIL: libgomp.c/copyin-1.c execution test
FAIL: libgomp.c/copyin-2.c execution test
FAIL: libgomp.c++/copyin-1.C -O0 execution test
FAIL: libgomp.c++/copyin-1.C -O1 execution test
FAIL: libgomp.c++/copyin-1.C -O2 execution test
FAIL: libgomp.c++/copyin-1.C -O3 -fomit-frame-pointer execution test
FAIL: libgomp.c++/copyin-1.C -O3 -fomit-frame-pointer -funroll-loops
execution test
FAIL: libgomp.c++/copyin-1.C -O3 -fomit-frame-pointer
-funroll-all-loops -finline-functions execution test
FAIL: libgomp.c++/copyin-1.C -O3 -g execution test
FAIL: libgomp.c++/copyin-1.C -Os execution test
FAIL: libgomp.c++/copyin-2.C -O0 execution test
FAIL: libgomp.c++/copyin-2.C -O1 execution test
FAIL: libgomp.c++/copyin-2.C -O2 execution test
FAIL: libgomp.c++/copyin-2.C -O3 -fomit-frame-pointer execution test
FAIL: libgomp.c++/copyin-2.C -O3 -fomit-frame-pointer -funroll-loops
execution test
FAIL: libgomp.c++/copyin-2.C -O3 -fomit-frame-pointer
-funroll-all-loops -finline-functions execution test
FAIL: libgomp.c++/copyin-2.C -O3 -g execution test
FAIL: libgomp.c++/copyin-2.C -Os execution test
FAIL: libgomp.fortran/omp_parse3.f90 -O0 execution test
FAIL: libgomp.fortran/omp_parse3.f90 -O1 execution test
FAIL: libgomp.fortran/omp_parse3.f90 -O2 execution test
FAIL: libgomp.fortran/omp_parse3.f90 -O3 -fomit-frame-pointer
execution test
FAIL: libgomp.fortran/omp_parse3.f90 -O3 -fomit-frame-pointer
-funroll-loops execution test
FAIL: libgomp.fortran/omp_parse3.f90 -O3 -fomit-frame-pointer
-funroll-all-loops -finline-functions execution test
FAIL: libgomp.fortran/omp_parse3.f90 -O3 -g execution test
FAIL: libgomp.fortran/omp_parse3.f90 -Os execution test
=== libgomp Summary ===
# of expected passes 2315
# of unexpected failures 26
# of unsupported tests 2
=== libjava tests ===
Running target unix
FAIL:
/usr/share/src/gcc_trunk/libjava/testsuite/libjava.jar/TestClosureGC.jar
execution - gij test
FAIL: /usr/share/src/gcc_trunk/libjava/testsuite/libjava.jar/simple.jar
execution - gij test
FAIL: PR15133 execution - gij test
FAIL: PR18116 execution - gij test
FAIL: PR28178 execution - gij test
FAIL: bytebuffer execution - gij test
FAIL: calls execution - gij test
FAIL: cxxtest execution - gij test
FAIL: directbuffer execution - gij test
FAIL: field execution - gij test
FAIL: final_method execution - gij test
FAIL: findclass execution - gij test
FAIL: findclass2 execution - gij test
FAIL: iface execution - gij test
FAIL: init execution - gij test
FAIL: invoke execution - gij test
FAIL: jniutf execution - gij test
FAIL: martin execution - gij test
FAIL: noclass execution - gij test
FAIL: overload execution - gij test
FAIL: pr11951 execution - gij test
FAIL: pr18278 execution - gij test
FAIL: pr23739 execution - gij test
FAIL: register execution - gij test
FAIL: register2 execution - gij test
FAIL: simple_int execution - gij test
FAIL: throwit execution - gij test
FAIL: virtual execution - gij test
FAIL: PR16923 run
FAIL: pr29812 execution - gij test
FAIL: getargssize run
FAIL: getlocalvartable run
FAIL: getstacktrace run
FAIL: ExtraClassLoader execution - source compiled test
FAIL: ExtraClassLoader -findirect-dispatch execution - source compiled
test
FAIL: ExtraClassLoader -O3 execution - source compiled test
FAIL: ExtraClassLoader -O3 -findirect-dispatch execution - source
compiled test
FAIL: PR18699 execution - source compiled test
FAIL: PR18699 -O3 execution - source compiled test
FAIL: ProxyTest execution - source compiled test
FAIL: ProxyTest -findirect-dispatch execution - source compiled test
FAIL: ProxyTest -O3 execution - source compiled test
FAIL: ProxyTest -O3 -findirect-dispatch execution - source compiled test
FAIL: TestProxy execution - source compiled test
FAIL: TestProxy -findirect-dispatch execution - source compiled test
FAIL: TestProxy -O3 execution - source compiled test
FAIL: TestProxy -O3 -findirect-dispatch execution - source compiled test
FAIL: Throw_2 execution - source compiled test
FAIL: Throw_2 -findirect-dispatch execution - source compiled test
FAIL: Throw_2 -O3 execution - source compiled test
FAIL: Throw_2 -O3 -findirect-dispatch execution - source compiled test
FAIL:
/usr/share/src/gcc_build/i386-pc-solaris2.11/libjava/testsuite/TestEarlyG
C.exe execution -
/usr/share/src/gcc_build/i386-pc-solaris2.11/libjava/testsuite/TestEarlyG
C.exe
FAIL:
/usr/share/src/gcc_build/i386-pc-solaris2.11/libjava/testsuite/TestLeak.e
xe execution -
/usr/share/src/gcc_build/i386-pc-solaris2.11/libjava/testsuite/TestLeak.e
xe
FAIL:
/usr/share/src/gcc_build/i386-pc-solaris2.11/libjava/testsuite/TestMultip
le.exe execution -
/usr/share/src/gcc_build/i386-pc-solaris2.11/libjava/testsuite/TestMultip
le.exe
FAIL:
/usr/share/src/gcc_build/i386-pc-solaris2.11/libjava/testsuite/TestParent
.exe execution -
/usr/share/src/gcc_build/i386-pc-solaris2.11/libjava/testsuite/TestParent
.exe
=== libjava Summary ===
# of expected passes 2468
# of unexpected failures 55
# of untested testcases 55
=== libmudflap tests ===
Running target unix
FAIL: libmudflap.c/fail40-frag.c output pattern test
FAIL: libmudflap.c/heap-scalestress.c execution test
FAIL: libmudflap.c/heap-scalestress.c output pattern test
FAIL: libmudflap.c/pass-stratcliff.c (test for excess errors)
WARNING: libmudflap.c/pass-stratcliff.c compilation failed to produce
executable
FAIL: libmudflap.c/pass42-frag.c execution test
FAIL: libmudflap.c/pass42-frag.c output pattern test
FAIL: libmudflap.c/pass42-frag.c execution test
FAIL: libmudflap.c/pass42-frag.c output pattern test
FAIL: libmudflap.c/pass47-frag.c (test for excess errors)
FAIL: libmudflap.c/pass47-frag.c execution test
FAIL: libmudflap.c/pass47-frag.c (test for excess errors)
FAIL: libmudflap.c/pass47-frag.c execution test
FAIL: libmudflap.c/pass51-frag.c execution test
FAIL: libmudflap.c/pass51-frag.c execution test
FAIL: libmudflap.c/pass52-frag.c execution test
FAIL: libmudflap.c/pass52-frag.c execution test
FAIL: libmudflap.c/fail40-frag.c (-O2) output pattern test
FAIL: libmudflap.c/heap-scalestress.c (-O2) execution test
FAIL: libmudflap.c/heap-scalestress.c (-O2) output pattern test
FAIL: libmudflap.c/pass-stratcliff.c (-O2) (test for excess errors)
WARNING: libmudflap.c/pass-stratcliff.c (-O2) compilation failed to
produce executable
FAIL: libmudflap.c/pass42-frag.c (-O2) execution test
FAIL: libmudflap.c/pass42-frag.c (-O2) output pattern test
FAIL: libmudflap.c/pass42-frag.c (-O2) execution test
FAIL: libmudflap.c/pass42-frag.c (-O2) output pattern test
FAIL: libmudflap.c/pass47-frag.c (-O2) (test for excess errors)
FAIL: libmudflap.c/pass47-frag.c (-O2) (test for excess errors)
FAIL: libmudflap.c/pass51-frag.c (-O2) execution test
FAIL: libmudflap.c/pass51-frag.c (-O2) execution test
FAIL: libmudflap.c/pass52-frag.c (-O2) execution test
FAIL: libmudflap.c/pass52-frag.c (-O2) execution test
FAIL: libmudflap.c/fail40-frag.c (-O3) output pattern test
FAIL: libmudflap.c/heap-scalestress.c (-O3) execution test
FAIL: libmudflap.c/heap-scalestress.c (-O3) output pattern test
FAIL: libmudflap.c/pass-stratcliff.c (-O3) (test for excess errors)
WARNING: libmudflap.c/pass-stratcliff.c (-O3) compilation failed to
produce executable
FAIL: libmudflap.c/pass42-frag.c (-O3) execution test
FAIL: libmudflap.c/pass42-frag.c (-O3) output pattern test
FAIL: libmudflap.c/pass42-frag.c (-O3) execution test
FAIL: libmudflap.c/pass42-frag.c (-O3) output pattern test
FAIL: libmudflap.c/pass47-frag.c (-O3) (test for excess errors)
FAIL: libmudflap.c/pass47-frag.c (-O3) (test for excess errors)
FAIL: libmudflap.c/pass51-frag.c (-O3) execution test
FAIL: libmudflap.c/pass51-frag.c (-O3) execution test
FAIL: libmudflap.c/pass52-frag.c (-O3) execution test
FAIL: libmudflap.c/pass52-frag.c (-O3) execution test
FAIL: externs-12 linkage
FAIL: externs-21 linkage
WARNING: program timed out.
FAIL: externs-12 execution
WARNING: program timed out.
FAIL: externs-21 execution
FAIL: externs-12 linkage -O2
FAIL: externs-21 linkage -O2
WARNING: program timed out.
FAIL: externs-12 execution -O2
WARNING: program timed out.
FAIL: externs-21 execution -O2
FAIL: externs-12 linkage -O3
FAIL: externs-21 linkage -O3
WARNING: program timed out.
FAIL: externs-12 execution -O3
WARNING: program timed out.
FAIL: externs-21 execution -O3
FAIL: libmudflap.c++/pass41-frag.cxx execution test
FAIL: libmudflap.c++/pass41-frag.cxx (-O2) execution test
FAIL: libmudflap.c++/pass41-frag.cxx (-O3) execution test
FAIL: ctors-12 linkage
FAIL: ctors-21 linkage
WARNING: program timed out.
FAIL: ctors-12 execution
WARNING: program timed out.
FAIL: ctors-21 execution
FAIL: ctors-12 linkage -O2
FAIL: ctors-21 linkage -O2
WARNING: program timed out.
FAIL: ctors-12 execution -O2
WARNING: program timed out.
FAIL: ctors-21 execution -O2
FAIL: ctors-12 linkage -O3
FAIL: ctors-21 linkage -O3
WARNING: program timed out.
FAIL: ctors-12 execution -O3
WARNING: program timed out.
FAIL: ctors-21 execution -O3
FAIL: libmudflap.cth/pass37-frag.c execution test
FAIL: libmudflap.cth/pass37-frag.c output pattern test
FAIL: libmudflap.cth/pass37-frag.c (rerun 1) execution test
FAIL: libmudflap.cth/pass37-frag.c (rerun 1) output pattern test
FAIL: libmudflap.cth/pass37-frag.c (rerun 2) execution test
FAIL: libmudflap.cth/pass37-frag.c (rerun 2) output pattern test
FAIL: libmudflap.cth/pass37-frag.c (rerun 3) execution test
FAIL: libmudflap.cth/pass37-frag.c (rerun 3) output pattern test
FAIL: libmudflap.cth/pass37-frag.c (rerun 4) execution test
FAIL: libmudflap.cth/pass37-frag.c (rerun 4) output pattern test
FAIL: libmudflap.cth/pass37-frag.c (rerun 5) execution test
FAIL: libmudflap.cth/pass37-frag.c (rerun 5) output pattern test
FAIL: libmudflap.cth/pass37-frag.c (rerun 6) execution test
FAIL: libmudflap.cth/pass37-frag.c (rerun 6) output pattern test
FAIL: libmudflap.cth/pass37-frag.c (rerun 7) execution test
FAIL: libmudflap.cth/pass37-frag.c (rerun 7) output pattern test
FAIL: libmudflap.cth/pass37-frag.c (rerun 8) execution test
FAIL: libmudflap.cth/pass37-frag.c (rerun 8) output pattern test
FAIL: libmudflap.cth/pass37-frag.c (rerun 9) execution test
FAIL: libmudflap.cth/pass37-frag.c (rerun 9) output pattern test
FAIL: libmudflap.cth/pass37-frag.c (rerun 10) execution test
FAIL: libmudflap.cth/pass37-frag.c (rerun 10) output pattern test
FAIL: libmudflap.cth/pass37-frag.c (rerun 11) execution test
FAIL: libmudflap.cth/pass37-frag.c (rerun 11) output pattern test
FAIL: libmudflap.cth/pass37-frag.c (rerun 12) execution test
FAIL: libmudflap.cth/pass37-frag.c (rerun 12) output pattern test
FAIL: libmudflap.cth/pass37-frag.c (rerun 13) execution test
FAIL: libmudflap.cth/pass37-frag.c (rerun 13) output pattern test
FAIL: libmudflap.cth/pass37-frag.c (rerun 14) execution test
FAIL: libmudflap.cth/pass37-frag.c (rerun 14) output pattern test
FAIL: libmudflap.cth/pass37-frag.c (rerun 15) execution test
FAIL: libmudflap.cth/pass37-frag.c (rerun 15) output pattern test
FAIL: libmudflap.cth/pass37-frag.c (rerun 16) execution test
FAIL: libmudflap.cth/pass37-frag.c (rerun 16) output pattern test
FAIL: libmudflap.cth/pass37-frag.c (rerun 17) execution test
FAIL: libmudflap.cth/pass37-frag.c (rerun 17) output pattern test
FAIL: libmudflap.cth/pass37-frag.c (rerun 18) execution test
FAIL: libmudflap.cth/pass37-frag.c (rerun 18) output pattern test
FAIL: libmudflap.cth/pass37-frag.c (rerun 19) execution test
FAIL: libmudflap.cth/pass37-frag.c (rerun 19) output pattern test
FAIL: libmudflap.cth/pass39-frag.c execution test
FAIL: libmudflap.cth/pass39-frag.c output pattern test
FAIL: libmudflap.cth/pass39-frag.c (rerun 1) execution test
FAIL: libmudflap.cth/pass39-frag.c (rerun 1) output pattern test
FAIL: libmudflap.cth/pass39-frag.c (rerun 2) execution test
FAIL: libmudflap.cth/pass39-frag.c (rerun 2) output pattern test
FAIL: libmudflap.cth/pass39-frag.c (rerun 3) execution test
FAIL: libmudflap.cth/pass39-frag.c (rerun 3) output pattern test
FAIL: libmudflap.cth/pass39-frag.c (rerun 4) execution test
FAIL: libmudflap.cth/pass39-frag.c (rerun 4) output pattern test
FAIL: libmudflap.cth/pass39-frag.c (rerun 5) execution test
FAIL: libmudflap.cth/pass39-frag.c (rerun 5) output pattern test
FAIL: libmudflap.cth/pass39-frag.c (rerun 6) execution test
FAIL: libmudflap.cth/pass39-frag.c (rerun 6) output pattern test
FAIL: libmudflap.cth/pass39-frag.c (rerun 7) execution test
FAIL: libmudflap.cth/pass39-frag.c (rerun 7) output pattern test
FAIL: libmudflap.cth/pass39-frag.c (rerun 8) execution test
FAIL: libmudflap.cth/pass39-frag.c (rerun 8) output pattern test
FAIL: libmudflap.cth/pass39-frag.c (rerun 9) execution test
FAIL: libmudflap.cth/pass39-frag.c (rerun 9) output pattern test
FAIL: libmudflap.cth/pass39-frag.c (rerun 10) execution test
FAIL: libmudflap.cth/pass39-frag.c (rerun 10) output pattern test
FAIL: libmudflap.cth/pass39-frag.c (rerun 11) execution test
FAIL: libmudflap.cth/pass39-frag.c (rerun 11) output pattern test
FAIL: libmudflap.cth/pass39-frag.c (rerun 12) execution test
FAIL: libmudflap.cth/pass39-frag.c (rerun 12) output pattern test
FAIL: libmudflap.cth/pass39-frag.c (rerun 13) execution test
FAIL: libmudflap.cth/pass39-frag.c (rerun 13) output pattern test
FAIL: libmudflap.cth/pass39-frag.c (rerun 14) execution test
FAIL: libmudflap.cth/pass39-frag.c (rerun 14) output pattern test
FAIL: libmudflap.cth/pass39-frag.c (rerun 15) execution test
FAIL: libmudflap.cth/pass39-frag.c (rerun 15) output pattern test
FAIL: libmudflap.cth/pass39-frag.c (rerun 16) execution test
FAIL: libmudflap.cth/pass39-frag.c (rerun 16) output pattern test
FAIL: libmudflap.cth/pass39-frag.c (rerun 17) execution test
FAIL: libmudflap.cth/pass39-frag.c (rerun 17) output pattern test
FAIL: libmudflap.cth/pass39-frag.c (rerun 18) execution test
FAIL: libmudflap.cth/pass39-frag.c (rerun 18) output pattern test
FAIL: libmudflap.cth/pass39-frag.c (rerun 19) execution test
FAIL: libmudflap.cth/pass39-frag.c (rerun 19) output pattern test
FAIL: libmudflap.cth/pass40-frag.c execution test
FAIL: libmudflap.cth/pass40-frag.c output pattern test
FAIL: libmudflap.cth/pass37-frag.c (-O2) execution test
FAIL: libmudflap.cth/pass37-frag.c (-O2) output pattern test
FAIL: libmudflap.cth/pass37-frag.c (-O2) (rerun 1) execution test
FAIL: libmudflap.cth/pass37-frag.c (-O2) (rerun 1) output pattern test
FAIL: libmudflap.cth/pass37-frag.c (-O2) (rerun 2) execution test
FAIL: libmudflap.cth/pass37-frag.c (-O2) (rerun 2) output pattern test
FAIL: libmudflap.cth/pass37-frag.c (-O2) (rerun 3) execution test
FAIL: libmudflap.cth/pass37-frag.c (-O2) (rerun 3) output pattern test
FAIL: libmudflap.cth/pass37-frag.c (-O2) (rerun 4) execution test
FAIL: libmudflap.cth/pass37-frag.c (-O2) (rerun 4) output pattern test
FAIL: libmudflap.cth/pass37-frag.c (-O2) (rerun 5) execution test
FAIL: libmudflap.cth/pass37-frag.c (-O2) (rerun 5) output pattern test
FAIL: libmudflap.cth/pass37-frag.c (-O2) (rerun 6) execution test
FAIL: libmudflap.cth/pass37-frag.c (-O2) (rerun 6) output pattern test
FAIL: libmudflap.cth/pass37-frag.c (-O2) (rerun 7) execution test
FAIL: libmudflap.cth/pass37-frag.c (-O2) (rerun 7) output pattern test
FAIL: libmudflap.cth/pass37-frag.c (-O2) (rerun 8) execution test
FAIL: libmudflap.cth/pass37-frag.c (-O2) (rerun 8) output pattern test
FAIL: libmudflap.cth/pass37-frag.c (-O2) (rerun 9) execution test
FAIL: libmudflap.cth/pass37-frag.c (-O2) (rerun 9) output pattern test
FAIL: libmudflap.cth/pass37-frag.c (-O2) (rerun 10) execution test
FAIL: libmudflap.cth/pass37-frag.c (-O2) (rerun 10) output pattern test
FAIL: libmudflap.cth/pass37-frag.c (-O2) (rerun 11) execution test
FAIL: libmudflap.cth/pass37-frag.c (-O2) (rerun 11) output pattern test
FAIL: libmudflap.cth/pass37-frag.c (-O2) (rerun 12) execution test
FAIL: libmudflap.cth/pass37-frag.c (-O2) (rerun 12) output pattern test
FAIL: libmudflap.cth/pass37-frag.c (-O2) (rerun 13) execution test
FAIL: libmudflap.cth/pass37-frag.c (-O2) (rerun 13) output pattern test
FAIL: libmudflap.cth/pass37-frag.c (-O2) (rerun 14) execution test
FAIL: libmudflap.cth/pass37-frag.c (-O2) (rerun 14) output pattern test
FAIL: libmudflap.cth/pass37-frag.c (-O2) (rerun 15) execution test
FAIL: libmudflap.cth/pass37-frag.c (-O2) (rerun 15) output pattern test
FAIL: libmudflap.cth/pass37-frag.c (-O2) (rerun 16) execution test
FAIL: libmudflap.cth/pass37-frag.c (-O2) (rerun 16) output pattern test
FAIL: libmudflap.cth/pass37-frag.c (-O2) (rerun 17) execution test
FAIL: libmudflap.cth/pass37-frag.c (-O2) (rerun 17) output pattern test
FAIL: libmudflap.cth/pass37-frag.c (-O2) (rerun 18) execution test
FAIL: libmudflap.cth/pass37-frag.c (-O2) (rerun 18) output pattern test
FAIL: libmudflap.cth/pass37-frag.c (-O2) (rerun 19) execution test
FAIL: libmudflap.cth/pass37-frag.c (-O2) (rerun 19) output pattern test
FAIL: libmudflap.cth/pass39-frag.c (-O2) execution test
FAIL: libmudflap.cth/pass39-frag.c (-O2) output pattern test
FAIL: libmudflap.cth/pass39-frag.c (-O2) (rerun 1) execution test
FAIL: libmudflap.cth/pass39-frag.c (-O2) (rerun 1) output pattern test
FAIL: libmudflap.cth/pass39-frag.c (-O2) (rerun 2) execution test
FAIL: libmudflap.cth/pass39-frag.c (-O2) (rerun 2) output pattern test
FAIL: libmudflap.cth/pass39-frag.c (-O2) (rerun 3) execution test
FAIL: libmudflap.cth/pass39-frag.c (-O2) (rerun 3) output pattern test
FAIL: libmudflap.cth/pass39-frag.c (-O2) (rerun 4) execution test
FAIL: libmudflap.cth/pass39-frag.c (-O2) (rerun 4) output pattern test
FAIL: libmudflap.cth/pass39-frag.c (-O2) (rerun 5) execution test
FAIL: libmudflap.cth/pass39-frag.c (-O2) (rerun 5) output pattern test
FAIL: libmudflap.cth/pass39-frag.c (-O2) (rerun 6) execution test
FAIL: libmudflap.cth/pass39-frag.c (-O2) (rerun 6) output pattern test
FAIL: libmudflap.cth/pass39-frag.c (-O2) (rerun 7) execution test
FAIL: libmudflap.cth/pass39-frag.c (-O2) (rerun 7) output pattern test
FAIL: libmudflap.cth/pass39-frag.c (-O2) (rerun 8) execution test
FAIL: libmudflap.cth/pass39-frag.c (-O2) (rerun 8) output pattern test
FAIL: libmudflap.cth/pass39-frag.c (-O2) (rerun 9) execution test
FAIL: libmudflap.cth/pass39-frag.c (-O2) (rerun 9) output pattern test
FAIL: libmudflap.cth/pass39-frag.c (-O2) (rerun 10) execution test
FAIL: libmudflap.cth/pass39-frag.c (-O2) (rerun 10) output pattern test
FAIL: libmudflap.cth/pass39-frag.c (-O2) (rerun 11) execution test
FAIL: libmudflap.cth/pass39-frag.c (-O2) (rerun 11) output pattern test
FAIL: libmudflap.cth/pass39-frag.c (-O2) (rerun 12) execution test
FAIL: libmudflap.cth/pass39-frag.c (-O2) (rerun 12) output pattern test
FAIL: libmudflap.cth/pass39-frag.c (-O2) (rerun 13) execution test
FAIL: libmudflap.cth/pass39-frag.c (-O2) (rerun 13) output pattern test
FAIL: libmudflap.cth/pass39-frag.c (-O2) (rerun 14) execution test
FAIL: libmudflap.cth/pass39-frag.c (-O2) (rerun 14) output pattern test
FAIL: libmudflap.cth/pass39-frag.c (-O2) (rerun 15) execution test
FAIL: libmudflap.cth/pass39-frag.c (-O2) (rerun 15) output pattern test
FAIL: libmudflap.cth/pass39-frag.c (-O2) (rerun 16) execution test
FAIL: libmudflap.cth/pass39-frag.c (-O2) (rerun 16) output pattern test
FAIL: libmudflap.cth/pass39-frag.c (-O2) (rerun 17) execution test
FAIL: libmudflap.cth/pass39-frag.c (-O2) (rerun 17) output pattern test
FAIL: libmudflap.cth/pass39-frag.c (-O2) (rerun 18) execution test
FAIL: libmudflap.cth/pass39-frag.c (-O2) (rerun 18) output pattern test
FAIL: libmudflap.cth/pass39-frag.c (-O2) (rerun 19) execution test
FAIL: libmudflap.cth/pass39-frag.c (-O2) (rerun 19) output pattern test
FAIL: libmudflap.cth/pass40-frag.c (-O2) execution test
FAIL: libmudflap.cth/pass40-frag.c (-O2) output pattern test
FAIL: libmudflap.cth/pass37-frag.c (-O3) execution test
FAIL: libmudflap.cth/pass37-frag.c (-O3) output pattern test
FAIL: libmudflap.cth/pass37-frag.c (-O3) (rerun 1) execution test
FAIL: libmudflap.cth/pass37-frag.c (-O3) (rerun 1) output pattern test
FAIL: libmudflap.cth/pass37-frag.c (-O3) (rerun 2) execution test
FAIL: libmudflap.cth/pass37-frag.c (-O3) (rerun 2) output pattern test
FAIL: libmudflap.cth/pass37-frag.c (-O3) (rerun 3) execution test
FAIL: libmudflap.cth/pass37-frag.c (-O3) (rerun 3) output pattern test
FAIL: libmudflap.cth/pass37-frag.c (-O3) (rerun 4) execution test
FAIL: libmudflap.cth/pass37-frag.c (-O3) (rerun 4) output pattern test
FAIL: libmudflap.cth/pass37-frag.c (-O3) (rerun 5) execution test
FAIL: libmudflap.cth/pass37-frag.c (-O3) (rerun 5) output pattern test
FAIL: libmudflap.cth/pass37-frag.c (-O3) (rerun 6) execution test
FAIL: libmudflap.cth/pass37-frag.c (-O3) (rerun 6) output pattern test
FAIL: libmudflap.cth/pass37-frag.c (-O3) (rerun 7) execution test
FAIL: libmudflap.cth/pass37-frag.c (-O3) (rerun 7) output pattern test
FAIL: libmudflap.cth/pass37-frag.c (-O3) (rerun 8) execution test
FAIL: libmudflap.cth/pass37-frag.c (-O3) (rerun 8) output pattern test
FAIL: libmudflap.cth/pass37-frag.c (-O3) (rerun 9) execution test
FAIL: libmudflap.cth/pass37-frag.c (-O3) (rerun 9) output pattern test
FAIL: libmudflap.cth/pass37-frag.c (-O3) (rerun 10) execution test
FAIL: libmudflap.cth/pass37-frag.c (-O3) (rerun 10) output pattern test
FAIL: libmudflap.cth/pass37-frag.c (-O3) (rerun 11) execution test
FAIL: libmudflap.cth/pass37-frag.c (-O3) (rerun 11) output pattern test
FAIL: libmudflap.cth/pass37-frag.c (-O3) (rerun 12) execution test
FAIL: libmudflap.cth/pass37-frag.c (-O3) (rerun 12) output pattern test
FAIL: libmudflap.cth/pass37-frag.c (-O3) (rerun 13) execution test
FAIL: libmudflap.cth/pass37-frag.c (-O3) (rerun 13) output pattern test
FAIL: libmudflap.cth/pass37-frag.c (-O3) (rerun 14) execution test
FAIL: libmudflap.cth/pass37-frag.c (-O3) (rerun 14) output pattern test
FAIL: libmudflap.cth/pass37-frag.c (-O3) (rerun 15) execution test
FAIL: libmudflap.cth/pass37-frag.c (-O3) (rerun 15) output pattern test
FAIL: libmudflap.cth/pass37-frag.c (-O3) (rerun 16) execution test
FAIL: libmudflap.cth/pass37-frag.c (-O3) (rerun 16) output pattern test
FAIL: libmudflap.cth/pass37-frag.c (-O3) (rerun 17) execution test
FAIL: libmudflap.cth/pass37-frag.c (-O3) (rerun 17) output pattern test
FAIL: libmudflap.cth/pass37-frag.c (-O3) (rerun 18) execution test
FAIL: libmudflap.cth/pass37-frag.c (-O3) (rerun 18) output pattern test
FAIL: libmudflap.cth/pass37-frag.c (-O3) (rerun 19) execution test
FAIL: libmudflap.cth/pass37-frag.c (-O3) (rerun 19) output pattern test
FAIL: libmudflap.cth/pass39-frag.c (-O3) execution test
FAIL: libmudflap.cth/pass39-frag.c (-O3) output pattern test
FAIL: libmudflap.cth/pass39-frag.c (-O3) (rerun 1) execution test
FAIL: libmudflap.cth/pass39-frag.c (-O3) (rerun 1) output pattern test
FAIL: libmudflap.cth/pass39-frag.c (-O3) (rerun 2) execution test
FAIL: libmudflap.cth/pass39-frag.c (-O3) (rerun 2) output pattern test
FAIL: libmudflap.cth/pass39-frag.c (-O3) (rerun 3) execution test
FAIL: libmudflap.cth/pass39-frag.c (-O3) (rerun 3) output pattern test
FAIL: libmudflap.cth/pass39-frag.c (-O3) (rerun 4) execution test
FAIL: libmudflap.cth/pass39-frag.c (-O3) (rerun 4) output pattern test
FAIL: libmudflap.cth/pass39-frag.c (-O3) (rerun 5) execution test
FAIL: libmudflap.cth/pass39-frag.c (-O3) (rerun 5) output pattern test
FAIL: libmudflap.cth/pass39-frag.c (-O3) (rerun 6) execution test
FAIL: libmudflap.cth/pass39-frag.c (-O3) (rerun 6) output pattern test
FAIL: libmudflap.cth/pass39-frag.c (-O3) (rerun 7) execution test
FAIL: libmudflap.cth/pass39-frag.c (-O3) (rerun 7) output pattern test
FAIL: libmudflap.cth/pass39-frag.c (-O3) (rerun 8) execution test
FAIL: libmudflap.cth/pass39-frag.c (-O3) (rerun 8) output pattern test
FAIL: libmudflap.cth/pass39-frag.c (-O3) (rerun 9) execution test
FAIL: libmudflap.cth/pass39-frag.c (-O3) (rerun 9) output pattern test
FAIL: libmudflap.cth/pass39-frag.c (-O3) (rerun 10) execution test
FAIL: libmudflap.cth/pass39-frag.c (-O3) (rerun 10) output pattern test
FAIL: libmudflap.cth/pass39-frag.c (-O3) (rerun 11) execution test
FAIL: libmudflap.cth/pass39-frag.c (-O3) (rerun 11) output pattern test
FAIL: libmudflap.cth/pass39-frag.c (-O3) (rerun 12) execution test
FAIL: libmudflap.cth/pass39-frag.c (-O3) (rerun 12) output pattern test
FAIL: libmudflap.cth/pass39-frag.c (-O3) (rerun 13) execution test
FAIL: libmudflap.cth/pass39-frag.c (-O3) (rerun 13) output pattern test
FAIL: libmudflap.cth/pass39-frag.c (-O3) (rerun 14) execution test
FAIL: libmudflap.cth/pass39-frag.c (-O3) (rerun 14) output pattern test
FAIL: libmudflap.cth/pass39-frag.c (-O3) (rerun 15) execution test
FAIL: libmudflap.cth/pass39-frag.c (-O3) (rerun 15) output pattern test
FAIL: libmudflap.cth/pass39-frag.c (-O3) (rerun 16) execution test
FAIL: libmudflap.cth/pass39-frag.c (-O3) (rerun 16) output pattern test
FAIL: libmudflap.cth/pass39-frag.c (-O3) (rerun 17) execution test
FAIL: libmudflap.cth/pass39-frag.c (-O3) (rerun 17) output pattern test
FAIL: libmudflap.cth/pass39-frag.c (-O3) (rerun 18) execution test
FAIL: libmudflap.cth/pass39-frag.c (-O3) (rerun 18) output pattern test
FAIL: libmudflap.cth/pass39-frag.c (-O3) (rerun 19) execution test
FAIL: libmudflap.cth/pass39-frag.c (-O3) (rerun 19) output pattern test
FAIL: libmudflap.cth/pass40-frag.c (-O3) execution test
FAIL: libmudflap.cth/pass40-frag.c (-O3) output pattern test
=== libmudflap Summary ===
# of expected passes 1107
# of unexpected failures 317
=== libstdc++ tests ===
Running target unix
FAIL: ext/enc_filebuf/char/13598.cc execution test
=== libstdc++ Summary ===
# of expected passes 5678
# of unexpected failures 1
# of expected failures 79
# of unsupported tests 386
Compiler version: 4.4.0 20090117 (experimental) [trunk revision 143454]
(GCC)
Platform: i386-pc-solaris2.11
configure flags: --enable-languages=ada,c,c++,fortran,java,objc,obj-c++
--enable-shared --disable-static --enable-decimal-float
--with-long-double-128 --enable-nls --with-included-gettext
--enable-gather-detailed-mem-stats --with-stabs --enable-debug
--enable-largefile --enable-symvers --without-system-zlib
--enable-gtk-cairo --enable-gconf-peer --enable-xmlj --enable-gtk-peer
--enable-qt-peer --enable-plugin --enable-tool-wrappers
--enable-local-sockets --enable-gjdoc --enable-java-awt=gtk,xlib,qt,x
--enable-gc-debug --enable-libgcj-debug --enable-objc-gc
--enable-libstdcxx-debug --disable-stage1-checking
--enable-checking=release --without-system-libunwind --with-gnu-as
--with-as=/usr/local/bin/as --with-gnu-ld --with-ld=/usr/local/bin/ld