This is the mail archive of the
gcc-testresults@gcc.gnu.org
mailing list for the GCC project.
Results for 4.4.0 20090114 (experimental) [trunk revision 143380] (GCC) testsuite on hppa2.0w-hp-hpux11.11
- From: Andreas Tobler <andreast-list at fgznet dot ch>
- To: gcc-testresults at gcc dot gnu dot org
- Date: Sat, 17 Jan 2009 20:42:50 +0100
- Subject: Results for 4.4.0 20090114 (experimental) [trunk revision 143380] (GCC) testsuite on hppa2.0w-hp-hpux11.11
LAST_UPDATED: Wed Jan 14 19:38:29 UTC 2009 (revision 143380)
Native configuration is hppa2.0w-hp-hpux11.11
=== g++ tests ===
Running target unix
FAIL: g++.old-deja/g++.law/profile1.C (test for excess errors)
WARNING: g++.old-deja/g++.law/profile1.C compilation failed to produce executable
=== g++ Summary ===
# of expected passes 17697
# of unexpected failures 1
# of expected failures 142
# of unsupported tests 240
/export/gcc/head/objdir/gcc/testsuite/g++/../../g++ version 4.4.0 20090114 (experimental) [trunk revision 143380] (GCC)
=== gcc tests ===
Running target unix
FAIL: gcc.dg/20021014-1.c (test for excess errors)
WARNING: gcc.dg/20021014-1.c compilation failed to produce executable
FAIL: gcc.dg/nest.c (test for excess errors)
WARNING: gcc.dg/nest.c compilation failed to produce executable
FAIL: gcc.dg/nested-func-4.c (test for excess errors)
WARNING: gcc.dg/nested-func-4.c compilation failed to produce executable
FAIL: gcc.dg/pr32450.c (test for excess errors)
WARNING: gcc.dg/pr32450.c compilation failed to produce executable
FAIL: gcc.dg/pr35729.c scan-rtl-dump-times loop2_invariant "Decided to move invariant" 0
=== gcc Summary ===
# of expected passes 47538
# of unexpected failures 5
# of expected failures 126
# of unsupported tests 635
/export/gcc/head/objdir/gcc/xgcc version 4.4.0 20090114 (experimental) [trunk revision 143380] (GCC)
=== gfortran tests ===
Running target unix
FAIL: gfortran.dg/nint_2.f90 -O0 execution test
=== gfortran Summary ===
# of expected passes 28080
# of unexpected failures 1
# of expected failures 10
# of unsupported tests 277
/export/gcc/head/objdir/gcc/testsuite/gfortran/../../gfortran version 4.4.0 20090114 (experimental) [trunk revision 143380] (GCC)
=== libffi tests ===
Running target unix
FAIL: libffi.call/cls_longdouble.c -O0 -W -Wall execution test
FAIL: libffi.call/cls_longdouble.c -O2 execution test
FAIL: libffi.call/cls_longdouble.c -O3 execution test
FAIL: libffi.call/cls_longdouble.c -Os execution test
FAIL: libffi.call/cls_longdouble.c -O2 -fomit-frame-pointer execution test
=== libffi Summary ===
# of expected passes 1469
# of unexpected failures 5
# of unsupported tests 10
=== libgomp tests ===
Running target unix
FAIL: libgomp.fortran/vla6.f90 -O3 -fomit-frame-pointer execution test
FAIL: libgomp.fortran/vla6.f90 -O3 -fomit-frame-pointer -funroll-loops execution test
FAIL: libgomp.fortran/vla6.f90 -O3 -fomit-frame-pointer -funroll-all-loops -finline-functions execution test
FAIL: libgomp.fortran/vla6.f90 -O3 -g execution test
=== libgomp Summary ===
# of expected passes 2323
# of unexpected failures 4
# of unsupported tests 9
=== libjava tests ===
Running target unix
FAIL: PR16923 run
=== libjava Summary ===
# of expected passes 2573
# of unexpected failures 1
# of untested testcases 1
=== libstdc++ tests ===
Running target unix
WARNING: program timed out.
FAIL: 23_containers/vector/bool/modifiers/insert/31370.cc execution test
=== libstdc++ Summary ===
# of expected passes 5458
# of unexpected failures 1
# of expected failures 72
# of unsupported tests 491
Compiler version: 4.4.0 20090114 (experimental) [trunk revision 143380] (GCC)
Platform: hppa2.0w-hp-hpux11.11
configure flags: --prefix=/export/gcc/head/testbin --with-as=/opt/hp-gcc/bin/as --with-ld=/usr/ccs/bin/ld --enable-shared --enable-threads=posix --disable-nls --disable-mudflap --with-libiconv-prefix=/usr/local --enable-languages=c,c++,java,fortran --disable-static --with-gmp=/usr/local --disable-checking