This is the mail archive of the
gcc-testresults@gcc.gnu.org
mailing list for the GCC project.
Results for 4.4.0 20090107 (experimental) [trunk revision 143170] (Debian 20090107-1) testsuite on s390-ibm-linux-gnu
- From: Matthias Klose <doko at debian dot org>
- To: gcc-testresults at gcc dot gnu dot org
- Cc: debian-gcc at lists dot debian dot org
- Date: Fri, 09 Jan 2009 17:54:54 -0700
- Subject: Results for 4.4.0 20090107 (experimental) [trunk revision 143170] (Debian 20090107-1) testsuite on s390-ibm-linux-gnu
- Reply-to: Matthias Klose <doko at debian dot org>
LAST_UPDATED: Wed Jan 7 22:55:40 UTC 2009 (revision 143170)
Target: s390-linux-gnu
gcc version 4.4.0 20090107 (experimental) [trunk revision 143170] (Debian 20090107-1)
=== acats tests ===
=== acats Summary ===
# of expected passes 2315
# of unexpected failures 0
Native configuration is s390-ibm-linux-gnu
=== g++ tests ===
Running target unix
=== g++ Summary for unix ===
# of expected passes 18770
# of expected failures 140
# of unsupported tests 151
Running target unix/-m64
=== g++ Summary for unix/-m64 ===
# of expected passes 18736
# of expected failures 140
# of unsupported tests 153
=== g++ Summary ===
# of expected passes 37506
# of expected failures 280
# of unsupported tests 304
/build/buildd/gcc-snapshot-20090107/build/gcc/testsuite/g++/../../g++ version 4.4.0 20090107 (experimental) [trunk revision 143170] (Debian 20090107-1)
=== gcc tests ===
Running target unix
FAIL: gcc.dg/pr35729.c scan-rtl-dump-times loop2_invariant "Decided to move invariant" 0
FAIL: gcc.dg/uninit-13.c unconditional (test for warnings, line 8)
FAIL: gcc.dg/uninit-13.c (test for excess errors)
FAIL: gcc.dg/graphite/block-3.c (test for excess errors)
FAIL: gcc.dg/tree-prof/bb-reorg.c compilation, -fprofile-use -D_PROFILE_USE
UNRESOLVED: gcc.dg/tree-prof/bb-reorg.c execution, -fprofile-use -D_PROFILE_USE
FAIL: gcc.dg/tree-prof/pr34999.c compilation, -fprofile-use -D_PROFILE_USE
UNRESOLVED: gcc.dg/tree-prof/pr34999.c execution, -fprofile-use -D_PROFILE_USE
XPASS: gcc.dg/tree-ssa/20040204-1.c scan-tree-dump-times optimized "link_error" 0
FAIL: gcc.dg/tree-ssa/vrp47.c scan-tree-dump-times vrp1 "[xy][^ ]* !=" 0
FAIL: gcc.dg/tree-ssa/vrp47.c scan-tree-dump-times dom1 "x[^ ]* & y" 1
FAIL: gcc.dg/tree-ssa/vrp47.c scan-tree-dump-times vrp1 "x[^ ]* [|] y" 1
=== gcc Summary for unix ===
# of expected passes 48852
# of unexpected successes 1
# of unexpected failures 9
# of expected failures 126
# of unresolved testcases 2
# of unsupported tests 494
Running target unix/-m64
FAIL: gcc.dg/pr35729.c scan-rtl-dump-times loop2_invariant "Decided to move invariant" 0
FAIL: gcc.dg/uninit-13.c unconditional (test for warnings, line 8)
FAIL: gcc.dg/uninit-13.c (test for excess errors)
FAIL: gcc.dg/tree-prof/bb-reorg.c compilation, -fprofile-use -D_PROFILE_USE
UNRESOLVED: gcc.dg/tree-prof/bb-reorg.c execution, -fprofile-use -D_PROFILE_USE
FAIL: gcc.dg/tree-prof/pr34999.c compilation, -fprofile-use -D_PROFILE_USE
UNRESOLVED: gcc.dg/tree-prof/pr34999.c execution, -fprofile-use -D_PROFILE_USE
XPASS: gcc.dg/tree-ssa/20040204-1.c scan-tree-dump-times optimized "link_error" 0
FAIL: gcc.dg/tree-ssa/vrp47.c scan-tree-dump-times vrp1 "[xy][^ ]* !=" 0
FAIL: gcc.dg/tree-ssa/vrp47.c scan-tree-dump-times dom1 "x[^ ]* & y" 1
FAIL: gcc.dg/tree-ssa/vrp47.c scan-tree-dump-times vrp1 "x[^ ]* [|] y" 1
FAIL: gcc.target/s390/20020926-1.c (test for excess errors)
ERROR: gcc.target/s390/20020926-1.c: error executing dg-final: couldn't open "20020926-1.s": no such file or directory
UNRESOLVED: gcc.target/s390/20020926-1.c: error executing dg-final: couldn't open "20020926-1.s": no such file or directory
=== gcc Summary for unix/-m64 ===
# of expected passes 48862
# of unexpected successes 1
# of unexpected failures 9
# of expected failures 127
# of unresolved testcases 3
# of unsupported tests 486
=== gcc Summary ===
# of expected passes 97714
# of unexpected failures 18
# of unexpected successes 2
# of expected failures 253
# of unresolved testcases 5
# of unsupported tests 980
/build/buildd/gcc-snapshot-20090107/build/gcc/xgcc version 4.4.0 20090107 (experimental) [trunk revision 143170] (Debian 20090107-1)
=== gfortran tests ===
Running target unix
=== gfortran Summary for unix ===
# of expected passes 28473
# of expected failures 14
# of unsupported tests 117
Running target unix/-m64
=== gfortran Summary for unix/-m64 ===
# of expected passes 28622
# of expected failures 14
# of unsupported tests 44
=== gfortran Summary ===
# of expected passes 57095
# of expected failures 28
# of unsupported tests 161
/build/buildd/gcc-snapshot-20090107/build/gcc/testsuite/gfortran/../../gfortran version 4.4.0 20090107 (experimental) [trunk revision 143170] (Debian 20090107-1)
=== gnat tests ===
Running target unix
=== gnat Summary ===
# of expected passes 602
# of expected failures 6
=== obj-c++ tests ===
Running target unix
UNRESOLVED: obj-c++.dg/lookup-2.mm compilation failed to produce executable
UNRESOLVED: obj-c++.dg/try-catch-2.mm compilation failed to produce executable
UNRESOLVED: obj-c++.dg/try-catch-9.mm compilation failed to produce executable
=== obj-c++ Summary ===
# of expected passes 438
# of expected failures 10
# of unresolved testcases 3
# of unsupported tests 13
/build/buildd/gcc-snapshot-20090107/build/gcc/testsuite/obj-c++/../../g++ version 4.4.0 20090107 (experimental) [trunk revision 143170] (Debian 20090107-1)
=== objc tests ===
Running target unix
FAIL: objc/execute/forward-1.m execution, -O0 -fgnu-runtime
FAIL: objc/execute/forward-1.m execution, -O1 -fgnu-runtime
FAIL: objc/execute/forward-1.m execution, -O2 -fgnu-runtime
FAIL: objc/execute/forward-1.m execution, -O3 -fomit-frame-pointer -fgnu-runtime
FAIL: objc/execute/forward-1.m execution, -O3 -fomit-frame-pointer -funroll-loops -fgnu-runtime
FAIL: objc/execute/forward-1.m execution, -O3 -fomit-frame-pointer -funroll-all-loops -finline-functions -fgnu-runtime
FAIL: objc/execute/forward-1.m execution, -O3 -g -fgnu-runtime
FAIL: objc/execute/forward-1.m execution, -Os -fgnu-runtime
=== objc Summary ===
# of expected passes 1822
# of unexpected failures 8
# of expected failures 7
# of unsupported tests 24
/build/buildd/gcc-snapshot-20090107/build/gcc/xgcc version 4.4.0 20090107 (experimental) [trunk revision 143170] (Debian 20090107-1)
=== libffi tests ===
Running target unix
=== libffi Summary for unix ===
# of expected passes 1389
# of unsupported tests 10
Running target unix/-m64
=== libffi Summary for unix/-m64 ===
# of expected passes 1389
# of unsupported tests 10
=== libffi Summary ===
# of expected passes 2778
# of unsupported tests 20
=== libgomp tests ===
Running target unix
=== libgomp Summary for unix ===
# of expected passes 2345
Running target unix/-m64
=== libgomp Summary for unix/-m64 ===
# of expected passes 2345
=== libgomp Summary ===
# of expected passes 4690
=== libjava tests ===
Running target unix
FAIL: Divide_1 execution - source compiled test
FAIL: Divide_1 -findirect-dispatch execution - source compiled test
FAIL: Divide_1 -O3 execution - source compiled test
FAIL: Divide_1 -O3 -findirect-dispatch execution - source compiled test
=== libjava Summary ===
# of expected passes 2566
# of unexpected failures 4
# of untested testcases 4
=== libmudflap tests ===
Running target unix
FAIL: libmudflap.c++/pass41-frag.cxx execution test
FAIL: libmudflap.c++/pass41-frag.cxx (-static) execution test
FAIL: libmudflap.c++/pass41-frag.cxx (-O2) execution test
FAIL: libmudflap.c++/pass41-frag.cxx (-O3) execution test
=== libmudflap Summary for unix ===
# of expected passes 1890
# of unexpected failures 4
Running target unix/-m64
FAIL: libmudflap.c++/pass41-frag.cxx execution test
FAIL: libmudflap.c++/pass41-frag.cxx (-static) execution test
FAIL: libmudflap.c++/pass41-frag.cxx (-O2) execution test
FAIL: libmudflap.c++/pass41-frag.cxx (-O3) execution test
=== libmudflap Summary for unix/-m64 ===
# of expected passes 1890
# of unexpected failures 4
=== libmudflap Summary ===
# of expected passes 3780
# of unexpected failures 8
=== libstdc++ tests ===
Running target unix
XPASS: 26_numerics/headers/cmath/c99_classification_macros_c.cc (test for excess errors)
FAIL: ext/pb_ds/regression/tree_data_map_rand.cc execution test
FAIL: ext/pb_ds/regression/tree_no_data_map_rand.cc execution test
=== libstdc++ Summary for unix ===
# of expected passes 5779
# of unexpected successes 1
# of unexpected failures 2
# of expected failures 79
# of unsupported tests 328
Running target unix/-m64
XPASS: 26_numerics/headers/cmath/c99_classification_macros_c.cc (test for excess errors)
=== libstdc++ Summary for unix/-m64 ===
# of expected passes 5781
# of unexpected successes 1
# of expected failures 79
# of unsupported tests 328
=== libstdc++ Summary ===
# of expected passes 11560
# of unexpected failures 2
# of unexpected successes 2
# of expected failures 158
# of unsupported tests 656
Compiler version: 4.4.0 20090107 (experimental) [trunk revision 143170] (Debian 20090107-1)
Platform: s390-ibm-linux-gnu
configure flags: -v --with-pkgversion='Debian 20090107-1' --with-bugurl=file:///usr/share/doc/gcc-snapshot/README.Bugs --enable-languages=c,c++,java,fortran,objc,obj-c++,ada --prefix=/usr/lib/gcc-snapshot --enable-shared --with-system-zlib --disable-nls --enable-clocale=gnu --enable-libstdcxx-debug --enable-java-awt=gtk --enable-gtk-cairo --disable-plugin --with-java-home=/usr/lib/gcc-snapshot/java-1.5.0-gcj-4.4-1.5.0.0/jre --enable-java-home --with-jvm-root-dir=/usr/lib/gcc-snapshot/jvm --with-jvm-jar-dir=/usr/lib/gcc-snapshot/jvm-exports --with-ecj-jar=/usr/share/java/eclipse-ecj.jar --enable-objc-gc --enable-mpfr --with-long-double-128 --disable-werror --build=s390-linux-gnu --host=s390-linux-gnu --target=s390-linux-gnu
BOOT_CFLAGS=
Build Dependencies:
Desired=Unknown/Install/Remove/Purge/Hold
| Status=Not/Inst/Cfg-files/Unpacked/Failed-cfg/Half-inst/trig-aWait/Trig-pend
|/ Err?=(none)/Hold/Reinst-required/X=both-problems (Status,Err: uppercase=bad)
||/ Name Version Description
+++-=====================================-====================-==============================================
ii binutils 2.18.1~cvs20080103-7 The GNU assembler, linker and binary utilities
ii libc6 2.7-18 GNU C Library: Shared libraries
Patches that Debian applied in this version:
armel-atomic-builtins:
Atomic builtins using kernel helpers for ARM Linux/EABI.
cpu-default-i486:
set default 32bit ix86 architecture to i486
gcc-ice-hack-trunk:
Retry the build on an ice, save the calling options and preprocessed
source when the ice is reproducible.
gcc-ice-apport-trunk:
Report an ICE to apport (if apport is available
and the environment variable GCC_NOAPPORT is not set)
libjava-disable-static:
Disable building the static libjava.
multiarch-include-trunk:
biarch-include.dpatch
Adds biarch include directories
/usr/local/include/<arch>-linux-gnu
/usr/include/<arch>-linux-gnu
to the system include paths, depending on 32/64 bit mode.
libjava-nobiarch-check:
For biarch builds, disable the testsuite for the non-default architecture
for runtime libraries, which are not built by default (libjava).
ada-nobiarch-check:
For biarch builds, disable the gnat testsuite for the non-default
config-ml:
disable some biarch libraries for biarch builds
s390-biarch:
enable biarch for 31 bit compiler
Counting all warnings,
there are 0 warnings in stage3 of this bootstrap.
Number of warnings per file:
Number of warning types: