This is the mail archive of the
gcc-testresults@gcc.gnu.org
mailing list for the GCC project.
Results for 4.4.0 20090108 (experimental) [trunk revision 143188] (GCC) testsuite on i686-pc-linux-gnu
- From: hjl at gnu-3 dot sc dot intel dot com (H.J. Lu (ia32))
- To: gcc-testresults at gcc dot gnu dot org
- Date: Thu, 8 Jan 2009 11:31:31 -0800 (PST)
- Subject: Results for 4.4.0 20090108 (experimental) [trunk revision 143188] (GCC) testsuite on i686-pc-linux-gnu
LAST_UPDATED: Thu Jan 8 17:17:54 UTC 2009 (revision 143188)
Native configuration is i686-pc-linux-gnu
=== gcc tests ===
Running target unix
FAIL: gcc.dg/pr30286.c execution test
=== gcc Summary ===
# of expected passes 56064
# of unexpected failures 1
# of expected failures 184
# of unsupported tests 433
/export/build/gnu/gcc/build-i686-linux/gcc/xgcc version 4.4.0 20090108 (experimental) [trunk revision 143188] (GCC)
=== gfortran tests ===
Running target unix
=== gfortran Summary ===
# of expected passes 29038
# of expected failures 10
# of unsupported tests 97
/export/build/gnu/gcc/build-i686-linux/gcc/testsuite/gfortran/../../gfortran version 4.4.0 20090108 (experimental) [trunk revision 143188] (GCC)
=== g++ tests ===
Running target unix
=== g++ Summary ===
# of expected passes 19384
# of expected failures 140
# of unsupported tests 97
/export/build/gnu/gcc/build-i686-linux/gcc/testsuite/g++/../../g++ version 4.4.0 20090108 (experimental) [trunk revision 143188] (GCC)
=== objc tests ===
Running target unix
=== objc Summary ===
# of expected passes 1830
# of expected failures 7
# of unsupported tests 24
/export/build/gnu/gcc/build-i686-linux/gcc/xgcc version 4.4.0 20090108 (experimental) [trunk revision 143188] (GCC)
=== libffi tests ===
Running target unix
=== libffi Summary ===
# of expected passes 1389
# of unsupported tests 10
=== libgomp tests ===
Running target unix
=== libgomp Summary ===
# of expected passes 2345
=== libjava tests ===
Running target unix
=== libjava Summary ===
# of expected passes 2574
=== libmudflap tests ===
Running target unix
FAIL: libmudflap.c++/pass41-frag.cxx execution test
FAIL: libmudflap.c++/pass41-frag.cxx (-static) execution test
FAIL: libmudflap.c++/pass41-frag.cxx (-O2) execution test
FAIL: libmudflap.c++/pass41-frag.cxx (-O3) execution test
=== libmudflap Summary ===
# of expected passes 1890
# of unexpected failures 4
=== libstdc++ tests ===
Running target unix
XPASS: 26_numerics/headers/cmath/c99_classification_macros_c.cc (test for excess errors)
FAIL: ext/pb_ds/regression/hash_data_map_rand.cc execution test
FAIL: ext/pb_ds/regression/hash_no_data_map_rand.cc execution test
FAIL: ext/pb_ds/regression/list_update_no_data_map_rand.cc execution test
FAIL: ext/pb_ds/regression/priority_queue_rand.cc execution test
FAIL: ext/pb_ds/regression/tree_data_map_rand.cc execution test
FAIL: ext/pb_ds/regression/tree_no_data_map_rand.cc execution test
FAIL: ext/pb_ds/regression/trie_data_map_rand.cc execution test
FAIL: ext/pb_ds/regression/trie_no_data_map_rand.cc execution test
=== libstdc++ Summary ===
# of expected passes 6403
# of unexpected failures 8
# of unexpected successes 1
# of expected failures 79
# of unsupported tests 13
Compiler version: 4.4.0 20090108 (experimental) [trunk revision 143188] (GCC)
Platform: i686-pc-linux-gnu
configure flags: --enable-clocale=gnu --with-system-zlib --enable-checking=assert --with-demangler-in-ld --enable-shared --enable-threads=posix --enable-haifa --prefix=/usr/gcc-4.4 --with-local-prefix=/usr/local