This is the mail archive of the
gcc-testresults@gcc.gnu.org
mailing list for the GCC project.
Results for 4.4.0 20090102 (experimental) [trunk revision 143012] (GCC) testsuite on alphaev56-unknown-linux-gnu
- From: Laurent GUERBY <laurent at guerby dot net>
- To: gcc-test <gcc-testresults at gcc dot gnu dot org>
- Date: Wed, 07 Jan 2009 20:54:38 +0100
- Subject: Results for 4.4.0 20090102 (experimental) [trunk revision 143012] (GCC) testsuite on alphaev56-unknown-linux-gnu
LAST_UPDATED: Fri Jan 2 15:50:39 UTC 2009 (revision 143012)
Native configuration is alphaev56-unknown-linux-gnu
=== libgomp tests ===
Running target unix
=== libgomp Summary ===
# of expected passes 249
=== acats tests ===
FAIL: c456001
FAIL: c45624a
FAIL: c45624b
FAIL: c4a013a
FAIL: c9a011b
FAIL: cxa5a03
FAIL: cxg2002
FAIL: cxg2017
FAIL: cxg2020
=== acats Summary ===
# of expected passes 2306
# of unexpected failures 9
=== gcc tests ===
Running target unix
WARNING: program timed out.
FAIL: gcc.c-torture/compile/20001226-1.c -O2 (test for excess errors)
WARNING: program timed out.
FAIL: gcc.c-torture/compile/20001226-1.c -O3 -fomit-frame-pointer (test for excess errors)
WARNING: program timed out.
FAIL: gcc.c-torture/compile/20001226-1.c -O3 -g (test for excess errors)
WARNING: program timed out.
FAIL: gcc.c-torture/compile/20001226-1.c -Os (test for excess errors)
FAIL: tmpdir-gcc.dg-struct-layout-1/t003 c_compat_x_tst.o-c_compat_y_tst.o execute
FAIL: tmpdir-gcc.dg-struct-layout-1/t024 c_compat_x_tst.o-c_compat_y_tst.o execute
FAIL: tmpdir-gcc.dg-struct-layout-1/t028 c_compat_x_tst.o-c_compat_y_tst.o execute
WARNING: program timed out.
FAIL: gcc.dg/20020425-1.c (test for excess errors)
FAIL: gcc.dg/cleanup-10.c execution test
FAIL: gcc.dg/cleanup-11.c execution test
FAIL: gcc.dg/cleanup-8.c execution test
FAIL: gcc.dg/cleanup-9.c execution test
FAIL: gcc.dg/pr35729.c scan-rtl-dump-times loop2_invariant "Decided to move invariant" 0
FAIL: gcc.dg/struct-ret-3.c execution test
=== gcc Summary ===
# of expected passes 48777
# of unexpected failures 14
# of expected failures 126
# of unsupported tests 492
/home/guerby/build/gcc/xgcc version 4.4.0 20090102 (experimental) [trunk revision 143012] (GCC)
=== gnat tests ===
Running target unix
=== gnat Summary ===
# of expected passes 603
# of expected failures 6
Compiler version: 4.4.0 20090102 (experimental) [trunk revision 143012] (GCC)
Platform: alphaev56-unknown-linux-gnu
configure flags: --prefix=/n/30/guerby/install-trunk-143012 --enable-languages=c,ada --disable-nls --enable-threads=posix --enable-__cxa_atexit --with-mpfr=/opt/cfarm/mpfr-2.3.2