This is the mail archive of the
gcc-testresults@gcc.gnu.org
mailing list for the GCC project.
Results for 4.3.2 (GCC) testsuite on i686-pc-linux-gnu
- From: René Boyer <boyer2004 at sympatico dot ca>
- To: gcc-testresults at gcc dot gnu dot org
- Date: Wed, 17 Dec 2008 11:51:41 -0500
- Subject: Results for 4.3.2 (GCC) testsuite on i686-pc-linux-gnu
LAST_UPDATED: Obtained from SVN: tags/gcc_4_3_2_release revision 139673
Native configuration is i686-pc-linux-gnu
=== gcc tests ===
Running target unix
=== gcc Summary ===
# of expected passes 49402
# of expected failures 169
# of untested testcases 35
# of unsupported tests 272
/home/rboyer/objdir/gcc/xgcc version 4.3.2 (GCC)
=== gfortran tests ===
Running target unix
=== gfortran Summary ===
# of expected passes 24226
# of expected failures 3
# of unsupported tests 16
/home/rboyer/objdir/gcc/testsuite/gfortran/../../gfortran version 4.3.2 (GCC)
=== g++ tests ===
Running target unix
=== g++ Summary ===
# of expected passes 17664
# of expected failures 82
# of unsupported tests 89
/home/rboyer/objdir/gcc/testsuite/g++/../../g++ version 4.3.2 (GCC)
=== objc tests ===
Running target unix
WARNING: Could not compile objc.dg/gnu-encoding/struct-layout-encoding-1 generator
=== objc Summary ===
# of expected passes 1757
# of unsupported tests 24
/home/rboyer/objdir/gcc/xgcc version 4.3.2 (GCC)
=== libffi tests ===
Running target unix
=== libffi Summary ===
# of expected passes 1389
# of unsupported tests 10
=== libgomp tests ===
Running target unix
=== libgomp Summary ===
# of expected passes 1763
=== libjava tests ===
Running target unix
=== libjava Summary ===
# of expected passes 2562
=== libmudflap tests ===
Running target unix
FAIL: libmudflap.c++/pass41-frag.cxx execution test
FAIL: libmudflap.c++/pass41-frag.cxx (-static) execution test
FAIL: libmudflap.c++/pass41-frag.cxx ( -O) execution test
FAIL: libmudflap.c++/pass41-frag.cxx (-O2) execution test
FAIL: libmudflap.c++/pass41-frag.cxx (-O3) execution test
=== libmudflap Summary ===
# of expected passes 1844
# of unexpected failures 5
=== libstdc++ tests ===
Running target unix
XPASS: 26_numerics/headers/cmath/c99_classification_macros_c.cc (test for excess errors)
=== libstdc++ Summary ===
# of expected passes 4943
# of unexpected successes 1
# of expected failures 59
# of unsupported tests 326
Compiler version: 4.3.2 (GCC)
Platform: i686-pc-linux-gnu
configure flags: --prefix=/usr --with-system-zlib --enable-__cxa_atexit