This is the mail archive of the
gcc-testresults@gcc.gnu.org
mailing list for the GCC project.
Results for 4.4.0 20081209 (experimental) (lto merged with rev 142607) testsuite on i686-pc-linux-gnu
- From: dnovillo at google dot com (Diego Novillo)
- To: gcc-testresults at gcc dot gnu dot org
- Date: Thu, 11 Dec 2008 04:46:37 -0800 (PST)
- Subject: Results for 4.4.0 20081209 (experimental) (lto merged with rev 142607) testsuite on i686-pc-linux-gnu
LAST_UPDATED:
Native configuration is i686-pc-linux-gnu
=== g++ tests ===
Running target unix
FAIL: g++.dg/lto/20081109 cp_lto_20081109_0.o-cp_lto_20081109_1.o execute -O0 -fwhopr
FAIL: g++.dg/lto/20081109 cp_lto_20081109_0.o-cp_lto_20081109_1.o execute -O2 -fwhopr
FAIL: g++.dg/lto/20081109 cp_lto_20081109_0.o-cp_lto_20081109_1.o execute -O0 -flto-single
FAIL: g++.dg/lto/20081109 cp_lto_20081109_0.o-cp_lto_20081109_1.o execute -O2 -flto-single
FAIL: g++.dg/pch/array-1.C -O2 -flto assembly comparison
FAIL: g++.dg/pch/empty.C -O2 -flto assembly comparison
FAIL: g++.dg/pch/local-1.C -O2 -flto assembly comparison
FAIL: g++.dg/pch/pch.C -O2 -flto assembly comparison
FAIL: g++.dg/pch/static-1.C -O2 -flto assembly comparison
FAIL: g++.dg/pch/system-1.C -O2 -flto assembly comparison
FAIL: g++.dg/pch/system-2.C -O2 -flto assembly comparison
FAIL: ./template-1.H -O2 -flto (internal compiler error)
FAIL: ./template-1.H -O2 -flto (test for excess errors)
FAIL: g++.dg/pch/template-1.C -O2 -flto
FAIL: g++.dg/pch/template-1.C -O2 -flto assembly comparison
FAIL: g++.dg/pch/uninst.C -O2 -flto assembly comparison
=== g++ Summary ===
# of expected passes 20257
# of unexpected failures 16
# of expected failures 135
# of unsupported tests 97
/usr/local/google/dnovillo/perf/sbox/lto/local.x86_64/bld/gcc/testsuite/g++/../../g++ version 4.4.0 20081209 (experimental) (lto merged with rev 142607)
=== gcc tests ===
Running target unix
FAIL: gcc.c-torture/compile/20010605-1.c -O0 -flto (internal compiler error)
FAIL: gcc.c-torture/compile/20010605-1.c -O0 -flto (test for excess errors)
FAIL: gcc.c-torture/compile/20010605-1.c -O0 -fwhopr (internal compiler error)
FAIL: gcc.c-torture/compile/20010605-1.c -O0 -fwhopr (test for excess errors)
FAIL: gcc.c-torture/compile/20021204-1.c -O1 -flto (internal compiler error)
FAIL: gcc.c-torture/compile/20021204-1.c -O1 -flto (test for excess errors)
FAIL: gcc.c-torture/compile/20021204-1.c -O2 -flto (internal compiler error)
FAIL: gcc.c-torture/compile/20021204-1.c -O2 -flto (test for excess errors)
FAIL: gcc.c-torture/compile/20021204-1.c -O2 -fwhopr (internal compiler error)
FAIL: gcc.c-torture/compile/20021204-1.c -O2 -fwhopr (test for excess errors)
FAIL: gcc.c-torture/compile/20021204-1.c -O3 -flto -fomit-frame-pointer (internal compiler error)
FAIL: gcc.c-torture/compile/20021204-1.c -O3 -flto -fomit-frame-pointer (test for excess errors)
FAIL: gcc.c-torture/compile/20021204-1.c -Os -flto (internal compiler error)
FAIL: gcc.c-torture/compile/20021204-1.c -Os -flto (test for excess errors)
FAIL: gcc.c-torture/compile/920428-4.c -O0 -flto (internal compiler error)
FAIL: gcc.c-torture/compile/920428-4.c -O0 -flto (test for excess errors)
FAIL: gcc.c-torture/compile/920428-4.c -O0 -fwhopr (internal compiler error)
FAIL: gcc.c-torture/compile/920428-4.c -O0 -fwhopr (test for excess errors)
FAIL: gcc.c-torture/compile/limits-fndefn.c -O0 -flto (test for excess errors)
FAIL: gcc.c-torture/compile/limits-fndefn.c -O0 -fwhopr (test for excess errors)
FAIL: gcc.c-torture/compile/limits-fndefn.c -O1 -flto (test for excess errors)
FAIL: gcc.c-torture/compile/limits-fndefn.c -O2 -flto (test for excess errors)
FAIL: gcc.c-torture/compile/limits-fndefn.c -O2 -fwhopr (test for excess errors)
FAIL: gcc.c-torture/compile/limits-fndefn.c -O3 -flto -fomit-frame-pointer (test for excess errors)
FAIL: gcc.c-torture/compile/limits-fndefn.c -Os -flto (test for excess errors)
FAIL: gcc.c-torture/compile/limits-structnest.c -O0 -flto (test for excess errors)
FAIL: gcc.c-torture/compile/limits-structnest.c -O0 -fwhopr (test for excess errors)
FAIL: gcc.c-torture/compile/limits-structnest.c -O1 -flto (test for excess errors)
FAIL: gcc.c-torture/compile/limits-structnest.c -O2 -flto (test for excess errors)
FAIL: gcc.c-torture/compile/limits-structnest.c -O2 -fwhopr (test for excess errors)
FAIL: gcc.c-torture/compile/limits-structnest.c -O3 -flto -fomit-frame-pointer (test for excess errors)
FAIL: gcc.c-torture/compile/limits-structnest.c -Os -flto (test for excess errors)
FAIL: gcc.c-torture/execute/builtins/memcpy-chk.c execution, -O3 -flto -fomit-frame-pointer
FAIL: gcc.c-torture/execute/builtins/memcpy-chk.c execution, -O3 -flto -fomit-frame-pointer -funroll-loops
FAIL: gcc.c-torture/execute/builtins/memcpy-chk.c execution, -O3 -flto -fomit-frame-pointer -funroll-all-loops -finline-functions
FAIL: gcc.c-torture/execute/builtins/memmove-chk.c execution, -O3 -flto -fomit-frame-pointer
FAIL: gcc.c-torture/execute/builtins/memmove-chk.c execution, -O3 -flto -fomit-frame-pointer -funroll-loops
FAIL: gcc.c-torture/execute/builtins/memmove-chk.c execution, -O3 -flto -fomit-frame-pointer -funroll-all-loops -finline-functions
FAIL: gcc.c-torture/execute/builtins/memops-asm.c execution, -O1 -flto
FAIL: gcc.c-torture/execute/builtins/memops-asm.c execution, -O2 -flto
FAIL: gcc.c-torture/execute/builtins/memops-asm.c execution, -O2 -fwhopr
FAIL: gcc.c-torture/execute/builtins/memops-asm.c execution, -O3 -flto -fomit-frame-pointer
FAIL: gcc.c-torture/execute/builtins/mempcpy-chk.c execution, -O3 -flto -fomit-frame-pointer
FAIL: gcc.c-torture/execute/builtins/mempcpy-chk.c execution, -O3 -flto -fomit-frame-pointer -funroll-loops
FAIL: gcc.c-torture/execute/builtins/mempcpy-chk.c execution, -O3 -flto -fomit-frame-pointer -funroll-all-loops -finline-functions
FAIL: gcc.c-torture/execute/builtins/mempcpy.c execution, -O3 -flto -fomit-frame-pointer
FAIL: gcc.c-torture/execute/builtins/memset-chk.c execution, -O3 -flto -fomit-frame-pointer
FAIL: gcc.c-torture/execute/builtins/memset-chk.c execution, -O3 -flto -fomit-frame-pointer -funroll-loops
FAIL: gcc.c-torture/execute/builtins/memset-chk.c execution, -O3 -flto -fomit-frame-pointer -funroll-all-loops -finline-functions
FAIL: gcc.c-torture/execute/builtins/pr23484-chk.c execution, -O3 -flto -fomit-frame-pointer
FAIL: gcc.c-torture/execute/builtins/snprintf-chk.c execution, -O3 -flto -fomit-frame-pointer
FAIL: gcc.c-torture/execute/builtins/snprintf-chk.c execution, -O3 -flto -fomit-frame-pointer -funroll-loops
FAIL: gcc.c-torture/execute/builtins/snprintf-chk.c execution, -O3 -flto -fomit-frame-pointer -funroll-all-loops -finline-functions
FAIL: gcc.c-torture/execute/builtins/stpcpy-chk.c execution, -O3 -flto -fomit-frame-pointer
FAIL: gcc.c-torture/execute/builtins/stpcpy-chk.c execution, -O3 -flto -fomit-frame-pointer -funroll-loops
FAIL: gcc.c-torture/execute/builtins/stpcpy-chk.c execution, -O3 -flto -fomit-frame-pointer -funroll-all-loops -finline-functions
FAIL: gcc.c-torture/execute/builtins/strcat-chk.c execution, -O3 -flto -fomit-frame-pointer
FAIL: gcc.c-torture/execute/builtins/strcat-chk.c execution, -O3 -flto -fomit-frame-pointer -funroll-loops
FAIL: gcc.c-torture/execute/builtins/strcat-chk.c execution, -O3 -flto -fomit-frame-pointer -funroll-all-loops -finline-functions
FAIL: gcc.c-torture/execute/builtins/strcat.c execution, -O3 -flto -fomit-frame-pointer
FAIL: gcc.c-torture/execute/builtins/strcat.c execution, -O3 -flto -fomit-frame-pointer -funroll-loops
FAIL: gcc.c-torture/execute/builtins/strcat.c execution, -O3 -flto -fomit-frame-pointer -funroll-all-loops -finline-functions
FAIL: gcc.c-torture/execute/builtins/strcpy-2.c execution, -O3 -flto -fomit-frame-pointer
FAIL: gcc.c-torture/execute/builtins/strcpy-2.c execution, -O3 -flto -fomit-frame-pointer -funroll-loops
FAIL: gcc.c-torture/execute/builtins/strcpy-2.c execution, -O3 -flto -fomit-frame-pointer -funroll-all-loops -finline-functions
FAIL: gcc.c-torture/execute/builtins/strcpy-chk.c execution, -O3 -flto -fomit-frame-pointer
FAIL: gcc.c-torture/execute/builtins/strcpy-chk.c execution, -O3 -flto -fomit-frame-pointer -funroll-loops
FAIL: gcc.c-torture/execute/builtins/strcpy-chk.c execution, -O3 -flto -fomit-frame-pointer -funroll-all-loops -finline-functions
FAIL: gcc.c-torture/execute/builtins/strlen-2.c execution, -O3 -flto -fomit-frame-pointer
FAIL: gcc.c-torture/execute/builtins/strlen-3.c execution, -O3 -flto -fomit-frame-pointer
FAIL: gcc.c-torture/execute/builtins/strlen-3.c execution, -O3 -flto -fomit-frame-pointer -funroll-loops
FAIL: gcc.c-torture/execute/builtins/strlen-3.c execution, -O3 -flto -fomit-frame-pointer -funroll-all-loops -finline-functions
FAIL: gcc.c-torture/execute/builtins/strncat-chk.c execution, -O3 -flto -fomit-frame-pointer
FAIL: gcc.c-torture/execute/builtins/strncat-chk.c execution, -O3 -flto -fomit-frame-pointer -funroll-loops
FAIL: gcc.c-torture/execute/builtins/strncat-chk.c execution, -O3 -flto -fomit-frame-pointer -funroll-all-loops -finline-functions
FAIL: gcc.c-torture/execute/builtins/strncpy-chk.c execution, -O3 -flto -fomit-frame-pointer
FAIL: gcc.c-torture/execute/builtins/strncpy-chk.c execution, -O3 -flto -fomit-frame-pointer -funroll-loops
FAIL: gcc.c-torture/execute/builtins/strncpy-chk.c execution, -O3 -flto -fomit-frame-pointer -funroll-all-loops -finline-functions
FAIL: gcc.c-torture/execute/builtins/strpcpy.c execution, -O3 -flto -fomit-frame-pointer
FAIL: gcc.c-torture/execute/builtins/vsnprintf-chk.c execution, -O3 -flto -fomit-frame-pointer
FAIL: gcc.c-torture/execute/builtins/vsnprintf-chk.c execution, -O3 -flto -fomit-frame-pointer -funroll-loops
FAIL: gcc.c-torture/execute/builtins/vsnprintf-chk.c execution, -O3 -flto -fomit-frame-pointer -funroll-all-loops -finline-functions
FAIL: gcc.c-torture/execute/builtins/vsprintf-chk.c execution, -O3 -flto -fomit-frame-pointer
FAIL: gcc.c-torture/execute/builtins/vsprintf-chk.c execution, -O3 -flto -fomit-frame-pointer -funroll-loops
FAIL: gcc.c-torture/execute/builtins/vsprintf-chk.c execution, -O3 -flto -fomit-frame-pointer -funroll-all-loops -finline-functions
FAIL: gcc.c-torture/execute/20000822-1.c compilation, -O0 -flto (internal compiler error)
UNRESOLVED: gcc.c-torture/execute/20000822-1.c execution, -O0 -flto
FAIL: gcc.c-torture/execute/20000822-1.c compilation, -O0 -fwhopr (internal compiler error)
UNRESOLVED: gcc.c-torture/execute/20000822-1.c execution, -O0 -fwhopr
FAIL: gcc.c-torture/execute/20000822-1.c compilation, -O1 -flto (internal compiler error)
UNRESOLVED: gcc.c-torture/execute/20000822-1.c execution, -O1 -flto
FAIL: gcc.c-torture/execute/20000822-1.c compilation, -O2 -flto (internal compiler error)
UNRESOLVED: gcc.c-torture/execute/20000822-1.c execution, -O2 -flto
FAIL: gcc.c-torture/execute/20000822-1.c compilation, -O2 -fwhopr (internal compiler error)
UNRESOLVED: gcc.c-torture/execute/20000822-1.c execution, -O2 -fwhopr
FAIL: gcc.c-torture/execute/20000822-1.c compilation, -O3 -flto -fomit-frame-pointer (internal compiler error)
UNRESOLVED: gcc.c-torture/execute/20000822-1.c execution, -O3 -flto -fomit-frame-pointer
FAIL: gcc.c-torture/execute/20000822-1.c compilation, -Os -flto (internal compiler error)
UNRESOLVED: gcc.c-torture/execute/20000822-1.c execution, -Os -flto
FAIL: gcc.c-torture/execute/20020412-1.c execution, -O0 -flto
FAIL: gcc.c-torture/execute/20020412-1.c execution, -O0 -fwhopr
FAIL: gcc.c-torture/execute/20020412-1.c execution, -O1 -flto
FAIL: gcc.c-torture/execute/20020412-1.c execution, -O2 -flto
FAIL: gcc.c-torture/execute/20020412-1.c execution, -O2 -fwhopr
FAIL: gcc.c-torture/execute/20020412-1.c execution, -O3 -flto -fomit-frame-pointer
FAIL: gcc.c-torture/execute/20020412-1.c execution, -O3 -flto -fomit-frame-pointer -funroll-loops
FAIL: gcc.c-torture/execute/20020412-1.c execution, -O3 -flto -fomit-frame-pointer -funroll-all-loops -finline-functions
FAIL: gcc.c-torture/execute/20020412-1.c execution, -Os -flto
FAIL: gcc.c-torture/execute/20020619-1.c execution, -O2 -flto
FAIL: gcc.c-torture/execute/20020619-1.c execution, -O2 -fwhopr
FAIL: gcc.c-torture/execute/20020619-1.c execution, -O3 -flto -fomit-frame-pointer
FAIL: gcc.c-torture/execute/20020619-1.c execution, -Os -flto
FAIL: gcc.c-torture/execute/20030501-1.c compilation, -O0 -flto (internal compiler error)
UNRESOLVED: gcc.c-torture/execute/20030501-1.c execution, -O0 -flto
FAIL: gcc.c-torture/execute/20030501-1.c compilation, -O0 -fwhopr (internal compiler error)
UNRESOLVED: gcc.c-torture/execute/20030501-1.c execution, -O0 -fwhopr
FAIL: gcc.c-torture/execute/20030501-1.c compilation, -O1 -flto (internal compiler error)
UNRESOLVED: gcc.c-torture/execute/20030501-1.c execution, -O1 -flto
FAIL: gcc.c-torture/execute/20040308-1.c compilation, -O0 -flto (internal compiler error)
UNRESOLVED: gcc.c-torture/execute/20040308-1.c execution, -O0 -flto
FAIL: gcc.c-torture/execute/20040308-1.c compilation, -O0 -fwhopr (internal compiler error)
UNRESOLVED: gcc.c-torture/execute/20040308-1.c execution, -O0 -fwhopr
FAIL: gcc.c-torture/execute/20040308-1.c compilation, -O1 -flto (internal compiler error)
UNRESOLVED: gcc.c-torture/execute/20040308-1.c execution, -O1 -flto
FAIL: gcc.c-torture/execute/20040308-1.c compilation, -O2 -flto (internal compiler error)
UNRESOLVED: gcc.c-torture/execute/20040308-1.c execution, -O2 -flto
FAIL: gcc.c-torture/execute/20040308-1.c compilation, -O2 -fwhopr (internal compiler error)
UNRESOLVED: gcc.c-torture/execute/20040308-1.c execution, -O2 -fwhopr
FAIL: gcc.c-torture/execute/20040308-1.c compilation, -O3 -flto -fomit-frame-pointer (internal compiler error)
UNRESOLVED: gcc.c-torture/execute/20040308-1.c execution, -O3 -flto -fomit-frame-pointer
FAIL: gcc.c-torture/execute/20040308-1.c compilation, -Os -flto (internal compiler error)
UNRESOLVED: gcc.c-torture/execute/20040308-1.c execution, -Os -flto
FAIL: gcc.c-torture/execute/20040520-1.c compilation, -O0 -flto (internal compiler error)
UNRESOLVED: gcc.c-torture/execute/20040520-1.c execution, -O0 -flto
FAIL: gcc.c-torture/execute/20040520-1.c compilation, -O0 -fwhopr (internal compiler error)
UNRESOLVED: gcc.c-torture/execute/20040520-1.c execution, -O0 -fwhopr
FAIL: gcc.c-torture/execute/20040520-1.c execution, -O1 -flto
FAIL: gcc.c-torture/execute/20040709-1.c execution, -O3 -flto -fomit-frame-pointer
FAIL: gcc.c-torture/execute/20040709-1.c execution, -O3 -flto -fomit-frame-pointer -funroll-loops
FAIL: gcc.c-torture/execute/20040709-1.c execution, -O3 -flto -fomit-frame-pointer -funroll-all-loops -finline-functions
FAIL: gcc.c-torture/execute/20040709-2.c execution, -O3 -flto -fomit-frame-pointer
FAIL: gcc.c-torture/execute/20040709-2.c execution, -O3 -flto -fomit-frame-pointer -funroll-loops
FAIL: gcc.c-torture/execute/20040709-2.c execution, -O3 -flto -fomit-frame-pointer -funroll-all-loops -finline-functions
FAIL: gcc.c-torture/execute/20061220-1.c compilation, -O0 -flto (internal compiler error)
UNRESOLVED: gcc.c-torture/execute/20061220-1.c execution, -O0 -flto
FAIL: gcc.c-torture/execute/20061220-1.c compilation, -O0 -fwhopr (internal compiler error)
UNRESOLVED: gcc.c-torture/execute/20061220-1.c execution, -O0 -fwhopr
FAIL: gcc.c-torture/execute/20061220-1.c compilation, -O1 -flto (internal compiler error)
UNRESOLVED: gcc.c-torture/execute/20061220-1.c execution, -O1 -flto
FAIL: gcc.c-torture/execute/20061220-1.c compilation, -O2 -flto (internal compiler error)
UNRESOLVED: gcc.c-torture/execute/20061220-1.c execution, -O2 -flto
FAIL: gcc.c-torture/execute/20061220-1.c compilation, -O2 -fwhopr (internal compiler error)
UNRESOLVED: gcc.c-torture/execute/20061220-1.c execution, -O2 -fwhopr
FAIL: gcc.c-torture/execute/20061220-1.c compilation, -O3 -flto -fomit-frame-pointer (internal compiler error)
UNRESOLVED: gcc.c-torture/execute/20061220-1.c execution, -O3 -flto -fomit-frame-pointer
FAIL: gcc.c-torture/execute/20061220-1.c compilation, -Os -flto (internal compiler error)
UNRESOLVED: gcc.c-torture/execute/20061220-1.c execution, -Os -flto
FAIL: gcc.c-torture/execute/20081112-1.c execution, -O2 -flto
FAIL: gcc.c-torture/execute/20081112-1.c execution, -O2 -fwhopr
FAIL: gcc.c-torture/execute/20081112-1.c execution, -O3 -flto -fomit-frame-pointer
FAIL: gcc.c-torture/execute/20081112-1.c execution, -Os -flto
FAIL: gcc.c-torture/execute/920411-1.c execution, -O2 -flto
FAIL: gcc.c-torture/execute/920411-1.c execution, -O2 -fwhopr
FAIL: gcc.c-torture/execute/920411-1.c execution, -O3 -flto -fomit-frame-pointer
FAIL: gcc.c-torture/execute/920411-1.c execution, -O3 -flto -fomit-frame-pointer -funroll-loops
FAIL: gcc.c-torture/execute/920411-1.c execution, -O3 -flto -fomit-frame-pointer -funroll-all-loops -finline-functions
FAIL: gcc.c-torture/execute/920415-1.c compilation, -O0 -flto
UNRESOLVED: gcc.c-torture/execute/920415-1.c execution, -O0 -flto
FAIL: gcc.c-torture/execute/920415-1.c compilation, -O0 -fwhopr
UNRESOLVED: gcc.c-torture/execute/920415-1.c execution, -O0 -fwhopr
FAIL: gcc.c-torture/execute/920415-1.c compilation, -O1 -flto (internal compiler error)
UNRESOLVED: gcc.c-torture/execute/920415-1.c execution, -O1 -flto
FAIL: gcc.c-torture/execute/920428-2.c compilation, -O0 -flto (internal compiler error)
UNRESOLVED: gcc.c-torture/execute/920428-2.c execution, -O0 -flto
FAIL: gcc.c-torture/execute/920428-2.c compilation, -O0 -fwhopr (internal compiler error)
UNRESOLVED: gcc.c-torture/execute/920428-2.c execution, -O0 -fwhopr
FAIL: gcc.c-torture/execute/920428-2.c compilation, -O1 -flto (internal compiler error)
UNRESOLVED: gcc.c-torture/execute/920428-2.c execution, -O1 -flto
FAIL: gcc.c-torture/execute/920428-2.c compilation, -O2 -flto (internal compiler error)
UNRESOLVED: gcc.c-torture/execute/920428-2.c execution, -O2 -flto
FAIL: gcc.c-torture/execute/920428-2.c compilation, -O2 -fwhopr (internal compiler error)
UNRESOLVED: gcc.c-torture/execute/920428-2.c execution, -O2 -fwhopr
FAIL: gcc.c-torture/execute/920428-2.c compilation, -O3 -flto -fomit-frame-pointer (internal compiler error)
UNRESOLVED: gcc.c-torture/execute/920428-2.c execution, -O3 -flto -fomit-frame-pointer
FAIL: gcc.c-torture/execute/920428-2.c compilation, -Os -flto (internal compiler error)
UNRESOLVED: gcc.c-torture/execute/920428-2.c execution, -Os -flto
FAIL: gcc.c-torture/execute/920501-7.c compilation, -O0 -flto (internal compiler error)
UNRESOLVED: gcc.c-torture/execute/920501-7.c execution, -O0 -flto
FAIL: gcc.c-torture/execute/920501-7.c compilation, -O0 -fwhopr (internal compiler error)
UNRESOLVED: gcc.c-torture/execute/920501-7.c execution, -O0 -fwhopr
FAIL: gcc.c-torture/execute/920501-7.c compilation, -O1 -flto (internal compiler error)
UNRESOLVED: gcc.c-torture/execute/920501-7.c execution, -O1 -flto
FAIL: gcc.c-torture/execute/920501-7.c compilation, -O2 -flto (internal compiler error)
UNRESOLVED: gcc.c-torture/execute/920501-7.c execution, -O2 -flto
FAIL: gcc.c-torture/execute/920501-7.c compilation, -O2 -fwhopr (internal compiler error)
UNRESOLVED: gcc.c-torture/execute/920501-7.c execution, -O2 -fwhopr
FAIL: gcc.c-torture/execute/920501-7.c compilation, -O3 -flto -fomit-frame-pointer (internal compiler error)
UNRESOLVED: gcc.c-torture/execute/920501-7.c execution, -O3 -flto -fomit-frame-pointer
FAIL: gcc.c-torture/execute/920501-7.c compilation, -Os -flto (internal compiler error)
UNRESOLVED: gcc.c-torture/execute/920501-7.c execution, -Os -flto
FAIL: gcc.c-torture/execute/920612-2.c compilation, -O0 -flto (internal compiler error)
UNRESOLVED: gcc.c-torture/execute/920612-2.c execution, -O0 -flto
FAIL: gcc.c-torture/execute/920612-2.c compilation, -O0 -fwhopr (internal compiler error)
UNRESOLVED: gcc.c-torture/execute/920612-2.c execution, -O0 -fwhopr
FAIL: gcc.c-torture/execute/920612-2.c compilation, -O1 -flto (internal compiler error)
UNRESOLVED: gcc.c-torture/execute/920612-2.c execution, -O1 -flto
FAIL: gcc.c-torture/execute/920721-4.c execution, -O0 -flto
FAIL: gcc.c-torture/execute/920721-4.c execution, -O0 -fwhopr
FAIL: gcc.c-torture/execute/920721-4.c compilation, -O1 -flto
UNRESOLVED: gcc.c-torture/execute/920721-4.c execution, -O1 -flto
FAIL: gcc.c-torture/execute/920721-4.c compilation, -O2 -flto
UNRESOLVED: gcc.c-torture/execute/920721-4.c execution, -O2 -flto
FAIL: gcc.c-torture/execute/920721-4.c compilation, -O2 -fwhopr
UNRESOLVED: gcc.c-torture/execute/920721-4.c execution, -O2 -fwhopr
FAIL: gcc.c-torture/execute/920721-4.c compilation, -O3 -flto -fomit-frame-pointer
UNRESOLVED: gcc.c-torture/execute/920721-4.c execution, -O3 -flto -fomit-frame-pointer
FAIL: gcc.c-torture/execute/920721-4.c compilation, -O3 -flto -fomit-frame-pointer -funroll-loops
UNRESOLVED: gcc.c-torture/execute/920721-4.c execution, -O3 -flto -fomit-frame-pointer -funroll-loops
FAIL: gcc.c-torture/execute/920721-4.c compilation, -O3 -flto -fomit-frame-pointer -funroll-all-loops -finline-functions
UNRESOLVED: gcc.c-torture/execute/920721-4.c execution, -O3 -flto -fomit-frame-pointer -funroll-all-loops -finline-functions
FAIL: gcc.c-torture/execute/920721-4.c compilation, -Os -flto
UNRESOLVED: gcc.c-torture/execute/920721-4.c execution, -Os -flto
FAIL: gcc.c-torture/execute/921017-1.c compilation, -O0 -flto (internal compiler error)
UNRESOLVED: gcc.c-torture/execute/921017-1.c execution, -O0 -flto
FAIL: gcc.c-torture/execute/921017-1.c compilation, -O0 -fwhopr (internal compiler error)
UNRESOLVED: gcc.c-torture/execute/921017-1.c execution, -O0 -fwhopr
FAIL: gcc.c-torture/execute/921017-1.c compilation, -O1 -flto (internal compiler error)
UNRESOLVED: gcc.c-torture/execute/921017-1.c execution, -O1 -flto
FAIL: gcc.c-torture/execute/921215-1.c compilation, -O2 -flto (internal compiler error)
UNRESOLVED: gcc.c-torture/execute/921215-1.c execution, -O2 -flto
FAIL: gcc.c-torture/execute/921215-1.c compilation, -O2 -fwhopr (internal compiler error)
UNRESOLVED: gcc.c-torture/execute/921215-1.c execution, -O2 -fwhopr
FAIL: gcc.c-torture/execute/921215-1.c compilation, -O3 -flto -fomit-frame-pointer (internal compiler error)
UNRESOLVED: gcc.c-torture/execute/921215-1.c execution, -O3 -flto -fomit-frame-pointer
FAIL: gcc.c-torture/execute/921215-1.c compilation, -Os -flto (internal compiler error)
UNRESOLVED: gcc.c-torture/execute/921215-1.c execution, -Os -flto
FAIL: gcc.c-torture/execute/930603-3.c execution, -O3 -flto -fomit-frame-pointer
FAIL: gcc.c-torture/execute/990531-1.c execution, -O2 -flto
FAIL: gcc.c-torture/execute/990531-1.c execution, -O2 -fwhopr
FAIL: gcc.c-torture/execute/990531-1.c execution, -O3 -flto -fomit-frame-pointer
FAIL: gcc.c-torture/execute/990531-1.c execution, -Os -flto
FAIL: gcc.c-torture/execute/cbrt.c execution, -O2 -flto
FAIL: gcc.c-torture/execute/cbrt.c execution, -O2 -fwhopr
FAIL: gcc.c-torture/execute/cbrt.c execution, -O3 -flto -fomit-frame-pointer
FAIL: gcc.c-torture/execute/cbrt.c execution, -Os -flto
FAIL: gcc.c-torture/execute/comp-goto-2.c compilation, -O0 -flto (internal compiler error)
UNRESOLVED: gcc.c-torture/execute/comp-goto-2.c execution, -O0 -flto
FAIL: gcc.c-torture/execute/comp-goto-2.c compilation, -O0 -fwhopr (internal compiler error)
UNRESOLVED: gcc.c-torture/execute/comp-goto-2.c execution, -O0 -fwhopr
FAIL: gcc.c-torture/execute/comp-goto-2.c compilation, -O1 -flto (internal compiler error)
UNRESOLVED: gcc.c-torture/execute/comp-goto-2.c execution, -O1 -flto
FAIL: gcc.c-torture/execute/comp-goto-2.c compilation, -O2 -flto (internal compiler error)
UNRESOLVED: gcc.c-torture/execute/comp-goto-2.c execution, -O2 -flto
FAIL: gcc.c-torture/execute/comp-goto-2.c compilation, -O2 -fwhopr (internal compiler error)
UNRESOLVED: gcc.c-torture/execute/comp-goto-2.c execution, -O2 -fwhopr
FAIL: gcc.c-torture/execute/comp-goto-2.c compilation, -O3 -flto -fomit-frame-pointer (internal compiler error)
UNRESOLVED: gcc.c-torture/execute/comp-goto-2.c execution, -O3 -flto -fomit-frame-pointer
FAIL: gcc.c-torture/execute/comp-goto-2.c compilation, -Os -flto (internal compiler error)
UNRESOLVED: gcc.c-torture/execute/comp-goto-2.c execution, -Os -flto
FAIL: gcc.c-torture/execute/nest-align-1.c compilation, -O0 -flto (internal compiler error)
UNRESOLVED: gcc.c-torture/execute/nest-align-1.c execution, -O0 -flto
FAIL: gcc.c-torture/execute/nest-align-1.c compilation, -O0 -fwhopr (internal compiler error)
UNRESOLVED: gcc.c-torture/execute/nest-align-1.c execution, -O0 -fwhopr
FAIL: gcc.c-torture/execute/nest-align-1.c compilation, -O1 -flto (internal compiler error)
UNRESOLVED: gcc.c-torture/execute/nest-align-1.c execution, -O1 -flto
FAIL: gcc.c-torture/execute/nestfunc-3.c compilation, -O0 -flto (internal compiler error)
UNRESOLVED: gcc.c-torture/execute/nestfunc-3.c execution, -O0 -flto
FAIL: gcc.c-torture/execute/nestfunc-3.c compilation, -O0 -fwhopr (internal compiler error)
UNRESOLVED: gcc.c-torture/execute/nestfunc-3.c execution, -O0 -fwhopr
FAIL: gcc.c-torture/execute/nestfunc-3.c compilation, -O1 -flto (internal compiler error)
UNRESOLVED: gcc.c-torture/execute/nestfunc-3.c execution, -O1 -flto
FAIL: gcc.c-torture/execute/nestfunc-3.c compilation, -O2 -flto (internal compiler error)
UNRESOLVED: gcc.c-torture/execute/nestfunc-3.c execution, -O2 -flto
FAIL: gcc.c-torture/execute/nestfunc-3.c compilation, -O2 -fwhopr (internal compiler error)
UNRESOLVED: gcc.c-torture/execute/nestfunc-3.c execution, -O2 -fwhopr
FAIL: gcc.c-torture/execute/nestfunc-3.c compilation, -O3 -flto -fomit-frame-pointer (internal compiler error)
UNRESOLVED: gcc.c-torture/execute/nestfunc-3.c execution, -O3 -flto -fomit-frame-pointer
FAIL: gcc.c-torture/execute/nestfunc-3.c compilation, -O3 -flto -fomit-frame-pointer -funroll-loops (internal compiler error)
UNRESOLVED: gcc.c-torture/execute/nestfunc-3.c execution, -O3 -flto -fomit-frame-pointer -funroll-loops
FAIL: gcc.c-torture/execute/nestfunc-3.c compilation, -O3 -flto -fomit-frame-pointer -funroll-all-loops -finline-functions (internal compiler error)
UNRESOLVED: gcc.c-torture/execute/nestfunc-3.c execution, -O3 -flto -fomit-frame-pointer -funroll-all-loops -finline-functions
FAIL: gcc.c-torture/execute/nestfunc-3.c compilation, -Os -flto (internal compiler error)
UNRESOLVED: gcc.c-torture/execute/nestfunc-3.c execution, -Os -flto
FAIL: gcc.c-torture/execute/nestfunc-5.c compilation, -O0 -flto (internal compiler error)
UNRESOLVED: gcc.c-torture/execute/nestfunc-5.c execution, -O0 -flto
FAIL: gcc.c-torture/execute/nestfunc-5.c compilation, -O0 -fwhopr (internal compiler error)
UNRESOLVED: gcc.c-torture/execute/nestfunc-5.c execution, -O0 -fwhopr
FAIL: gcc.c-torture/execute/nestfunc-5.c compilation, -O1 -flto (internal compiler error)
UNRESOLVED: gcc.c-torture/execute/nestfunc-5.c execution, -O1 -flto
FAIL: gcc.c-torture/execute/nestfunc-5.c compilation, -O2 -flto (internal compiler error)
UNRESOLVED: gcc.c-torture/execute/nestfunc-5.c execution, -O2 -flto
FAIL: gcc.c-torture/execute/nestfunc-5.c compilation, -O2 -fwhopr (internal compiler error)
UNRESOLVED: gcc.c-torture/execute/nestfunc-5.c execution, -O2 -fwhopr
FAIL: gcc.c-torture/execute/nestfunc-5.c compilation, -O3 -flto -fomit-frame-pointer (internal compiler error)
UNRESOLVED: gcc.c-torture/execute/nestfunc-5.c execution, -O3 -flto -fomit-frame-pointer
FAIL: gcc.c-torture/execute/nestfunc-5.c compilation, -Os -flto (internal compiler error)
UNRESOLVED: gcc.c-torture/execute/nestfunc-5.c execution, -Os -flto
FAIL: gcc.c-torture/execute/nestfunc-6.c compilation, -O0 -flto (internal compiler error)
UNRESOLVED: gcc.c-torture/execute/nestfunc-6.c execution, -O0 -flto
FAIL: gcc.c-torture/execute/nestfunc-6.c compilation, -O0 -fwhopr (internal compiler error)
UNRESOLVED: gcc.c-torture/execute/nestfunc-6.c execution, -O0 -fwhopr
FAIL: gcc.c-torture/execute/nestfunc-6.c compilation, -O1 -flto (internal compiler error)
UNRESOLVED: gcc.c-torture/execute/nestfunc-6.c execution, -O1 -flto
FAIL: gcc.c-torture/execute/nestfunc-6.c compilation, -O2 -flto (internal compiler error)
UNRESOLVED: gcc.c-torture/execute/nestfunc-6.c execution, -O2 -flto
FAIL: gcc.c-torture/execute/nestfunc-6.c compilation, -O2 -fwhopr (internal compiler error)
UNRESOLVED: gcc.c-torture/execute/nestfunc-6.c execution, -O2 -fwhopr
FAIL: gcc.c-torture/execute/nestfunc-6.c compilation, -O3 -flto -fomit-frame-pointer (internal compiler error)
UNRESOLVED: gcc.c-torture/execute/nestfunc-6.c execution, -O3 -flto -fomit-frame-pointer
FAIL: gcc.c-torture/execute/nestfunc-6.c compilation, -Os -flto (internal compiler error)
UNRESOLVED: gcc.c-torture/execute/nestfunc-6.c execution, -Os -flto
FAIL: gcc.c-torture/execute/nestfunc-7.c compilation, -O0 -flto (internal compiler error)
UNRESOLVED: gcc.c-torture/execute/nestfunc-7.c execution, -O0 -flto
FAIL: gcc.c-torture/execute/nestfunc-7.c compilation, -O0 -fwhopr (internal compiler error)
UNRESOLVED: gcc.c-torture/execute/nestfunc-7.c execution, -O0 -fwhopr
FAIL: gcc.c-torture/execute/nestfunc-7.c compilation, -O1 -flto (internal compiler error)
UNRESOLVED: gcc.c-torture/execute/nestfunc-7.c execution, -O1 -flto
FAIL: gcc.c-torture/execute/nestfunc-7.c compilation, -O2 -flto (internal compiler error)
UNRESOLVED: gcc.c-torture/execute/nestfunc-7.c execution, -O2 -flto
FAIL: gcc.c-torture/execute/nestfunc-7.c compilation, -O2 -fwhopr (internal compiler error)
UNRESOLVED: gcc.c-torture/execute/nestfunc-7.c execution, -O2 -fwhopr
FAIL: gcc.c-torture/execute/nestfunc-7.c compilation, -O3 -flto -fomit-frame-pointer (internal compiler error)
UNRESOLVED: gcc.c-torture/execute/nestfunc-7.c execution, -O3 -flto -fomit-frame-pointer
FAIL: gcc.c-torture/execute/nestfunc-7.c compilation, -Os -flto (internal compiler error)
UNRESOLVED: gcc.c-torture/execute/nestfunc-7.c execution, -Os -flto
FAIL: gcc.c-torture/execute/pr17252.c execution, -O2 -flto
FAIL: gcc.c-torture/execute/pr17252.c execution, -O2 -fwhopr
FAIL: gcc.c-torture/execute/pr17252.c execution, -O3 -flto -fomit-frame-pointer
FAIL: gcc.c-torture/execute/pr17252.c execution, -Os -flto
FAIL: gcc.c-torture/execute/pr22061-3.c compilation, -O0 -flto (internal compiler error)
UNRESOLVED: gcc.c-torture/execute/pr22061-3.c execution, -O0 -flto
FAIL: gcc.c-torture/execute/pr22061-3.c compilation, -O0 -fwhopr (internal compiler error)
UNRESOLVED: gcc.c-torture/execute/pr22061-3.c execution, -O0 -fwhopr
FAIL: gcc.c-torture/execute/pr22061-3.c compilation, -O1 -flto (internal compiler error)
UNRESOLVED: gcc.c-torture/execute/pr22061-3.c execution, -O1 -flto
FAIL: gcc.c-torture/execute/pr22061-4.c compilation, -O0 -flto (internal compiler error)
UNRESOLVED: gcc.c-torture/execute/pr22061-4.c execution, -O0 -flto
FAIL: gcc.c-torture/execute/pr22061-4.c compilation, -O0 -fwhopr (internal compiler error)
UNRESOLVED: gcc.c-torture/execute/pr22061-4.c execution, -O0 -fwhopr
FAIL: gcc.c-torture/execute/pr22061-4.c compilation, -O1 -flto (internal compiler error)
UNRESOLVED: gcc.c-torture/execute/pr22061-4.c execution, -O1 -flto
FAIL: gcc.c-torture/execute/pr24135.c compilation, -O0 -flto (internal compiler error)
UNRESOLVED: gcc.c-torture/execute/pr24135.c execution, -O0 -flto
FAIL: gcc.c-torture/execute/pr24135.c compilation, -O0 -fwhopr (internal compiler error)
UNRESOLVED: gcc.c-torture/execute/pr24135.c execution, -O0 -fwhopr
FAIL: gcc.c-torture/execute/pr24135.c compilation, -O1 -flto (internal compiler error)
UNRESOLVED: gcc.c-torture/execute/pr24135.c execution, -O1 -flto
FAIL: gcc.c-torture/execute/pr24135.c compilation, -O2 -flto (internal compiler error)
UNRESOLVED: gcc.c-torture/execute/pr24135.c execution, -O2 -flto
FAIL: gcc.c-torture/execute/pr24135.c compilation, -O2 -fwhopr (internal compiler error)
UNRESOLVED: gcc.c-torture/execute/pr24135.c execution, -O2 -fwhopr
FAIL: gcc.c-torture/execute/pr24135.c compilation, -O3 -flto -fomit-frame-pointer (internal compiler error)
UNRESOLVED: gcc.c-torture/execute/pr24135.c execution, -O3 -flto -fomit-frame-pointer
FAIL: gcc.c-torture/execute/pr24135.c compilation, -O3 -flto -fomit-frame-pointer -funroll-loops (internal compiler error)
UNRESOLVED: gcc.c-torture/execute/pr24135.c execution, -O3 -flto -fomit-frame-pointer -funroll-loops
FAIL: gcc.c-torture/execute/pr24135.c compilation, -O3 -flto -fomit-frame-pointer -funroll-all-loops -finline-functions (internal compiler error)
UNRESOLVED: gcc.c-torture/execute/pr24135.c execution, -O3 -flto -fomit-frame-pointer -funroll-all-loops -finline-functions
FAIL: gcc.c-torture/execute/pr24135.c compilation, -Os -flto (internal compiler error)
UNRESOLVED: gcc.c-torture/execute/pr24135.c execution, -Os -flto
FAIL: gcc.c-torture/execute/pr38051.c execution, -O2 -flto
FAIL: gcc.c-torture/execute/pr38051.c execution, -O2 -fwhopr
FAIL: gcc.c-torture/execute/pr38051.c execution, -O3 -flto -fomit-frame-pointer
FAIL: gcc.c-torture/execute/pr38051.c execution, -O3 -flto -fomit-frame-pointer -funroll-loops
FAIL: gcc.c-torture/execute/pr38051.c execution, -O3 -flto -fomit-frame-pointer -funroll-all-loops -finline-functions
FAIL: gcc.c-torture/execute/pr38051.c execution, -Os -flto
FAIL: gcc.dg/pr30286.c execution test
FAIL: gcc.dg/visibility-7.c (test for warnings, line 8)
FAIL: gcc.dg/visibility-7.c (test for excess errors)
FAIL: gcc.dg/pch/counter-1.c -O0 -flto assembly comparison
FAIL: gcc.dg/pch/counter-1.c -O0 -fwhopr assembly comparison
FAIL: gcc.dg/pch/counter-1.c -O1 -flto assembly comparison
FAIL: gcc.dg/pch/counter-1.c -O2 -flto assembly comparison
FAIL: gcc.dg/pch/counter-1.c -O2 -fwhopr assembly comparison
FAIL: gcc.dg/pch/counter-1.c -O3 -flto -fomit-frame-pointer assembly comparison
FAIL: gcc.dg/pch/counter-1.c -Os -flto assembly comparison
FAIL: gcc.dg/pch/counter-3.c -O0 -flto assembly comparison
FAIL: gcc.dg/pch/counter-3.c -O0 -fwhopr assembly comparison
FAIL: gcc.dg/pch/counter-3.c -O1 -flto assembly comparison
FAIL: gcc.dg/pch/counter-3.c -O2 -flto assembly comparison
FAIL: gcc.dg/pch/counter-3.c -O2 -fwhopr assembly comparison
FAIL: gcc.dg/pch/counter-3.c -O3 -flto -fomit-frame-pointer assembly comparison
FAIL: gcc.dg/pch/counter-3.c -Os -flto assembly comparison
FAIL: gcc.dg/pch/cpp-3.c -O0 -flto assembly comparison
FAIL: gcc.dg/pch/cpp-3.c -O0 -fwhopr assembly comparison
FAIL: gcc.dg/pch/cpp-3.c -O1 -flto assembly comparison
FAIL: gcc.dg/pch/cpp-3.c -O2 -flto assembly comparison
FAIL: gcc.dg/pch/cpp-3.c -O2 -fwhopr assembly comparison
FAIL: gcc.dg/pch/cpp-3.c -O3 -flto -fomit-frame-pointer assembly comparison
FAIL: gcc.dg/pch/cpp-3.c -Os -flto assembly comparison
FAIL: gcc.dg/pch/decl-1.c -O0 -flto assembly comparison
FAIL: gcc.dg/pch/decl-1.c -O0 -fwhopr assembly comparison
FAIL: gcc.dg/pch/decl-1.c -O1 -flto assembly comparison
FAIL: gcc.dg/pch/decl-1.c -O2 -flto assembly comparison
FAIL: gcc.dg/pch/decl-1.c -O2 -fwhopr assembly comparison
FAIL: gcc.dg/pch/decl-1.c -O3 -flto -fomit-frame-pointer assembly comparison
FAIL: gcc.dg/pch/decl-1.c -Os -flto assembly comparison
FAIL: gcc.dg/pch/decl-2.c -O0 -flto assembly comparison
FAIL: gcc.dg/pch/decl-2.c -O0 -fwhopr assembly comparison
FAIL: gcc.dg/pch/decl-2.c -O1 -flto assembly comparison
FAIL: gcc.dg/pch/decl-2.c -O2 -flto assembly comparison
FAIL: gcc.dg/pch/decl-2.c -O2 -fwhopr assembly comparison
FAIL: gcc.dg/pch/decl-2.c -O3 -flto -fomit-frame-pointer assembly comparison
FAIL: gcc.dg/pch/decl-2.c -Os -flto assembly comparison
FAIL: gcc.dg/pch/decl-3.c -O0 -flto assembly comparison
FAIL: gcc.dg/pch/decl-3.c -O0 -fwhopr assembly comparison
FAIL: gcc.dg/pch/decl-3.c -O1 -flto assembly comparison
FAIL: gcc.dg/pch/decl-3.c -O2 -flto assembly comparison
FAIL: gcc.dg/pch/decl-3.c -O2 -fwhopr assembly comparison
FAIL: gcc.dg/pch/decl-3.c -O3 -flto -fomit-frame-pointer assembly comparison
FAIL: gcc.dg/pch/decl-3.c -Os -flto assembly comparison
FAIL: gcc.dg/pch/decl-4.c -O0 -flto assembly comparison
FAIL: gcc.dg/pch/decl-4.c -O0 -fwhopr assembly comparison
FAIL: gcc.dg/pch/decl-4.c -O1 -flto assembly comparison
FAIL: gcc.dg/pch/decl-4.c -O2 -flto assembly comparison
FAIL: gcc.dg/pch/decl-4.c -O2 -fwhopr assembly comparison
FAIL: gcc.dg/pch/decl-4.c -O3 -flto -fomit-frame-pointer assembly comparison
FAIL: gcc.dg/pch/decl-4.c -Os -flto assembly comparison
FAIL: gcc.dg/pch/empty.c -O0 -flto assembly comparison
FAIL: gcc.dg/pch/empty.c -O0 -fwhopr assembly comparison
FAIL: gcc.dg/pch/empty.c -O1 -flto assembly comparison
FAIL: gcc.dg/pch/empty.c -O2 -flto assembly comparison
FAIL: gcc.dg/pch/empty.c -O2 -fwhopr assembly comparison
FAIL: gcc.dg/pch/empty.c -O3 -flto -fomit-frame-pointer assembly comparison
FAIL: gcc.dg/pch/empty.c -Os -flto assembly comparison
FAIL: gcc.dg/pch/except-1.c -O0 -flto assembly comparison
FAIL: gcc.dg/pch/except-1.c -O0 -fwhopr assembly comparison
FAIL: gcc.dg/pch/except-1.c -O1 -flto assembly comparison
FAIL: gcc.dg/pch/except-1.c -O2 -flto assembly comparison
FAIL: gcc.dg/pch/except-1.c -O2 -fwhopr assembly comparison
FAIL: gcc.dg/pch/except-1.c -O3 -flto -fomit-frame-pointer assembly comparison
FAIL: gcc.dg/pch/except-1.c -Os -flto assembly comparison
FAIL: gcc.dg/pch/import-2.c -O0 -flto assembly comparison
FAIL: gcc.dg/pch/import-2.c -O0 -fwhopr assembly comparison
FAIL: gcc.dg/pch/import-2.c -O1 -flto assembly comparison
FAIL: gcc.dg/pch/import-2.c -O2 -flto assembly comparison
FAIL: gcc.dg/pch/import-2.c -O2 -fwhopr assembly comparison
FAIL: gcc.dg/pch/import-2.c -O3 -flto -fomit-frame-pointer assembly comparison
FAIL: gcc.dg/pch/import-2.c -Os -flto assembly comparison
FAIL: gcc.dg/pch/inline-1.c -O0 -flto assembly comparison
FAIL: gcc.dg/pch/inline-1.c -O0 -fwhopr assembly comparison
FAIL: gcc.dg/pch/inline-1.c -O1 -flto assembly comparison
FAIL: gcc.dg/pch/inline-1.c -O2 -flto assembly comparison
FAIL: gcc.dg/pch/inline-1.c -O2 -fwhopr assembly comparison
FAIL: gcc.dg/pch/inline-1.c -O3 -flto -fomit-frame-pointer assembly comparison
FAIL: gcc.dg/pch/inline-1.c -Os -flto assembly comparison
FAIL: gcc.dg/pch/inline-3.c -O0 -flto assembly comparison
FAIL: gcc.dg/pch/inline-3.c -O0 -fwhopr assembly comparison
FAIL: gcc.dg/pch/inline-3.c -O1 -flto assembly comparison
FAIL: gcc.dg/pch/inline-3.c -O2 -flto assembly comparison
FAIL: gcc.dg/pch/inline-3.c -O2 -fwhopr assembly comparison
FAIL: gcc.dg/pch/inline-3.c -O3 -flto -fomit-frame-pointer assembly comparison
FAIL: gcc.dg/pch/inline-3.c -Os -flto assembly comparison
FAIL: gcc.dg/pch/inline-4.c -O0 -flto assembly comparison
FAIL: gcc.dg/pch/inline-4.c -O0 -fwhopr assembly comparison
FAIL: gcc.dg/pch/inline-4.c -O1 -flto assembly comparison
FAIL: gcc.dg/pch/inline-4.c -O2 -flto assembly comparison
FAIL: gcc.dg/pch/inline-4.c -O2 -fwhopr assembly comparison
FAIL: gcc.dg/pch/inline-4.c -O3 -flto -fomit-frame-pointer assembly comparison
FAIL: gcc.dg/pch/inline-4.c -Os -flto assembly comparison
FAIL: gcc.dg/pch/macro-1.c -O0 -flto assembly comparison
FAIL: gcc.dg/pch/macro-1.c -O0 -fwhopr assembly comparison
FAIL: gcc.dg/pch/macro-1.c -O1 -flto assembly comparison
FAIL: gcc.dg/pch/macro-1.c -O2 -flto assembly comparison
FAIL: gcc.dg/pch/macro-1.c -O2 -fwhopr assembly comparison
FAIL: gcc.dg/pch/macro-1.c -O3 -flto -fomit-frame-pointer assembly comparison
FAIL: gcc.dg/pch/macro-1.c -Os -flto assembly comparison
FAIL: gcc.dg/pch/macro-2.c -O0 -flto assembly comparison
FAIL: gcc.dg/pch/macro-2.c -O0 -fwhopr assembly comparison
FAIL: gcc.dg/pch/macro-2.c -O1 -flto assembly comparison
FAIL: gcc.dg/pch/macro-2.c -O2 -flto assembly comparison
FAIL: gcc.dg/pch/macro-2.c -O2 -fwhopr assembly comparison
FAIL: gcc.dg/pch/macro-2.c -O3 -flto -fomit-frame-pointer assembly comparison
FAIL: gcc.dg/pch/macro-2.c -Os -flto assembly comparison
FAIL: gcc.dg/pch/macro-3.c -O0 -flto assembly comparison
FAIL: gcc.dg/pch/macro-3.c -O0 -fwhopr assembly comparison
FAIL: gcc.dg/pch/macro-3.c -O1 -flto assembly comparison
FAIL: gcc.dg/pch/macro-3.c -O2 -flto assembly comparison
FAIL: gcc.dg/pch/macro-3.c -O2 -fwhopr assembly comparison
FAIL: gcc.dg/pch/macro-3.c -O3 -flto -fomit-frame-pointer assembly comparison
FAIL: gcc.dg/pch/macro-3.c -Os -flto assembly comparison
FAIL: gcc.dg/pch/macro-4.c -O0 -flto assembly comparison
FAIL: gcc.dg/pch/macro-4.c -O0 -fwhopr assembly comparison
FAIL: gcc.dg/pch/macro-4.c -O1 -flto assembly comparison
FAIL: gcc.dg/pch/macro-4.c -O2 -flto assembly comparison
FAIL: gcc.dg/pch/macro-4.c -O2 -fwhopr assembly comparison
FAIL: gcc.dg/pch/macro-4.c -O3 -flto -fomit-frame-pointer assembly comparison
FAIL: gcc.dg/pch/macro-4.c -Os -flto assembly comparison
FAIL: gcc.dg/pch/save-temps-1.c -O0 -flto assembly comparison
FAIL: gcc.dg/pch/save-temps-1.c -O0 -fwhopr assembly comparison
FAIL: gcc.dg/pch/save-temps-1.c -O1 -flto assembly comparison
FAIL: gcc.dg/pch/save-temps-1.c -O2 -flto assembly comparison
FAIL: gcc.dg/pch/save-temps-1.c -O2 -fwhopr assembly comparison
FAIL: gcc.dg/pch/save-temps-1.c -O3 -flto -fomit-frame-pointer assembly comparison
FAIL: gcc.dg/pch/save-temps-1.c -Os -flto assembly comparison
FAIL: gcc.dg/pch/static-1.c -O0 -flto assembly comparison
FAIL: gcc.dg/pch/static-1.c -O0 -fwhopr assembly comparison
FAIL: gcc.dg/pch/static-2.c -O0 -flto assembly comparison
FAIL: gcc.dg/pch/static-2.c -O0 -fwhopr assembly comparison
FAIL: gcc.dg/pch/static-2.c -O1 -flto assembly comparison
FAIL: gcc.dg/pch/static-2.c -O2 -flto assembly comparison
FAIL: gcc.dg/pch/static-2.c -O2 -fwhopr assembly comparison
FAIL: gcc.dg/pch/static-2.c -O3 -flto -fomit-frame-pointer assembly comparison
FAIL: gcc.dg/pch/static-2.c -Os -flto assembly comparison
FAIL: gcc.dg/pch/static-3.c -O0 -flto assembly comparison
FAIL: gcc.dg/pch/static-3.c -O0 -fwhopr assembly comparison
FAIL: gcc.dg/pch/static-3.c -O1 -flto assembly comparison
FAIL: gcc.dg/pch/static-3.c -O2 -flto assembly comparison
FAIL: gcc.dg/pch/static-3.c -O2 -fwhopr assembly comparison
FAIL: gcc.dg/pch/static-3.c -O3 -flto -fomit-frame-pointer assembly comparison
FAIL: gcc.dg/pch/static-3.c -Os -flto assembly comparison
FAIL: gcc.dg/pch/struct-1.c -O0 -flto assembly comparison
FAIL: gcc.dg/pch/struct-1.c -O0 -fwhopr assembly comparison
FAIL: gcc.dg/pch/struct-1.c -O1 -flto assembly comparison
FAIL: gcc.dg/pch/struct-1.c -O2 -flto assembly comparison
FAIL: gcc.dg/pch/struct-1.c -O2 -fwhopr assembly comparison
FAIL: gcc.dg/pch/struct-1.c -O3 -flto -fomit-frame-pointer assembly comparison
FAIL: gcc.dg/pch/struct-1.c -Os -flto assembly comparison
FAIL: gcc.dg/pch/system-1.c -O0 -flto assembly comparison
FAIL: gcc.dg/pch/system-1.c -O0 -fwhopr assembly comparison
FAIL: gcc.dg/pch/system-1.c -O1 -flto assembly comparison
FAIL: gcc.dg/pch/system-1.c -O2 -flto assembly comparison
FAIL: gcc.dg/pch/system-1.c -O2 -fwhopr assembly comparison
FAIL: gcc.dg/pch/system-1.c -O3 -flto -fomit-frame-pointer assembly comparison
FAIL: gcc.dg/pch/system-1.c -Os -flto assembly comparison
FAIL: gcc.dg/pch/valid-1b.c -O0 -g -I. (test for excess errors)
FAIL: gcc.dg/pch/valid-1b.c -O0 -g assembly comparison
FAIL: gcc.dg/pch/valid-1b.c -O0 -flto -I. (test for excess errors)
FAIL: gcc.dg/pch/valid-1b.c -O0 -flto assembly comparison
FAIL: gcc.dg/pch/valid-1b.c -O0 -fwhopr -I. (test for excess errors)
FAIL: gcc.dg/pch/valid-1b.c -O0 -fwhopr assembly comparison
FAIL: gcc.dg/pch/valid-1b.c -O1 -flto -I. (test for excess errors)
FAIL: gcc.dg/pch/valid-1b.c -O1 -flto assembly comparison
FAIL: gcc.dg/pch/valid-1b.c -O2 -flto -I. (test for excess errors)
FAIL: gcc.dg/pch/valid-1b.c -O2 -flto assembly comparison
FAIL: gcc.dg/pch/valid-1b.c -O2 -fwhopr -I. (test for excess errors)
FAIL: gcc.dg/pch/valid-1b.c -O2 -fwhopr assembly comparison
FAIL: gcc.dg/pch/valid-1b.c -O3 -flto -fomit-frame-pointer -I. (test for excess errors)
FAIL: gcc.dg/pch/valid-1b.c -O3 -flto -fomit-frame-pointer assembly comparison
FAIL: gcc.dg/pch/valid-1b.c -O3 -g -I. (test for excess errors)
FAIL: gcc.dg/pch/valid-1b.c -O3 -g assembly comparison
FAIL: gcc.dg/pch/valid-1b.c -Os -flto -I. (test for excess errors)
FAIL: gcc.dg/pch/valid-1b.c -Os -flto assembly comparison
FAIL: gcc.dg/torture/nested-fn-1.c scan-assembler-not should_not_appear
FAIL: gcc.dg/torture/nested-fn-1.c scan-assembler-not should_not_appear
FAIL: gcc.dg/torture/nested-fn-1.c scan-assembler-not should_not_appear
FAIL: gcc.dg/torture/nested-fn-1.c scan-assembler-not should_not_appear
FAIL: gcc.dg/torture/nested-fn-1.c scan-assembler-not should_not_appear
FAIL: gcc.dg/torture/nested-fn-1.c scan-assembler-not should_not_appear
FAIL: gcc.dg/torture/nested-fn-1.c scan-assembler-not should_not_appear
FAIL: gcc.dg/torture/stackalign/comp-goto-1.c -O0 -flto (internal compiler error)
FAIL: gcc.dg/torture/stackalign/comp-goto-1.c -O0 -flto (test for excess errors)
WARNING: gcc.dg/torture/stackalign/comp-goto-1.c -O0 -flto compilation failed to produce executable
FAIL: gcc.dg/torture/stackalign/comp-goto-1.c -O0 -fwhopr (internal compiler error)
FAIL: gcc.dg/torture/stackalign/comp-goto-1.c -O0 -fwhopr (test for excess errors)
WARNING: gcc.dg/torture/stackalign/comp-goto-1.c -O0 -fwhopr compilation failed to produce executable
FAIL: gcc.dg/torture/stackalign/comp-goto-1.c -O1 -flto (internal compiler error)
FAIL: gcc.dg/torture/stackalign/comp-goto-1.c -O1 -flto (test for excess errors)
WARNING: gcc.dg/torture/stackalign/comp-goto-1.c -O1 -flto compilation failed to produce executable
FAIL: gcc.dg/torture/stackalign/comp-goto-1.c -O2 -flto (internal compiler error)
FAIL: gcc.dg/torture/stackalign/comp-goto-1.c -O2 -flto (test for excess errors)
WARNING: gcc.dg/torture/stackalign/comp-goto-1.c -O2 -flto compilation failed to produce executable
FAIL: gcc.dg/torture/stackalign/comp-goto-1.c -O2 -fwhopr (internal compiler error)
FAIL: gcc.dg/torture/stackalign/comp-goto-1.c -O2 -fwhopr (test for excess errors)
WARNING: gcc.dg/torture/stackalign/comp-goto-1.c -O2 -fwhopr compilation failed to produce executable
FAIL: gcc.dg/torture/stackalign/comp-goto-1.c -O3 -flto -fomit-frame-pointer (internal compiler error)
FAIL: gcc.dg/torture/stackalign/comp-goto-1.c -O3 -flto -fomit-frame-pointer (test for excess errors)
WARNING: gcc.dg/torture/stackalign/comp-goto-1.c -O3 -flto -fomit-frame-pointer compilation failed to produce executable
FAIL: gcc.dg/torture/stackalign/comp-goto-1.c -Os -flto (internal compiler error)
FAIL: gcc.dg/torture/stackalign/comp-goto-1.c -Os -flto (test for excess errors)
WARNING: gcc.dg/torture/stackalign/comp-goto-1.c -Os -flto compilation failed to produce executable
FAIL: gcc.dg/torture/stackalign/nested-1.c -O0 -flto (internal compiler error)
FAIL: gcc.dg/torture/stackalign/nested-1.c -O0 -flto (test for excess errors)
WARNING: gcc.dg/torture/stackalign/nested-1.c -O0 -flto compilation failed to produce executable
FAIL: gcc.dg/torture/stackalign/nested-1.c -O0 -fwhopr (internal compiler error)
FAIL: gcc.dg/torture/stackalign/nested-1.c -O0 -fwhopr (test for excess errors)
WARNING: gcc.dg/torture/stackalign/nested-1.c -O0 -fwhopr compilation failed to produce executable
FAIL: gcc.dg/torture/stackalign/nested-1.c -O1 -flto (internal compiler error)
FAIL: gcc.dg/torture/stackalign/nested-1.c -O1 -flto (test for excess errors)
WARNING: gcc.dg/torture/stackalign/nested-1.c -O1 -flto compilation failed to produce executable
FAIL: gcc.dg/torture/stackalign/nested-2.c -O0 -flto (internal compiler error)
FAIL: gcc.dg/torture/stackalign/nested-2.c -O0 -flto (test for excess errors)
WARNING: gcc.dg/torture/stackalign/nested-2.c -O0 -flto compilation failed to produce executable
FAIL: gcc.dg/torture/stackalign/nested-2.c -O0 -fwhopr (internal compiler error)
FAIL: gcc.dg/torture/stackalign/nested-2.c -O0 -fwhopr (test for excess errors)
WARNING: gcc.dg/torture/stackalign/nested-2.c -O0 -fwhopr compilation failed to produce executable
FAIL: gcc.dg/torture/stackalign/nested-2.c -O1 -flto (internal compiler error)
FAIL: gcc.dg/torture/stackalign/nested-2.c -O1 -flto (test for excess errors)
WARNING: gcc.dg/torture/stackalign/nested-2.c -O1 -flto compilation failed to produce executable
FAIL: gcc.dg/torture/stackalign/nested-2.c -O2 -flto (internal compiler error)
FAIL: gcc.dg/torture/stackalign/nested-2.c -O2 -flto (test for excess errors)
WARNING: gcc.dg/torture/stackalign/nested-2.c -O2 -flto compilation failed to produce executable
FAIL: gcc.dg/torture/stackalign/nested-2.c -O2 -fwhopr (internal compiler error)
FAIL: gcc.dg/torture/stackalign/nested-2.c -O2 -fwhopr (test for excess errors)
WARNING: gcc.dg/torture/stackalign/nested-2.c -O2 -fwhopr compilation failed to produce executable
FAIL: gcc.dg/torture/stackalign/nested-2.c -O3 -flto -fomit-frame-pointer (internal compiler error)
FAIL: gcc.dg/torture/stackalign/nested-2.c -O3 -flto -fomit-frame-pointer (test for excess errors)
WARNING: gcc.dg/torture/stackalign/nested-2.c -O3 -flto -fomit-frame-pointer compilation failed to produce executable
FAIL: gcc.dg/torture/stackalign/nested-2.c -Os -flto (internal compiler error)
FAIL: gcc.dg/torture/stackalign/nested-2.c -Os -flto (test for excess errors)
WARNING: gcc.dg/torture/stackalign/nested-2.c -Os -flto compilation failed to produce executable
FAIL: gcc.dg/torture/stackalign/nested-3.c -O0 -flto (internal compiler error)
FAIL: gcc.dg/torture/stackalign/nested-3.c -O0 -flto (test for excess errors)
WARNING: gcc.dg/torture/stackalign/nested-3.c -O0 -flto compilation failed to produce executable
FAIL: gcc.dg/torture/stackalign/nested-3.c -O0 -fwhopr (internal compiler error)
FAIL: gcc.dg/torture/stackalign/nested-3.c -O0 -fwhopr (test for excess errors)
WARNING: gcc.dg/torture/stackalign/nested-3.c -O0 -fwhopr compilation failed to produce executable
FAIL: gcc.dg/torture/stackalign/nested-3.c -O1 -flto (internal compiler error)
FAIL: gcc.dg/torture/stackalign/nested-3.c -O1 -flto (test for excess errors)
WARNING: gcc.dg/torture/stackalign/nested-3.c -O1 -flto compilation failed to produce executable
FAIL: gcc.dg/torture/stackalign/nested-3.c -O2 -flto (internal compiler error)
FAIL: gcc.dg/torture/stackalign/nested-3.c -O2 -flto (test for excess errors)
WARNING: gcc.dg/torture/stackalign/nested-3.c -O2 -flto compilation failed to produce executable
FAIL: gcc.dg/torture/stackalign/nested-3.c -O2 -fwhopr (internal compiler error)
FAIL: gcc.dg/torture/stackalign/nested-3.c -O2 -fwhopr (test for excess errors)
WARNING: gcc.dg/torture/stackalign/nested-3.c -O2 -fwhopr compilation failed to produce executable
FAIL: gcc.dg/torture/stackalign/nested-3.c -O3 -flto -fomit-frame-pointer (internal compiler error)
FAIL: gcc.dg/torture/stackalign/nested-3.c -O3 -flto -fomit-frame-pointer (test for excess errors)
WARNING: gcc.dg/torture/stackalign/nested-3.c -O3 -flto -fomit-frame-pointer compilation failed to produce executable
FAIL: gcc.dg/torture/stackalign/nested-3.c -Os -flto (internal compiler error)
FAIL: gcc.dg/torture/stackalign/nested-3.c -Os -flto (test for excess errors)
WARNING: gcc.dg/torture/stackalign/nested-3.c -Os -flto compilation failed to produce executable
FAIL: gcc.dg/torture/stackalign/nested-4.c -O0 -flto (internal compiler error)
FAIL: gcc.dg/torture/stackalign/nested-4.c -O0 -flto (test for excess errors)
WARNING: gcc.dg/torture/stackalign/nested-4.c -O0 -flto compilation failed to produce executable
FAIL: gcc.dg/torture/stackalign/nested-4.c -O0 -fwhopr (internal compiler error)
FAIL: gcc.dg/torture/stackalign/nested-4.c -O0 -fwhopr (test for excess errors)
WARNING: gcc.dg/torture/stackalign/nested-4.c -O0 -fwhopr compilation failed to produce executable
FAIL: gcc.dg/torture/stackalign/nested-4.c -O1 -flto (internal compiler error)
FAIL: gcc.dg/torture/stackalign/nested-4.c -O1 -flto (test for excess errors)
WARNING: gcc.dg/torture/stackalign/nested-4.c -O1 -flto compilation failed to produce executable
FAIL: gcc.dg/torture/stackalign/nested-4.c -O2 -flto (internal compiler error)
FAIL: gcc.dg/torture/stackalign/nested-4.c -O2 -flto (test for excess errors)
WARNING: gcc.dg/torture/stackalign/nested-4.c -O2 -flto compilation failed to produce executable
FAIL: gcc.dg/torture/stackalign/nested-4.c -O2 -fwhopr (internal compiler error)
FAIL: gcc.dg/torture/stackalign/nested-4.c -O2 -fwhopr (test for excess errors)
WARNING: gcc.dg/torture/stackalign/nested-4.c -O2 -fwhopr compilation failed to produce executable
FAIL: gcc.dg/torture/stackalign/nested-4.c -O3 -flto -fomit-frame-pointer (internal compiler error)
FAIL: gcc.dg/torture/stackalign/nested-4.c -O3 -flto -fomit-frame-pointer (test for excess errors)
WARNING: gcc.dg/torture/stackalign/nested-4.c -O3 -flto -fomit-frame-pointer compilation failed to produce executable
FAIL: gcc.dg/torture/stackalign/nested-4.c -Os -flto (internal compiler error)
FAIL: gcc.dg/torture/stackalign/nested-4.c -Os -flto (test for excess errors)
WARNING: gcc.dg/torture/stackalign/nested-4.c -Os -flto compilation failed to produce executable
FAIL: gcc.dg/torture/stackalign/nested-5.c -O0 -flto (internal compiler error)
FAIL: gcc.dg/torture/stackalign/nested-5.c -O0 -flto (test for excess errors)
WARNING: gcc.dg/torture/stackalign/nested-5.c -O0 -flto compilation failed to produce executable
FAIL: gcc.dg/torture/stackalign/nested-5.c -O0 -fwhopr (internal compiler error)
FAIL: gcc.dg/torture/stackalign/nested-5.c -O0 -fwhopr (test for excess errors)
WARNING: gcc.dg/torture/stackalign/nested-5.c -O0 -fwhopr compilation failed to produce executable
FAIL: gcc.dg/torture/stackalign/nested-5.c -O1 -flto (internal compiler error)
FAIL: gcc.dg/torture/stackalign/nested-5.c -O1 -flto (test for excess errors)
WARNING: gcc.dg/torture/stackalign/nested-5.c -O1 -flto compilation failed to produce executable
FAIL: gcc.dg/torture/stackalign/nested-5.c -O2 -flto (internal compiler error)
FAIL: gcc.dg/torture/stackalign/nested-5.c -O2 -flto (test for excess errors)
WARNING: gcc.dg/torture/stackalign/nested-5.c -O2 -flto compilation failed to produce executable
FAIL: gcc.dg/torture/stackalign/nested-5.c -O2 -fwhopr (internal compiler error)
FAIL: gcc.dg/torture/stackalign/nested-5.c -O2 -fwhopr (test for excess errors)
WARNING: gcc.dg/torture/stackalign/nested-5.c -O2 -fwhopr compilation failed to produce executable
FAIL: gcc.dg/torture/stackalign/nested-5.c -O3 -flto -fomit-frame-pointer (internal compiler error)
FAIL: gcc.dg/torture/stackalign/nested-5.c -O3 -flto -fomit-frame-pointer (test for excess errors)
WARNING: gcc.dg/torture/stackalign/nested-5.c -O3 -flto -fomit-frame-pointer compilation failed to produce executable
FAIL: gcc.dg/torture/stackalign/nested-5.c -Os -flto (internal compiler error)
FAIL: gcc.dg/torture/stackalign/nested-5.c -Os -flto (test for excess errors)
WARNING: gcc.dg/torture/stackalign/nested-5.c -Os -flto compilation failed to produce executable
FAIL: gcc.dg/torture/stackalign/nested-6.c -O0 -flto (internal compiler error)
FAIL: gcc.dg/torture/stackalign/nested-6.c -O0 -flto (test for excess errors)
WARNING: gcc.dg/torture/stackalign/nested-6.c -O0 -flto compilation failed to produce executable
FAIL: gcc.dg/torture/stackalign/nested-6.c -O0 -fwhopr (internal compiler error)
FAIL: gcc.dg/torture/stackalign/nested-6.c -O0 -fwhopr (test for excess errors)
WARNING: gcc.dg/torture/stackalign/nested-6.c -O0 -fwhopr compilation failed to produce executable
FAIL: gcc.dg/torture/stackalign/nested-6.c -O1 -flto (internal compiler error)
FAIL: gcc.dg/torture/stackalign/nested-6.c -O1 -flto (test for excess errors)
WARNING: gcc.dg/torture/stackalign/nested-6.c -O1 -flto compilation failed to produce executable
FAIL: gcc.dg/torture/stackalign/nested-6.c -O2 -flto (internal compiler error)
FAIL: gcc.dg/torture/stackalign/nested-6.c -O2 -flto (test for excess errors)
WARNING: gcc.dg/torture/stackalign/nested-6.c -O2 -flto compilation failed to produce executable
FAIL: gcc.dg/torture/stackalign/nested-6.c -O2 -fwhopr (internal compiler error)
FAIL: gcc.dg/torture/stackalign/nested-6.c -O2 -fwhopr (test for excess errors)
WARNING: gcc.dg/torture/stackalign/nested-6.c -O2 -fwhopr compilation failed to produce executable
FAIL: gcc.dg/torture/stackalign/nested-6.c -O3 -flto -fomit-frame-pointer (internal compiler error)
FAIL: gcc.dg/torture/stackalign/nested-6.c -O3 -flto -fomit-frame-pointer (test for excess errors)
WARNING: gcc.dg/torture/stackalign/nested-6.c -O3 -flto -fomit-frame-pointer compilation failed to produce executable
FAIL: gcc.dg/torture/stackalign/nested-6.c -Os -flto (internal compiler error)
FAIL: gcc.dg/torture/stackalign/nested-6.c -Os -flto (test for excess errors)
WARNING: gcc.dg/torture/stackalign/nested-6.c -Os -flto compilation failed to produce executable
FAIL: gcc.dg/torture/stackalign/non-local-goto-1.c -O0 -flto (internal compiler error)
FAIL: gcc.dg/torture/stackalign/non-local-goto-1.c -O0 -flto (test for excess errors)
WARNING: gcc.dg/torture/stackalign/non-local-goto-1.c -O0 -flto compilation failed to produce executable
FAIL: gcc.dg/torture/stackalign/non-local-goto-1.c -O0 -fwhopr (internal compiler error)
FAIL: gcc.dg/torture/stackalign/non-local-goto-1.c -O0 -fwhopr (test for excess errors)
WARNING: gcc.dg/torture/stackalign/non-local-goto-1.c -O0 -fwhopr compilation failed to produce executable
FAIL: gcc.dg/torture/stackalign/non-local-goto-1.c -O1 -flto (internal compiler error)
FAIL: gcc.dg/torture/stackalign/non-local-goto-1.c -O1 -flto (test for excess errors)
WARNING: gcc.dg/torture/stackalign/non-local-goto-1.c -O1 -flto compilation failed to produce executable
FAIL: gcc.dg/torture/stackalign/non-local-goto-1.c -O2 -flto (internal compiler error)
FAIL: gcc.dg/torture/stackalign/non-local-goto-1.c -O2 -flto (test for excess errors)
WARNING: gcc.dg/torture/stackalign/non-local-goto-1.c -O2 -flto compilation failed to produce executable
FAIL: gcc.dg/torture/stackalign/non-local-goto-1.c -O2 -fwhopr (internal compiler error)
FAIL: gcc.dg/torture/stackalign/non-local-goto-1.c -O2 -fwhopr (test for excess errors)
WARNING: gcc.dg/torture/stackalign/non-local-goto-1.c -O2 -fwhopr compilation failed to produce executable
FAIL: gcc.dg/torture/stackalign/non-local-goto-1.c -O3 -flto -fomit-frame-pointer (internal compiler error)
FAIL: gcc.dg/torture/stackalign/non-local-goto-1.c -O3 -flto -fomit-frame-pointer (test for excess errors)
WARNING: gcc.dg/torture/stackalign/non-local-goto-1.c -O3 -flto -fomit-frame-pointer compilation failed to produce executable
FAIL: gcc.dg/torture/stackalign/non-local-goto-1.c -O3 -flto -fomit-frame-pointer -funroll-loops (internal compiler error)
FAIL: gcc.dg/torture/stackalign/non-local-goto-1.c -O3 -flto -fomit-frame-pointer -funroll-loops (test for excess errors)
WARNING: gcc.dg/torture/stackalign/non-local-goto-1.c -O3 -flto -fomit-frame-pointer -funroll-loops compilation failed to produce executable
FAIL: gcc.dg/torture/stackalign/non-local-goto-1.c -O3 -flto -fomit-frame-pointer -funroll-all-loops -finline-functions (internal compiler error)
FAIL: gcc.dg/torture/stackalign/non-local-goto-1.c -O3 -flto -fomit-frame-pointer -funroll-all-loops -finline-functions (test for excess errors)
WARNING: gcc.dg/torture/stackalign/non-local-goto-1.c -O3 -flto -fomit-frame-pointer -funroll-all-loops -finline-functions compilation failed to produce executable
FAIL: gcc.dg/torture/stackalign/non-local-goto-1.c -Os -flto (internal compiler error)
FAIL: gcc.dg/torture/stackalign/non-local-goto-1.c -Os -flto (test for excess errors)
WARNING: gcc.dg/torture/stackalign/non-local-goto-1.c -Os -flto compilation failed to produce executable
FAIL: gcc.dg/torture/stackalign/non-local-goto-2.c -O0 -flto (internal compiler error)
FAIL: gcc.dg/torture/stackalign/non-local-goto-2.c -O0 -flto (test for excess errors)
WARNING: gcc.dg/torture/stackalign/non-local-goto-2.c -O0 -flto compilation failed to produce executable
FAIL: gcc.dg/torture/stackalign/non-local-goto-2.c -O0 -fwhopr (internal compiler error)
FAIL: gcc.dg/torture/stackalign/non-local-goto-2.c -O0 -fwhopr (test for excess errors)
WARNING: gcc.dg/torture/stackalign/non-local-goto-2.c -O0 -fwhopr compilation failed to produce executable
FAIL: gcc.dg/torture/stackalign/non-local-goto-2.c -O1 -flto (internal compiler error)
FAIL: gcc.dg/torture/stackalign/non-local-goto-2.c -O1 -flto (test for excess errors)
WARNING: gcc.dg/torture/stackalign/non-local-goto-2.c -O1 -flto compilation failed to produce executable
FAIL: gcc.dg/torture/stackalign/non-local-goto-2.c -O2 -flto (internal compiler error)
FAIL: gcc.dg/torture/stackalign/non-local-goto-2.c -O2 -flto (test for excess errors)
WARNING: gcc.dg/torture/stackalign/non-local-goto-2.c -O2 -flto compilation failed to produce executable
FAIL: gcc.dg/torture/stackalign/non-local-goto-2.c -O2 -fwhopr (internal compiler error)
FAIL: gcc.dg/torture/stackalign/non-local-goto-2.c -O2 -fwhopr (test for excess errors)
WARNING: gcc.dg/torture/stackalign/non-local-goto-2.c -O2 -fwhopr compilation failed to produce executable
FAIL: gcc.dg/torture/stackalign/non-local-goto-2.c -O3 -flto -fomit-frame-pointer (internal compiler error)
FAIL: gcc.dg/torture/stackalign/non-local-goto-2.c -O3 -flto -fomit-frame-pointer (test for excess errors)
WARNING: gcc.dg/torture/stackalign/non-local-goto-2.c -O3 -flto -fomit-frame-pointer compilation failed to produce executable
FAIL: gcc.dg/torture/stackalign/non-local-goto-2.c -O3 -flto -fomit-frame-pointer -funroll-loops (internal compiler error)
FAIL: gcc.dg/torture/stackalign/non-local-goto-2.c -O3 -flto -fomit-frame-pointer -funroll-loops (test for excess errors)
WARNING: gcc.dg/torture/stackalign/non-local-goto-2.c -O3 -flto -fomit-frame-pointer -funroll-loops compilation failed to produce executable
FAIL: gcc.dg/torture/stackalign/non-local-goto-2.c -O3 -flto -fomit-frame-pointer -funroll-all-loops -finline-functions (internal compiler error)
FAIL: gcc.dg/torture/stackalign/non-local-goto-2.c -O3 -flto -fomit-frame-pointer -funroll-all-loops -finline-functions (test for excess errors)
WARNING: gcc.dg/torture/stackalign/non-local-goto-2.c -O3 -flto -fomit-frame-pointer -funroll-all-loops -finline-functions compilation failed to produce executable
FAIL: gcc.dg/torture/stackalign/non-local-goto-2.c -Os -flto (internal compiler error)
FAIL: gcc.dg/torture/stackalign/non-local-goto-2.c -Os -flto (test for excess errors)
WARNING: gcc.dg/torture/stackalign/non-local-goto-2.c -Os -flto compilation failed to produce executable
FAIL: gcc.dg/torture/stackalign/non-local-goto-3.c -O0 -flto (internal compiler error)
FAIL: gcc.dg/torture/stackalign/non-local-goto-3.c -O0 -flto (test for excess errors)
WARNING: gcc.dg/torture/stackalign/non-local-goto-3.c -O0 -flto compilation failed to produce executable
FAIL: gcc.dg/torture/stackalign/non-local-goto-3.c -O0 -fwhopr (internal compiler error)
FAIL: gcc.dg/torture/stackalign/non-local-goto-3.c -O0 -fwhopr (test for excess errors)
WARNING: gcc.dg/torture/stackalign/non-local-goto-3.c -O0 -fwhopr compilation failed to produce executable
FAIL: gcc.dg/torture/stackalign/non-local-goto-3.c -O1 -flto (internal compiler error)
FAIL: gcc.dg/torture/stackalign/non-local-goto-3.c -O1 -flto (test for excess errors)
WARNING: gcc.dg/torture/stackalign/non-local-goto-3.c -O1 -flto compilation failed to produce executable
FAIL: gcc.dg/torture/stackalign/non-local-goto-3.c -O2 -flto (internal compiler error)
FAIL: gcc.dg/torture/stackalign/non-local-goto-3.c -O2 -flto (test for excess errors)
WARNING: gcc.dg/torture/stackalign/non-local-goto-3.c -O2 -flto compilation failed to produce executable
FAIL: gcc.dg/torture/stackalign/non-local-goto-3.c -O2 -fwhopr (internal compiler error)
FAIL: gcc.dg/torture/stackalign/non-local-goto-3.c -O2 -fwhopr (test for excess errors)
WARNING: gcc.dg/torture/stackalign/non-local-goto-3.c -O2 -fwhopr compilation failed to produce executable
FAIL: gcc.dg/torture/stackalign/non-local-goto-3.c -O3 -flto -fomit-frame-pointer (internal compiler error)
FAIL: gcc.dg/torture/stackalign/non-local-goto-3.c -O3 -flto -fomit-frame-pointer (test for excess errors)
WARNING: gcc.dg/torture/stackalign/non-local-goto-3.c -O3 -flto -fomit-frame-pointer compilation failed to produce executable
FAIL: gcc.dg/torture/stackalign/non-local-goto-3.c -O3 -flto -fomit-frame-pointer -funroll-loops (internal compiler error)
FAIL: gcc.dg/torture/stackalign/non-local-goto-3.c -O3 -flto -fomit-frame-pointer -funroll-loops (test for excess errors)
WARNING: gcc.dg/torture/stackalign/non-local-goto-3.c -O3 -flto -fomit-frame-pointer -funroll-loops compilation failed to produce executable
FAIL: gcc.dg/torture/stackalign/non-local-goto-3.c -O3 -flto -fomit-frame-pointer -funroll-all-loops -finline-functions (internal compiler error)
FAIL: gcc.dg/torture/stackalign/non-local-goto-3.c -O3 -flto -fomit-frame-pointer -funroll-all-loops -finline-functions (test for excess errors)
WARNING: gcc.dg/torture/stackalign/non-local-goto-3.c -O3 -flto -fomit-frame-pointer -funroll-all-loops -finline-functions compilation failed to produce executable
FAIL: gcc.dg/torture/stackalign/non-local-goto-3.c -Os -flto (internal compiler error)
FAIL: gcc.dg/torture/stackalign/non-local-goto-3.c -Os -flto (test for excess errors)
WARNING: gcc.dg/torture/stackalign/non-local-goto-3.c -Os -flto compilation failed to produce executable
FAIL: gcc.dg/torture/stackalign/non-local-goto-4.c -O0 -flto (internal compiler error)
FAIL: gcc.dg/torture/stackalign/non-local-goto-4.c -O0 -flto (test for excess errors)
WARNING: gcc.dg/torture/stackalign/non-local-goto-4.c -O0 -flto compilation failed to produce executable
FAIL: gcc.dg/torture/stackalign/non-local-goto-4.c -O0 -fwhopr (internal compiler error)
FAIL: gcc.dg/torture/stackalign/non-local-goto-4.c -O0 -fwhopr (test for excess errors)
WARNING: gcc.dg/torture/stackalign/non-local-goto-4.c -O0 -fwhopr compilation failed to produce executable
FAIL: gcc.dg/torture/stackalign/non-local-goto-4.c -O1 -flto (internal compiler error)
FAIL: gcc.dg/torture/stackalign/non-local-goto-4.c -O1 -flto (test for excess errors)
WARNING: gcc.dg/torture/stackalign/non-local-goto-4.c -O1 -flto compilation failed to produce executable
FAIL: gcc.dg/torture/stackalign/non-local-goto-4.c -O2 -flto (internal compiler error)
FAIL: gcc.dg/torture/stackalign/non-local-goto-4.c -O2 -flto (test for excess errors)
WARNING: gcc.dg/torture/stackalign/non-local-goto-4.c -O2 -flto compilation failed to produce executable
FAIL: gcc.dg/torture/stackalign/non-local-goto-4.c -O2 -fwhopr (internal compiler error)
FAIL: gcc.dg/torture/stackalign/non-local-goto-4.c -O2 -fwhopr (test for excess errors)
WARNING: gcc.dg/torture/stackalign/non-local-goto-4.c -O2 -fwhopr compilation failed to produce executable
FAIL: gcc.dg/torture/stackalign/non-local-goto-4.c -O3 -flto -fomit-frame-pointer (internal compiler error)
FAIL: gcc.dg/torture/stackalign/non-local-goto-4.c -O3 -flto -fomit-frame-pointer (test for excess errors)
WARNING: gcc.dg/torture/stackalign/non-local-goto-4.c -O3 -flto -fomit-frame-pointer compilation failed to produce executable
FAIL: gcc.dg/torture/stackalign/non-local-goto-4.c -Os -flto (internal compiler error)
FAIL: gcc.dg/torture/stackalign/non-local-goto-4.c -Os -flto (test for excess errors)
WARNING: gcc.dg/torture/stackalign/non-local-goto-4.c -Os -flto compilation failed to produce executable
FAIL: gcc.dg/torture/stackalign/non-local-goto-5.c -O0 -flto (internal compiler error)
FAIL: gcc.dg/torture/stackalign/non-local-goto-5.c -O0 -flto (test for excess errors)
WARNING: gcc.dg/torture/stackalign/non-local-goto-5.c -O0 -flto compilation failed to produce executable
FAIL: gcc.dg/torture/stackalign/non-local-goto-5.c -O0 -fwhopr (internal compiler error)
FAIL: gcc.dg/torture/stackalign/non-local-goto-5.c -O0 -fwhopr (test for excess errors)
WARNING: gcc.dg/torture/stackalign/non-local-goto-5.c -O0 -fwhopr compilation failed to produce executable
FAIL: gcc.dg/torture/stackalign/non-local-goto-5.c -O1 -flto (internal compiler error)
FAIL: gcc.dg/torture/stackalign/non-local-goto-5.c -O1 -flto (test for excess errors)
WARNING: gcc.dg/torture/stackalign/non-local-goto-5.c -O1 -flto compilation failed to produce executable
FAIL: gcc.dg/torture/stackalign/non-local-goto-5.c -O2 -flto (internal compiler error)
FAIL: gcc.dg/torture/stackalign/non-local-goto-5.c -O2 -flto (test for excess errors)
WARNING: gcc.dg/torture/stackalign/non-local-goto-5.c -O2 -flto compilation failed to produce executable
FAIL: gcc.dg/torture/stackalign/non-local-goto-5.c -O2 -fwhopr (internal compiler error)
FAIL: gcc.dg/torture/stackalign/non-local-goto-5.c -O2 -fwhopr (test for excess errors)
WARNING: gcc.dg/torture/stackalign/non-local-goto-5.c -O2 -fwhopr compilation failed to produce executable
FAIL: gcc.dg/torture/stackalign/non-local-goto-5.c -O3 -flto -fomit-frame-pointer (internal compiler error)
FAIL: gcc.dg/torture/stackalign/non-local-goto-5.c -O3 -flto -fomit-frame-pointer (test for excess errors)
WARNING: gcc.dg/torture/stackalign/non-local-goto-5.c -O3 -flto -fomit-frame-pointer compilation failed to produce executable
FAIL: gcc.dg/torture/stackalign/non-local-goto-5.c -Os -flto (internal compiler error)
FAIL: gcc.dg/torture/stackalign/non-local-goto-5.c -Os -flto (test for excess errors)
WARNING: gcc.dg/torture/stackalign/non-local-goto-5.c -Os -flto compilation failed to produce executable
FAIL: gcc.dg/torture/stackalign/regparm-1.c -O0 -flto (internal compiler error)
FAIL: gcc.dg/torture/stackalign/regparm-1.c -O0 -flto (test for excess errors)
WARNING: gcc.dg/torture/stackalign/regparm-1.c -O0 -flto compilation failed to produce executable
FAIL: gcc.dg/torture/stackalign/regparm-1.c -O0 -fwhopr (internal compiler error)
FAIL: gcc.dg/torture/stackalign/regparm-1.c -O0 -fwhopr (test for excess errors)
WARNING: gcc.dg/torture/stackalign/regparm-1.c -O0 -fwhopr compilation failed to produce executable
FAIL: gcc.dg/torture/stackalign/regparm-1.c -O1 -flto (internal compiler error)
FAIL: gcc.dg/torture/stackalign/regparm-1.c -O1 -flto (test for excess errors)
WARNING: gcc.dg/torture/stackalign/regparm-1.c -O1 -flto compilation failed to produce executable
FAIL: gcc.dg/torture/stackalign/regparm-1.c -O2 -flto (internal compiler error)
FAIL: gcc.dg/torture/stackalign/regparm-1.c -O2 -flto (test for excess errors)
WARNING: gcc.dg/torture/stackalign/regparm-1.c -O2 -flto compilation failed to produce executable
FAIL: gcc.dg/torture/stackalign/regparm-1.c -O2 -fwhopr (internal compiler error)
FAIL: gcc.dg/torture/stackalign/regparm-1.c -O2 -fwhopr (test for excess errors)
WARNING: gcc.dg/torture/stackalign/regparm-1.c -O2 -fwhopr compilation failed to produce executable
FAIL: gcc.dg/torture/stackalign/regparm-1.c -O3 -flto -fomit-frame-pointer (internal compiler error)
FAIL: gcc.dg/torture/stackalign/regparm-1.c -O3 -flto -fomit-frame-pointer (test for excess errors)
WARNING: gcc.dg/torture/stackalign/regparm-1.c -O3 -flto -fomit-frame-pointer compilation failed to produce executable
FAIL: gcc.dg/torture/stackalign/regparm-1.c -Os -flto (internal compiler error)
FAIL: gcc.dg/torture/stackalign/regparm-1.c -Os -flto (test for excess errors)
WARNING: gcc.dg/torture/stackalign/regparm-1.c -Os -flto compilation failed to produce executable
FAIL: gcc.dg/torture/stackalign/comp-goto-1.c -O0 -flto (internal compiler error)
FAIL: gcc.dg/torture/stackalign/comp-goto-1.c -O0 -flto (test for excess errors)
WARNING: gcc.dg/torture/stackalign/comp-goto-1.c -O0 -flto compilation failed to produce executable
FAIL: gcc.dg/torture/stackalign/comp-goto-1.c -O0 -fwhopr (internal compiler error)
FAIL: gcc.dg/torture/stackalign/comp-goto-1.c -O0 -fwhopr (test for excess errors)
WARNING: gcc.dg/torture/stackalign/comp-goto-1.c -O0 -fwhopr compilation failed to produce executable
FAIL: gcc.dg/torture/stackalign/comp-goto-1.c -O1 -flto (internal compiler error)
FAIL: gcc.dg/torture/stackalign/comp-goto-1.c -O1 -flto (test for excess errors)
WARNING: gcc.dg/torture/stackalign/comp-goto-1.c -O1 -flto compilation failed to produce executable
FAIL: gcc.dg/torture/stackalign/comp-goto-1.c -O2 -flto (internal compiler error)
FAIL: gcc.dg/torture/stackalign/comp-goto-1.c -O2 -flto (test for excess errors)
WARNING: gcc.dg/torture/stackalign/comp-goto-1.c -O2 -flto compilation failed to produce executable
FAIL: gcc.dg/torture/stackalign/comp-goto-1.c -O2 -fwhopr (internal compiler error)
FAIL: gcc.dg/torture/stackalign/comp-goto-1.c -O2 -fwhopr (test for excess errors)
WARNING: gcc.dg/torture/stackalign/comp-goto-1.c -O2 -fwhopr compilation failed to produce executable
FAIL: gcc.dg/torture/stackalign/comp-goto-1.c -O3 -flto -fomit-frame-pointer (internal compiler error)
FAIL: gcc.dg/torture/stackalign/comp-goto-1.c -O3 -flto -fomit-frame-pointer (test for excess errors)
WARNING: gcc.dg/torture/stackalign/comp-goto-1.c -O3 -flto -fomit-frame-pointer compilation failed to produce executable
FAIL: gcc.dg/torture/stackalign/comp-goto-1.c -Os -flto (internal compiler error)
FAIL: gcc.dg/torture/stackalign/comp-goto-1.c -Os -flto (test for excess errors)
WARNING: gcc.dg/torture/stackalign/comp-goto-1.c -Os -flto compilation failed to produce executable
FAIL: gcc.dg/torture/stackalign/nested-1.c -O0 -flto (internal compiler error)
FAIL: gcc.dg/torture/stackalign/nested-1.c -O0 -flto (test for excess errors)
WARNING: gcc.dg/torture/stackalign/nested-1.c -O0 -flto compilation failed to produce executable
FAIL: gcc.dg/torture/stackalign/nested-1.c -O0 -fwhopr (internal compiler error)
FAIL: gcc.dg/torture/stackalign/nested-1.c -O0 -fwhopr (test for excess errors)
WARNING: gcc.dg/torture/stackalign/nested-1.c -O0 -fwhopr compilation failed to produce executable
FAIL: gcc.dg/torture/stackalign/nested-1.c -O1 -flto (internal compiler error)
FAIL: gcc.dg/torture/stackalign/nested-1.c -O1 -flto (test for excess errors)
WARNING: gcc.dg/torture/stackalign/nested-1.c -O1 -flto compilation failed to produce executable
FAIL: gcc.dg/torture/stackalign/nested-2.c -O0 -flto (internal compiler error)
FAIL: gcc.dg/torture/stackalign/nested-2.c -O0 -flto (test for excess errors)
WARNING: gcc.dg/torture/stackalign/nested-2.c -O0 -flto compilation failed to produce executable
FAIL: gcc.dg/torture/stackalign/nested-2.c -O0 -fwhopr (internal compiler error)
FAIL: gcc.dg/torture/stackalign/nested-2.c -O0 -fwhopr (test for excess errors)
WARNING: gcc.dg/torture/stackalign/nested-2.c -O0 -fwhopr compilation failed to produce executable
FAIL: gcc.dg/torture/stackalign/nested-2.c -O1 -flto (internal compiler error)
FAIL: gcc.dg/torture/stackalign/nested-2.c -O1 -flto (test for excess errors)
WARNING: gcc.dg/torture/stackalign/nested-2.c -O1 -flto compilation failed to produce executable
FAIL: gcc.dg/torture/stackalign/nested-2.c -O2 -flto (internal compiler error)
FAIL: gcc.dg/torture/stackalign/nested-2.c -O2 -flto (test for excess errors)
WARNING: gcc.dg/torture/stackalign/nested-2.c -O2 -flto compilation failed to produce executable
FAIL: gcc.dg/torture/stackalign/nested-2.c -O2 -fwhopr (internal compiler error)
FAIL: gcc.dg/torture/stackalign/nested-2.c -O2 -fwhopr (test for excess errors)
WARNING: gcc.dg/torture/stackalign/nested-2.c -O2 -fwhopr compilation failed to produce executable
FAIL: gcc.dg/torture/stackalign/nested-2.c -O3 -flto -fomit-frame-pointer (internal compiler error)
FAIL: gcc.dg/torture/stackalign/nested-2.c -O3 -flto -fomit-frame-pointer (test for excess errors)
WARNING: gcc.dg/torture/stackalign/nested-2.c -O3 -flto -fomit-frame-pointer compilation failed to produce executable
FAIL: gcc.dg/torture/stackalign/nested-2.c -Os -flto (internal compiler error)
FAIL: gcc.dg/torture/stackalign/nested-2.c -Os -flto (test for excess errors)
WARNING: gcc.dg/torture/stackalign/nested-2.c -Os -flto compilation failed to produce executable
FAIL: gcc.dg/torture/stackalign/nested-3.c -O0 -flto (internal compiler error)
FAIL: gcc.dg/torture/stackalign/nested-3.c -O0 -flto (test for excess errors)
WARNING: gcc.dg/torture/stackalign/nested-3.c -O0 -flto compilation failed to produce executable
FAIL: gcc.dg/torture/stackalign/nested-3.c -O0 -fwhopr (internal compiler error)
FAIL: gcc.dg/torture/stackalign/nested-3.c -O0 -fwhopr (test for excess errors)
WARNING: gcc.dg/torture/stackalign/nested-3.c -O0 -fwhopr compilation failed to produce executable
FAIL: gcc.dg/torture/stackalign/nested-3.c -O1 -flto (internal compiler error)
FAIL: gcc.dg/torture/stackalign/nested-3.c -O1 -flto (test for excess errors)
WARNING: gcc.dg/torture/stackalign/nested-3.c -O1 -flto compilation failed to produce executable
FAIL: gcc.dg/torture/stackalign/nested-3.c -O2 -flto (internal compiler error)
FAIL: gcc.dg/torture/stackalign/nested-3.c -O2 -flto (test for excess errors)
WARNING: gcc.dg/torture/stackalign/nested-3.c -O2 -flto compilation failed to produce executable
FAIL: gcc.dg/torture/stackalign/nested-3.c -O2 -fwhopr (internal compiler error)
FAIL: gcc.dg/torture/stackalign/nested-3.c -O2 -fwhopr (test for excess errors)
WARNING: gcc.dg/torture/stackalign/nested-3.c -O2 -fwhopr compilation failed to produce executable
FAIL: gcc.dg/torture/stackalign/nested-3.c -O3 -flto -fomit-frame-pointer (internal compiler error)
FAIL: gcc.dg/torture/stackalign/nested-3.c -O3 -flto -fomit-frame-pointer (test for excess errors)
WARNING: gcc.dg/torture/stackalign/nested-3.c -O3 -flto -fomit-frame-pointer compilation failed to produce executable
FAIL: gcc.dg/torture/stackalign/nested-3.c -Os -flto (internal compiler error)
FAIL: gcc.dg/torture/stackalign/nested-3.c -Os -flto (test for excess errors)
WARNING: gcc.dg/torture/stackalign/nested-3.c -Os -flto compilation failed to produce executable
FAIL: gcc.dg/torture/stackalign/nested-4.c -O0 -flto (internal compiler error)
FAIL: gcc.dg/torture/stackalign/nested-4.c -O0 -flto (test for excess errors)
WARNING: gcc.dg/torture/stackalign/nested-4.c -O0 -flto compilation failed to produce executable
FAIL: gcc.dg/torture/stackalign/nested-4.c -O0 -fwhopr (internal compiler error)
FAIL: gcc.dg/torture/stackalign/nested-4.c -O0 -fwhopr (test for excess errors)
WARNING: gcc.dg/torture/stackalign/nested-4.c -O0 -fwhopr compilation failed to produce executable
FAIL: gcc.dg/torture/stackalign/nested-4.c -O1 -flto (internal compiler error)
FAIL: gcc.dg/torture/stackalign/nested-4.c -O1 -flto (test for excess errors)
WARNING: gcc.dg/torture/stackalign/nested-4.c -O1 -flto compilation failed to produce executable
FAIL: gcc.dg/torture/stackalign/nested-4.c -O2 -flto (internal compiler error)
FAIL: gcc.dg/torture/stackalign/nested-4.c -O2 -flto (test for excess errors)
WARNING: gcc.dg/torture/stackalign/nested-4.c -O2 -flto compilation failed to produce executable
FAIL: gcc.dg/torture/stackalign/nested-4.c -O2 -fwhopr (internal compiler error)
FAIL: gcc.dg/torture/stackalign/nested-4.c -O2 -fwhopr (test for excess errors)
WARNING: gcc.dg/torture/stackalign/nested-4.c -O2 -fwhopr compilation failed to produce executable
FAIL: gcc.dg/torture/stackalign/nested-4.c -O3 -flto -fomit-frame-pointer (internal compiler error)
FAIL: gcc.dg/torture/stackalign/nested-4.c -O3 -flto -fomit-frame-pointer (test for excess errors)
WARNING: gcc.dg/torture/stackalign/nested-4.c -O3 -flto -fomit-frame-pointer compilation failed to produce executable
FAIL: gcc.dg/torture/stackalign/nested-4.c -Os -flto (internal compiler error)
FAIL: gcc.dg/torture/stackalign/nested-4.c -Os -flto (test for excess errors)
WARNING: gcc.dg/torture/stackalign/nested-4.c -Os -flto compilation failed to produce executable
FAIL: gcc.dg/torture/stackalign/nested-5.c -O0 -flto (internal compiler error)
FAIL: gcc.dg/torture/stackalign/nested-5.c -O0 -flto (test for excess errors)
WARNING: gcc.dg/torture/stackalign/nested-5.c -O0 -flto compilation failed to produce executable
FAIL: gcc.dg/torture/stackalign/nested-5.c -O0 -fwhopr (internal compiler error)
FAIL: gcc.dg/torture/stackalign/nested-5.c -O0 -fwhopr (test for excess errors)
WARNING: gcc.dg/torture/stackalign/nested-5.c -O0 -fwhopr compilation failed to produce executable
FAIL: gcc.dg/torture/stackalign/nested-5.c -O1 -flto (internal compiler error)
FAIL: gcc.dg/torture/stackalign/nested-5.c -O1 -flto (test for excess errors)
WARNING: gcc.dg/torture/stackalign/nested-5.c -O1 -flto compilation failed to produce executable
FAIL: gcc.dg/torture/stackalign/nested-5.c -O2 -flto (internal compiler error)
FAIL: gcc.dg/torture/stackalign/nested-5.c -O2 -flto (test for excess errors)
WARNING: gcc.dg/torture/stackalign/nested-5.c -O2 -flto compilation failed to produce executable
FAIL: gcc.dg/torture/stackalign/nested-5.c -O2 -fwhopr (internal compiler error)
FAIL: gcc.dg/torture/stackalign/nested-5.c -O2 -fwhopr (test for excess errors)
WARNING: gcc.dg/torture/stackalign/nested-5.c -O2 -fwhopr compilation failed to produce executable
FAIL: gcc.dg/torture/stackalign/nested-5.c -O3 -flto -fomit-frame-pointer (internal compiler error)
FAIL: gcc.dg/torture/stackalign/nested-5.c -O3 -flto -fomit-frame-pointer (test for excess errors)
WARNING: gcc.dg/torture/stackalign/nested-5.c -O3 -flto -fomit-frame-pointer compilation failed to produce executable
FAIL: gcc.dg/torture/stackalign/nested-5.c -Os -flto (internal compiler error)
FAIL: gcc.dg/torture/stackalign/nested-5.c -Os -flto (test for excess errors)
WARNING: gcc.dg/torture/stackalign/nested-5.c -Os -flto compilation failed to produce executable
FAIL: gcc.dg/torture/stackalign/nested-6.c -O0 -flto (internal compiler error)
FAIL: gcc.dg/torture/stackalign/nested-6.c -O0 -flto (test for excess errors)
WARNING: gcc.dg/torture/stackalign/nested-6.c -O0 -flto compilation failed to produce executable
FAIL: gcc.dg/torture/stackalign/nested-6.c -O0 -fwhopr (internal compiler error)
FAIL: gcc.dg/torture/stackalign/nested-6.c -O0 -fwhopr (test for excess errors)
WARNING: gcc.dg/torture/stackalign/nested-6.c -O0 -fwhopr compilation failed to produce executable
FAIL: gcc.dg/torture/stackalign/nested-6.c -O1 -flto (internal compiler error)
FAIL: gcc.dg/torture/stackalign/nested-6.c -O1 -flto (test for excess errors)
WARNING: gcc.dg/torture/stackalign/nested-6.c -O1 -flto compilation failed to produce executable
FAIL: gcc.dg/torture/stackalign/nested-6.c -O2 -flto (internal compiler error)
FAIL: gcc.dg/torture/stackalign/nested-6.c -O2 -flto (test for excess errors)
WARNING: gcc.dg/torture/stackalign/nested-6.c -O2 -flto compilation failed to produce executable
FAIL: gcc.dg/torture/stackalign/nested-6.c -O2 -fwhopr (internal compiler error)
FAIL: gcc.dg/torture/stackalign/nested-6.c -O2 -fwhopr (test for excess errors)
WARNING: gcc.dg/torture/stackalign/nested-6.c -O2 -fwhopr compilation failed to produce executable
FAIL: gcc.dg/torture/stackalign/nested-6.c -O3 -flto -fomit-frame-pointer (internal compiler error)
FAIL: gcc.dg/torture/stackalign/nested-6.c -O3 -flto -fomit-frame-pointer (test for excess errors)
WARNING: gcc.dg/torture/stackalign/nested-6.c -O3 -flto -fomit-frame-pointer compilation failed to produce executable
FAIL: gcc.dg/torture/stackalign/nested-6.c -Os -flto (internal compiler error)
FAIL: gcc.dg/torture/stackalign/nested-6.c -Os -flto (test for excess errors)
WARNING: gcc.dg/torture/stackalign/nested-6.c -Os -flto compilation failed to produce executable
FAIL: gcc.dg/torture/stackalign/non-local-goto-1.c -O0 -flto (internal compiler error)
FAIL: gcc.dg/torture/stackalign/non-local-goto-1.c -O0 -flto (test for excess errors)
WARNING: gcc.dg/torture/stackalign/non-local-goto-1.c -O0 -flto compilation failed to produce executable
FAIL: gcc.dg/torture/stackalign/non-local-goto-1.c -O0 -fwhopr (internal compiler error)
FAIL: gcc.dg/torture/stackalign/non-local-goto-1.c -O0 -fwhopr (test for excess errors)
WARNING: gcc.dg/torture/stackalign/non-local-goto-1.c -O0 -fwhopr compilation failed to produce executable
FAIL: gcc.dg/torture/stackalign/non-local-goto-1.c -O1 -flto (internal compiler error)
FAIL: gcc.dg/torture/stackalign/non-local-goto-1.c -O1 -flto (test for excess errors)
WARNING: gcc.dg/torture/stackalign/non-local-goto-1.c -O1 -flto compilation failed to produce executable
FAIL: gcc.dg/torture/stackalign/non-local-goto-1.c -O2 -flto (internal compiler error)
FAIL: gcc.dg/torture/stackalign/non-local-goto-1.c -O2 -flto (test for excess errors)
WARNING: gcc.dg/torture/stackalign/non-local-goto-1.c -O2 -flto compilation failed to produce executable
FAIL: gcc.dg/torture/stackalign/non-local-goto-1.c -O2 -fwhopr (internal compiler error)
FAIL: gcc.dg/torture/stackalign/non-local-goto-1.c -O2 -fwhopr (test for excess errors)
WARNING: gcc.dg/torture/stackalign/non-local-goto-1.c -O2 -fwhopr compilation failed to produce executable
FAIL: gcc.dg/torture/stackalign/non-local-goto-1.c -O3 -flto -fomit-frame-pointer (internal compiler error)
FAIL: gcc.dg/torture/stackalign/non-local-goto-1.c -O3 -flto -fomit-frame-pointer (test for excess errors)
WARNING: gcc.dg/torture/stackalign/non-local-goto-1.c -O3 -flto -fomit-frame-pointer compilation failed to produce executable
FAIL: gcc.dg/torture/stackalign/non-local-goto-1.c -O3 -flto -fomit-frame-pointer -funroll-loops (internal compiler error)
FAIL: gcc.dg/torture/stackalign/non-local-goto-1.c -O3 -flto -fomit-frame-pointer -funroll-loops (test for excess errors)
WARNING: gcc.dg/torture/stackalign/non-local-goto-1.c -O3 -flto -fomit-frame-pointer -funroll-loops compilation failed to produce executable
FAIL: gcc.dg/torture/stackalign/non-local-goto-1.c -O3 -flto -fomit-frame-pointer -funroll-all-loops -finline-functions (internal compiler error)
FAIL: gcc.dg/torture/stackalign/non-local-goto-1.c -O3 -flto -fomit-frame-pointer -funroll-all-loops -finline-functions (test for excess errors)
WARNING: gcc.dg/torture/stackalign/non-local-goto-1.c -O3 -flto -fomit-frame-pointer -funroll-all-loops -finline-functions compilation failed to produce executable
FAIL: gcc.dg/torture/stackalign/non-local-goto-1.c -Os -flto (internal compiler error)
FAIL: gcc.dg/torture/stackalign/non-local-goto-1.c -Os -flto (test for excess errors)
WARNING: gcc.dg/torture/stackalign/non-local-goto-1.c -Os -flto compilation failed to produce executable
FAIL: gcc.dg/torture/stackalign/non-local-goto-2.c -O0 -flto (internal compiler error)
FAIL: gcc.dg/torture/stackalign/non-local-goto-2.c -O0 -flto (test for excess errors)
WARNING: gcc.dg/torture/stackalign/non-local-goto-2.c -O0 -flto compilation failed to produce executable
FAIL: gcc.dg/torture/stackalign/non-local-goto-2.c -O0 -fwhopr (internal compiler error)
FAIL: gcc.dg/torture/stackalign/non-local-goto-2.c -O0 -fwhopr (test for excess errors)
WARNING: gcc.dg/torture/stackalign/non-local-goto-2.c -O0 -fwhopr compilation failed to produce executable
FAIL: gcc.dg/torture/stackalign/non-local-goto-2.c -O1 -flto (internal compiler error)
FAIL: gcc.dg/torture/stackalign/non-local-goto-2.c -O1 -flto (test for excess errors)
WARNING: gcc.dg/torture/stackalign/non-local-goto-2.c -O1 -flto compilation failed to produce executable
FAIL: gcc.dg/torture/stackalign/non-local-goto-2.c -O2 -flto (internal compiler error)
FAIL: gcc.dg/torture/stackalign/non-local-goto-2.c -O2 -flto (test for excess errors)
WARNING: gcc.dg/torture/stackalign/non-local-goto-2.c -O2 -flto compilation failed to produce executable
FAIL: gcc.dg/torture/stackalign/non-local-goto-2.c -O2 -fwhopr (internal compiler error)
FAIL: gcc.dg/torture/stackalign/non-local-goto-2.c -O2 -fwhopr (test for excess errors)
WARNING: gcc.dg/torture/stackalign/non-local-goto-2.c -O2 -fwhopr compilation failed to produce executable
FAIL: gcc.dg/torture/stackalign/non-local-goto-2.c -O3 -flto -fomit-frame-pointer (internal compiler error)
FAIL: gcc.dg/torture/stackalign/non-local-goto-2.c -O3 -flto -fomit-frame-pointer (test for excess errors)
WARNING: gcc.dg/torture/stackalign/non-local-goto-2.c -O3 -flto -fomit-frame-pointer compilation failed to produce executable
FAIL: gcc.dg/torture/stackalign/non-local-goto-2.c -O3 -flto -fomit-frame-pointer -funroll-loops (internal compiler error)
FAIL: gcc.dg/torture/stackalign/non-local-goto-2.c -O3 -flto -fomit-frame-pointer -funroll-loops (test for excess errors)
WARNING: gcc.dg/torture/stackalign/non-local-goto-2.c -O3 -flto -fomit-frame-pointer -funroll-loops compilation failed to produce executable
FAIL: gcc.dg/torture/stackalign/non-local-goto-2.c -O3 -flto -fomit-frame-pointer -funroll-all-loops -finline-functions (internal compiler error)
FAIL: gcc.dg/torture/stackalign/non-local-goto-2.c -O3 -flto -fomit-frame-pointer -funroll-all-loops -finline-functions (test for excess errors)
WARNING: gcc.dg/torture/stackalign/non-local-goto-2.c -O3 -flto -fomit-frame-pointer -funroll-all-loops -finline-functions compilation failed to produce executable
FAIL: gcc.dg/torture/stackalign/non-local-goto-2.c -Os -flto (internal compiler error)
FAIL: gcc.dg/torture/stackalign/non-local-goto-2.c -Os -flto (test for excess errors)
WARNING: gcc.dg/torture/stackalign/non-local-goto-2.c -Os -flto compilation failed to produce executable
FAIL: gcc.dg/torture/stackalign/non-local-goto-3.c -O0 -flto (internal compiler error)
FAIL: gcc.dg/torture/stackalign/non-local-goto-3.c -O0 -flto (test for excess errors)
WARNING: gcc.dg/torture/stackalign/non-local-goto-3.c -O0 -flto compilation failed to produce executable
FAIL: gcc.dg/torture/stackalign/non-local-goto-3.c -O0 -fwhopr (internal compiler error)
FAIL: gcc.dg/torture/stackalign/non-local-goto-3.c -O0 -fwhopr (test for excess errors)
WARNING: gcc.dg/torture/stackalign/non-local-goto-3.c -O0 -fwhopr compilation failed to produce executable
FAIL: gcc.dg/torture/stackalign/non-local-goto-3.c -O1 -flto (internal compiler error)
FAIL: gcc.dg/torture/stackalign/non-local-goto-3.c -O1 -flto (test for excess errors)
WARNING: gcc.dg/torture/stackalign/non-local-goto-3.c -O1 -flto compilation failed to produce executable
FAIL: gcc.dg/torture/stackalign/non-local-goto-3.c -O2 -flto (internal compiler error)
FAIL: gcc.dg/torture/stackalign/non-local-goto-3.c -O2 -flto (test for excess errors)
WARNING: gcc.dg/torture/stackalign/non-local-goto-3.c -O2 -flto compilation failed to produce executable
FAIL: gcc.dg/torture/stackalign/non-local-goto-3.c -O2 -fwhopr (internal compiler error)
FAIL: gcc.dg/torture/stackalign/non-local-goto-3.c -O2 -fwhopr (test for excess errors)
WARNING: gcc.dg/torture/stackalign/non-local-goto-3.c -O2 -fwhopr compilation failed to produce executable
FAIL: gcc.dg/torture/stackalign/non-local-goto-3.c -O3 -flto -fomit-frame-pointer (internal compiler error)
FAIL: gcc.dg/torture/stackalign/non-local-goto-3.c -O3 -flto -fomit-frame-pointer (test for excess errors)
WARNING: gcc.dg/torture/stackalign/non-local-goto-3.c -O3 -flto -fomit-frame-pointer compilation failed to produce executable
FAIL: gcc.dg/torture/stackalign/non-local-goto-3.c -O3 -flto -fomit-frame-pointer -funroll-loops (internal compiler error)
FAIL: gcc.dg/torture/stackalign/non-local-goto-3.c -O3 -flto -fomit-frame-pointer -funroll-loops (test for excess errors)
WARNING: gcc.dg/torture/stackalign/non-local-goto-3.c -O3 -flto -fomit-frame-pointer -funroll-loops compilation failed to produce executable
FAIL: gcc.dg/torture/stackalign/non-local-goto-3.c -O3 -flto -fomit-frame-pointer -funroll-all-loops -finline-functions (internal compiler error)
FAIL: gcc.dg/torture/stackalign/non-local-goto-3.c -O3 -flto -fomit-frame-pointer -funroll-all-loops -finline-functions (test for excess errors)
WARNING: gcc.dg/torture/stackalign/non-local-goto-3.c -O3 -flto -fomit-frame-pointer -funroll-all-loops -finline-functions compilation failed to produce executable
FAIL: gcc.dg/torture/stackalign/non-local-goto-3.c -Os -flto (internal compiler error)
FAIL: gcc.dg/torture/stackalign/non-local-goto-3.c -Os -flto (test for excess errors)
WARNING: gcc.dg/torture/stackalign/non-local-goto-3.c -Os -flto compilation failed to produce executable
FAIL: gcc.dg/torture/stackalign/non-local-goto-4.c -O0 -flto (internal compiler error)
FAIL: gcc.dg/torture/stackalign/non-local-goto-4.c -O0 -flto (test for excess errors)
WARNING: gcc.dg/torture/stackalign/non-local-goto-4.c -O0 -flto compilation failed to produce executable
FAIL: gcc.dg/torture/stackalign/non-local-goto-4.c -O0 -fwhopr (internal compiler error)
FAIL: gcc.dg/torture/stackalign/non-local-goto-4.c -O0 -fwhopr (test for excess errors)
WARNING: gcc.dg/torture/stackalign/non-local-goto-4.c -O0 -fwhopr compilation failed to produce executable
FAIL: gcc.dg/torture/stackalign/non-local-goto-4.c -O1 -flto (internal compiler error)
FAIL: gcc.dg/torture/stackalign/non-local-goto-4.c -O1 -flto (test for excess errors)
WARNING: gcc.dg/torture/stackalign/non-local-goto-4.c -O1 -flto compilation failed to produce executable
FAIL: gcc.dg/torture/stackalign/non-local-goto-4.c -O2 -flto (internal compiler error)
FAIL: gcc.dg/torture/stackalign/non-local-goto-4.c -O2 -flto (test for excess errors)
WARNING: gcc.dg/torture/stackalign/non-local-goto-4.c -O2 -flto compilation failed to produce executable
FAIL: gcc.dg/torture/stackalign/non-local-goto-4.c -O2 -fwhopr (internal compiler error)
FAIL: gcc.dg/torture/stackalign/non-local-goto-4.c -O2 -fwhopr (test for excess errors)
WARNING: gcc.dg/torture/stackalign/non-local-goto-4.c -O2 -fwhopr compilation failed to produce executable
FAIL: gcc.dg/torture/stackalign/non-local-goto-4.c -O3 -flto -fomit-frame-pointer (internal compiler error)
FAIL: gcc.dg/torture/stackalign/non-local-goto-4.c -O3 -flto -fomit-frame-pointer (test for excess errors)
WARNING: gcc.dg/torture/stackalign/non-local-goto-4.c -O3 -flto -fomit-frame-pointer compilation failed to produce executable
FAIL: gcc.dg/torture/stackalign/non-local-goto-4.c -Os -flto (internal compiler error)
FAIL: gcc.dg/torture/stackalign/non-local-goto-4.c -Os -flto (test for excess errors)
WARNING: gcc.dg/torture/stackalign/non-local-goto-4.c -Os -flto compilation failed to produce executable
FAIL: gcc.dg/torture/stackalign/non-local-goto-5.c -O0 -flto (internal compiler error)
FAIL: gcc.dg/torture/stackalign/non-local-goto-5.c -O0 -flto (test for excess errors)
WARNING: gcc.dg/torture/stackalign/non-local-goto-5.c -O0 -flto compilation failed to produce executable
FAIL: gcc.dg/torture/stackalign/non-local-goto-5.c -O0 -fwhopr (internal compiler error)
FAIL: gcc.dg/torture/stackalign/non-local-goto-5.c -O0 -fwhopr (test for excess errors)
WARNING: gcc.dg/torture/stackalign/non-local-goto-5.c -O0 -fwhopr compilation failed to produce executable
FAIL: gcc.dg/torture/stackalign/non-local-goto-5.c -O1 -flto (internal compiler error)
FAIL: gcc.dg/torture/stackalign/non-local-goto-5.c -O1 -flto (test for excess errors)
WARNING: gcc.dg/torture/stackalign/non-local-goto-5.c -O1 -flto compilation failed to produce executable
FAIL: gcc.dg/torture/stackalign/non-local-goto-5.c -O2 -flto (internal compiler error)
FAIL: gcc.dg/torture/stackalign/non-local-goto-5.c -O2 -flto (test for excess errors)
WARNING: gcc.dg/torture/stackalign/non-local-goto-5.c -O2 -flto compilation failed to produce executable
FAIL: gcc.dg/torture/stackalign/non-local-goto-5.c -O2 -fwhopr (internal compiler error)
FAIL: gcc.dg/torture/stackalign/non-local-goto-5.c -O2 -fwhopr (test for excess errors)
WARNING: gcc.dg/torture/stackalign/non-local-goto-5.c -O2 -fwhopr compilation failed to produce executable
FAIL: gcc.dg/torture/stackalign/non-local-goto-5.c -O3 -flto -fomit-frame-pointer (internal compiler error)
FAIL: gcc.dg/torture/stackalign/non-local-goto-5.c -O3 -flto -fomit-frame-pointer (test for excess errors)
WARNING: gcc.dg/torture/stackalign/non-local-goto-5.c -O3 -flto -fomit-frame-pointer compilation failed to produce executable
FAIL: gcc.dg/torture/stackalign/non-local-goto-5.c -Os -flto (internal compiler error)
FAIL: gcc.dg/torture/stackalign/non-local-goto-5.c -Os -flto (test for excess errors)
WARNING: gcc.dg/torture/stackalign/non-local-goto-5.c -Os -flto compilation failed to produce executable
FAIL: gcc.dg/torture/stackalign/regparm-1.c -O0 -flto (internal compiler error)
FAIL: gcc.dg/torture/stackalign/regparm-1.c -O0 -flto (test for excess errors)
WARNING: gcc.dg/torture/stackalign/regparm-1.c -O0 -flto compilation failed to produce executable
FAIL: gcc.dg/torture/stackalign/regparm-1.c -O0 -fwhopr (internal compiler error)
FAIL: gcc.dg/torture/stackalign/regparm-1.c -O0 -fwhopr (test for excess errors)
WARNING: gcc.dg/torture/stackalign/regparm-1.c -O0 -fwhopr compilation failed to produce executable
FAIL: gcc.dg/torture/stackalign/regparm-1.c -O1 -flto (internal compiler error)
FAIL: gcc.dg/torture/stackalign/regparm-1.c -O1 -flto (test for excess errors)
WARNING: gcc.dg/torture/stackalign/regparm-1.c -O1 -flto compilation failed to produce executable
FAIL: gcc.dg/torture/stackalign/regparm-1.c -O2 -flto (internal compiler error)
FAIL: gcc.dg/torture/stackalign/regparm-1.c -O2 -flto (test for excess errors)
WARNING: gcc.dg/torture/stackalign/regparm-1.c -O2 -flto compilation failed to produce executable
FAIL: gcc.dg/torture/stackalign/regparm-1.c -O2 -fwhopr (internal compiler error)
FAIL: gcc.dg/torture/stackalign/regparm-1.c -O2 -fwhopr (test for excess errors)
WARNING: gcc.dg/torture/stackalign/regparm-1.c -O2 -fwhopr compilation failed to produce executable
FAIL: gcc.dg/torture/stackalign/regparm-1.c -O3 -flto -fomit-frame-pointer (internal compiler error)
FAIL: gcc.dg/torture/stackalign/regparm-1.c -O3 -flto -fomit-frame-pointer (test for excess errors)
WARNING: gcc.dg/torture/stackalign/regparm-1.c -O3 -flto -fomit-frame-pointer compilation failed to produce executable
FAIL: gcc.dg/torture/stackalign/regparm-1.c -Os -flto (internal compiler error)
FAIL: gcc.dg/torture/stackalign/regparm-1.c -Os -flto (test for excess errors)
WARNING: gcc.dg/torture/stackalign/regparm-1.c -Os -flto compilation failed to produce executable
FAIL: gcc.dg/torture/stackalign/comp-goto-1.c -O0 -flto (internal compiler error)
FAIL: gcc.dg/torture/stackalign/comp-goto-1.c -O0 -flto (test for excess errors)
WARNING: gcc.dg/torture/stackalign/comp-goto-1.c -O0 -flto compilation failed to produce executable
FAIL: gcc.dg/torture/stackalign/comp-goto-1.c -O0 -fwhopr (internal compiler error)
FAIL: gcc.dg/torture/stackalign/comp-goto-1.c -O0 -fwhopr (test for excess errors)
WARNING: gcc.dg/torture/stackalign/comp-goto-1.c -O0 -fwhopr compilation failed to produce executable
FAIL: gcc.dg/torture/stackalign/comp-goto-1.c -O1 -flto (internal compiler error)
FAIL: gcc.dg/torture/stackalign/comp-goto-1.c -O1 -flto (test for excess errors)
WARNING: gcc.dg/torture/stackalign/comp-goto-1.c -O1 -flto compilation failed to produce executable
FAIL: gcc.dg/torture/stackalign/comp-goto-1.c -O2 -flto (internal compiler error)
FAIL: gcc.dg/torture/stackalign/comp-goto-1.c -O2 -flto (test for excess errors)
WARNING: gcc.dg/torture/stackalign/comp-goto-1.c -O2 -flto compilation failed to produce executable
FAIL: gcc.dg/torture/stackalign/comp-goto-1.c -O2 -fwhopr (internal compiler error)
FAIL: gcc.dg/torture/stackalign/comp-goto-1.c -O2 -fwhopr (test for excess errors)
WARNING: gcc.dg/torture/stackalign/comp-goto-1.c -O2 -fwhopr compilation failed to produce executable
FAIL: gcc.dg/torture/stackalign/comp-goto-1.c -O3 -flto -fomit-frame-pointer (internal compiler error)
FAIL: gcc.dg/torture/stackalign/comp-goto-1.c -O3 -flto -fomit-frame-pointer (test for excess errors)
WARNING: gcc.dg/torture/stackalign/comp-goto-1.c -O3 -flto -fomit-frame-pointer compilation failed to produce executable
FAIL: gcc.dg/torture/stackalign/comp-goto-1.c -Os -flto (internal compiler error)
FAIL: gcc.dg/torture/stackalign/comp-goto-1.c -Os -flto (test for excess errors)
WARNING: gcc.dg/torture/stackalign/comp-goto-1.c -Os -flto compilation failed to produce executable
FAIL: gcc.dg/torture/stackalign/nested-1.c -O0 -flto (internal compiler error)
FAIL: gcc.dg/torture/stackalign/nested-1.c -O0 -flto (test for excess errors)
WARNING: gcc.dg/torture/stackalign/nested-1.c -O0 -flto compilation failed to produce executable
FAIL: gcc.dg/torture/stackalign/nested-1.c -O0 -fwhopr (internal compiler error)
FAIL: gcc.dg/torture/stackalign/nested-1.c -O0 -fwhopr (test for excess errors)
WARNING: gcc.dg/torture/stackalign/nested-1.c -O0 -fwhopr compilation failed to produce executable
FAIL: gcc.dg/torture/stackalign/nested-1.c -O1 -flto (internal compiler error)
FAIL: gcc.dg/torture/stackalign/nested-1.c -O1 -flto (test for excess errors)
WARNING: gcc.dg/torture/stackalign/nested-1.c -O1 -flto compilation failed to produce executable
FAIL: gcc.dg/torture/stackalign/nested-2.c -O0 -flto (internal compiler error)
FAIL: gcc.dg/torture/stackalign/nested-2.c -O0 -flto (test for excess errors)
WARNING: gcc.dg/torture/stackalign/nested-2.c -O0 -flto compilation failed to produce executable
FAIL: gcc.dg/torture/stackalign/nested-2.c -O0 -fwhopr (internal compiler error)
FAIL: gcc.dg/torture/stackalign/nested-2.c -O0 -fwhopr (test for excess errors)
WARNING: gcc.dg/torture/stackalign/nested-2.c -O0 -fwhopr compilation failed to produce executable
FAIL: gcc.dg/torture/stackalign/nested-2.c -O1 -flto (internal compiler error)
FAIL: gcc.dg/torture/stackalign/nested-2.c -O1 -flto (test for excess errors)
WARNING: gcc.dg/torture/stackalign/nested-2.c -O1 -flto compilation failed to produce executable
FAIL: gcc.dg/torture/stackalign/nested-2.c -O2 -flto (internal compiler error)
FAIL: gcc.dg/torture/stackalign/nested-2.c -O2 -flto (test for excess errors)
WARNING: gcc.dg/torture/stackalign/nested-2.c -O2 -flto compilation failed to produce executable
FAIL: gcc.dg/torture/stackalign/nested-2.c -O2 -fwhopr (internal compiler error)
FAIL: gcc.dg/torture/stackalign/nested-2.c -O2 -fwhopr (test for excess errors)
WARNING: gcc.dg/torture/stackalign/nested-2.c -O2 -fwhopr compilation failed to produce executable
FAIL: gcc.dg/torture/stackalign/nested-2.c -O3 -flto -fomit-frame-pointer (internal compiler error)
FAIL: gcc.dg/torture/stackalign/nested-2.c -O3 -flto -fomit-frame-pointer (test for excess errors)
WARNING: gcc.dg/torture/stackalign/nested-2.c -O3 -flto -fomit-frame-pointer compilation failed to produce executable
FAIL: gcc.dg/torture/stackalign/nested-2.c -Os -flto (internal compiler error)
FAIL: gcc.dg/torture/stackalign/nested-2.c -Os -flto (test for excess errors)
WARNING: gcc.dg/torture/stackalign/nested-2.c -Os -flto compilation failed to produce executable
FAIL: gcc.dg/torture/stackalign/nested-3.c -O0 -flto (internal compiler error)
FAIL: gcc.dg/torture/stackalign/nested-3.c -O0 -flto (test for excess errors)
WARNING: gcc.dg/torture/stackalign/nested-3.c -O0 -flto compilation failed to produce executable
FAIL: gcc.dg/torture/stackalign/nested-3.c -O0 -fwhopr (internal compiler error)
FAIL: gcc.dg/torture/stackalign/nested-3.c -O0 -fwhopr (test for excess errors)
WARNING: gcc.dg/torture/stackalign/nested-3.c -O0 -fwhopr compilation failed to produce executable
FAIL: gcc.dg/torture/stackalign/nested-3.c -O1 -flto (internal compiler error)
FAIL: gcc.dg/torture/stackalign/nested-3.c -O1 -flto (test for excess errors)
WARNING: gcc.dg/torture/stackalign/nested-3.c -O1 -flto compilation failed to produce executable
FAIL: gcc.dg/torture/stackalign/nested-3.c -O2 -flto (internal compiler error)
FAIL: gcc.dg/torture/stackalign/nested-3.c -O2 -flto (test for excess errors)
WARNING: gcc.dg/torture/stackalign/nested-3.c -O2 -flto compilation failed to produce executable
FAIL: gcc.dg/torture/stackalign/nested-3.c -O2 -fwhopr (internal compiler error)
FAIL: gcc.dg/torture/stackalign/nested-3.c -O2 -fwhopr (test for excess errors)
WARNING: gcc.dg/torture/stackalign/nested-3.c -O2 -fwhopr compilation failed to produce executable
FAIL: gcc.dg/torture/stackalign/nested-3.c -O3 -flto -fomit-frame-pointer (internal compiler error)
FAIL: gcc.dg/torture/stackalign/nested-3.c -O3 -flto -fomit-frame-pointer (test for excess errors)
WARNING: gcc.dg/torture/stackalign/nested-3.c -O3 -flto -fomit-frame-pointer compilation failed to produce executable
FAIL: gcc.dg/torture/stackalign/nested-3.c -Os -flto (internal compiler error)
FAIL: gcc.dg/torture/stackalign/nested-3.c -Os -flto (test for excess errors)
WARNING: gcc.dg/torture/stackalign/nested-3.c -Os -flto compilation failed to produce executable
FAIL: gcc.dg/torture/stackalign/nested-4.c -O0 -flto (internal compiler error)
FAIL: gcc.dg/torture/stackalign/nested-4.c -O0 -flto (test for excess errors)
WARNING: gcc.dg/torture/stackalign/nested-4.c -O0 -flto compilation failed to produce executable
FAIL: gcc.dg/torture/stackalign/nested-4.c -O0 -fwhopr (internal compiler error)
FAIL: gcc.dg/torture/stackalign/nested-4.c -O0 -fwhopr (test for excess errors)
WARNING: gcc.dg/torture/stackalign/nested-4.c -O0 -fwhopr compilation failed to produce executable
FAIL: gcc.dg/torture/stackalign/nested-4.c -O1 -flto (internal compiler error)
FAIL: gcc.dg/torture/stackalign/nested-4.c -O1 -flto (test for excess errors)
WARNING: gcc.dg/torture/stackalign/nested-4.c -O1 -flto compilation failed to produce executable
FAIL: gcc.dg/torture/stackalign/nested-4.c -O2 -flto (internal compiler error)
FAIL: gcc.dg/torture/stackalign/nested-4.c -O2 -flto (test for excess errors)
WARNING: gcc.dg/torture/stackalign/nested-4.c -O2 -flto compilation failed to produce executable
FAIL: gcc.dg/torture/stackalign/nested-4.c -O2 -fwhopr (internal compiler error)
FAIL: gcc.dg/torture/stackalign/nested-4.c -O2 -fwhopr (test for excess errors)
WARNING: gcc.dg/torture/stackalign/nested-4.c -O2 -fwhopr compilation failed to produce executable
FAIL: gcc.dg/torture/stackalign/nested-4.c -O3 -flto -fomit-frame-pointer (internal compiler error)
FAIL: gcc.dg/torture/stackalign/nested-4.c -O3 -flto -fomit-frame-pointer (test for excess errors)
WARNING: gcc.dg/torture/stackalign/nested-4.c -O3 -flto -fomit-frame-pointer compilation failed to produce executable
FAIL: gcc.dg/torture/stackalign/nested-4.c -Os -flto (internal compiler error)
FAIL: gcc.dg/torture/stackalign/nested-4.c -Os -flto (test for excess errors)
WARNING: gcc.dg/torture/stackalign/nested-4.c -Os -flto compilation failed to produce executable
FAIL: gcc.dg/torture/stackalign/nested-5.c -O0 -flto (internal compiler error)
FAIL: gcc.dg/torture/stackalign/nested-5.c -O0 -flto (test for excess errors)
WARNING: gcc.dg/torture/stackalign/nested-5.c -O0 -flto compilation failed to produce executable
FAIL: gcc.dg/torture/stackalign/nested-5.c -O0 -fwhopr (internal compiler error)
FAIL: gcc.dg/torture/stackalign/nested-5.c -O0 -fwhopr (test for excess errors)
WARNING: gcc.dg/torture/stackalign/nested-5.c -O0 -fwhopr compilation failed to produce executable
FAIL: gcc.dg/torture/stackalign/nested-5.c -O1 -flto (internal compiler error)
FAIL: gcc.dg/torture/stackalign/nested-5.c -O1 -flto (test for excess errors)
WARNING: gcc.dg/torture/stackalign/nested-5.c -O1 -flto compilation failed to produce executable
FAIL: gcc.dg/torture/stackalign/nested-5.c -O2 -flto (internal compiler error)
FAIL: gcc.dg/torture/stackalign/nested-5.c -O2 -flto (test for excess errors)
WARNING: gcc.dg/torture/stackalign/nested-5.c -O2 -flto compilation failed to produce executable
FAIL: gcc.dg/torture/stackalign/nested-5.c -O2 -fwhopr (internal compiler error)
FAIL: gcc.dg/torture/stackalign/nested-5.c -O2 -fwhopr (test for excess errors)
WARNING: gcc.dg/torture/stackalign/nested-5.c -O2 -fwhopr compilation failed to produce executable
FAIL: gcc.dg/torture/stackalign/nested-5.c -O3 -flto -fomit-frame-pointer (internal compiler error)
FAIL: gcc.dg/torture/stackalign/nested-5.c -O3 -flto -fomit-frame-pointer (test for excess errors)
WARNING: gcc.dg/torture/stackalign/nested-5.c -O3 -flto -fomit-frame-pointer compilation failed to produce executable
FAIL: gcc.dg/torture/stackalign/nested-5.c -Os -flto (internal compiler error)
FAIL: gcc.dg/torture/stackalign/nested-5.c -Os -flto (test for excess errors)
WARNING: gcc.dg/torture/stackalign/nested-5.c -Os -flto compilation failed to produce executable
FAIL: gcc.dg/torture/stackalign/nested-6.c -O0 -flto (internal compiler error)
FAIL: gcc.dg/torture/stackalign/nested-6.c -O0 -flto (test for excess errors)
WARNING: gcc.dg/torture/stackalign/nested-6.c -O0 -flto compilation failed to produce executable
FAIL: gcc.dg/torture/stackalign/nested-6.c -O0 -fwhopr (internal compiler error)
FAIL: gcc.dg/torture/stackalign/nested-6.c -O0 -fwhopr (test for excess errors)
WARNING: gcc.dg/torture/stackalign/nested-6.c -O0 -fwhopr compilation failed to produce executable
FAIL: gcc.dg/torture/stackalign/nested-6.c -O1 -flto (internal compiler error)
FAIL: gcc.dg/torture/stackalign/nested-6.c -O1 -flto (test for excess errors)
WARNING: gcc.dg/torture/stackalign/nested-6.c -O1 -flto compilation failed to produce executable
FAIL: gcc.dg/torture/stackalign/nested-6.c -O2 -flto (internal compiler error)
FAIL: gcc.dg/torture/stackalign/nested-6.c -O2 -flto (test for excess errors)
WARNING: gcc.dg/torture/stackalign/nested-6.c -O2 -flto compilation failed to produce executable
FAIL: gcc.dg/torture/stackalign/nested-6.c -O2 -fwhopr (internal compiler error)
FAIL: gcc.dg/torture/stackalign/nested-6.c -O2 -fwhopr (test for excess errors)
WARNING: gcc.dg/torture/stackalign/nested-6.c -O2 -fwhopr compilation failed to produce executable
FAIL: gcc.dg/torture/stackalign/nested-6.c -O3 -flto -fomit-frame-pointer (internal compiler error)
FAIL: gcc.dg/torture/stackalign/nested-6.c -O3 -flto -fomit-frame-pointer (test for excess errors)
WARNING: gcc.dg/torture/stackalign/nested-6.c -O3 -flto -fomit-frame-pointer compilation failed to produce executable
FAIL: gcc.dg/torture/stackalign/nested-6.c -Os -flto (internal compiler error)
FAIL: gcc.dg/torture/stackalign/nested-6.c -Os -flto (test for excess errors)
WARNING: gcc.dg/torture/stackalign/nested-6.c -Os -flto compilation failed to produce executable
FAIL: gcc.dg/torture/stackalign/non-local-goto-1.c -O0 -flto (internal compiler error)
FAIL: gcc.dg/torture/stackalign/non-local-goto-1.c -O0 -flto (test for excess errors)
WARNING: gcc.dg/torture/stackalign/non-local-goto-1.c -O0 -flto compilation failed to produce executable
FAIL: gcc.dg/torture/stackalign/non-local-goto-1.c -O0 -fwhopr (internal compiler error)
FAIL: gcc.dg/torture/stackalign/non-local-goto-1.c -O0 -fwhopr (test for excess errors)
WARNING: gcc.dg/torture/stackalign/non-local-goto-1.c -O0 -fwhopr compilation failed to produce executable
FAIL: gcc.dg/torture/stackalign/non-local-goto-1.c -O1 -flto (internal compiler error)
FAIL: gcc.dg/torture/stackalign/non-local-goto-1.c -O1 -flto (test for excess errors)
WARNING: gcc.dg/torture/stackalign/non-local-goto-1.c -O1 -flto compilation failed to produce executable
FAIL: gcc.dg/torture/stackalign/non-local-goto-1.c -O2 -flto (internal compiler error)
FAIL: gcc.dg/torture/stackalign/non-local-goto-1.c -O2 -flto (test for excess errors)
WARNING: gcc.dg/torture/stackalign/non-local-goto-1.c -O2 -flto compilation failed to produce executable
FAIL: gcc.dg/torture/stackalign/non-local-goto-1.c -O2 -fwhopr (internal compiler error)
FAIL: gcc.dg/torture/stackalign/non-local-goto-1.c -O2 -fwhopr (test for excess errors)
WARNING: gcc.dg/torture/stackalign/non-local-goto-1.c -O2 -fwhopr compilation failed to produce executable
FAIL: gcc.dg/torture/stackalign/non-local-goto-1.c -O3 -flto -fomit-frame-pointer (internal compiler error)
FAIL: gcc.dg/torture/stackalign/non-local-goto-1.c -O3 -flto -fomit-frame-pointer (test for excess errors)
WARNING: gcc.dg/torture/stackalign/non-local-goto-1.c -O3 -flto -fomit-frame-pointer compilation failed to produce executable
FAIL: gcc.dg/torture/stackalign/non-local-goto-1.c -O3 -flto -fomit-frame-pointer -funroll-loops (internal compiler error)
FAIL: gcc.dg/torture/stackalign/non-local-goto-1.c -O3 -flto -fomit-frame-pointer -funroll-loops (test for excess errors)
WARNING: gcc.dg/torture/stackalign/non-local-goto-1.c -O3 -flto -fomit-frame-pointer -funroll-loops compilation failed to produce executable
FAIL: gcc.dg/torture/stackalign/non-local-goto-1.c -O3 -flto -fomit-frame-pointer -funroll-all-loops -finline-functions (internal compiler error)
FAIL: gcc.dg/torture/stackalign/non-local-goto-1.c -O3 -flto -fomit-frame-pointer -funroll-all-loops -finline-functions (test for excess errors)
WARNING: gcc.dg/torture/stackalign/non-local-goto-1.c -O3 -flto -fomit-frame-pointer -funroll-all-loops -finline-functions compilation failed to produce executable
FAIL: gcc.dg/torture/stackalign/non-local-goto-1.c -Os -flto (internal compiler error)
FAIL: gcc.dg/torture/stackalign/non-local-goto-1.c -Os -flto (test for excess errors)
WARNING: gcc.dg/torture/stackalign/non-local-goto-1.c -Os -flto compilation failed to produce executable
FAIL: gcc.dg/torture/stackalign/non-local-goto-2.c -O0 -flto (internal compiler error)
FAIL: gcc.dg/torture/stackalign/non-local-goto-2.c -O0 -flto (test for excess errors)
WARNING: gcc.dg/torture/stackalign/non-local-goto-2.c -O0 -flto compilation failed to produce executable
FAIL: gcc.dg/torture/stackalign/non-local-goto-2.c -O0 -fwhopr (internal compiler error)
FAIL: gcc.dg/torture/stackalign/non-local-goto-2.c -O0 -fwhopr (test for excess errors)
WARNING: gcc.dg/torture/stackalign/non-local-goto-2.c -O0 -fwhopr compilation failed to produce executable
FAIL: gcc.dg/torture/stackalign/non-local-goto-2.c -O1 -flto (internal compiler error)
FAIL: gcc.dg/torture/stackalign/non-local-goto-2.c -O1 -flto (test for excess errors)
WARNING: gcc.dg/torture/stackalign/non-local-goto-2.c -O1 -flto compilation failed to produce executable
FAIL: gcc.dg/torture/stackalign/non-local-goto-2.c -O2 -flto (internal compiler error)
FAIL: gcc.dg/torture/stackalign/non-local-goto-2.c -O2 -flto (test for excess errors)
WARNING: gcc.dg/torture/stackalign/non-local-goto-2.c -O2 -flto compilation failed to produce executable
FAIL: gcc.dg/torture/stackalign/non-local-goto-2.c -O2 -fwhopr (internal compiler error)
FAIL: gcc.dg/torture/stackalign/non-local-goto-2.c -O2 -fwhopr (test for excess errors)
WARNING: gcc.dg/torture/stackalign/non-local-goto-2.c -O2 -fwhopr compilation failed to produce executable
FAIL: gcc.dg/torture/stackalign/non-local-goto-2.c -O3 -flto -fomit-frame-pointer (internal compiler error)
FAIL: gcc.dg/torture/stackalign/non-local-goto-2.c -O3 -flto -fomit-frame-pointer (test for excess errors)
WARNING: gcc.dg/torture/stackalign/non-local-goto-2.c -O3 -flto -fomit-frame-pointer compilation failed to produce executable
FAIL: gcc.dg/torture/stackalign/non-local-goto-2.c -O3 -flto -fomit-frame-pointer -funroll-loops (internal compiler error)
FAIL: gcc.dg/torture/stackalign/non-local-goto-2.c -O3 -flto -fomit-frame-pointer -funroll-loops (test for excess errors)
WARNING: gcc.dg/torture/stackalign/non-local-goto-2.c -O3 -flto -fomit-frame-pointer -funroll-loops compilation failed to produce executable
FAIL: gcc.dg/torture/stackalign/non-local-goto-2.c -O3 -flto -fomit-frame-pointer -funroll-all-loops -finline-functions (internal compiler error)
FAIL: gcc.dg/torture/stackalign/non-local-goto-2.c -O3 -flto -fomit-frame-pointer -funroll-all-loops -finline-functions (test for excess errors)
WARNING: gcc.dg/torture/stackalign/non-local-goto-2.c -O3 -flto -fomit-frame-pointer -funroll-all-loops -finline-functions compilation failed to produce executable
FAIL: gcc.dg/torture/stackalign/non-local-goto-2.c -Os -flto (internal compiler error)
FAIL: gcc.dg/torture/stackalign/non-local-goto-2.c -Os -flto (test for excess errors)
WARNING: gcc.dg/torture/stackalign/non-local-goto-2.c -Os -flto compilation failed to produce executable
FAIL: gcc.dg/torture/stackalign/non-local-goto-3.c -O0 -flto (internal compiler error)
FAIL: gcc.dg/torture/stackalign/non-local-goto-3.c -O0 -flto (test for excess errors)
WARNING: gcc.dg/torture/stackalign/non-local-goto-3.c -O0 -flto compilation failed to produce executable
FAIL: gcc.dg/torture/stackalign/non-local-goto-3.c -O0 -fwhopr (internal compiler error)
FAIL: gcc.dg/torture/stackalign/non-local-goto-3.c -O0 -fwhopr (test for excess errors)
WARNING: gcc.dg/torture/stackalign/non-local-goto-3.c -O0 -fwhopr compilation failed to produce executable
FAIL: gcc.dg/torture/stackalign/non-local-goto-3.c -O1 -flto (internal compiler error)
FAIL: gcc.dg/torture/stackalign/non-local-goto-3.c -O1 -flto (test for excess errors)
WARNING: gcc.dg/torture/stackalign/non-local-goto-3.c -O1 -flto compilation failed to produce executable
FAIL: gcc.dg/torture/stackalign/non-local-goto-3.c -O2 -flto (internal compiler error)
FAIL: gcc.dg/torture/stackalign/non-local-goto-3.c -O2 -flto (test for excess errors)
WARNING: gcc.dg/torture/stackalign/non-local-goto-3.c -O2 -flto compilation failed to produce executable
FAIL: gcc.dg/torture/stackalign/non-local-goto-3.c -O2 -fwhopr (internal compiler error)
FAIL: gcc.dg/torture/stackalign/non-local-goto-3.c -O2 -fwhopr (test for excess errors)
WARNING: gcc.dg/torture/stackalign/non-local-goto-3.c -O2 -fwhopr compilation failed to produce executable
FAIL: gcc.dg/torture/stackalign/non-local-goto-3.c -O3 -flto -fomit-frame-pointer (internal compiler error)
FAIL: gcc.dg/torture/stackalign/non-local-goto-3.c -O3 -flto -fomit-frame-pointer (test for excess errors)
WARNING: gcc.dg/torture/stackalign/non-local-goto-3.c -O3 -flto -fomit-frame-pointer compilation failed to produce executable
FAIL: gcc.dg/torture/stackalign/non-local-goto-3.c -O3 -flto -fomit-frame-pointer -funroll-loops (internal compiler error)
FAIL: gcc.dg/torture/stackalign/non-local-goto-3.c -O3 -flto -fomit-frame-pointer -funroll-loops (test for excess errors)
WARNING: gcc.dg/torture/stackalign/non-local-goto-3.c -O3 -flto -fomit-frame-pointer -funroll-loops compilation failed to produce executable
FAIL: gcc.dg/torture/stackalign/non-local-goto-3.c -O3 -flto -fomit-frame-pointer -funroll-all-loops -finline-functions (internal compiler error)
FAIL: gcc.dg/torture/stackalign/non-local-goto-3.c -O3 -flto -fomit-frame-pointer -funroll-all-loops -finline-functions (test for excess errors)
WARNING: gcc.dg/torture/stackalign/non-local-goto-3.c -O3 -flto -fomit-frame-pointer -funroll-all-loops -finline-functions compilation failed to produce executable
FAIL: gcc.dg/torture/stackalign/non-local-goto-3.c -Os -flto (internal compiler error)
FAIL: gcc.dg/torture/stackalign/non-local-goto-3.c -Os -flto (test for excess errors)
WARNING: gcc.dg/torture/stackalign/non-local-goto-3.c -Os -flto compilation failed to produce executable
FAIL: gcc.dg/torture/stackalign/non-local-goto-4.c -O0 -flto (internal compiler error)
FAIL: gcc.dg/torture/stackalign/non-local-goto-4.c -O0 -flto (test for excess errors)
WARNING: gcc.dg/torture/stackalign/non-local-goto-4.c -O0 -flto compilation failed to produce executable
FAIL: gcc.dg/torture/stackalign/non-local-goto-4.c -O0 -fwhopr (internal compiler error)
FAIL: gcc.dg/torture/stackalign/non-local-goto-4.c -O0 -fwhopr (test for excess errors)
WARNING: gcc.dg/torture/stackalign/non-local-goto-4.c -O0 -fwhopr compilation failed to produce executable
FAIL: gcc.dg/torture/stackalign/non-local-goto-4.c -O1 -flto (internal compiler error)
FAIL: gcc.dg/torture/stackalign/non-local-goto-4.c -O1 -flto (test for excess errors)
WARNING: gcc.dg/torture/stackalign/non-local-goto-4.c -O1 -flto compilation failed to produce executable
FAIL: gcc.dg/torture/stackalign/non-local-goto-4.c -O2 -flto (internal compiler error)
FAIL: gcc.dg/torture/stackalign/non-local-goto-4.c -O2 -flto (test for excess errors)
WARNING: gcc.dg/torture/stackalign/non-local-goto-4.c -O2 -flto compilation failed to produce executable
FAIL: gcc.dg/torture/stackalign/non-local-goto-4.c -O2 -fwhopr (internal compiler error)
FAIL: gcc.dg/torture/stackalign/non-local-goto-4.c -O2 -fwhopr (test for excess errors)
WARNING: gcc.dg/torture/stackalign/non-local-goto-4.c -O2 -fwhopr compilation failed to produce executable
FAIL: gcc.dg/torture/stackalign/non-local-goto-4.c -O3 -flto -fomit-frame-pointer (internal compiler error)
FAIL: gcc.dg/torture/stackalign/non-local-goto-4.c -O3 -flto -fomit-frame-pointer (test for excess errors)
WARNING: gcc.dg/torture/stackalign/non-local-goto-4.c -O3 -flto -fomit-frame-pointer compilation failed to produce executable
FAIL: gcc.dg/torture/stackalign/non-local-goto-4.c -Os -flto (internal compiler error)
FAIL: gcc.dg/torture/stackalign/non-local-goto-4.c -Os -flto (test for excess errors)
WARNING: gcc.dg/torture/stackalign/non-local-goto-4.c -Os -flto compilation failed to produce executable
FAIL: gcc.dg/torture/stackalign/non-local-goto-5.c -O0 -flto (internal compiler error)
FAIL: gcc.dg/torture/stackalign/non-local-goto-5.c -O0 -flto (test for excess errors)
WARNING: gcc.dg/torture/stackalign/non-local-goto-5.c -O0 -flto compilation failed to produce executable
FAIL: gcc.dg/torture/stackalign/non-local-goto-5.c -O0 -fwhopr (internal compiler error)
FAIL: gcc.dg/torture/stackalign/non-local-goto-5.c -O0 -fwhopr (test for excess errors)
WARNING: gcc.dg/torture/stackalign/non-local-goto-5.c -O0 -fwhopr compilation failed to produce executable
FAIL: gcc.dg/torture/stackalign/non-local-goto-5.c -O1 -flto (internal compiler error)
FAIL: gcc.dg/torture/stackalign/non-local-goto-5.c -O1 -flto (test for excess errors)
WARNING: gcc.dg/torture/stackalign/non-local-goto-5.c -O1 -flto compilation failed to produce executable
FAIL: gcc.dg/torture/stackalign/non-local-goto-5.c -O2 -flto (internal compiler error)
FAIL: gcc.dg/torture/stackalign/non-local-goto-5.c -O2 -flto (test for excess errors)
WARNING: gcc.dg/torture/stackalign/non-local-goto-5.c -O2 -flto compilation failed to produce executable
FAIL: gcc.dg/torture/stackalign/non-local-goto-5.c -O2 -fwhopr (internal compiler error)
FAIL: gcc.dg/torture/stackalign/non-local-goto-5.c -O2 -fwhopr (test for excess errors)
WARNING: gcc.dg/torture/stackalign/non-local-goto-5.c -O2 -fwhopr compilation failed to produce executable
FAIL: gcc.dg/torture/stackalign/non-local-goto-5.c -O3 -flto -fomit-frame-pointer (internal compiler error)
FAIL: gcc.dg/torture/stackalign/non-local-goto-5.c -O3 -flto -fomit-frame-pointer (test for excess errors)
WARNING: gcc.dg/torture/stackalign/non-local-goto-5.c -O3 -flto -fomit-frame-pointer compilation failed to produce executable
FAIL: gcc.dg/torture/stackalign/non-local-goto-5.c -Os -flto (internal compiler error)
FAIL: gcc.dg/torture/stackalign/non-local-goto-5.c -Os -flto (test for excess errors)
WARNING: gcc.dg/torture/stackalign/non-local-goto-5.c -Os -flto compilation failed to produce executable
FAIL: gcc.dg/torture/stackalign/regparm-1.c -O0 -flto (internal compiler error)
FAIL: gcc.dg/torture/stackalign/regparm-1.c -O0 -flto (test for excess errors)
WARNING: gcc.dg/torture/stackalign/regparm-1.c -O0 -flto compilation failed to produce executable
FAIL: gcc.dg/torture/stackalign/regparm-1.c -O0 -fwhopr (internal compiler error)
FAIL: gcc.dg/torture/stackalign/regparm-1.c -O0 -fwhopr (test for excess errors)
WARNING: gcc.dg/torture/stackalign/regparm-1.c -O0 -fwhopr compilation failed to produce executable
FAIL: gcc.dg/torture/stackalign/regparm-1.c -O1 -flto (internal compiler error)
FAIL: gcc.dg/torture/stackalign/regparm-1.c -O1 -flto (test for excess errors)
WARNING: gcc.dg/torture/stackalign/regparm-1.c -O1 -flto compilation failed to produce executable
FAIL: gcc.dg/torture/stackalign/regparm-1.c -O2 -flto (internal compiler error)
FAIL: gcc.dg/torture/stackalign/regparm-1.c -O2 -flto (test for excess errors)
WARNING: gcc.dg/torture/stackalign/regparm-1.c -O2 -flto compilation failed to produce executable
FAIL: gcc.dg/torture/stackalign/regparm-1.c -O2 -fwhopr (internal compiler error)
FAIL: gcc.dg/torture/stackalign/regparm-1.c -O2 -fwhopr (test for excess errors)
WARNING: gcc.dg/torture/stackalign/regparm-1.c -O2 -fwhopr compilation failed to produce executable
FAIL: gcc.dg/torture/stackalign/regparm-1.c -O3 -flto -fomit-frame-pointer (internal compiler error)
FAIL: gcc.dg/torture/stackalign/regparm-1.c -O3 -flto -fomit-frame-pointer (test for excess errors)
WARNING: gcc.dg/torture/stackalign/regparm-1.c -O3 -flto -fomit-frame-pointer compilation failed to produce executable
FAIL: gcc.dg/torture/stackalign/regparm-1.c -Os -flto (internal compiler error)
FAIL: gcc.dg/torture/stackalign/regparm-1.c -Os -flto (test for excess errors)
WARNING: gcc.dg/torture/stackalign/regparm-1.c -Os -flto compilation failed to produce executable
FAIL: gcc.dg/torture/stackalign/comp-goto-1.c -O0 -flto (internal compiler error)
FAIL: gcc.dg/torture/stackalign/comp-goto-1.c -O0 -flto (test for excess errors)
WARNING: gcc.dg/torture/stackalign/comp-goto-1.c -O0 -flto compilation failed to produce executable
FAIL: gcc.dg/torture/stackalign/comp-goto-1.c -O0 -fwhopr (internal compiler error)
FAIL: gcc.dg/torture/stackalign/comp-goto-1.c -O0 -fwhopr (test for excess errors)
WARNING: gcc.dg/torture/stackalign/comp-goto-1.c -O0 -fwhopr compilation failed to produce executable
FAIL: gcc.dg/torture/stackalign/comp-goto-1.c -O1 -flto (internal compiler error)
FAIL: gcc.dg/torture/stackalign/comp-goto-1.c -O1 -flto (test for excess errors)
WARNING: gcc.dg/torture/stackalign/comp-goto-1.c -O1 -flto compilation failed to produce executable
FAIL: gcc.dg/torture/stackalign/comp-goto-1.c -O2 -flto (internal compiler error)
FAIL: gcc.dg/torture/stackalign/comp-goto-1.c -O2 -flto (test for excess errors)
WARNING: gcc.dg/torture/stackalign/comp-goto-1.c -O2 -flto compilation failed to produce executable
FAIL: gcc.dg/torture/stackalign/comp-goto-1.c -O2 -fwhopr (internal compiler error)
FAIL: gcc.dg/torture/stackalign/comp-goto-1.c -O2 -fwhopr (test for excess errors)
WARNING: gcc.dg/torture/stackalign/comp-goto-1.c -O2 -fwhopr compilation failed to produce executable
FAIL: gcc.dg/torture/stackalign/comp-goto-1.c -O3 -flto -fomit-frame-pointer (internal compiler error)
FAIL: gcc.dg/torture/stackalign/comp-goto-1.c -O3 -flto -fomit-frame-pointer (test for excess errors)
WARNING: gcc.dg/torture/stackalign/comp-goto-1.c -O3 -flto -fomit-frame-pointer compilation failed to produce executable
FAIL: gcc.dg/torture/stackalign/comp-goto-1.c -Os -flto (internal compiler error)
FAIL: gcc.dg/torture/stackalign/comp-goto-1.c -Os -flto (test for excess errors)
WARNING: gcc.dg/torture/stackalign/comp-goto-1.c -Os -flto compilation failed to produce executable
FAIL: gcc.dg/torture/stackalign/nested-1.c -O0 -flto (internal compiler error)
FAIL: gcc.dg/torture/stackalign/nested-1.c -O0 -flto (test for excess errors)
WARNING: gcc.dg/torture/stackalign/nested-1.c -O0 -flto compilation failed to produce executable
FAIL: gcc.dg/torture/stackalign/nested-1.c -O0 -fwhopr (internal compiler error)
FAIL: gcc.dg/torture/stackalign/nested-1.c -O0 -fwhopr (test for excess errors)
WARNING: gcc.dg/torture/stackalign/nested-1.c -O0 -fwhopr compilation failed to produce executable
FAIL: gcc.dg/torture/stackalign/nested-1.c -O1 -flto (internal compiler error)
FAIL: gcc.dg/torture/stackalign/nested-1.c -O1 -flto (test for excess errors)
WARNING: gcc.dg/torture/stackalign/nested-1.c -O1 -flto compilation failed to produce executable
FAIL: gcc.dg/torture/stackalign/nested-2.c -O0 -flto (internal compiler error)
FAIL: gcc.dg/torture/stackalign/nested-2.c -O0 -flto (test for excess errors)
WARNING: gcc.dg/torture/stackalign/nested-2.c -O0 -flto compilation failed to produce executable
FAIL: gcc.dg/torture/stackalign/nested-2.c -O0 -fwhopr (internal compiler error)
FAIL: gcc.dg/torture/stackalign/nested-2.c -O0 -fwhopr (test for excess errors)
WARNING: gcc.dg/torture/stackalign/nested-2.c -O0 -fwhopr compilation failed to produce executable
FAIL: gcc.dg/torture/stackalign/nested-2.c -O1 -flto (internal compiler error)
FAIL: gcc.dg/torture/stackalign/nested-2.c -O1 -flto (test for excess errors)
WARNING: gcc.dg/torture/stackalign/nested-2.c -O1 -flto compilation failed to produce executable
FAIL: gcc.dg/torture/stackalign/nested-2.c -O2 -flto (internal compiler error)
FAIL: gcc.dg/torture/stackalign/nested-2.c -O2 -flto (test for excess errors)
WARNING: gcc.dg/torture/stackalign/nested-2.c -O2 -flto compilation failed to produce executable
FAIL: gcc.dg/torture/stackalign/nested-2.c -O2 -fwhopr (internal compiler error)
FAIL: gcc.dg/torture/stackalign/nested-2.c -O2 -fwhopr (test for excess errors)
WARNING: gcc.dg/torture/stackalign/nested-2.c -O2 -fwhopr compilation failed to produce executable
FAIL: gcc.dg/torture/stackalign/nested-2.c -O3 -flto -fomit-frame-pointer (internal compiler error)
FAIL: gcc.dg/torture/stackalign/nested-2.c -O3 -flto -fomit-frame-pointer (test for excess errors)
WARNING: gcc.dg/torture/stackalign/nested-2.c -O3 -flto -fomit-frame-pointer compilation failed to produce executable
FAIL: gcc.dg/torture/stackalign/nested-2.c -Os -flto (internal compiler error)
FAIL: gcc.dg/torture/stackalign/nested-2.c -Os -flto (test for excess errors)
WARNING: gcc.dg/torture/stackalign/nested-2.c -Os -flto compilation failed to produce executable
FAIL: gcc.dg/torture/stackalign/nested-3.c -O0 -flto (internal compiler error)
FAIL: gcc.dg/torture/stackalign/nested-3.c -O0 -flto (test for excess errors)
WARNING: gcc.dg/torture/stackalign/nested-3.c -O0 -flto compilation failed to produce executable
FAIL: gcc.dg/torture/stackalign/nested-3.c -O0 -fwhopr (internal compiler error)
FAIL: gcc.dg/torture/stackalign/nested-3.c -O0 -fwhopr (test for excess errors)
WARNING: gcc.dg/torture/stackalign/nested-3.c -O0 -fwhopr compilation failed to produce executable
FAIL: gcc.dg/torture/stackalign/nested-3.c -O1 -flto (internal compiler error)
FAIL: gcc.dg/torture/stackalign/nested-3.c -O1 -flto (test for excess errors)
WARNING: gcc.dg/torture/stackalign/nested-3.c -O1 -flto compilation failed to produce executable
FAIL: gcc.dg/torture/stackalign/nested-3.c -O2 -flto (internal compiler error)
FAIL: gcc.dg/torture/stackalign/nested-3.c -O2 -flto (test for excess errors)
WARNING: gcc.dg/torture/stackalign/nested-3.c -O2 -flto compilation failed to produce executable
FAIL: gcc.dg/torture/stackalign/nested-3.c -O2 -fwhopr (internal compiler error)
FAIL: gcc.dg/torture/stackalign/nested-3.c -O2 -fwhopr (test for excess errors)
WARNING: gcc.dg/torture/stackalign/nested-3.c -O2 -fwhopr compilation failed to produce executable
FAIL: gcc.dg/torture/stackalign/nested-3.c -O3 -flto -fomit-frame-pointer (internal compiler error)
FAIL: gcc.dg/torture/stackalign/nested-3.c -O3 -flto -fomit-frame-pointer (test for excess errors)
WARNING: gcc.dg/torture/stackalign/nested-3.c -O3 -flto -fomit-frame-pointer compilation failed to produce executable
FAIL: gcc.dg/torture/stackalign/nested-3.c -Os -flto (internal compiler error)
FAIL: gcc.dg/torture/stackalign/nested-3.c -Os -flto (test for excess errors)
WARNING: gcc.dg/torture/stackalign/nested-3.c -Os -flto compilation failed to produce executable
FAIL: gcc.dg/torture/stackalign/nested-4.c -O0 -flto (internal compiler error)
FAIL: gcc.dg/torture/stackalign/nested-4.c -O0 -flto (test for excess errors)
WARNING: gcc.dg/torture/stackalign/nested-4.c -O0 -flto compilation failed to produce executable
FAIL: gcc.dg/torture/stackalign/nested-4.c -O0 -fwhopr (internal compiler error)
FAIL: gcc.dg/torture/stackalign/nested-4.c -O0 -fwhopr (test for excess errors)
WARNING: gcc.dg/torture/stackalign/nested-4.c -O0 -fwhopr compilation failed to produce executable
FAIL: gcc.dg/torture/stackalign/nested-4.c -O1 -flto (internal compiler error)
FAIL: gcc.dg/torture/stackalign/nested-4.c -O1 -flto (test for excess errors)
WARNING: gcc.dg/torture/stackalign/nested-4.c -O1 -flto compilation failed to produce executable
FAIL: gcc.dg/torture/stackalign/nested-4.c -O2 -flto (internal compiler error)
FAIL: gcc.dg/torture/stackalign/nested-4.c -O2 -flto (test for excess errors)
WARNING: gcc.dg/torture/stackalign/nested-4.c -O2 -flto compilation failed to produce executable
FAIL: gcc.dg/torture/stackalign/nested-4.c -O2 -fwhopr (internal compiler error)
FAIL: gcc.dg/torture/stackalign/nested-4.c -O2 -fwhopr (test for excess errors)
WARNING: gcc.dg/torture/stackalign/nested-4.c -O2 -fwhopr compilation failed to produce executable
FAIL: gcc.dg/torture/stackalign/nested-4.c -O3 -flto -fomit-frame-pointer (internal compiler error)
FAIL: gcc.dg/torture/stackalign/nested-4.c -O3 -flto -fomit-frame-pointer (test for excess errors)
WARNING: gcc.dg/torture/stackalign/nested-4.c -O3 -flto -fomit-frame-pointer compilation failed to produce executable
FAIL: gcc.dg/torture/stackalign/nested-4.c -Os -flto (internal compiler error)
FAIL: gcc.dg/torture/stackalign/nested-4.c -Os -flto (test for excess errors)
WARNING: gcc.dg/torture/stackalign/nested-4.c -Os -flto compilation failed to produce executable
FAIL: gcc.dg/torture/stackalign/nested-5.c -O0 -flto (internal compiler error)
FAIL: gcc.dg/torture/stackalign/nested-5.c -O0 -flto (test for excess errors)
WARNING: gcc.dg/torture/stackalign/nested-5.c -O0 -flto compilation failed to produce executable
FAIL: gcc.dg/torture/stackalign/nested-5.c -O0 -fwhopr (internal compiler error)
FAIL: gcc.dg/torture/stackalign/nested-5.c -O0 -fwhopr (test for excess errors)
WARNING: gcc.dg/torture/stackalign/nested-5.c -O0 -fwhopr compilation failed to produce executable
FAIL: gcc.dg/torture/stackalign/nested-5.c -O1 -flto (internal compiler error)
FAIL: gcc.dg/torture/stackalign/nested-5.c -O1 -flto (test for excess errors)
WARNING: gcc.dg/torture/stackalign/nested-5.c -O1 -flto compilation failed to produce executable
FAIL: gcc.dg/torture/stackalign/nested-5.c -O2 -flto (internal compiler error)
FAIL: gcc.dg/torture/stackalign/nested-5.c -O2 -flto (test for excess errors)
WARNING: gcc.dg/torture/stackalign/nested-5.c -O2 -flto compilation failed to produce executable
FAIL: gcc.dg/torture/stackalign/nested-5.c -O2 -fwhopr (internal compiler error)
FAIL: gcc.dg/torture/stackalign/nested-5.c -O2 -fwhopr (test for excess errors)
WARNING: gcc.dg/torture/stackalign/nested-5.c -O2 -fwhopr compilation failed to produce executable
FAIL: gcc.dg/torture/stackalign/nested-5.c -O3 -flto -fomit-frame-pointer (internal compiler error)
FAIL: gcc.dg/torture/stackalign/nested-5.c -O3 -flto -fomit-frame-pointer (test for excess errors)
WARNING: gcc.dg/torture/stackalign/nested-5.c -O3 -flto -fomit-frame-pointer compilation failed to produce executable
FAIL: gcc.dg/torture/stackalign/nested-5.c -Os -flto (internal compiler error)
FAIL: gcc.dg/torture/stackalign/nested-5.c -Os -flto (test for excess errors)
WARNING: gcc.dg/torture/stackalign/nested-5.c -Os -flto compilation failed to produce executable
FAIL: gcc.dg/torture/stackalign/nested-6.c -O0 -flto (internal compiler error)
FAIL: gcc.dg/torture/stackalign/nested-6.c -O0 -flto (test for excess errors)
WARNING: gcc.dg/torture/stackalign/nested-6.c -O0 -flto compilation failed to produce executable
FAIL: gcc.dg/torture/stackalign/nested-6.c -O0 -fwhopr (internal compiler error)
FAIL: gcc.dg/torture/stackalign/nested-6.c -O0 -fwhopr (test for excess errors)
WARNING: gcc.dg/torture/stackalign/nested-6.c -O0 -fwhopr compilation failed to produce executable
FAIL: gcc.dg/torture/stackalign/nested-6.c -O1 -flto (internal compiler error)
FAIL: gcc.dg/torture/stackalign/nested-6.c -O1 -flto (test for excess errors)
WARNING: gcc.dg/torture/stackalign/nested-6.c -O1 -flto compilation failed to produce executable
FAIL: gcc.dg/torture/stackalign/nested-6.c -O2 -flto (internal compiler error)
FAIL: gcc.dg/torture/stackalign/nested-6.c -O2 -flto (test for excess errors)
WARNING: gcc.dg/torture/stackalign/nested-6.c -O2 -flto compilation failed to produce executable
FAIL: gcc.dg/torture/stackalign/nested-6.c -O2 -fwhopr (internal compiler error)
FAIL: gcc.dg/torture/stackalign/nested-6.c -O2 -fwhopr (test for excess errors)
WARNING: gcc.dg/torture/stackalign/nested-6.c -O2 -fwhopr compilation failed to produce executable
FAIL: gcc.dg/torture/stackalign/nested-6.c -O3 -flto -fomit-frame-pointer (internal compiler error)
FAIL: gcc.dg/torture/stackalign/nested-6.c -O3 -flto -fomit-frame-pointer (test for excess errors)
WARNING: gcc.dg/torture/stackalign/nested-6.c -O3 -flto -fomit-frame-pointer compilation failed to produce executable
FAIL: gcc.dg/torture/stackalign/nested-6.c -Os -flto (internal compiler error)
FAIL: gcc.dg/torture/stackalign/nested-6.c -Os -flto (test for excess errors)
WARNING: gcc.dg/torture/stackalign/nested-6.c -Os -flto compilation failed to produce executable
FAIL: gcc.dg/torture/stackalign/non-local-goto-1.c -O0 -flto (internal compiler error)
FAIL: gcc.dg/torture/stackalign/non-local-goto-1.c -O0 -flto (test for excess errors)
WARNING: gcc.dg/torture/stackalign/non-local-goto-1.c -O0 -flto compilation failed to produce executable
FAIL: gcc.dg/torture/stackalign/non-local-goto-1.c -O0 -fwhopr (internal compiler error)
FAIL: gcc.dg/torture/stackalign/non-local-goto-1.c -O0 -fwhopr (test for excess errors)
WARNING: gcc.dg/torture/stackalign/non-local-goto-1.c -O0 -fwhopr compilation failed to produce executable
FAIL: gcc.dg/torture/stackalign/non-local-goto-1.c -O1 -flto (internal compiler error)
FAIL: gcc.dg/torture/stackalign/non-local-goto-1.c -O1 -flto (test for excess errors)
WARNING: gcc.dg/torture/stackalign/non-local-goto-1.c -O1 -flto compilation failed to produce executable
FAIL: gcc.dg/torture/stackalign/non-local-goto-1.c -O2 -flto (internal compiler error)
FAIL: gcc.dg/torture/stackalign/non-local-goto-1.c -O2 -flto (test for excess errors)
WARNING: gcc.dg/torture/stackalign/non-local-goto-1.c -O2 -flto compilation failed to produce executable
FAIL: gcc.dg/torture/stackalign/non-local-goto-1.c -O2 -fwhopr (internal compiler error)
FAIL: gcc.dg/torture/stackalign/non-local-goto-1.c -O2 -fwhopr (test for excess errors)
WARNING: gcc.dg/torture/stackalign/non-local-goto-1.c -O2 -fwhopr compilation failed to produce executable
FAIL: gcc.dg/torture/stackalign/non-local-goto-1.c -O3 -flto -fomit-frame-pointer (internal compiler error)
FAIL: gcc.dg/torture/stackalign/non-local-goto-1.c -O3 -flto -fomit-frame-pointer (test for excess errors)
WARNING: gcc.dg/torture/stackalign/non-local-goto-1.c -O3 -flto -fomit-frame-pointer compilation failed to produce executable
FAIL: gcc.dg/torture/stackalign/non-local-goto-1.c -O3 -flto -fomit-frame-pointer -funroll-loops (internal compiler error)
FAIL: gcc.dg/torture/stackalign/non-local-goto-1.c -O3 -flto -fomit-frame-pointer -funroll-loops (test for excess errors)
WARNING: gcc.dg/torture/stackalign/non-local-goto-1.c -O3 -flto -fomit-frame-pointer -funroll-loops compilation failed to produce executable
FAIL: gcc.dg/torture/stackalign/non-local-goto-1.c -O3 -flto -fomit-frame-pointer -funroll-all-loops -finline-functions (internal compiler error)
FAIL: gcc.dg/torture/stackalign/non-local-goto-1.c -O3 -flto -fomit-frame-pointer -funroll-all-loops -finline-functions (test for excess errors)
WARNING: gcc.dg/torture/stackalign/non-local-goto-1.c -O3 -flto -fomit-frame-pointer -funroll-all-loops -finline-functions compilation failed to produce executable
FAIL: gcc.dg/torture/stackalign/non-local-goto-1.c -Os -flto (internal compiler error)
FAIL: gcc.dg/torture/stackalign/non-local-goto-1.c -Os -flto (test for excess errors)
WARNING: gcc.dg/torture/stackalign/non-local-goto-1.c -Os -flto compilation failed to produce executable
FAIL: gcc.dg/torture/stackalign/non-local-goto-2.c -O0 -flto (internal compiler error)
FAIL: gcc.dg/torture/stackalign/non-local-goto-2.c -O0 -flto (test for excess errors)
WARNING: gcc.dg/torture/stackalign/non-local-goto-2.c -O0 -flto compilation failed to produce executable
FAIL: gcc.dg/torture/stackalign/non-local-goto-2.c -O0 -fwhopr (internal compiler error)
FAIL: gcc.dg/torture/stackalign/non-local-goto-2.c -O0 -fwhopr (test for excess errors)
WARNING: gcc.dg/torture/stackalign/non-local-goto-2.c -O0 -fwhopr compilation failed to produce executable
FAIL: gcc.dg/torture/stackalign/non-local-goto-2.c -O1 -flto (internal compiler error)
FAIL: gcc.dg/torture/stackalign/non-local-goto-2.c -O1 -flto (test for excess errors)
WARNING: gcc.dg/torture/stackalign/non-local-goto-2.c -O1 -flto compilation failed to produce executable
FAIL: gcc.dg/torture/stackalign/non-local-goto-2.c -O2 -flto (internal compiler error)
FAIL: gcc.dg/torture/stackalign/non-local-goto-2.c -O2 -flto (test for excess errors)
WARNING: gcc.dg/torture/stackalign/non-local-goto-2.c -O2 -flto compilation failed to produce executable
FAIL: gcc.dg/torture/stackalign/non-local-goto-2.c -O2 -fwhopr (internal compiler error)
FAIL: gcc.dg/torture/stackalign/non-local-goto-2.c -O2 -fwhopr (test for excess errors)
WARNING: gcc.dg/torture/stackalign/non-local-goto-2.c -O2 -fwhopr compilation failed to produce executable
FAIL: gcc.dg/torture/stackalign/non-local-goto-2.c -O3 -flto -fomit-frame-pointer (internal compiler error)
FAIL: gcc.dg/torture/stackalign/non-local-goto-2.c -O3 -flto -fomit-frame-pointer (test for excess errors)
WARNING: gcc.dg/torture/stackalign/non-local-goto-2.c -O3 -flto -fomit-frame-pointer compilation failed to produce executable
FAIL: gcc.dg/torture/stackalign/non-local-goto-2.c -O3 -flto -fomit-frame-pointer -funroll-loops (internal compiler error)
FAIL: gcc.dg/torture/stackalign/non-local-goto-2.c -O3 -flto -fomit-frame-pointer -funroll-loops (test for excess errors)
WARNING: gcc.dg/torture/stackalign/non-local-goto-2.c -O3 -flto -fomit-frame-pointer -funroll-loops compilation failed to produce executable
FAIL: gcc.dg/torture/stackalign/non-local-goto-2.c -O3 -flto -fomit-frame-pointer -funroll-all-loops -finline-functions (internal compiler error)
FAIL: gcc.dg/torture/stackalign/non-local-goto-2.c -O3 -flto -fomit-frame-pointer -funroll-all-loops -finline-functions (test for excess errors)
WARNING: gcc.dg/torture/stackalign/non-local-goto-2.c -O3 -flto -fomit-frame-pointer -funroll-all-loops -finline-functions compilation failed to produce executable
FAIL: gcc.dg/torture/stackalign/non-local-goto-2.c -Os -flto (internal compiler error)
FAIL: gcc.dg/torture/stackalign/non-local-goto-2.c -Os -flto (test for excess errors)
WARNING: gcc.dg/torture/stackalign/non-local-goto-2.c -Os -flto compilation failed to produce executable
FAIL: gcc.dg/torture/stackalign/non-local-goto-3.c -O0 -flto (internal compiler error)
FAIL: gcc.dg/torture/stackalign/non-local-goto-3.c -O0 -flto (test for excess errors)
WARNING: gcc.dg/torture/stackalign/non-local-goto-3.c -O0 -flto compilation failed to produce executable
FAIL: gcc.dg/torture/stackalign/non-local-goto-3.c -O0 -fwhopr (internal compiler error)
FAIL: gcc.dg/torture/stackalign/non-local-goto-3.c -O0 -fwhopr (test for excess errors)
WARNING: gcc.dg/torture/stackalign/non-local-goto-3.c -O0 -fwhopr compilation failed to produce executable
FAIL: gcc.dg/torture/stackalign/non-local-goto-3.c -O1 -flto (internal compiler error)
FAIL: gcc.dg/torture/stackalign/non-local-goto-3.c -O1 -flto (test for excess errors)
WARNING: gcc.dg/torture/stackalign/non-local-goto-3.c -O1 -flto compilation failed to produce executable
FAIL: gcc.dg/torture/stackalign/non-local-goto-3.c -O2 -flto (internal compiler error)
FAIL: gcc.dg/torture/stackalign/non-local-goto-3.c -O2 -flto (test for excess errors)
WARNING: gcc.dg/torture/stackalign/non-local-goto-3.c -O2 -flto compilation failed to produce executable
FAIL: gcc.dg/torture/stackalign/non-local-goto-3.c -O2 -fwhopr (internal compiler error)
FAIL: gcc.dg/torture/stackalign/non-local-goto-3.c -O2 -fwhopr (test for excess errors)
WARNING: gcc.dg/torture/stackalign/non-local-goto-3.c -O2 -fwhopr compilation failed to produce executable
FAIL: gcc.dg/torture/stackalign/non-local-goto-3.c -O3 -flto -fomit-frame-pointer (internal compiler error)
FAIL: gcc.dg/torture/stackalign/non-local-goto-3.c -O3 -flto -fomit-frame-pointer (test for excess errors)
WARNING: gcc.dg/torture/stackalign/non-local-goto-3.c -O3 -flto -fomit-frame-pointer compilation failed to produce executable
FAIL: gcc.dg/torture/stackalign/non-local-goto-3.c -O3 -flto -fomit-frame-pointer -funroll-loops (internal compiler error)
FAIL: gcc.dg/torture/stackalign/non-local-goto-3.c -O3 -flto -fomit-frame-pointer -funroll-loops (test for excess errors)
WARNING: gcc.dg/torture/stackalign/non-local-goto-3.c -O3 -flto -fomit-frame-pointer -funroll-loops compilation failed to produce executable
FAIL: gcc.dg/torture/stackalign/non-local-goto-3.c -O3 -flto -fomit-frame-pointer -funroll-all-loops -finline-functions (internal compiler error)
FAIL: gcc.dg/torture/stackalign/non-local-goto-3.c -O3 -flto -fomit-frame-pointer -funroll-all-loops -finline-functions (test for excess errors)
WARNING: gcc.dg/torture/stackalign/non-local-goto-3.c -O3 -flto -fomit-frame-pointer -funroll-all-loops -finline-functions compilation failed to produce executable
FAIL: gcc.dg/torture/stackalign/non-local-goto-3.c -Os -flto (internal compiler error)
FAIL: gcc.dg/torture/stackalign/non-local-goto-3.c -Os -flto (test for excess errors)
WARNING: gcc.dg/torture/stackalign/non-local-goto-3.c -Os -flto compilation failed to produce executable
FAIL: gcc.dg/torture/stackalign/non-local-goto-4.c -O0 -flto (internal compiler error)
FAIL: gcc.dg/torture/stackalign/non-local-goto-4.c -O0 -flto (test for excess errors)
WARNING: gcc.dg/torture/stackalign/non-local-goto-4.c -O0 -flto compilation failed to produce executable
FAIL: gcc.dg/torture/stackalign/non-local-goto-4.c -O0 -fwhopr (internal compiler error)
FAIL: gcc.dg/torture/stackalign/non-local-goto-4.c -O0 -fwhopr (test for excess errors)
WARNING: gcc.dg/torture/stackalign/non-local-goto-4.c -O0 -fwhopr compilation failed to produce executable
FAIL: gcc.dg/torture/stackalign/non-local-goto-4.c -O1 -flto (internal compiler error)
FAIL: gcc.dg/torture/stackalign/non-local-goto-4.c -O1 -flto (test for excess errors)
WARNING: gcc.dg/torture/stackalign/non-local-goto-4.c -O1 -flto compilation failed to produce executable
FAIL: gcc.dg/torture/stackalign/non-local-goto-4.c -O2 -flto (internal compiler error)
FAIL: gcc.dg/torture/stackalign/non-local-goto-4.c -O2 -flto (test for excess errors)
WARNING: gcc.dg/torture/stackalign/non-local-goto-4.c -O2 -flto compilation failed to produce executable
FAIL: gcc.dg/torture/stackalign/non-local-goto-4.c -O2 -fwhopr (internal compiler error)
FAIL: gcc.dg/torture/stackalign/non-local-goto-4.c -O2 -fwhopr (test for excess errors)
WARNING: gcc.dg/torture/stackalign/non-local-goto-4.c -O2 -fwhopr compilation failed to produce executable
FAIL: gcc.dg/torture/stackalign/non-local-goto-4.c -O3 -flto -fomit-frame-pointer (internal compiler error)
FAIL: gcc.dg/torture/stackalign/non-local-goto-4.c -O3 -flto -fomit-frame-pointer (test for excess errors)
WARNING: gcc.dg/torture/stackalign/non-local-goto-4.c -O3 -flto -fomit-frame-pointer compilation failed to produce executable
FAIL: gcc.dg/torture/stackalign/non-local-goto-4.c -Os -flto (internal compiler error)
FAIL: gcc.dg/torture/stackalign/non-local-goto-4.c -Os -flto (test for excess errors)
WARNING: gcc.dg/torture/stackalign/non-local-goto-4.c -Os -flto compilation failed to produce executable
FAIL: gcc.dg/torture/stackalign/non-local-goto-5.c -O0 -flto (internal compiler error)
FAIL: gcc.dg/torture/stackalign/non-local-goto-5.c -O0 -flto (test for excess errors)
WARNING: gcc.dg/torture/stackalign/non-local-goto-5.c -O0 -flto compilation failed to produce executable
FAIL: gcc.dg/torture/stackalign/non-local-goto-5.c -O0 -fwhopr (internal compiler error)
FAIL: gcc.dg/torture/stackalign/non-local-goto-5.c -O0 -fwhopr (test for excess errors)
WARNING: gcc.dg/torture/stackalign/non-local-goto-5.c -O0 -fwhopr compilation failed to produce executable
FAIL: gcc.dg/torture/stackalign/non-local-goto-5.c -O1 -flto (internal compiler error)
FAIL: gcc.dg/torture/stackalign/non-local-goto-5.c -O1 -flto (test for excess errors)
WARNING: gcc.dg/torture/stackalign/non-local-goto-5.c -O1 -flto compilation failed to produce executable
FAIL: gcc.dg/torture/stackalign/non-local-goto-5.c -O2 -flto (internal compiler error)
FAIL: gcc.dg/torture/stackalign/non-local-goto-5.c -O2 -flto (test for excess errors)
WARNING: gcc.dg/torture/stackalign/non-local-goto-5.c -O2 -flto compilation failed to produce executable
FAIL: gcc.dg/torture/stackalign/non-local-goto-5.c -O2 -fwhopr (internal compiler error)
FAIL: gcc.dg/torture/stackalign/non-local-goto-5.c -O2 -fwhopr (test for excess errors)
WARNING: gcc.dg/torture/stackalign/non-local-goto-5.c -O2 -fwhopr compilation failed to produce executable
FAIL: gcc.dg/torture/stackalign/non-local-goto-5.c -O3 -flto -fomit-frame-pointer (internal compiler error)
FAIL: gcc.dg/torture/stackalign/non-local-goto-5.c -O3 -flto -fomit-frame-pointer (test for excess errors)
WARNING: gcc.dg/torture/stackalign/non-local-goto-5.c -O3 -flto -fomit-frame-pointer compilation failed to produce executable
FAIL: gcc.dg/torture/stackalign/non-local-goto-5.c -Os -flto (internal compiler error)
FAIL: gcc.dg/torture/stackalign/non-local-goto-5.c -Os -flto (test for excess errors)
WARNING: gcc.dg/torture/stackalign/non-local-goto-5.c -Os -flto compilation failed to produce executable
FAIL: gcc.dg/torture/stackalign/regparm-1.c -O0 -flto (internal compiler error)
FAIL: gcc.dg/torture/stackalign/regparm-1.c -O0 -flto (test for excess errors)
WARNING: gcc.dg/torture/stackalign/regparm-1.c -O0 -flto compilation failed to produce executable
FAIL: gcc.dg/torture/stackalign/regparm-1.c -O0 -fwhopr (internal compiler error)
FAIL: gcc.dg/torture/stackalign/regparm-1.c -O0 -fwhopr (test for excess errors)
WARNING: gcc.dg/torture/stackalign/regparm-1.c -O0 -fwhopr compilation failed to produce executable
FAIL: gcc.dg/torture/stackalign/regparm-1.c -O1 -flto (internal compiler error)
FAIL: gcc.dg/torture/stackalign/regparm-1.c -O1 -flto (test for excess errors)
WARNING: gcc.dg/torture/stackalign/regparm-1.c -O1 -flto compilation failed to produce executable
FAIL: gcc.dg/torture/stackalign/regparm-1.c -O2 -flto (internal compiler error)
FAIL: gcc.dg/torture/stackalign/regparm-1.c -O2 -flto (test for excess errors)
WARNING: gcc.dg/torture/stackalign/regparm-1.c -O2 -flto compilation failed to produce executable
FAIL: gcc.dg/torture/stackalign/regparm-1.c -O2 -fwhopr (internal compiler error)
FAIL: gcc.dg/torture/stackalign/regparm-1.c -O2 -fwhopr (test for excess errors)
WARNING: gcc.dg/torture/stackalign/regparm-1.c -O2 -fwhopr compilation failed to produce executable
FAIL: gcc.dg/torture/stackalign/regparm-1.c -O3 -flto -fomit-frame-pointer (internal compiler error)
FAIL: gcc.dg/torture/stackalign/regparm-1.c -O3 -flto -fomit-frame-pointer (test for excess errors)
WARNING: gcc.dg/torture/stackalign/regparm-1.c -O3 -flto -fomit-frame-pointer compilation failed to produce executable
FAIL: gcc.dg/torture/stackalign/regparm-1.c -Os -flto (internal compiler error)
FAIL: gcc.dg/torture/stackalign/regparm-1.c -Os -flto (test for excess errors)
WARNING: gcc.dg/torture/stackalign/regparm-1.c -Os -flto compilation failed to produce executable
FAIL: gcc.dg/vect/vect-67.c scan-tree-dump-times vect "vectorized 1 loops" 1
FAIL: gcc.dg/vect/no-scevccp-outer-13.c scan-tree-dump-times vect "OUTER LOOP VECTORIZED." 1
FAIL: gcc.dg/vect/no-scevccp-outer-7.c scan-tree-dump-times vect "OUTER LOOP VECTORIZED." 1
FAIL: gcc.target/i386/pr37843-3.c scan-assembler-not call[\\\\t ]*foo
FAIL: gcc.target/i386/pr37843-3.c scan-assembler jmp[\\\\t ]*foo
=== gcc Summary ===
# of expected passes 63649
# of unexpected failures 1183
# of expected failures 184
# of unresolved testcases 115
# of unsupported tests 930
/usr/local/google/dnovillo/perf/sbox/lto/local.x86_64/bld/gcc/xgcc version 4.4.0 20081209 (experimental) (lto merged with rev 142607)
=== libgomp tests ===
Running target unix
FAIL: libgomp.c++/ctor-10.C -O0 -flto (test for excess errors)
WARNING: libgomp.c++/ctor-10.C -O0 -flto compilation failed to produce executable
FAIL: libgomp.c++/ctor-10.C -O0 -fwhopr (test for excess errors)
WARNING: libgomp.c++/ctor-10.C -O0 -fwhopr compilation failed to produce executable
FAIL: libgomp.c++/ctor-10.C -O1 -flto (test for excess errors)
WARNING: libgomp.c++/ctor-10.C -O1 -flto compilation failed to produce executable
FAIL: libgomp.c++/ctor-10.C -O2 -flto (test for excess errors)
WARNING: libgomp.c++/ctor-10.C -O2 -flto compilation failed to produce executable
FAIL: libgomp.c++/ctor-10.C -O2 -fwhopr (test for excess errors)
WARNING: libgomp.c++/ctor-10.C -O2 -fwhopr compilation failed to produce executable
FAIL: libgomp.c++/ctor-10.C -O3 -flto -fomit-frame-pointer (test for excess errors)
WARNING: libgomp.c++/ctor-10.C -O3 -flto -fomit-frame-pointer compilation failed to produce executable
FAIL: libgomp.c++/ctor-10.C -O3 -flto -fomit-frame-pointer -funroll-loops (test for excess errors)
WARNING: libgomp.c++/ctor-10.C -O3 -flto -fomit-frame-pointer -funroll-loops compilation failed to produce executable
FAIL: libgomp.c++/ctor-10.C -O3 -flto -fomit-frame-pointer -funroll-all-loops -finline-functions (test for excess errors)
WARNING: libgomp.c++/ctor-10.C -O3 -flto -fomit-frame-pointer -funroll-all-loops -finline-functions compilation failed to produce executable
FAIL: libgomp.c++/ctor-10.C -Os -flto (test for excess errors)
WARNING: libgomp.c++/ctor-10.C -Os -flto compilation failed to produce executable
FAIL: libgomp.c++/ctor-8.C -O0 -flto (test for excess errors)
WARNING: libgomp.c++/ctor-8.C -O0 -flto compilation failed to produce executable
FAIL: libgomp.c++/ctor-8.C -O0 -fwhopr (test for excess errors)
WARNING: libgomp.c++/ctor-8.C -O0 -fwhopr compilation failed to produce executable
FAIL: libgomp.c++/ctor-8.C -O1 -flto (test for excess errors)
WARNING: libgomp.c++/ctor-8.C -O1 -flto compilation failed to produce executable
FAIL: libgomp.c++/ctor-8.C -O2 -flto (test for excess errors)
WARNING: libgomp.c++/ctor-8.C -O2 -flto compilation failed to produce executable
FAIL: libgomp.c++/ctor-8.C -O2 -fwhopr (test for excess errors)
WARNING: libgomp.c++/ctor-8.C -O2 -fwhopr compilation failed to produce executable
FAIL: libgomp.c++/ctor-8.C -O3 -flto -fomit-frame-pointer (test for excess errors)
WARNING: libgomp.c++/ctor-8.C -O3 -flto -fomit-frame-pointer compilation failed to produce executable
FAIL: libgomp.c++/ctor-8.C -O3 -flto -fomit-frame-pointer -funroll-loops (test for excess errors)
WARNING: libgomp.c++/ctor-8.C -O3 -flto -fomit-frame-pointer -funroll-loops compilation failed to produce executable
FAIL: libgomp.c++/ctor-8.C -O3 -flto -fomit-frame-pointer -funroll-all-loops -finline-functions (test for excess errors)
WARNING: libgomp.c++/ctor-8.C -O3 -flto -fomit-frame-pointer -funroll-all-loops -finline-functions compilation failed to produce executable
FAIL: libgomp.c++/ctor-8.C -Os -flto (test for excess errors)
WARNING: libgomp.c++/ctor-8.C -Os -flto compilation failed to produce executable
FAIL: libgomp.c++/ctor-9.C -O0 -flto (test for excess errors)
WARNING: libgomp.c++/ctor-9.C -O0 -flto compilation failed to produce executable
FAIL: libgomp.c++/ctor-9.C -O0 -fwhopr (test for excess errors)
WARNING: libgomp.c++/ctor-9.C -O0 -fwhopr compilation failed to produce executable
FAIL: libgomp.c++/ctor-9.C -O1 -flto (test for excess errors)
WARNING: libgomp.c++/ctor-9.C -O1 -flto compilation failed to produce executable
FAIL: libgomp.c++/ctor-9.C -O2 -flto (test for excess errors)
WARNING: libgomp.c++/ctor-9.C -O2 -flto compilation failed to produce executable
FAIL: libgomp.c++/ctor-9.C -O2 -fwhopr (test for excess errors)
WARNING: libgomp.c++/ctor-9.C -O2 -fwhopr compilation failed to produce executable
FAIL: libgomp.c++/ctor-9.C -O3 -flto -fomit-frame-pointer (test for excess errors)
WARNING: libgomp.c++/ctor-9.C -O3 -flto -fomit-frame-pointer compilation failed to produce executable
FAIL: libgomp.c++/ctor-9.C -O3 -flto -fomit-frame-pointer -funroll-loops (test for excess errors)
WARNING: libgomp.c++/ctor-9.C -O3 -flto -fomit-frame-pointer -funroll-loops compilation failed to produce executable
FAIL: libgomp.c++/ctor-9.C -O3 -flto -fomit-frame-pointer -funroll-all-loops -finline-functions (test for excess errors)
WARNING: libgomp.c++/ctor-9.C -O3 -flto -fomit-frame-pointer -funroll-all-loops -finline-functions compilation failed to produce executable
FAIL: libgomp.c++/ctor-9.C -Os -flto (test for excess errors)
WARNING: libgomp.c++/ctor-9.C -Os -flto compilation failed to produce executable
FAIL: libgomp.c++/pr34513.C -O1 -flto (test for excess errors)
WARNING: libgomp.c++/pr34513.C -O1 -flto compilation failed to produce executable
FAIL: libgomp.c++/pr34513.C -O2 -flto (test for excess errors)
WARNING: libgomp.c++/pr34513.C -O2 -flto compilation failed to produce executable
FAIL: libgomp.c++/pr34513.C -O2 -fwhopr (test for excess errors)
WARNING: libgomp.c++/pr34513.C -O2 -fwhopr compilation failed to produce executable
FAIL: libgomp.c++/pr34513.C -O3 -flto -fomit-frame-pointer (test for excess errors)
WARNING: libgomp.c++/pr34513.C -O3 -flto -fomit-frame-pointer compilation failed to produce executable
FAIL: libgomp.c++/pr34513.C -O3 -flto -fomit-frame-pointer -funroll-loops (test for excess errors)
WARNING: libgomp.c++/pr34513.C -O3 -flto -fomit-frame-pointer -funroll-loops compilation failed to produce executable
FAIL: libgomp.c++/pr34513.C -O3 -flto -fomit-frame-pointer -funroll-all-loops -finline-functions (test for excess errors)
WARNING: libgomp.c++/pr34513.C -O3 -flto -fomit-frame-pointer -funroll-all-loops -finline-functions compilation failed to produce executable
FAIL: libgomp.c++/pr34513.C -Os -flto (test for excess errors)
WARNING: libgomp.c++/pr34513.C -Os -flto compilation failed to produce executable
=== libgomp Summary ===
# of expected passes 1020
# of unexpected failures 34
=== libmudflap tests ===
Running target unix
FAIL: libmudflap.c++/fail24-frag.cxx (test for excess errors)
WARNING: libmudflap.c++/fail24-frag.cxx compilation failed to produce executable
FAIL: libmudflap.c++/pass27-frag.cxx (test for excess errors)
WARNING: libmudflap.c++/pass27-frag.cxx compilation failed to produce executable
FAIL: libmudflap.c++/pass28-frag.cxx (test for excess errors)
WARNING: libmudflap.c++/pass28-frag.cxx compilation failed to produce executable
FAIL: libmudflap.c++/pass31-frag.cxx (test for excess errors)
WARNING: libmudflap.c++/pass31-frag.cxx compilation failed to produce executable
FAIL: libmudflap.c++/pass41-frag.cxx (test for excess errors)
WARNING: libmudflap.c++/pass41-frag.cxx compilation failed to produce executable
FAIL: libmudflap.c++/pass55-frag.cxx (test for excess errors)
WARNING: libmudflap.c++/pass55-frag.cxx compilation failed to produce executable
FAIL: libmudflap.c++/pass57-frag.cxx (test for excess errors)
WARNING: libmudflap.c++/pass57-frag.cxx compilation failed to produce executable
FAIL: libmudflap.c++/pass58-frag.cxx (test for excess errors)
WARNING: libmudflap.c++/pass58-frag.cxx compilation failed to produce executable
FAIL: libmudflap.c++/pass60-frag.cxx (test for excess errors)
WARNING: libmudflap.c++/pass60-frag.cxx compilation failed to produce executable
FAIL: libmudflap.c++/fail24-frag.cxx ( -O) (test for excess errors)
WARNING: libmudflap.c++/fail24-frag.cxx ( -O) compilation failed to produce executable
FAIL: libmudflap.c++/pass27-frag.cxx ( -O) (test for excess errors)
WARNING: libmudflap.c++/pass27-frag.cxx ( -O) compilation failed to produce executable
FAIL: libmudflap.c++/pass28-frag.cxx ( -O) (test for excess errors)
WARNING: libmudflap.c++/pass28-frag.cxx ( -O) compilation failed to produce executable
FAIL: libmudflap.c++/pass31-frag.cxx ( -O) (test for excess errors)
WARNING: libmudflap.c++/pass31-frag.cxx ( -O) compilation failed to produce executable
FAIL: libmudflap.c++/pass41-frag.cxx ( -O) (test for excess errors)
WARNING: libmudflap.c++/pass41-frag.cxx ( -O) compilation failed to produce executable
FAIL: libmudflap.c++/pass55-frag.cxx ( -O) (test for excess errors)
WARNING: libmudflap.c++/pass55-frag.cxx ( -O) compilation failed to produce executable
FAIL: libmudflap.c++/pass57-frag.cxx ( -O) (test for excess errors)
WARNING: libmudflap.c++/pass57-frag.cxx ( -O) compilation failed to produce executable
FAIL: libmudflap.c++/pass58-frag.cxx ( -O) (test for excess errors)
WARNING: libmudflap.c++/pass58-frag.cxx ( -O) compilation failed to produce executable
FAIL: libmudflap.c++/pass60-frag.cxx ( -O) (test for excess errors)
WARNING: libmudflap.c++/pass60-frag.cxx ( -O) compilation failed to produce executable
FAIL: libmudflap.c++/fail24-frag.cxx (-O2) (test for excess errors)
WARNING: libmudflap.c++/fail24-frag.cxx (-O2) compilation failed to produce executable
FAIL: libmudflap.c++/pass27-frag.cxx (-O2) (test for excess errors)
WARNING: libmudflap.c++/pass27-frag.cxx (-O2) compilation failed to produce executable
FAIL: libmudflap.c++/pass28-frag.cxx (-O2) (test for excess errors)
WARNING: libmudflap.c++/pass28-frag.cxx (-O2) compilation failed to produce executable
FAIL: libmudflap.c++/pass31-frag.cxx (-O2) (test for excess errors)
WARNING: libmudflap.c++/pass31-frag.cxx (-O2) compilation failed to produce executable
FAIL: libmudflap.c++/pass41-frag.cxx (-O2) (test for excess errors)
WARNING: libmudflap.c++/pass41-frag.cxx (-O2) compilation failed to produce executable
FAIL: libmudflap.c++/pass55-frag.cxx (-O2) (test for excess errors)
WARNING: libmudflap.c++/pass55-frag.cxx (-O2) compilation failed to produce executable
FAIL: libmudflap.c++/pass57-frag.cxx (-O2) (test for excess errors)
WARNING: libmudflap.c++/pass57-frag.cxx (-O2) compilation failed to produce executable
FAIL: libmudflap.c++/pass58-frag.cxx (-O2) (test for excess errors)
WARNING: libmudflap.c++/pass58-frag.cxx (-O2) compilation failed to produce executable
FAIL: libmudflap.c++/pass60-frag.cxx (-O2) (test for excess errors)
WARNING: libmudflap.c++/pass60-frag.cxx (-O2) compilation failed to produce executable
FAIL: libmudflap.c++/fail24-frag.cxx (-O3) (test for excess errors)
WARNING: libmudflap.c++/fail24-frag.cxx (-O3) compilation failed to produce executable
FAIL: libmudflap.c++/pass27-frag.cxx (-O3) (test for excess errors)
WARNING: libmudflap.c++/pass27-frag.cxx (-O3) compilation failed to produce executable
FAIL: libmudflap.c++/pass28-frag.cxx (-O3) (test for excess errors)
WARNING: libmudflap.c++/pass28-frag.cxx (-O3) compilation failed to produce executable
FAIL: libmudflap.c++/pass31-frag.cxx (-O3) (test for excess errors)
WARNING: libmudflap.c++/pass31-frag.cxx (-O3) compilation failed to produce executable
FAIL: libmudflap.c++/pass41-frag.cxx (-O3) (test for excess errors)
WARNING: libmudflap.c++/pass41-frag.cxx (-O3) compilation failed to produce executable
FAIL: libmudflap.c++/pass55-frag.cxx (-O3) (test for excess errors)
WARNING: libmudflap.c++/pass55-frag.cxx (-O3) compilation failed to produce executable
FAIL: libmudflap.c++/pass57-frag.cxx (-O3) (test for excess errors)
WARNING: libmudflap.c++/pass57-frag.cxx (-O3) compilation failed to produce executable
FAIL: libmudflap.c++/pass58-frag.cxx (-O3) (test for excess errors)
WARNING: libmudflap.c++/pass58-frag.cxx (-O3) compilation failed to produce executable
FAIL: libmudflap.c++/pass60-frag.cxx (-O3) (test for excess errors)
WARNING: libmudflap.c++/pass60-frag.cxx (-O3) compilation failed to produce executable
FAIL: ctors-12 linkage
FAIL: ctors-21 linkage
WARNING: program timed out.
FAIL: ctors-12 execution
WARNING: program timed out.
FAIL: ctors-21 execution
FAIL: ctors-12 linkage -O2
FAIL: ctors-21 linkage -O2
WARNING: program timed out.
FAIL: ctors-12 execution -O2
WARNING: program timed out.
FAIL: ctors-21 execution -O2
FAIL: ctors-12 linkage -O3
FAIL: ctors-21 linkage -O3
WARNING: program timed out.
FAIL: ctors-12 execution -O3
WARNING: program timed out.
FAIL: ctors-21 execution -O3
FAIL: libmudflap.cth/pass37-frag.c (-static -DSTATIC) execution test
FAIL: libmudflap.cth/pass37-frag.c (-static -DSTATIC) output pattern test
FAIL: libmudflap.cth/pass37-frag.c (-static -DSTATIC) (rerun 1) execution test
FAIL: libmudflap.cth/pass37-frag.c (-static -DSTATIC) (rerun 1) output pattern test
FAIL: libmudflap.cth/pass37-frag.c (-static -DSTATIC) (rerun 2) execution test
FAIL: libmudflap.cth/pass37-frag.c (-static -DSTATIC) (rerun 2) output pattern test
FAIL: libmudflap.cth/pass37-frag.c (-static -DSTATIC) (rerun 3) execution test
FAIL: libmudflap.cth/pass37-frag.c (-static -DSTATIC) (rerun 3) output pattern test
FAIL: libmudflap.cth/pass37-frag.c (-static -DSTATIC) (rerun 4) execution test
FAIL: libmudflap.cth/pass37-frag.c (-static -DSTATIC) (rerun 4) output pattern test
FAIL: libmudflap.cth/pass37-frag.c (-static -DSTATIC) (rerun 5) execution test
FAIL: libmudflap.cth/pass37-frag.c (-static -DSTATIC) (rerun 5) output pattern test
FAIL: libmudflap.cth/pass37-frag.c (-static -DSTATIC) (rerun 6) execution test
FAIL: libmudflap.cth/pass37-frag.c (-static -DSTATIC) (rerun 6) output pattern test
FAIL: libmudflap.cth/pass37-frag.c (-static -DSTATIC) (rerun 7) execution test
FAIL: libmudflap.cth/pass37-frag.c (-static -DSTATIC) (rerun 7) output pattern test
FAIL: libmudflap.cth/pass37-frag.c (-static -DSTATIC) (rerun 8) execution test
FAIL: libmudflap.cth/pass37-frag.c (-static -DSTATIC) (rerun 8) output pattern test
FAIL: libmudflap.cth/pass37-frag.c (-static -DSTATIC) (rerun 9) execution test
FAIL: libmudflap.cth/pass37-frag.c (-static -DSTATIC) (rerun 9) output pattern test
FAIL: libmudflap.cth/pass37-frag.c (-static -DSTATIC) (rerun 10) execution test
FAIL: libmudflap.cth/pass37-frag.c (-static -DSTATIC) (rerun 10) output pattern test
FAIL: libmudflap.cth/pass37-frag.c (-static -DSTATIC) (rerun 11) execution test
FAIL: libmudflap.cth/pass37-frag.c (-static -DSTATIC) (rerun 11) output pattern test
FAIL: libmudflap.cth/pass37-frag.c (-static -DSTATIC) (rerun 12) execution test
FAIL: libmudflap.cth/pass37-frag.c (-static -DSTATIC) (rerun 12) output pattern test
FAIL: libmudflap.cth/pass37-frag.c (-static -DSTATIC) (rerun 13) execution test
FAIL: libmudflap.cth/pass37-frag.c (-static -DSTATIC) (rerun 13) output pattern test
FAIL: libmudflap.cth/pass37-frag.c (-static -DSTATIC) (rerun 14) execution test
FAIL: libmudflap.cth/pass37-frag.c (-static -DSTATIC) (rerun 14) output pattern test
FAIL: libmudflap.cth/pass37-frag.c (-static -DSTATIC) (rerun 15) execution test
FAIL: libmudflap.cth/pass37-frag.c (-static -DSTATIC) (rerun 15) output pattern test
FAIL: libmudflap.cth/pass37-frag.c (-static -DSTATIC) (rerun 16) execution test
FAIL: libmudflap.cth/pass37-frag.c (-static -DSTATIC) (rerun 16) output pattern test
FAIL: libmudflap.cth/pass37-frag.c (-static -DSTATIC) (rerun 17) execution test
FAIL: libmudflap.cth/pass37-frag.c (-static -DSTATIC) (rerun 17) output pattern test
FAIL: libmudflap.cth/pass37-frag.c (-static -DSTATIC) (rerun 18) execution test
FAIL: libmudflap.cth/pass37-frag.c (-static -DSTATIC) (rerun 18) output pattern test
FAIL: libmudflap.cth/pass37-frag.c (-static -DSTATIC) (rerun 19) execution test
FAIL: libmudflap.cth/pass37-frag.c (-static -DSTATIC) (rerun 19) output pattern test
FAIL: libmudflap.cth/pass39-frag.c (-static -DSTATIC) execution test
FAIL: libmudflap.cth/pass39-frag.c (-static -DSTATIC) output pattern test
FAIL: libmudflap.cth/pass39-frag.c (-static -DSTATIC) (rerun 1) execution test
FAIL: libmudflap.cth/pass39-frag.c (-static -DSTATIC) (rerun 1) output pattern test
FAIL: libmudflap.cth/pass39-frag.c (-static -DSTATIC) (rerun 2) execution test
FAIL: libmudflap.cth/pass39-frag.c (-static -DSTATIC) (rerun 2) output pattern test
FAIL: libmudflap.cth/pass39-frag.c (-static -DSTATIC) (rerun 3) execution test
FAIL: libmudflap.cth/pass39-frag.c (-static -DSTATIC) (rerun 3) output pattern test
FAIL: libmudflap.cth/pass39-frag.c (-static -DSTATIC) (rerun 4) execution test
FAIL: libmudflap.cth/pass39-frag.c (-static -DSTATIC) (rerun 4) output pattern test
FAIL: libmudflap.cth/pass39-frag.c (-static -DSTATIC) (rerun 5) execution test
FAIL: libmudflap.cth/pass39-frag.c (-static -DSTATIC) (rerun 5) output pattern test
FAIL: libmudflap.cth/pass39-frag.c (-static -DSTATIC) (rerun 6) execution test
FAIL: libmudflap.cth/pass39-frag.c (-static -DSTATIC) (rerun 6) output pattern test
FAIL: libmudflap.cth/pass39-frag.c (-static -DSTATIC) (rerun 7) execution test
FAIL: libmudflap.cth/pass39-frag.c (-static -DSTATIC) (rerun 7) output pattern test
FAIL: libmudflap.cth/pass39-frag.c (-static -DSTATIC) (rerun 8) execution test
FAIL: libmudflap.cth/pass39-frag.c (-static -DSTATIC) (rerun 8) output pattern test
FAIL: libmudflap.cth/pass39-frag.c (-static -DSTATIC) (rerun 9) execution test
FAIL: libmudflap.cth/pass39-frag.c (-static -DSTATIC) (rerun 9) output pattern test
FAIL: libmudflap.cth/pass39-frag.c (-static -DSTATIC) (rerun 10) execution test
FAIL: libmudflap.cth/pass39-frag.c (-static -DSTATIC) (rerun 10) output pattern test
FAIL: libmudflap.cth/pass39-frag.c (-static -DSTATIC) (rerun 11) execution test
FAIL: libmudflap.cth/pass39-frag.c (-static -DSTATIC) (rerun 11) output pattern test
FAIL: libmudflap.cth/pass39-frag.c (-static -DSTATIC) (rerun 12) execution test
FAIL: libmudflap.cth/pass39-frag.c (-static -DSTATIC) (rerun 12) output pattern test
FAIL: libmudflap.cth/pass39-frag.c (-static -DSTATIC) (rerun 13) execution test
FAIL: libmudflap.cth/pass39-frag.c (-static -DSTATIC) (rerun 13) output pattern test
FAIL: libmudflap.cth/pass39-frag.c (-static -DSTATIC) (rerun 14) execution test
FAIL: libmudflap.cth/pass39-frag.c (-static -DSTATIC) (rerun 14) output pattern test
FAIL: libmudflap.cth/pass39-frag.c (-static -DSTATIC) (rerun 15) execution test
FAIL: libmudflap.cth/pass39-frag.c (-static -DSTATIC) (rerun 15) output pattern test
FAIL: libmudflap.cth/pass39-frag.c (-static -DSTATIC) (rerun 16) execution test
FAIL: libmudflap.cth/pass39-frag.c (-static -DSTATIC) (rerun 16) output pattern test
FAIL: libmudflap.cth/pass39-frag.c (-static -DSTATIC) (rerun 17) execution test
FAIL: libmudflap.cth/pass39-frag.c (-static -DSTATIC) (rerun 17) output pattern test
FAIL: libmudflap.cth/pass39-frag.c (-static -DSTATIC) (rerun 18) execution test
FAIL: libmudflap.cth/pass39-frag.c (-static -DSTATIC) (rerun 18) output pattern test
FAIL: libmudflap.cth/pass39-frag.c (-static -DSTATIC) (rerun 19) execution test
FAIL: libmudflap.cth/pass39-frag.c (-static -DSTATIC) (rerun 19) output pattern test
FAIL: libmudflap.cth/pass40-frag.c (-static -DSTATIC) execution test
FAIL: libmudflap.cth/pass40-frag.c (-static -DSTATIC) output pattern test
FAIL: libmudflap.cth/pass59-frag.c (-static -DSTATIC) execution test
FAIL: libmudflap.cth/pass59-frag.c (-static -DSTATIC) output pattern test
=== libmudflap Summary ===
# of expected passes 1690
# of unexpected failures 132
Compiler version: 4.4.0 20081209 (experimental) (lto merged with rev 142607)
Platform: i686-pc-linux-gnu
configure flags: --prefix=/home/dnovillo/perf/sbox/lto/local.x86_64/inst --srcdir=/home/dnovillo/perf/sbox/lto/local.x86_64/src --with-gmp=/home/dnovillo/i686 --with-mpfr=/home/dnovillo/i686 --build=i686-pc-linux-gnu --enable-languages=lto,c++