This is the mail archive of the
gcc-testresults@gcc.gnu.org
mailing list for the GCC project.
Results for 4.4.0 20081210 (experimental) [trunk revision 142655] (GCC) testsuite on sparc-sun-solaris2.8
- From: Andreas Tobler <andreast-list at fgznet dot ch>
- To: gcc-testresults at gcc dot gnu dot org
- Date: Thu, 11 Dec 2008 07:24:44 +0100
- Subject: Results for 4.4.0 20081210 (experimental) [trunk revision 142655] (GCC) testsuite on sparc-sun-solaris2.8
LAST_UPDATED: Wed Dec 10 19:01:38 UTC 2008 (revision 142655)
Native configuration is sparc-sun-solaris2.8
=== g++ tests ===
Running target unix/-m64
WARNING: g++.dg/other/ucnid-1.C compilation failed to produce executable
XPASS: g++.old-deja/g++.other/init19.C execution test
=== g++ Summary for unix/-m64 ===
# of expected passes 18361
# of unexpected successes 1
# of expected failures 138
# of unsupported tests 243
Running target unix
FAIL: g++.dg/bprob/g++-bprob-1.C compilation, -g -fprofile-use (internal compiler error)
UNRESOLVED: g++.dg/bprob/g++-bprob-1.C execution, -g -fprofile-use
FAIL: g++.dg/bprob/g++-bprob-1.C compilation, -O0 -fprofile-use (internal compiler error)
UNRESOLVED: g++.dg/bprob/g++-bprob-1.C execution, -O0 -fprofile-use
WARNING: g++.dg/other/ucnid-1.C compilation failed to produce executable
XPASS: g++.old-deja/g++.other/init19.C execution test
=== g++ Summary for unix ===
# of expected passes 18391
# of unexpected failures 2
# of unexpected successes 1
# of expected failures 138
# of unresolved testcases 2
# of unsupported tests 241
=== g++ Summary ===
# of expected passes 36752
# of unexpected failures 2
# of unexpected successes 2
# of expected failures 276
# of unresolved testcases 2
# of unsupported tests 484
/export/data/devel-test/gcc-svn/objdir/gcc/testsuite/g++/../../g++ version 4.4.0 20081210 (experimental) [trunk revision 142655] (GCC)
=== gcc tests ===
Running target unix/-m64
FAIL: gcc.c-torture/compile/20040304-1.c -O0 (internal compiler error)
FAIL: gcc.c-torture/compile/20040304-1.c -O0 (test for excess errors)
FAIL: gcc.c-torture/compile/20070129.c -O0 (internal compiler error)
FAIL: gcc.c-torture/compile/20070129.c -O0 (test for excess errors)
FAIL: gcc.c-torture/compile/941014-2.c -O0 (internal compiler error)
FAIL: gcc.c-torture/compile/941014-2.c -O0 (test for excess errors)
WARNING: program timed out.
FAIL: gcc.c-torture/compile/limits-fnargs.c -O2 (test for excess errors)
WARNING: program timed out.
FAIL: gcc.c-torture/compile/limits-fnargs.c -O3 -fomit-frame-pointer (test for excess errors)
WARNING: program timed out.
FAIL: gcc.c-torture/compile/limits-fnargs.c -O3 -g (test for excess errors)
WARNING: program timed out.
FAIL: gcc.c-torture/compile/limits-fnargs.c -Os (test for excess errors)
FAIL: gcc.c-torture/compile/pr23946.c -O0 (internal compiler error)
FAIL: gcc.c-torture/compile/pr23946.c -O0 (test for excess errors)
FAIL: gcc.c-torture/execute/pr34415.c compilation, -O0 (internal compiler error)
UNRESOLVED: gcc.c-torture/execute/pr34415.c execution, -O0
FAIL: gcc.dg/cpp/trad/include.c -fno-show-column (internal compiler error)
FAIL: gcc.dg/cpp/trad/include.c -fno-show-column (test for excess errors)
WARNING: program timed out.
FAIL: gcc.dg/20020425-1.c (test for excess errors)
WARNING: program timed out.
FAIL: gcc.dg/pr28796-2.c execution test
FAIL: gcc.dg/pr35729.c scan-rtl-dump-times loop2_invariant "Decided to move invariant" 0
FAIL: gcc.dg/pthread-init-1.c (test for excess errors)
FAIL: gcc.dg/pthread-init-2.c (test for excess errors)
WARNING: gcc.dg/ucnid-2.c compilation failed to produce executable
WARNING: gcc.dg/ucnid-3.c compilation failed to produce executable
WARNING: gcc.dg/ucnid-4.c compilation failed to produce executable
FAIL: gcc.dg/uninit-2-O0.c (internal compiler error)
FAIL: gcc.dg/uninit-2-O0.c (test for excess errors)
FAIL: gcc.dg/vect/vect-67.c scan-tree-dump-times vect "vectorized 1 loops" 1
FAIL: gcc.dg/vect/vect-outer-5.c scan-tree-dump-times vect "OUTER LOOP VECTORIZED" 1
FAIL: gcc.dg/vect/vect-outer-6.c scan-tree-dump-times vect "OUTER LOOP VECTORIZED" 1
FAIL: gcc.dg/vect/vect-outer-6.c scan-tree-dump-times vect "zero step in outer loop." 1
FAIL: gcc.misc-tests/bprob-1.c compilation, -fprofile-use (internal compiler error)
UNRESOLVED: gcc.misc-tests/bprob-1.c execution, -fprofile-use
=== gcc Summary for unix/-m64 ===
# of expected passes 49336
# of unexpected failures 27
# of expected failures 234
# of unresolved testcases 2
# of unsupported tests 710
Running target unix
FAIL: gcc.c-torture/compile/20040304-1.c -O0 (internal compiler error)
FAIL: gcc.c-torture/compile/20040304-1.c -O0 (test for excess errors)
FAIL: gcc.c-torture/compile/20070129.c -O0 (internal compiler error)
FAIL: gcc.c-torture/compile/20070129.c -O0 (test for excess errors)
FAIL: gcc.c-torture/compile/941014-2.c -O0 (internal compiler error)
FAIL: gcc.c-torture/compile/941014-2.c -O0 (test for excess errors)
WARNING: program timed out.
FAIL: gcc.c-torture/compile/limits-fnargs.c -O2 (test for excess errors)
WARNING: program timed out.
FAIL: gcc.c-torture/compile/limits-fnargs.c -O3 -fomit-frame-pointer (test for excess errors)
WARNING: program timed out.
FAIL: gcc.c-torture/compile/limits-fnargs.c -O3 -g (test for excess errors)
WARNING: program timed out.
FAIL: gcc.c-torture/compile/limits-fnargs.c -Os (test for excess errors)
FAIL: gcc.c-torture/compile/pr23946.c -O0 (internal compiler error)
FAIL: gcc.c-torture/compile/pr23946.c -O0 (test for excess errors)
FAIL: gcc.c-torture/execute/pr34415.c compilation, -O0 (internal compiler error)
UNRESOLVED: gcc.c-torture/execute/pr34415.c execution, -O0
WARNING: program timed out.
FAIL: gcc.dg/20020425-1.c (test for excess errors)
WARNING: program timed out.
FAIL: gcc.dg/pr28796-2.c execution test
FAIL: gcc.dg/pr35729.c scan-rtl-dump-times loop2_invariant "Decided to move invariant" 0
FAIL: gcc.dg/pthread-init-1.c (test for excess errors)
FAIL: gcc.dg/pthread-init-2.c (test for excess errors)
WARNING: gcc.dg/ucnid-2.c compilation failed to produce executable
WARNING: gcc.dg/ucnid-3.c compilation failed to produce executable
WARNING: gcc.dg/ucnid-4.c compilation failed to produce executable
FAIL: gcc.dg/uninit-2-O0.c (internal compiler error)
FAIL: gcc.dg/uninit-2-O0.c (test for excess errors)
FAIL: gcc.dg/vect/vect-35.c scan-tree-dump-times vect "vectorized 1 loops" 1
FAIL: gcc.dg/vect/vect-67.c scan-tree-dump-times vect "vectorized 1 loops" 1
FAIL: gcc.dg/vect/vect-multitypes-12.c scan-tree-dump-times vect "vectorized 1 loops" 1
FAIL: gcc.dg/vect/vect-multitypes-5.c scan-tree-dump-times vect "vectorized 1 loops" 1
FAIL: gcc.dg/vect/vect-multitypes-6.c scan-tree-dump-times vect "vectorized 1 loops" 1
FAIL: gcc.dg/vect/vect-outer-5.c scan-tree-dump-times vect "OUTER LOOP VECTORIZED" 1
FAIL: gcc.dg/vect/vect-outer-6.c scan-tree-dump-times vect "OUTER LOOP VECTORIZED" 1
FAIL: gcc.dg/vect/vect-outer-6.c scan-tree-dump-times vect "zero step in outer loop." 1
FAIL: gcc.dg/vect/slp-multitypes-2.c execution test
FAIL: gcc.dg/vect/slp-multitypes-3.c scan-tree-dump-times vect "vectorized 1 loops" 1
FAIL: gcc.dg/vect/slp-multitypes-3.c scan-tree-dump-times vect "vectorizing stmts using SLP" 2
FAIL: gcc.misc-tests/bprob-1.c compilation, -fprofile-use (internal compiler error)
UNRESOLVED: gcc.misc-tests/bprob-1.c execution, -fprofile-use
=== gcc Summary for unix ===
# of expected passes 49339
# of unexpected failures 32
# of expected failures 233
# of unresolved testcases 2
# of unsupported tests 707
=== gcc Summary ===
# of expected passes 98675
# of unexpected failures 59
# of expected failures 467
# of unresolved testcases 4
# of unsupported tests 1417
/export/data/devel-test/gcc-svn/objdir/gcc/xgcc version 4.4.0 20081210 (experimental) [trunk revision 142655] (GCC)
=== gfortran tests ===
Running target unix/-m64
FAIL: gfortran.dg/nint_2.f90 -O0 execution test
=== gfortran Summary for unix/-m64 ===
# of expected passes 28563
# of unexpected failures 1
# of expected failures 12
# of unsupported tests 220
Running target unix
FAIL: gfortran.dg/nint_2.f90 -O0 execution test
=== gfortran Summary for unix ===
# of expected passes 28414
# of unexpected failures 1
# of expected failures 12
# of unsupported tests 293
=== gfortran Summary ===
# of expected passes 56977
# of unexpected failures 2
# of expected failures 24
# of unsupported tests 513
/export/data/devel-test/gcc-svn/objdir/gcc/testsuite/gfortran/../../gfortran version 4.4.0 20081210 (experimental) [trunk revision 142655] (GCC)
=== objc tests ===
Running target unix/-m64
=== objc Summary for unix/-m64 ===
# of expected passes 1814
# of expected failures 7
# of unsupported tests 24
Running target unix
=== objc Summary for unix ===
# of expected passes 1814
# of expected failures 7
# of unsupported tests 24
=== objc Summary ===
# of expected passes 3628
# of expected failures 14
# of unsupported tests 48
/export/data/devel-test/gcc-svn/objdir/gcc/xgcc version 4.4.0 20081210 (experimental) [trunk revision 142655] (GCC)
=== libffi tests ===
Running target unix/-m64
=== libffi Summary for unix/-m64 ===
# of expected passes 1389
# of unsupported tests 10
Running target unix
=== libffi Summary for unix ===
# of expected passes 1389
# of unsupported tests 10
=== libffi Summary ===
# of expected passes 2778
# of unsupported tests 20
=== libgomp tests ===
Running target unix/-m64
FAIL: libgomp.c++/ctor-10.C -O1 execution test
FAIL: libgomp.c++/ctor-10.C -O2 execution test
FAIL: libgomp.c++/ctor-10.C -O3 -g execution test
FAIL: libgomp.c++/ctor-8.C -O3 -fomit-frame-pointer -funroll-loops execution test
FAIL: libgomp.c++/ctor-9.C -O1 execution test
FAIL: libgomp.c++/ctor-9.C -O2 execution test
FAIL: libgomp.c++/ctor-9.C -O3 -fomit-frame-pointer -funroll-loops execution test
FAIL: libgomp.fortran/collapse1.f90 -O0 (internal compiler error)
FAIL: libgomp.fortran/collapse1.f90 -O0 (test for excess errors)
WARNING: libgomp.fortran/collapse1.f90 -O0 compilation failed to produce executable
FAIL: libgomp.fortran/crayptr2.f90 -O3 -fomit-frame-pointer -funroll-loops execution test
FAIL: libgomp.fortran/threadprivate3.f90 -O0 execution test
=== libgomp Summary for unix/-m64 ===
# of expected passes 2298
# of unexpected failures 11
# of unsupported tests 9
Running target unix
FAIL: libgomp.c++/collapse-1.C -O0 (internal compiler error)
FAIL: libgomp.c++/collapse-1.C -O0 (test for excess errors)
WARNING: libgomp.c++/collapse-1.C -O0 compilation failed to produce executable
FAIL: libgomp.c++/ctor-8.C -O3 -fomit-frame-pointer -funroll-all-loops -finline-functions execution test
FAIL: libgomp.c++/ctor-8.C -Os execution test
FAIL: libgomp.fortran/crayptr2.f90 -O3 -fomit-frame-pointer execution test
=== libgomp Summary for unix ===
# of expected passes 2304
# of unexpected failures 5
# of unsupported tests 9
=== libgomp Summary ===
# of expected passes 4602
# of unexpected failures 16
# of unsupported tests 18
=== libjava tests ===
Running target unix/-m64
FAIL: PR16923 run
FAIL: getstacktrace run
WARNING: program timed out.
FAIL: getallthreads run
FAIL: InvokeInterface execution - source compiled test
FAIL: InvokeInterface -O3 execution - source compiled test
WARNING: program timed out.
FAIL: PR18699 execution - source compiled test
WARNING: program timed out.
FAIL: PR18699 -findirect-dispatch execution - source compiled test
WARNING: program timed out.
FAIL: PR18699 -O3 execution - source compiled test
WARNING: program timed out.
FAIL: PR18699 -O3 -findirect-dispatch execution - source compiled test
WARNING: program timed out.
FAIL: PR27908 execution - source compiled test
WARNING: program timed out.
FAIL: PR27908 -findirect-dispatch execution - source compiled test
WARNING: program timed out.
FAIL: PR27908 -O3 execution - source compiled test
WARNING: program timed out.
FAIL: PR27908 -O3 -findirect-dispatch execution - source compiled test
FAIL: Thread_Sleep_2 -O3 output - source compiled test
FAIL: Thread_Sleep_2 -O3 -findirect-dispatch output - source compiled test
=== libjava Summary for unix/-m64 ===
# of expected passes 2549
# of unexpected failures 15
# of untested testcases 13
Running target unix
FAIL: events output
WARNING: program timed out.
FAIL: getallthreads run
FAIL: InvokeInterface execution - source compiled test
FAIL: InvokeInterface -O3 execution - source compiled test
WARNING: program timed out.
FAIL: PR18699 execution - source compiled test
WARNING: program timed out.
FAIL: PR18699 -findirect-dispatch execution - source compiled test
WARNING: program timed out.
FAIL: PR18699 -O3 execution - source compiled test
WARNING: program timed out.
FAIL: PR18699 -O3 -findirect-dispatch execution - source compiled test
WARNING: program timed out.
FAIL: PR27908 execution - source compiled test
WARNING: program timed out.
FAIL: PR27908 -findirect-dispatch execution - source compiled test
WARNING: program timed out.
FAIL: PR27908 -O3 execution - source compiled test
WARNING: program timed out.
FAIL: PR27908 -O3 -findirect-dispatch execution - source compiled test
FAIL: Thread_Sleep_2 output - source compiled test
FAIL: Thread_Sleep_2 -findirect-dispatch output - source compiled test
FAIL: Thread_Sleep_2 -O3 output - source compiled test
FAIL: Thread_Sleep_2 -O3 -findirect-dispatch output - source compiled test
=== libjava Summary for unix ===
# of expected passes 2548
# of unexpected failures 16
# of untested testcases 11
=== libjava Summary ===
# of expected passes 5097
# of unexpected failures 31
# of untested testcases 24
=== libstdc++ tests ===
Running target unix/-m64
FAIL: 21_strings/basic_string/element_access/char/21674.cc (test for excess errors)
WARNING: 21_strings/basic_string/element_access/char/21674.cc compilation failed to produce executable
FAIL: 21_strings/basic_string/element_access/wchar_t/21674.cc (test for excess errors)
WARNING: 21_strings/basic_string/element_access/wchar_t/21674.cc compilation failed to produce executable
FAIL: ext/enc_filebuf/char/13598.cc execution test
=== libstdc++ Summary for unix/-m64 ===
# of expected passes 5380
# of unexpected failures 3
# of expected failures 67
# of unsupported tests 512
Running target unix
FAIL: 21_strings/basic_string/element_access/char/21674.cc (test for excess errors)
WARNING: 21_strings/basic_string/element_access/char/21674.cc compilation failed to produce executable
FAIL: 21_strings/basic_string/element_access/wchar_t/21674.cc (test for excess errors)
WARNING: 21_strings/basic_string/element_access/wchar_t/21674.cc compilation failed to produce executable
FAIL: ext/enc_filebuf/char/13598.cc execution test
=== libstdc++ Summary for unix ===
# of expected passes 5380
# of unexpected failures 3
# of expected failures 67
# of unsupported tests 512
=== libstdc++ Summary ===
# of expected passes 10760
# of unexpected failures 6
# of expected failures 134
# of unsupported tests 1024
Compiler version: 4.4.0 20081210 (experimental) [trunk revision 142655] (GCC)
Platform: sparc-sun-solaris2.8
configure flags: --with-as=/usr/ccs/bin/as --with-ld=/usr/ccs/bin/ld --prefix=/export/data/devel-test/gcc-svn/tesbin --disable-static --with-gmp=/export/data/devel-test/tools/install --with-mpfr=/export/data/devel-test/tools/install --enable-languages=c,c++,java,fortran,objc --disable-nls --disable-tls --disable-checking