This is the mail archive of the
gcc-testresults@gcc.gnu.org
mailing list for the GCC project.
Results for 4.4.0 20081205 (experimental) [trunk revision 142485] (GCC) testsuite on i686-pc-linux-gnu
- From: Joey Ye <jye2 at shgcc-16 dot sh dot intel dot com>
- To: gcc-testresults at gcc dot gnu dot org
- Date: Sat, 6 Dec 2008 03:28:37 +0800
- Subject: Results for 4.4.0 20081205 (experimental) [trunk revision 142485] (GCC) testsuite on i686-pc-linux-gnu
LAST_UPDATED: Fri Dec 5 17:45:21 UTC 2008 (revision 142485)
Native configuration is i686-pc-linux-gnu
=== g++ tests ===
Running target unix
=== g++ Summary ===
# of expected passes 19286
# of expected failures 135
# of unsupported tests 97
/home/jye2/gcc/build-daily/gcc/testsuite/g++/../../g++ version 4.4.0 20081205 (experimental) [trunk revision 142485] (GCC)
=== gcc tests ===
Running target unix
FAIL: gcc.dg/pr30286.c execution test
FAIL: gcc.dg/pch/valid-1b.c -O0 -g -I. (test for excess errors)
FAIL: gcc.dg/pch/valid-1b.c -O0 -g assembly comparison
FAIL: gcc.dg/pch/valid-1b.c -O0 -I. (test for excess errors)
FAIL: gcc.dg/pch/valid-1b.c -O0 assembly comparison
FAIL: gcc.dg/pch/valid-1b.c -O1 -I. (test for excess errors)
FAIL: gcc.dg/pch/valid-1b.c -O1 assembly comparison
FAIL: gcc.dg/pch/valid-1b.c -O2 -I. (test for excess errors)
FAIL: gcc.dg/pch/valid-1b.c -O2 assembly comparison
FAIL: gcc.dg/pch/valid-1b.c -O3 -fomit-frame-pointer -I. (test for excess errors)
FAIL: gcc.dg/pch/valid-1b.c -O3 -fomit-frame-pointer assembly comparison
FAIL: gcc.dg/pch/valid-1b.c -O3 -g -I. (test for excess errors)
FAIL: gcc.dg/pch/valid-1b.c -O3 -g assembly comparison
FAIL: gcc.dg/pch/valid-1b.c -Os -I. (test for excess errors)
FAIL: gcc.dg/pch/valid-1b.c -Os assembly comparison
FAIL: gcc.dg/vect/vect-67.c scan-tree-dump-times vect "vectorized 1 loops" 1
FAIL: gcc.dg/vect/no-scevccp-outer-13.c scan-tree-dump-times vect "OUTER LOOP VECTORIZED." 1
FAIL: gcc.dg/vect/no-scevccp-outer-7.c scan-tree-dump-times vect "OUTER LOOP VECTORIZED." 1
FAIL: gcc.target/i386/pr37248-2.c scan-tree-dump optimized "& 3758096391[^
FAIL: gcc.target/i386/pr37248-3.c scan-tree-dump optimized "& 3766484487[^
FAIL: gcc.target/i386/pr37843-3.c scan-assembler-not call[\\\\t ]*foo
FAIL: gcc.target/i386/pr37843-3.c scan-assembler jmp[\\\\t ]*foo
=== gcc Summary ===
# of expected passes 54983
# of unexpected failures 22
# of expected failures 184
# of unsupported tests 877
/home/jye2/gcc/build-daily/gcc/xgcc version 4.4.0 20081205 (experimental) [trunk revision 142485] (GCC)
=== gfortran tests ===
Running target unix
=== gfortran Summary ===
# of expected passes 28826
# of expected failures 10
# of unsupported tests 97
/home/jye2/gcc/build-daily/gcc/testsuite/gfortran/../../gfortran version 4.4.0 20081205 (experimental) [trunk revision 142485] (GCC)
=== objc tests ===
Running target unix
=== objc Summary ===
# of expected passes 1814
# of expected failures 7
# of unsupported tests 24
/home/jye2/gcc/build-daily/gcc/xgcc version 4.4.0 20081205 (experimental) [trunk revision 142485] (GCC)
=== libffi tests ===
Running target unix
=== libffi Summary ===
# of expected passes 1389
# of unsupported tests 10
=== libgomp tests ===
Running target unix
FAIL: libgomp.fortran/threadprivate2.f90 -O1 execution test
=== libgomp Summary ===
# of expected passes 2320
# of unexpected failures 1
=== libjava tests ===
Running target unix
=== libjava Summary ===
# of expected passes 2574
=== libmudflap tests ===
Running target unix
FAIL: libmudflap.c++/pass41-frag.cxx execution test
FAIL: libmudflap.c++/pass41-frag.cxx (-static) execution test
FAIL: libmudflap.c++/pass41-frag.cxx (-O2) execution test
FAIL: libmudflap.c++/pass41-frag.cxx (-O3) execution test
=== libmudflap Summary ===
# of expected passes 1890
# of unexpected failures 4
=== libstdc++ tests ===
Running target unix
XPASS: 26_numerics/headers/cmath/c99_classification_macros_c.cc (test for excess errors)
=== libstdc++ Summary ===
# of expected passes 6361
# of unexpected successes 1
# of expected failures 74
# of unsupported tests 13
Compiler version: 4.4.0 20081205 (experimental) [trunk revision 142485] (GCC)
Platform: i686-pc-linux-gnu
configure flags: --enable-clocale=gnu --with-system-zlib --enable-decimal-float=bid --with-demangler-in-ld --enable-shared --enable-threads=posix --enable-haifa --enable-checking=assert