This is the mail archive of the
gcc-testresults@gcc.gnu.org
mailing list for the GCC project.
Results for 4.4.0 20081130 (experimental) [trunk revision 142294] (GCC) testsuite on x86_64-unknown-linux-gnu
- From: "H.J. Lu" <hjl dot tools at gmail dot com>
- To: gcc-testresults at gcc dot gnu dot org
- Date: Sun, 30 Nov 2008 11:00:02 -0800 (PST)
- Subject: Results for 4.4.0 20081130 (experimental) [trunk revision 142294] (GCC) testsuite on x86_64-unknown-linux-gnu
LAST_UPDATED: Sun Nov 30 17:10:38 UTC 2008 (revision 142294)
Native configuration is x86_64-unknown-linux-gnu
=== gcc tests ===
Running target unix/-m32
FAIL: gcc.c-torture/compile/limits-exprparen.c -O0 (test for excess errors)
FAIL: gcc.c-torture/compile/limits-exprparen.c -O1 (test for excess errors)
FAIL: gcc.c-torture/compile/limits-exprparen.c -O2 (test for excess errors)
FAIL: gcc.c-torture/compile/limits-exprparen.c -O3 -fomit-frame-pointer (test for excess errors)
FAIL: gcc.c-torture/compile/limits-exprparen.c -O3 -g (test for excess errors)
FAIL: gcc.c-torture/compile/limits-exprparen.c -Os (test for excess errors)
FAIL: gcc.dg/pr30286.c execution test
FAIL: gcc.dg/pch/valid-1b.c -O0 -g -I. (test for excess errors)
FAIL: gcc.dg/pch/valid-1b.c -O0 -g assembly comparison
FAIL: gcc.dg/pch/valid-1b.c -O0 -I. (test for excess errors)
FAIL: gcc.dg/pch/valid-1b.c -O0 assembly comparison
FAIL: gcc.dg/pch/valid-1b.c -O1 -I. (test for excess errors)
FAIL: gcc.dg/pch/valid-1b.c -O1 assembly comparison
FAIL: gcc.dg/pch/valid-1b.c -O2 -I. (test for excess errors)
FAIL: gcc.dg/pch/valid-1b.c -O2 assembly comparison
FAIL: gcc.dg/pch/valid-1b.c -O3 -fomit-frame-pointer -I. (test for excess errors)
FAIL: gcc.dg/pch/valid-1b.c -O3 -fomit-frame-pointer assembly comparison
FAIL: gcc.dg/pch/valid-1b.c -O3 -g -I. (test for excess errors)
FAIL: gcc.dg/pch/valid-1b.c -O3 -g assembly comparison
FAIL: gcc.dg/pch/valid-1b.c -Os -I. (test for excess errors)
FAIL: gcc.dg/pch/valid-1b.c -Os assembly comparison
FAIL: gcc.dg/vect/vect-67.c scan-tree-dump-times vect "vectorized 1 loops" 1
FAIL: gcc.dg/vect/no-scevccp-outer-13.c scan-tree-dump-times vect "OUTER LOOP VECTORIZED." 1
FAIL: gcc.dg/vect/no-scevccp-outer-7.c scan-tree-dump-times vect "OUTER LOOP VECTORIZED." 1
FAIL: gcc.target/i386/pr37843-1.c (test for excess errors)
ERROR: gcc.target/i386/pr37843-1.c: error executing dg-final: couldn't open "pr37843-1.s": no such file or directory
UNRESOLVED: gcc.target/i386/pr37843-1.c: error executing dg-final: couldn't open "pr37843-1.s": no such file or directory
FAIL: gcc.target/i386/pr37843-2.c (test for excess errors)
ERROR: gcc.target/i386/pr37843-2.c: error executing dg-final: couldn't open "pr37843-2.s": no such file or directory
UNRESOLVED: gcc.target/i386/pr37843-2.c: error executing dg-final: couldn't open "pr37843-2.s": no such file or directory
=== gcc Summary for unix/-m32 ===
Running target unix
FAIL: gcc.c-torture/compile/limits-exprparen.c -O0 (test for excess errors)
FAIL: gcc.c-torture/compile/limits-exprparen.c -O1 (test for excess errors)
FAIL: gcc.c-torture/compile/limits-exprparen.c -O2 (test for excess errors)
FAIL: gcc.c-torture/compile/limits-exprparen.c -O3 -fomit-frame-pointer (test for excess errors)
FAIL: gcc.c-torture/compile/limits-exprparen.c -O3 -g (test for excess errors)
FAIL: gcc.c-torture/compile/limits-exprparen.c -Os (test for excess errors)
FAIL: gcc.dg/tree-prof/bb-reorg.c compilation, -fprofile-use -D_PROFILE_USE
UNRESOLVED: gcc.dg/tree-prof/bb-reorg.c execution, -fprofile-use -D_PROFILE_USE
FAIL: gcc.dg/tree-prof/pr34999.c compilation, -fprofile-use -D_PROFILE_USE
UNRESOLVED: gcc.dg/tree-prof/pr34999.c execution, -fprofile-use -D_PROFILE_USE
FAIL: gcc.dg/vect/vect-67.c scan-tree-dump-times vect "vectorized 1 loops" 1
FAIL: gcc.dg/vect/no-scevccp-outer-13.c scan-tree-dump-times vect "OUTER LOOP VECTORIZED." 1
FAIL: gcc.dg/vect/no-scevccp-outer-7.c scan-tree-dump-times vect "OUTER LOOP VECTORIZED." 1
FAIL: gcc.target/i386/pr34256.c scan-assembler-times mov 2
FAIL: gcc.target/i386/pr37843-1.c (test for excess errors)
ERROR: gcc.target/i386/pr37843-1.c: error executing dg-final: couldn't open "pr37843-1.s": no such file or directory
UNRESOLVED: gcc.target/i386/pr37843-1.c: error executing dg-final: couldn't open "pr37843-1.s": no such file or directory
FAIL: gcc.target/i386/pr37843-2.c (test for excess errors)
ERROR: gcc.target/i386/pr37843-2.c: error executing dg-final: couldn't open "pr37843-2.s": no such file or directory
UNRESOLVED: gcc.target/i386/pr37843-2.c: error executing dg-final: couldn't open "pr37843-2.s": no such file or directory
=== gcc Summary for unix ===
=== gcc Summary ===
# of expected passes 111234
# of unexpected failures 40
# of expected failures 372
# of unresolved testcases 6
# of unsupported tests 1133
/export/build/gnu/gcc/build-x86_64-linux/gcc/xgcc version 4.4.0 20081130 (experimental) [trunk revision 142294] (GCC)
=== gfortran tests ===
Running target unix/-m32
=== gfortran Summary for unix/-m32 ===
# of expected passes 3978
Running target unix
=== gfortran Summary for unix ===
# of expected passes 3978
=== gfortran Summary ===
# of expected passes 57661
# of expected failures 20
# of unsupported tests 139
/export/build/gnu/gcc/build-x86_64-linux/gcc/testsuite/gfortran/../../gfortran version 4.4.0 20081130 (experimental) [trunk revision 142294] (GCC)
=== g++ tests ===
Running target unix/-m32
=== g++ Summary for unix/-m32 ===
# of expected passes 6812
# of expected failures 28
# of unsupported tests 10
Running target unix
=== g++ Summary for unix ===
# of expected passes 6765
# of expected failures 28
# of unsupported tests 20
=== g++ Summary ===
# of expected passes 38205
# of expected failures 270
# of unsupported tests 344
/export/build/gnu/gcc/build-x86_64-linux/gcc/testsuite/g++/../../g++ version 4.4.0 20081130 (experimental) [trunk revision 142294] (GCC)
=== objc tests ===
Running target unix/-m32
=== objc Summary for unix/-m32 ===
# of expected passes 2
Running target unix
=== objc Summary for unix ===
# of expected passes 2
=== objc Summary ===
# of expected passes 3628
# of expected failures 14
# of unsupported tests 48
/export/build/gnu/gcc/build-x86_64-linux/gcc/xgcc version 4.4.0 20081130 (experimental) [trunk revision 142294] (GCC)
=== libffi tests ===
Running target unix/-m32
=== libffi Summary for unix/-m32 ===
# of expected passes 24
Running target unix
=== libffi Summary for unix ===
# of expected passes 24
=== libffi Summary ===
# of expected passes 2778
# of unsupported tests 20
=== libgomp tests ===
Running target unix/-m32
=== libgomp Summary for unix/-m32 ===
# of expected passes 1399
Running target unix
=== libgomp Summary for unix ===
# of expected passes 1399
=== libgomp Summary ===
# of expected passes 4578
=== libjava tests ===
Running target unix/-m32
=== libjava Summary for unix/-m32 ===
Running target unix
=== libjava Summary for unix ===
=== libjava Summary ===
# of expected passes 5148
=== libmudflap tests ===
Running target unix/-m32
FAIL: libmudflap.c++/pass41-frag.cxx execution test
FAIL: libmudflap.c++/pass41-frag.cxx (-static) execution test
FAIL: libmudflap.c++/pass41-frag.cxx (-O2) execution test
FAIL: libmudflap.c++/pass41-frag.cxx (-O3) execution test
FAIL: libmudflap.cth/pass39-frag.c (rerun 2) execution test
FAIL: libmudflap.cth/pass39-frag.c (rerun 2) output pattern test
FAIL: libmudflap.cth/pass39-frag.c (rerun 16) execution test
FAIL: libmudflap.cth/pass39-frag.c (rerun 16) output pattern test
FAIL: libmudflap.cth/pass39-frag.c (-O2) (rerun 2) execution test
FAIL: libmudflap.cth/pass39-frag.c (-O2) (rerun 2) output pattern test
FAIL: libmudflap.cth/pass39-frag.c (-O2) (rerun 4) execution test
FAIL: libmudflap.cth/pass39-frag.c (-O2) (rerun 4) output pattern test
FAIL: libmudflap.cth/pass39-frag.c (-O3) (rerun 17) execution test
FAIL: libmudflap.cth/pass39-frag.c (-O3) (rerun 17) output pattern test
=== libmudflap Summary for unix/-m32 ===
# of expected passes 342
# of unexpected failures 10
Running target unix
FAIL: libmudflap.c++/pass41-frag.cxx execution test
FAIL: libmudflap.c++/pass41-frag.cxx (-static) execution test
FAIL: libmudflap.c++/pass41-frag.cxx (-O2) execution test
FAIL: libmudflap.c++/pass41-frag.cxx (-O3) execution test
=== libmudflap Summary for unix ===
# of expected passes 352
=== libmudflap Summary ===
# of expected passes 3770
# of unexpected failures 18
=== libstdc++ tests ===
Running target unix/-m32
XPASS: 26_numerics/headers/cmath/c99_classification_macros_c.cc (test for excess errors)
=== libstdc++ Summary for unix/-m32 ===
# of expected passes 6356
# of unexpected successes 1
# of expected failures 74
# of unsupported tests 13
Running target unix
XPASS: 26_numerics/headers/cmath/c99_classification_macros_c.cc (test for excess errors)
=== libstdc++ Summary for unix ===
# of expected passes 6362
# of unexpected successes 1
# of expected failures 74
# of unsupported tests 10
=== libstdc++ Summary ===
# of expected passes 12720
# of unexpected successes 2
# of expected failures 148
# of unsupported tests 23
Compiler version: 4.4.0 20081130 (experimental) [trunk revision 142294] (GCC)
Platform: x86_64-unknown-linux-gnu
configure flags: --enable-clocale=gnu --with-system-zlib --enable-decimal-float=bid --with-demangler-in-ld --enable-shared --enable-threads=posix --enable-haifa --enable-checking=assert --prefix=/usr/gcc-4.4 --with-local-prefix=/usr/local