This is the mail archive of the
gcc-testresults@gcc.gnu.org
mailing list for the GCC project.
Results for 4.4.0 20081119 (experimental) (GCC) testsuite on xtensa-unknown-elf
- From: Bob Wilson <bwilson at tensilica dot com>
- To: gcc-testresults at gcc dot gnu dot org
- Date: Wed, 19 Nov 2008 15:17:08 -0800
- Subject: Results for 4.4.0 20081119 (experimental) (GCC) testsuite on xtensa-unknown-elf
LAST_UPDATED:
Target is xtensa-unknown-elf
Host is i686-pc-linux-gnu
=== gcc tests ===
Running target xtensa-sim
FAIL: gcc.dg/memcpy-1.c scan-tree-dump-times optimized "nasty_local" 0
FAIL: gcc.dg/pr35729.c scan-rtl-dump-times loop2_invariant "Decided to move invariant" 0
FAIL: gcc.dg/utf32-4.c (test for warnings, line 18)
FAIL: gcc.dg/visibility-16.c scan-hidden hidden[ \\t_]*foo
FAIL: gcc.dg/special/gcsec-1.c execution test
FAIL: gcc.dg/weak/weak-1.c scan-assembler weak[^ \\t]*[ \\t]_?j
FAIL: gcc.dg/weak/weak-16.c scan-assembler weak[^ \\t]*[ \\t]_?kallsyms_token_index
=== gcc Summary ===
# of expected passes 47488
# of unexpected failures 7
# of expected failures 124
# of unsupported tests 592
/opt/local/bwilson/gcc/trunk/build/gcc/xgcc version 4.4.0 20081119 (experimental) (GCC)
Host is i686-pc-linux-gnu
=== g++ tests ===
Running target xtensa-sim
FAIL: g++.dg/eh/gcsec1.C execution test
FAIL: g++.dg/ipa/iinline-1.C scan-ipa-dump inline "String::funcOne[^\\n]*inline copy in int main"
FAIL: g++.old-deja/g++.jason/thunk3.C (test for excess errors)
UNRESOLVED: g++.old-deja/g++.jason/thunk3.C compilation failed to produce executable
=== g++ Summary ===
# of expected passes 18036
# of unexpected failures 3
# of expected failures 134
# of unresolved testcases 1
# of unsupported tests 182
/opt/local/bwilson/gcc/trunk/build/gcc/testsuite/g++/../../g++ version 4.4.0 20081119 (experimental) (GCC)
Compiler version: 4.4.0 20081119 (experimental) (GCC)
Platform: xtensa-unknown-elf
configure flags: --target=xtensa-elf --prefix=/home/bwilson/local/gcc/trunk/install --disable-shared --with-as=/home/bwilson/local/gcc/trunk/install/bin/xtensa-elf-as --with-ld=/home/bwilson/local/gcc/trunk/install/bin/xtensa-elf-ld --with-gxx-include-dir=/home/bwilson/local/gcc/trunk/install/xtensa-elf/include/c++ --with-newlib target_alias=xtensa-elf --enable-languages=c,c++ --no-create --no-recursion