This is the mail archive of the
gcc-testresults@gcc.gnu.org
mailing list for the GCC project.
Results for 4.4.0 20081114 (experimental) [trunk revision 141858] (GCC) testsuite on i686-apple-darwin9
- From: dave at hiauly1 dot hia dot nrc dot ca (John David Anglin)
- To: dave at hiauly1 dot hia dot nrc dot ca, gcc-testresults at gcc dot gnu dot org
- Date: Sat, 15 Nov 2008 22:18:40 -0500 (EST)
- Subject: Results for 4.4.0 20081114 (experimental) [trunk revision 141858] (GCC) testsuite on i686-apple-darwin9
LAST_UPDATED: Fri 14 Nov 2008 13:32:28 UTC (revision 141858)
=== acats tests ===
=== acats Summary ===
# of expected passes 2315
# of unexpected failures 0
Native configuration is i686-apple-darwin9
=== gcc tests ===
Running target unix
WARNING: Could not compile gcc.dg/compat/struct-layout-1 generator
FAIL: gcc.dg/cpp/subframework1.c -fno-show-column (test for excess errors)
FAIL: gcc.dg/initpri1.c execution test
FAIL: gcc.dg/pr30286.c execution test
FAIL: gcc.dg/pr35729.c scan-rtl-dump-times loop2_invariant "Decided to move invariant" 0
FAIL: gcc.dg/vect/vect-67.c scan-tree-dump-times vect "vectorized 1 loops" 1
FAIL: gcc.dg/vect/no-scevccp-outer-13.c scan-tree-dump-times vect "OUTER LOOP VECTORIZED." 1
FAIL: gcc.dg/vect/no-scevccp-outer-7.c scan-tree-dump-times vect "OUTER LOOP VECTORIZED." 1
FAIL: gcc.target/i386/sse4_2-popcntl.c (test for excess errors)
WARNING: gcc.target/i386/sse4_2-popcntl.c compilation failed to produce executable
=== gcc Summary ===
# of expected passes 53372
# of unexpected failures 8
# of expected failures 200
# of unsupported tests 1044
/Users/dave/Documents/gnu/gcc/objdir/gcc/xgcc version 4.4.0 20081114 (experimental) [trunk revision 141858] (GCC)
=== gnat tests ===
Running target unix
FAIL: gnat.dg/loop_optimization1.adb (test for excess errors)
=== gnat Summary ===
# of expected passes 596
# of unexpected failures 1
# of expected failures 6
=== libgomp tests ===
Running target unix
=== libgomp Summary ===
# of expected passes 225
# of unsupported tests 8
Compiler version: 4.4.0 20081114 (experimental) [trunk revision 141858] (GCC)
Platform: i686-apple-darwin9
configure flags: --build=i686-apple-darwin9 --host=i686-apple-darwin9 --target=i686-apple-darwin9 --with-gnu-as --with-tune=generic --prefix=/opt/gnu/gcc/gcc-4.4.0 --enable-debug=no --disable-nls --enable-languages=c,ada --enable-threads=posix --enable-__cxa_atexit --enable-java-gc=boehm --enable-java-awt=xlib