This is the mail archive of the
gcc-testresults@gcc.gnu.org
mailing list for the GCC project.
Results for 4.3.2 (GCC) testsuite on hppa1.1-hp-hpux10.20
- From: dave at hiauly1 dot hia dot nrc dot ca (John David Anglin)
- To: dave at hiauly1 dot hia dot nrc dot ca, gcc-testresults at gcc dot gnu dot org
- Date: Sat, 8 Nov 2008 13:28:25 -0500 (EST)
- Subject: Results for 4.3.2 (GCC) testsuite on hppa1.1-hp-hpux10.20
LAST_UPDATED: Sun Nov 2 22:29:10 UTC 2008 (revision 141538)
=== acats tests ===
Native configuration is hppa1.1-hp-hpux10.20
=== g++ tests ===
Running target unix
WARNING: program timed out.
FAIL: g++.dg/eh/cleanup1.C (test for excess errors)
FAIL: g++.dg/ext/tmplattr9.C (test for excess errors)
WARNING: program timed out.
FAIL: g++.dg/torture/pr31863.C -O0 (test for excess errors)
WARNING: program timed out.
FAIL: g++.dg/torture/pr31863.C -O1 (test for excess errors)
WARNING: program timed out.
FAIL: g++.dg/torture/pr31863.C -O2 (test for excess errors)
WARNING: program timed out.
FAIL: g++.dg/torture/pr31863.C -O3 -fomit-frame-pointer (test for excess errors)
WARNING: program timed out.
FAIL: g++.dg/torture/pr31863.C -O3 -g (test for excess errors)
WARNING: program timed out.
FAIL: g++.dg/torture/pr31863.C -Os (test for excess errors)
XPASS: g++.old-deja/g++.pt/static6.C (test for excess errors)
=== g++ Summary ===
# of expected passes 16123
# of unexpected failures 8
# of unexpected successes 1
# of expected failures 82
# of unsupported tests 231
/xxx/gnu/gcc/objdir/gcc/testsuite/g++/../../g++ version 4.3.2 (GCC)
=== gcc tests ===
Running target unix
WARNING: program timed out.
FAIL: gcc.c-torture/compile/20001226-1.c -O2 (test for excess errors)
WARNING: program timed out.
FAIL: gcc.c-torture/compile/20001226-1.c -O3 -fomit-frame-pointer (test for excess errors)
WARNING: program timed out.
FAIL: gcc.c-torture/compile/20001226-1.c -O3 -g (test for excess errors)
WARNING: program timed out.
FAIL: gcc.c-torture/compile/20001226-1.c -Os (test for excess errors)
WARNING: program timed out.
FAIL: gcc.c-torture/compile/limits-fndefn.c -O1 (test for excess errors)
WARNING: program timed out.
FAIL: gcc.c-torture/compile/limits-fndefn.c -O2 (test for excess errors)
WARNING: program timed out.
FAIL: gcc.c-torture/compile/limits-fndefn.c -O3 -fomit-frame-pointer (test for excess errors)
WARNING: program timed out.
FAIL: gcc.c-torture/compile/limits-fndefn.c -O3 -g (test for excess errors)
WARNING: program timed out.
FAIL: gcc.c-torture/compile/limits-fndefn.c -Os (test for excess errors)
FAIL: gcc.c-torture/compile/limits-structnest.c -O2 (test for excess errors)
FAIL: gcc.c-torture/compile/limits-structnest.c -O3 -fomit-frame-pointer (test for excess errors)
FAIL: gcc.c-torture/compile/limits-structnest.c -O3 -g (test for excess errors)
FAIL: gcc.c-torture/compile/limits-structnest.c -Os (test for excess errors)
XPASS: gcc.dg/cpp/cmdlne-dI-M.c scan-file (^|\\\\n)cmdlne-dI-M.*:[^\\\\n]*cmdlne-dI-M.c
XPASS: gcc.dg/cpp/cmdlne-dM-M.c scan-file (^|\\\\n)cmdlne-dM-M[^\\\\n]*:[^\\\\n]*cmdlne-dM-M.c
WARNING: program timed out.
FAIL: gcc.dg/c99-intconst-1.c (test for excess errors)
FAIL: gcc.dg/struct/wo_prof_global_var.c execution test
FAIL: gcc.dg/struct/wo_prof_local_var.c execution test
FAIL: gcc.dg/struct/wo_prof_malloc_size_var.c execution test
FAIL: gcc.dg/struct/w_prof_global_var.c execution, -O3 -fwhole-program -combine -fipa-type-escape -fprofile-use -fipa-struct-reorg -fdump-ipa-all
FAIL: gcc.dg/struct/w_prof_local_var.c execution, -O3 -fwhole-program -combine -fipa-type-escape -fprofile-use -fipa-struct-reorg -fdump-ipa-all
XPASS: gcc.dg/tree-ssa/20040204-1.c scan-tree-dump-times optimized "link_error" 0
=== gcc Summary ===
# of expected passes 44506
# of unexpected failures 19
# of unexpected successes 3
# of expected failures 90
# of untested testcases 35
# of unsupported tests 499
/xxx/gnu/gcc/objdir/gcc/xgcc version 4.3.2 (GCC)
=== gfortran tests ===
Running target unix
FAIL: gfortran.dg/include_2.f90 -O (test for excess errors)
FAIL: gfortran.dg/integer_exponentiation_4.f90 -O (internal compiler error)
FAIL: gfortran.dg/integer_exponentiation_4.f90 -O (test for errors, line 24)
FAIL: gfortran.dg/integer_exponentiation_4.f90 -O (test for errors, line 25)
FAIL: gfortran.dg/integer_exponentiation_4.f90 -O (test for errors, line 26)
FAIL: gfortran.dg/integer_exponentiation_4.f90 -O (test for errors, line 27)
FAIL: gfortran.dg/integer_exponentiation_4.f90 -O (test for errors, line 35)
FAIL: gfortran.dg/integer_exponentiation_4.f90 -O (test for errors, line 36)
FAIL: gfortran.dg/integer_exponentiation_4.f90 -O (test for errors, line 37)
FAIL: gfortran.dg/integer_exponentiation_4.f90 -O (test for errors, line 38)
FAIL: gfortran.dg/integer_exponentiation_4.f90 -O (test for errors, line 41)
FAIL: gfortran.dg/integer_exponentiation_4.f90 -O (test for errors, line 42)
FAIL: gfortran.dg/integer_exponentiation_4.f90 -O (test for excess errors)
FAIL: gfortran.dg/namelist_42.f90 -O0 execution test
FAIL: gfortran.dg/namelist_42.f90 -O1 execution test
FAIL: gfortran.dg/namelist_42.f90 -O2 execution test
FAIL: gfortran.dg/namelist_42.f90 -O3 -fomit-frame-pointer execution test
FAIL: gfortran.dg/namelist_42.f90 -O3 -fomit-frame-pointer -funroll-loops execution test
FAIL: gfortran.dg/namelist_42.f90 -O3 -fomit-frame-pointer -funroll-all-loops -finline-functions execution test
FAIL: gfortran.dg/namelist_42.f90 -O3 -g execution test
FAIL: gfortran.dg/namelist_42.f90 -Os execution test
FAIL: gfortran.dg/namelist_43.f90 -O0 execution test
FAIL: gfortran.dg/namelist_43.f90 -O1 execution test
FAIL: gfortran.dg/namelist_43.f90 -O2 execution test
FAIL: gfortran.dg/namelist_43.f90 -O3 -fomit-frame-pointer execution test
FAIL: gfortran.dg/namelist_43.f90 -O3 -fomit-frame-pointer -funroll-loops execution test
FAIL: gfortran.dg/namelist_43.f90 -O3 -fomit-frame-pointer -funroll-all-loops -finline-functions execution test
FAIL: gfortran.dg/namelist_43.f90 -O3 -g execution test
FAIL: gfortran.dg/namelist_43.f90 -Os execution test
FAIL: gfortran.dg/nan_3.f90 -O0 execution test
FAIL: gfortran.dg/nan_3.f90 -O1 execution test
FAIL: gfortran.dg/nan_3.f90 -O2 execution test
FAIL: gfortran.dg/nan_3.f90 -O3 -fomit-frame-pointer execution test
FAIL: gfortran.dg/nan_3.f90 -O3 -fomit-frame-pointer -funroll-loops execution test
FAIL: gfortran.dg/nan_3.f90 -O3 -fomit-frame-pointer -funroll-all-loops -finline-functions execution test
FAIL: gfortran.dg/nan_3.f90 -O3 -g execution test
FAIL: gfortran.dg/nan_3.f90 -Os execution test
FAIL: gfortran.dg/nint_2.f90 -O0 execution test
=== gfortran Summary ===
# of expected passes 23645
# of unexpected failures 38
# of expected failures 1
# of unsupported tests 148
/xxx/gnu/gcc/objdir/gcc/testsuite/gfortran/../../gfortran version 4.3.2 (GCC)
=== gnat tests ===
Running target unix
FAIL: gnat.dg/test_image.adb execution test
=== gnat Summary ===
# of expected passes 365
# of unexpected failures 1
# of expected failures 1
=== obj-c++ tests ===
Running target unix
WARNING: obj-c++.dg/lookup-2.mm compilation failed to produce executable
WARNING: obj-c++.dg/try-catch-2.mm compilation failed to produce executable
WARNING: obj-c++.dg/try-catch-9.mm compilation failed to produce executable
=== obj-c++ Summary ===
# of expected passes 435
# of expected failures 9
# of unsupported tests 14
/xxx/gnu/gcc/objdir/gcc/testsuite/obj-c++/../../g++ version 4.3.2 (GCC)
=== objc tests ===
Running target unix
=== objc Summary ===
# of expected passes 1806
# of expected failures 7
# of unsupported tests 27
/xxx/gnu/gcc/objdir/gcc/xgcc version 4.3.2 (GCC)
=== libstdc++ tests ===
Running target unix
FAIL: 27_io/basic_istream/extractors_arithmetic/char/12.cc execution test
WARNING: program timed out.
FAIL: ext/pb_ds/regression/hash_data_map_rand.cc (test for excess errors)
WARNING: ext/pb_ds/regression/hash_data_map_rand.cc compilation failed to produce executable
WARNING: program timed out.
FAIL: ext/pb_ds/regression/hash_no_data_map_rand.cc (test for excess errors)
WARNING: ext/pb_ds/regression/hash_no_data_map_rand.cc compilation failed to produce executable
WARNING: program timed out.
FAIL: ext/pb_ds/regression/list_update_data_map_rand.cc (test for excess errors)
WARNING: ext/pb_ds/regression/list_update_data_map_rand.cc compilation failed to produce executable
WARNING: program timed out.
FAIL: ext/pb_ds/regression/list_update_no_data_map_rand.cc (test for excess errors)
WARNING: ext/pb_ds/regression/list_update_no_data_map_rand.cc compilation failed to produce executable
WARNING: program timed out.
FAIL: ext/pb_ds/regression/priority_queue_rand.cc (test for excess errors)
WARNING: ext/pb_ds/regression/priority_queue_rand.cc compilation failed to produce executable
WARNING: program timed out.
FAIL: ext/pb_ds/regression/tree_data_map_rand.cc (test for excess errors)
WARNING: ext/pb_ds/regression/tree_data_map_rand.cc compilation failed to produce executable
WARNING: program timed out.
FAIL: ext/pb_ds/regression/tree_no_data_map_rand.cc (test for excess errors)
WARNING: ext/pb_ds/regression/tree_no_data_map_rand.cc compilation failed to produce executable
WARNING: program timed out.
FAIL: ext/pb_ds/regression/trie_data_map_rand.cc (test for excess errors)
WARNING: ext/pb_ds/regression/trie_data_map_rand.cc compilation failed to produce executable
WARNING: program timed out.
FAIL: ext/pb_ds/regression/trie_no_data_map_rand.cc (test for excess errors)
WARNING: ext/pb_ds/regression/trie_no_data_map_rand.cc compilation failed to produce executable
=== libstdc++ Summary ===
# of expected passes 3981
# of unexpected failures 10
# of expected failures 57
# of unsupported tests 199
Compiler version: 4.3.2 (GCC)
Platform: hppa1.1-hp-hpux10.20
configure flags: --with-gnu-as --with-as=/usr/local/bin/as --enable-shared --prefix=/opt/gnu/gcc/gcc-4.3.2 --with-gmp=/opt/gnu/gcc/gcc-4.3.2 --enable-debug=no --disable-nls --enable-checking=release --enable-languages=c,c++,objc,fortran,ada,obj-c++