This is the mail archive of the gcc-testresults@gcc.gnu.org mailing list for the GCC project.


Index Nav: [Date Index] [Subject Index] [Author Index] [Thread Index]
Message Nav: [Date Prev] [Date Next] [Thread Prev] [Thread Next]
Other format: [Raw text]

Results for 3.4.6 (Debian 3.4.6-9) testsuite on mipsel-unknown-linux-gnu


LAST_UPDATED: Obtained from SVN: tags/gcc_3_4_6_release revision 111785

Native configuration is mipsel-unknown-linux-gnu

		=== g77 tests ===


Running target unix

		=== g77 Summary ===

# of expected passes		1812
# of unsupported tests		6
/build/buildd/gcc-3.4-3.4.6ds1/build/gcc/testsuite/../g77  version 3.4.6 (Debian 3.4.6-9)

		=== gcc tests ===


Running target unix
FAIL: gcc.dg/builtins-18.c (test for excess errors)
XPASS: gcc.dg/sibcall-3.c execution test
XPASS: gcc.dg/sibcall-4.c execution test
FAIL: mips-abi 64
FAIL: gcc.dg/torture/pr19683-1.c  -O2  execution test
FAIL: gcc.dg/torture/pr19683-1.c  -O3 -fomit-frame-pointer  execution test
FAIL: gcc.dg/torture/pr19683-1.c  -O3 -g  execution test
FAIL: gcc.dg/torture/pr19683-1.c  -Os  execution test

		=== gcc Summary ===

# of expected passes		24971
# of unexpected failures	6
# of unexpected successes	2
# of expected failures		68
# of untested testcases		7
# of unsupported tests		327
/build/buildd/gcc-3.4-3.4.6ds1/build/gcc/xgcc version 3.4.6 (Debian 3.4.6-9)


Compiler version: 3.4.6 (Debian 3.4.6-9) 
Platform: mipsel-unknown-linux-gnu
configure flags: -v --enable-languages=c,f77 --prefix=/usr --libexecdir=/usr/lib --with-gxx-include-dir=/usr/include/c++/3.4 --enable-shared --with-system-zlib --enable-nls --without-included-gettext --program-suffix=-3.4 --enable-__cxa_atexit mipsel-linux-gnu
BOOT_CFLAGS=-O2 


Build Dependencies:
Desired=Unknown/Install/Remove/Purge/Hold
| Status=Not/Inst/Cfg-files/Unpacked/Failed-cfg/Half-inst/trig-aWait/Trig-pend
|/ Err?=(none)/Hold/Reinst-required/X=both-problems (Status,Err: uppercase=bad)
||/ Name                                  Version              Description
+++-=====================================-====================-==============================================
ii  binutils                              2.18.1~cvs20080103-7 The GNU assembler, linker and binary utilities


Patches that Debian applied in this version:

gcc-textdomain:
  Set gettext's domain and textdomain to the versioned package name.

libstdc++-pic:
  Build and install libstdc++_pic.a library.

libstdc++-doclink:
  adjust hrefs to point to the local documentation

libstdc++-doxygen-syntax:
  fix doxygen syntax error in header that causes segfaults with some
  versions

amd64-specs:
  On x86-64 use 64bits mode assembly except with -m32.

gccbug:
  Use sensible-editor instead of vi as fallback editor

gccbug-posix:
  Make gccbug POSIX compliant (patch by David Weinehall)
  http://www.opengroup.org/onlinepubs/009695399/utilities/test.html

hppa-toplevel:
  For hppa-linux enable libgcj and dependent libs in the toplevel directory

hppa-libffi:
  libffi support for hppa

hppa-libjava:
  Enable libjava support for hppa

hppa-libjava-update:
  MD_FALLBACK_FRAME_STATE_FOR definition for pa32-linux

fastjar-update:
  Implement fastjar -u (PR 7854).

fastjar-version:
  Append GCC version to the fastjar version string.

boehm-gc-nocheck:
  Disable the boehm-gc testsuite. Hangs forever on this architecture

libltdl:
  * libltdl.dpatch: Search the versioned extension, when loading a shared
  library (i.e. gij looks for .so.5 for loading additional libraries
  like the GTK based AWT peers.

m68k-update:
  Add two m68k specfic patches backported from 4.0 concerning wrong code
  generation (Richard Zidlicky).

libf2c-mxunit:
  libf2c/libI77/fio.c: Set MXUNIT to 1000.

arm-bigendian:

tool-version-checks:
  Backpart version checks for makeinfo and ld.

cpu-default-i486:
  set default 32bit ix86 architecture to i486

fastjar-doc:
  fastjar.texi: Directly define the gcctabopt and gccoptlist macros.

libffi-soversion:
  Install libffi with soversion 3.

multiarch-include:
  multiarch-include.dpatch
  
  Adds multiarch include directories
  /usr/local/include/<arch>-linux-gnu
  /usr/include/<arch>-linux-gnu
  to the system include paths.

link-libs:

reporting:
  Add Debian URL for bug reporting isntructions.

gcc-version:
  Add package identification to the gcc version string

configure-deplibs_check_method:
  In all configure scripts for libraries, generated with autoconf2.13, use
  deplibs_check_method=pass_all unconditionally for all linux architectures.

Counting all warnings,
there are 34 warnings in stage3 of this bootstrap.

Number of warnings per file:
     10 gcc/config/mips/mips.md
      8 ./auto-host.h
      4 gcc/tsystem.h
      4 gcc/defaults.h
      3 gengtype-lex.c
      2 insn-conditions.c
      2 gcc/gcc.c
      1 gcc/libgcc2.c

Number of warning types:
      8 this is the location of the previous definition
      7 operand 1 missing mode?
      4 string length `???' is greater than the length `???' ISO C89 compilers are required to support
      4 `HAVE_DECL_GETOPT' redefined
      4 `DEFAULT_USE_CXA_ATEXIT' redefined
      3 operand 0 missing mode?
      3 old-style parameter declaration
      1 no previous prototype for '__enable_execute_stack'


Index Nav: [Date Index] [Subject Index] [Author Index] [Thread Index]
Message Nav: [Date Prev] [Date Next] [Thread Prev] [Thread Next]