This is the mail archive of the gcc-testresults@gcc.gnu.org mailing list for the GCC project.


Index Nav: [Date Index] [Subject Index] [Author Index] [Thread Index]
Message Nav: [Date Prev] [Date Next] [Thread Prev] [Thread Next]
Other format: [Raw text]

Results for 4.3.3 20081028 (prerelease) [gcc-4_3-branch revision 141407] (GCC) testsuite on x86_64-unknown-linux-gnu


LAST_UPDATED: Tue Oct 28 12:48:22 UTC 2008 (revision 141407)

		=== acats tests ===

		=== acats Summary ===
# of expected passes		2313
# of unexpected failures	0
Native configuration is x86_64-unknown-linux-gnu

		=== gcc tests ===


Running target unix

		=== gcc Summary ===

# of expected passes		49231
# of expected failures		168
# of untested testcases		35
# of unsupported tests		468
/home/guerby/build43/gcc/xgcc  version 4.3.3 20081028 (prerelease) [gcc-4_3-branch revision 141407] (GCC) 

		=== gnat tests ===


Running target unix

		=== gnat Summary ===

# of expected passes		372
# of expected failures		1
		=== libgomp tests ===


Running target unix

		=== libgomp Summary ===

# of expected passes		185
		=== libmudflap tests ===


Running target unix
WARNING: program timed out.
FAIL: libmudflap.cth/pass40-frag.c execution test
FAIL: libmudflap.cth/pass40-frag.c output pattern test

		=== libmudflap Summary ===

# of expected passes		1698
# of unexpected failures	2
# of unsupported tests		2

Compiler version: 4.3.3 20081028 (prerelease) [gcc-4_3-branch revision 141407] (GCC) 
Platform: x86_64-unknown-linux-gnu
configure flags: --prefix=/n/12/guerby/install-4.3 --enable-languages=c,ada --enable-__cxa_atexit --disable-nls --enable-threads=posix --disable-multilib --with-mpfr=/opt/cfarm/mpfr-2.3.1


Index Nav: [Date Index] [Subject Index] [Author Index] [Thread Index]
Message Nav: [Date Prev] [Date Next] [Thread Prev] [Thread Next]