This is the mail archive of the gcc-testresults@gcc.gnu.org mailing list for the GCC project.


Index Nav: [Date Index] [Subject Index] [Author Index] [Thread Index]
Message Nav: [Date Prev] [Date Next] [Thread Prev] [Thread Next]
Other format: [Raw text]

Results for 4.2.4 (Debian 4.2.4-4) testsuite on arm-unknown-linux-gnu


LAST_UPDATED: Wed Oct  8 10:16:06 UTC 2008 (revision 140971)

Native configuration is arm-unknown-linux-gnu

		=== libffi tests ===


Running target unix
FAIL: libffi.call/cls_2byte.c -O0 -W -Wall execution test
FAIL: libffi.call/cls_3_1byte.c -O0 -W -Wall execution test
FAIL: libffi.call/cls_3byte1.c -O0 -W -Wall output pattern test, is 1 15 20436 187: 20437 202
FAIL: libffi.call/cls_3byte2.c -O0 -W -Wall execution test
FAIL: libffi.call/cls_4_1byte.c -O0 -W -Wall execution test
FAIL: libffi.call/cls_4byte.c -O0 -W -Wall execution test
FAIL: libffi.call/struct5.c -O0 -W -Wall execution test
FAIL: libffi.call/cls_2byte.c -O2 execution test
FAIL: libffi.call/cls_3_1byte.c -O2 execution test
FAIL: libffi.call/cls_3byte1.c -O2 output pattern test, is 1 15 12236 189: 12237 204
FAIL: libffi.call/cls_3byte2.c -O2 execution test
FAIL: libffi.call/cls_4_1byte.c -O2 execution test
FAIL: libffi.call/cls_4byte.c -O2 execution test
FAIL: libffi.call/struct5.c -O2 execution test
FAIL: libffi.call/cls_2byte.c -O3 output pattern test, is 1 13 196 159: 197 172
FAIL: libffi.call/cls_3_1byte.c -O3 execution test
FAIL: libffi.call/cls_3byte1.c -O3 output pattern test, is 1 15 65484 161: 65485 176
FAIL: libffi.call/cls_3byte2.c -O3 execution test
FAIL: libffi.call/cls_4_1byte.c -O3 execution test
FAIL: libffi.call/cls_4byte.c -O3 execution test
FAIL: libffi.call/struct5.c -O3 execution test
FAIL: libffi.call/cls_2byte.c -Os execution test
FAIL: libffi.call/cls_3_1byte.c -Os execution test
FAIL: libffi.call/cls_3byte1.c -Os output pattern test, is 1 15 8144 137: 8145 152
FAIL: libffi.call/cls_3byte2.c -Os execution test
FAIL: libffi.call/cls_4_1byte.c -Os execution test
FAIL: libffi.call/cls_4byte.c -Os execution test
FAIL: libffi.call/struct5.c -Os execution test
FAIL: libffi.call/cls_2byte.c -O2 -fomit-frame-pointer output pattern test, is 1 13 196 207: 197 220
FAIL: libffi.call/cls_3_1byte.c -O2 -fomit-frame-pointer execution test
FAIL: libffi.call/cls_3byte1.c -O2 -fomit-frame-pointer output pattern test, is 1 15 49100 138: 49101 153
FAIL: libffi.call/cls_3byte2.c -O2 -fomit-frame-pointer execution test
FAIL: libffi.call/cls_4_1byte.c -O2 -fomit-frame-pointer execution test
FAIL: libffi.call/cls_4byte.c -O2 -fomit-frame-pointer execution test
FAIL: libffi.call/struct5.c -O2 -fomit-frame-pointer execution test

		=== libffi Summary ===

# of expected passes		1331
# of unexpected failures	35
# of unsupported tests		10
		=== libgomp tests ===


Running target unix

		=== libgomp Summary ===

# of expected passes		1560
# of unsupported tests		7
		=== libmudflap tests ===


Running target unix

		=== libmudflap Summary ===

# of expected passes		1814
		=== libstdc++ tests ===


Running target unix
FAIL: 19_diagnostics/23591_thread-1.c execution test
FAIL: 22_locale/ctype/cons/char/1.cc execution test
FAIL: 23_containers/deque/modifiers/swap/3.cc execution test
FAIL: 23_containers/list/modifiers/swap/3.cc execution test
FAIL: 23_containers/map/modifiers/swap/3.cc execution test
FAIL: 23_containers/multimap/modifiers/swap/3.cc execution test
FAIL: 23_containers/multiset/modifiers/swap/3.cc execution test
FAIL: 23_containers/set/modifiers/swap/3.cc execution test
FAIL: 23_containers/vector/bool/modifiers/swap/2.cc execution test
FAIL: 23_containers/vector/modifiers/swap/3.cc execution test
XPASS: 26_numerics/cmath/c99_classification_macros_c.cc (test for excess errors)
WARNING: program timed out.
FAIL: ext/pb_ds/regression/hash_data_map_rand.cc (test for excess errors)
UNRESOLVED: ext/pb_ds/regression/hash_data_map_rand.cc compilation failed to produce executable
WARNING: program timed out.
FAIL: ext/pb_ds/regression/hash_no_data_map_rand.cc (test for excess errors)
UNRESOLVED: ext/pb_ds/regression/hash_no_data_map_rand.cc compilation failed to produce executable
WARNING: program timed out.
FAIL: ext/pb_ds/regression/tree_data_map_rand.cc (test for excess errors)
UNRESOLVED: ext/pb_ds/regression/tree_data_map_rand.cc compilation failed to produce executable
WARNING: program timed out.
FAIL: ext/pb_ds/regression/tree_no_data_map_rand.cc (test for excess errors)
UNRESOLVED: ext/pb_ds/regression/tree_no_data_map_rand.cc compilation failed to produce executable
WARNING: program timed out.
FAIL: ext/pb_ds/regression/trie_data_map_rand.cc (test for excess errors)
UNRESOLVED: ext/pb_ds/regression/trie_data_map_rand.cc compilation failed to produce executable
WARNING: program timed out.
FAIL: ext/pb_ds/regression/trie_no_data_map_rand.cc (test for excess errors)
UNRESOLVED: ext/pb_ds/regression/trie_no_data_map_rand.cc compilation failed to produce executable
FAIL: tr1/4_metaprogramming/other_transformations/aligned_storage/aligned_storage.cc execution test
FAIL: tr1/4_metaprogramming/type_properties/is_empty/is_empty.cc execution test
FAIL: tr1/4_metaprogramming/type_properties/is_polymorphic/is_polymorphic.cc execution test
FAIL: tr1/6_containers/unordered/swap/unordered_map/2.cc execution test
FAIL: tr1/6_containers/unordered/swap/unordered_multimap/2.cc execution test
FAIL: tr1/6_containers/unordered/swap/unordered_multiset/2.cc execution test
FAIL: tr1/6_containers/unordered/swap/unordered_set/2.cc execution test

		=== libstdc++ Summary ===

# of expected passes		3823
# of unexpected failures	23
# of unexpected successes	1
# of expected failures		14
# of unresolved testcases	6
# of unsupported tests		316
Target: arm-linux-gnu
gcc version 4.2.4 (Debian 4.2.4-4)

		=== g++ tests ===


Running target unix
FAIL: tmpdir-g++.dg-struct-layout-1/t026 cp_compat_x_tst.o-cp_compat_y_tst.o execute 
XPASS: g++.dg/other/packed1.C execution test
FAIL: g++.dg/parse/pragma3.C execution test

		=== g++ Summary ===

# of expected passes		13562
# of unexpected failures	2
# of unexpected successes	1
# of expected failures		67
# of unsupported tests		118
/build/buildd/gcc-4.2-4.2.4/build/gcc/testsuite/g++/../../g++  version 4.2.4 (Debian 4.2.4-4)

		=== gcc tests ===


Running target unix
WARNING: program timed out.
FAIL: gcc.c-torture/compile/20001226-1.c  -O2  (test for excess errors)
WARNING: program timed out.
FAIL: gcc.c-torture/compile/20001226-1.c  -O3 -fomit-frame-pointer  (test for excess errors)
WARNING: program timed out.
FAIL: gcc.c-torture/compile/20001226-1.c  -O3 -g  (test for excess errors)
FAIL: gcc.c-torture/compile/pr34688.c  -O1  (test for excess errors)
FAIL: gcc.c-torture/compile/pr34688.c  -O2  (test for excess errors)
FAIL: gcc.c-torture/compile/pr34688.c  -O3 -fomit-frame-pointer  (test for excess errors)
FAIL: gcc.c-torture/compile/pr34688.c  -O3 -fomit-frame-pointer -funroll-loops  (test for excess errors)
FAIL: gcc.c-torture/compile/pr34688.c  -O3 -fomit-frame-pointer -funroll-all-loops -finline-functions  (test for excess errors)
FAIL: gcc.c-torture/compile/pr34688.c  -O3 -g  (test for excess errors)
FAIL: gcc.c-torture/compile/pr34688.c  -Os  (test for excess errors)
FAIL: gcc.c-torture/execute/20050121-1.c compilation,  -O0  (internal compiler error)
UNRESOLVED: gcc.c-torture/execute/20050121-1.c execution,  -O0 
UNRESOLVED: gcc.c-torture/execute/mayalias-2.c execution,  -O3 -g 
FAIL: gcc.dg/compat/scalar-return-4 c_compat_y_tst.o compile,  (internal compiler error)
UNRESOLVED: gcc.dg/compat/scalar-return-4 c_compat_x_tst.o-c_compat_y_tst.o link 
UNRESOLVED: gcc.dg/compat/scalar-return-4 c_compat_x_tst.o-c_compat_y_tst.o execute 
FAIL: gcc.dg/arm-mmx-1.c (test for excess errors)
ERROR: gcc.dg/arm-mmx-1.c: error executing dg-final: couldn't open "arm-mmx-1.s": no such file or directory
UNRESOLVED: gcc.dg/arm-mmx-1.c: error executing dg-final: couldn't open "arm-mmx-1.s": no such file or directory
FAIL: gcc.dg/pr28322-2.c  (test for warnings, line )
FAIL: gcc.dg/pr28322-2.c (test for excess errors)
FAIL: gcc.dg/pr28322-3.c  (test for warnings, line )
FAIL: gcc.dg/pr28322-3.c  (test for warnings, line )
FAIL: gcc.dg/pr28322.c (test for excess errors)
FAIL: gcc.dg/pragma-pack-3.c execution test

		=== gcc Summary ===

# of expected passes		41272
# of unexpected failures	19
# of expected failures		84
# of unresolved testcases	5
# of untested testcases		28
# of unsupported tests		370
/build/buildd/gcc-4.2-4.2.4/build/gcc/xgcc  version 4.2.4 (Debian 4.2.4-4)

		=== gfortran tests ===


Running target unix
FAIL: gfortran.dg/common_5.f  -O   (test for warnings, line 6)
XPASS: gfortran.dg/csqrt_2.f  -O0  execution test
XPASS: gfortran.dg/csqrt_2.f  -O1  execution test
XPASS: gfortran.dg/csqrt_2.f  -O2  execution test
XPASS: gfortran.dg/csqrt_2.f  -O3 -fomit-frame-pointer  execution test
XPASS: gfortran.dg/csqrt_2.f  -O3 -fomit-frame-pointer -funroll-loops  execution test
XPASS: gfortran.dg/csqrt_2.f  -O3 -fomit-frame-pointer -funroll-all-loops -finline-functions  execution test
XPASS: gfortran.dg/csqrt_2.f  -O3 -g  execution test
XPASS: gfortran.dg/csqrt_2.f  -Os  execution test
FAIL: gfortran.dg/secnds.f  -O0  execution test
FAIL: gfortran.fortran-torture/execute/intrinsic_set_exponent.f90 execution,  -O0 
FAIL: gfortran.fortran-torture/execute/intrinsic_set_exponent.f90 execution,  -O1 
FAIL: gfortran.fortran-torture/execute/intrinsic_set_exponent.f90 execution,  -O2 
FAIL: gfortran.fortran-torture/execute/intrinsic_set_exponent.f90 execution,  -O3 -fomit-frame-pointer 
FAIL: gfortran.fortran-torture/execute/intrinsic_set_exponent.f90 execution,  -O3 -fomit-frame-pointer -funroll-loops 
FAIL: gfortran.fortran-torture/execute/intrinsic_set_exponent.f90 execution,  -O3 -fomit-frame-pointer -funroll-all-loops -finline-functions 
FAIL: gfortran.fortran-torture/execute/intrinsic_set_exponent.f90 execution,  -O3 -g 
FAIL: gfortran.fortran-torture/execute/intrinsic_set_exponent.f90 execution,  -Os 

		=== gfortran Summary ===

# of expected passes		16093
# of unexpected failures	10
# of unexpected successes	8
# of expected failures		6
# of unsupported tests		91
/build/buildd/gcc-4.2-4.2.4/build/gcc/testsuite/gfortran/../../gfortran  version 4.2.4 (Debian 4.2.4-4)

		=== obj-c++ tests ===


Running target unix
UNRESOLVED: obj-c++.dg/lookup-2.mm compilation failed to produce executable
UNRESOLVED: obj-c++.dg/try-catch-2.mm compilation failed to produce executable
UNRESOLVED: obj-c++.dg/try-catch-9.mm compilation failed to produce executable

		=== obj-c++ Summary ===

# of expected passes		443
# of expected failures		6
# of unresolved testcases	3
# of unsupported tests		13
/build/buildd/gcc-4.2-4.2.4/build/gcc/testsuite/obj-c++/../../g++  version 4.2.4 (Debian 4.2.4-4)

		=== objc tests ===


Running target unix

		=== objc Summary ===

# of expected passes		1806
# of expected failures		7
# of unsupported tests		24
/build/buildd/gcc-4.2-4.2.4/build/gcc/xgcc  version 4.2.4 (Debian 4.2.4-4)


Compiler version: 4.2.4 (Debian 4.2.4-4) 
Platform: arm-unknown-linux-gnu
configure flags: -v --prefix=/usr --enable-shared --with-system-zlib --libexecdir=/usr/lib --without-included-gettext --enable-threads=posix --enable-nls --with-gxx-include-dir=/usr/include/c++/4.2 --program-suffix=-4.2 --enable-clocale=gnu --enable-libstdcxx-debug --enable-objc-gc --enable-mpfr --disable-libssp --enable-checking=release --build=arm-linux-gnu --host=arm-linux-gnu --target=arm-linux-gnu --enable-languages=c,c++,fortran,objc,obj-c++
BOOT_CFLAGS=


Build Dependencies:
Desired=Unknown/Install/Remove/Purge/Hold
| Status=Not/Inst/Cfg-files/Unpacked/Failed-cfg/Half-inst/trig-aWait/Trig-pend
|/ Err?=(none)/Hold/Reinst-required/X=both-problems (Status,Err: uppercase=bad)
||/ Name                                                    Version              Description
+++-=======================================================-====================-==============================================
ii  binutils                                                2.18.1~cvs20080103-7 The GNU assembler, linker and binary utilities
ii  libc6                                                   2.7-12               GNU C Library: Shared libraries


Patches that Debian applied in this version:

svn-updates:
  updates from the 4.2 branch upto 20081007.

gcc-version:
  Add package identification to the gcc version string

gcc-textdomain:
  Set gettext's domain and textdomain to the versioned package name.

gcc-driver-extra-langs:
  Add options and specs for languages that are not built from a source
  (but built from separate sources).

gcc-hash-style-both:
  Link using --hash-style=both (alpha, amd64, ia64, i386, powerpc, ppc64, s390, sparc)

libstdc++-pic:
  Build and install libstdc++_pic.a library.

libstdc++-doclink:
  adjust hrefs to point to the local documentation

libstdc++-doxygen:
  libstdc++ doxygen docs: Set SHORT_NAMES to YES

libjava-stacktrace:
  libgcj: Lookup source file name and line number in separated
  debug files found in /usr/lib/debug

libjava-subdir:
  - Set the libjava sublibdir to /usr/lib/gcj-4.2
  - Set the default libgcj database dir to /var/lib/gcj-4.2

libjava-jnipath:
  - Add /usr/lib/jni to java.library.path.
  - When running the i386 binaries on amd64, look in
  - /usr/lib32/gcj-x.y and /usr/lib32/jni instead.

libjava-sjlj:
  Don't try to use _Unwind_Backtrace on SJLJ targets.
  See bug #387875, #388505, GCC PR 29206.

libjava-rpath:
  - Link ecjx and gij with -rpath \$(dbexecdir)

libjava-jar:
  gjar: support @ arguments.

libjava-nojavac:
  libjava/classpath: Don't require javac without java maintainer mode.

libjava-armel-ldflags:
  Adjust libjava extra_ldflags for armel.

libjava-xulrunner1.9:
  Add configure check for xulrunner-1.9.

libjava-extra-cflags:
  libjava/classpath: Set and use EXTRA_CFLAGS.

libgcj-bc:
  libgcj_bc

libffi-configure:
  Add --enable-libffi option to toplevel configure script

pr20218:
  Backport from mainline for PR middle-end/17982, PR middle-end/20218.

pr20218-mips:
  Backport from mainline for PR middle-end/20218, mips part.

pr28102:
  Apply proposed fix for PR target/28102.

pr22244:
  Improve debug info for packed arrays with constant bounds (PR fortran/22244)

pr30961:
  <your description>

libgcc-tramp-ppc32:
  Fix libgcc.a(tramp.o) on ppc32

gcc-directives-only:
  Backport from trunk: -fdirectives-only (when preprocessing,
  handle directives, but do not expand macros).

sparc-niagara2:
  Add niagara2 optimization support

alpha-no-ev4-directive:

boehm-gc-nocheck:
  Disable running the boehm-gc testsuite. Hangs the buildd at least on hppa.

boehm-gc-getnprocs:
  boehm-gc/pthread_support.c (GC_get_nprocs): Use sysconf as fallback.

note-gnu-stack:
  Add .note.GNU-stack sections for gcc's crt files, libffi and boehm-gc
  Taken from FC.

arm-pr28516:
  Fix PR28516 on ARM

arm-pr30486:
  Fix 30486 on ARM

arm-unbreak-eabi-armv4t:
  Fix armv4t build on ARM

hurd-profiling:
  Fix profiling on hurd-i386.

hurd-fast-math:
  Support -ffast-math on hurd-i386.

m68k-fjump:
  gcc/config/m68k/m68k.md:
  always use as fjcc pseudo op, we rely heavily on as 
  to generate the right size for the jump instructions
  fixes #359281

m68k-save_pic:
  gcc/config/m68k/m68k.c:
  correctly save the pic register, when not done by reload()
  (fixes _Unwind_RaiseException and thus exception handling)
  fixes 345574

m68k-dwarf:
  correct the dwarf frame information, but preserve compatibility

m68k-split_shift:
  use correct predicates for long long shifts and use more splits
  fixes 381572

m68k-limit_reload:
  correctly limit reload class
  fixes 375522

m68k-prevent-qipush:
  prevent combine from creating a byte push on the stack (invalid on m68k)

m68k-return:
  don't use single return if fp register have to be restored
  fixes 386864

m68k-jumptable:
  Don't force byte offset when accessing the jumptable, gas can
  generate the correct offset size instead.

m68k-sig-unwind:
  add support for unwinding over signal frames

m68k-peephole:
  Convert some text peepholes to rtl peepholes, so the correct
  DWARF2 information can be generated for stack manipulations.
  (Keep a few peepholes temporarily disabled.)

m68k-align-code:
  use "move.l %a4,%a4" to advance within code.

m68k-align-stack:
  try to keep the stack word aligned

m68k-secondary-addr-reload:
  add secondary reloads to allow reload to get byte values into addr regs

m68k-notice-move:
  don't set cc_status for fp move without fp register

m68k-fpcompare:
  bring fp compare early to its desired form to relieve reload,
  allow any fp constant during and after reload (even special constants)
  in case reload can't find a free register for them.

m68k-symbolic-operand:
  better recognize symbolic operands in addresses

m68k-bitfield-offset:
  only use constant offset for register bitfields
  (combine expects shifts, but does a rotate)

mips-libspec:
  mips*-linux: Always imply -lpthread for -pthread

pr24170:
  Fix PR libgcj/24170.

pr32889:
  Proposed patch to fix root cause for PR middle-end/32889.

pr28322:
  Fix PR other/28322, GCC new warnings and compatibility.

libobjc-gc-link:
  Link libobjc_gc with libgcjgc_convenience.la.

pr35020:
  Fix PR libjava/35020, taken from the trunk.

m68k-allow-gnu99:
  patch to allow gnu99 mode on m68k

pr28482:
  Apply fix to allow libgomp.so to build as a shared library

pr35437:
  Fix PR c/35437 (ice-on-invalid), taken from the gcc-4.3 branch.

gcc-d-lang:
  Add D options and specs for the gcc driver.

cpu-default-i486:
  set default 32bit ix86 architecture to i486

reporting:
  Add Debian URL for bug reporting instructions.

multiarch-include:
  biarch-include.dpatch
  
  Adds biarch include directories
  /usr/local/include/<arch>-linux-gnu
  /usr/include/<arch>-linux-gnu
  to the system include paths, depending on 32/64 bit mode.

gcc-ice-hack:
  2004-01-23  Jakub Jelinek  <jakub@redhat.com>
  
  	* system.h (ICE_EXIT_CODE): Define.
  	* gcc.c (execute): Don't free first string early, but at the end
  	of the function.  Call retry_ice if compiler exited with
  	ICE_EXIT_CODE.
  	(retry_ice): New function.
  	* diagnostic.c (diagnostic_count_diagnostic,
  	diagnostic_action_after_output, error_recursion): Exit with
  	ICE_EXIT_CODE instead of FATAL_EXIT_CODE.

libjava-disable-static:
  Disable building the static libjava.

gcc-ice-apport:
  Report an ICE to apport (if apport is available
  and the environment variable GCC_NOAPPORT is not set)

Counting all warnings,
there are 0 warnings in stage3 of this bootstrap.

Number of warnings per file:

Number of warning types:


Index Nav: [Date Index] [Subject Index] [Author Index] [Thread Index]
Message Nav: [Date Prev] [Date Next] [Thread Prev] [Thread Next]