This is the mail archive of the
gcc-testresults@gcc.gnu.org
mailing list for the GCC project.
Results for 4.4.0 20081017 (experimental) [gcj/classpath-098-merge-branch revision 141123] (Ubuntu 20081019-1) testsuite on sparc-unknown-linux-gnu
- From: Matthias Klose <doko at debian dot org>
- To: gcc-testresults at gcc dot gnu dot org
- Cc: debian-gcc at lists dot debian dot org
- Date: Mon, 20 Oct 2008 17:55:17 -0600
- Subject: Results for 4.4.0 20081017 (experimental) [gcj/classpath-098-merge-branch revision 141123] (Ubuntu 20081019-1) testsuite on sparc-unknown-linux-gnu
- Reply-to: Matthias Klose <doko at debian dot org>
LAST_UPDATED: Tue Oct 14 23:45:19 UTC 2008 (revision 141123)
Target: sparc-linux-gnu
gcc version 4.4.0 20081017 (experimental) [gcj/classpath-098-merge-branch revision 141123] (Ubuntu 20081019-1)
=== acats tests ===
FAIL: c410001
FAIL: c41328a
FAIL: cb20001
FAIL: cb4004a
FAIL: cb41003
FAIL: cc3305c
FAIL: cc70a01
FAIL: cd1c04e
FAIL: cxa4016
=== acats Summary ===
# of expected passes 2306
# of unexpected failures 9
Native configuration is sparc-unknown-linux-gnu
=== g++ tests ===
Running target unix
FAIL: g++.dg/eh/pr29166.C execution test
FAIL: g++.dg/eh/registers1.C execution test
FAIL: g++.dg/eh/simd-3.C execution test
FAIL: g++.dg/eh/spbp.C execution test
FAIL: g++.dg/other/PR23205.C scan-assembler .stabs.*foobar:c=i
WARNING: program timed out.
FAIL: g++.old-deja/g++.eh/inline2.C execution test
=== g++ Summary for unix ===
# of expected passes 18478
# of unexpected failures 6
# of expected failures 81
# of unsupported tests 150
Running target unix/-m64
FAIL: g++.dg/eh/pr29166.C execution test
FAIL: g++.dg/eh/registers1.C execution test
FAIL: g++.dg/other/PR23205.C scan-assembler .stabs.*foobar:c=i
WARNING: program timed out.
FAIL: g++.old-deja/g++.eh/inline2.C execution test
FAIL: g++.old-deja/g++.mike/warn1.C (test for errors, line 12)
FAIL: g++.old-deja/g++.mike/warn1.C (test for excess errors)
=== g++ Summary for unix/-m64 ===
# of expected passes 18422
# of unexpected failures 6
# of expected failures 81
# of unsupported tests 163
=== g++ Summary ===
# of expected passes 36900
# of unexpected failures 12
# of expected failures 162
# of unsupported tests 313
/home/packages/gcc/snap/gcc-snapshot-20081019/build/gcc/testsuite/g++/../../g++ version 4.4.0 20081017 (experimental) [gcj/classpath-098-merge-branch revision 141123] (Ubuntu 20081019-1)
=== gcc tests ===
Running target unix
FAIL: gcc.dg/debug/dwarf2/dwarf-die3.c scan-assembler-not DW_AT_inline
FAIL: gcc.dg/pr33645-3.c scan-assembler-not var1_t
FAIL: gcc.dg/pr35729.c scan-rtl-dump-times loop2_invariant "Decided to move invariant" 0
FAIL: gcc.dg/visibility-16.c scan-hidden hidden[ \\t_]*foo
FAIL: gcc.dg/pch/valid-1b.c -O0 -g -I. (test for excess errors)
FAIL: gcc.dg/pch/valid-1b.c -O0 -g assembly comparison
FAIL: gcc.dg/pch/valid-1b.c -O0 -I. (test for excess errors)
FAIL: gcc.dg/pch/valid-1b.c -O0 assembly comparison
FAIL: gcc.dg/pch/valid-1b.c -O1 -I. (test for excess errors)
FAIL: gcc.dg/pch/valid-1b.c -O1 assembly comparison
FAIL: gcc.dg/pch/valid-1b.c -O2 -I. (test for excess errors)
FAIL: gcc.dg/pch/valid-1b.c -O2 assembly comparison
FAIL: gcc.dg/pch/valid-1b.c -O3 -fomit-frame-pointer -I. (test for excess errors)
FAIL: gcc.dg/pch/valid-1b.c -O3 -fomit-frame-pointer assembly comparison
FAIL: gcc.dg/pch/valid-1b.c -O3 -g -I. (test for excess errors)
FAIL: gcc.dg/pch/valid-1b.c -O3 -g assembly comparison
FAIL: gcc.dg/pch/valid-1b.c -Os -I. (test for excess errors)
FAIL: gcc.dg/pch/valid-1b.c -Os assembly comparison
FAIL: gcc.dg/vect/vect-35.c scan-tree-dump-times vect "vectorized 1 loops" 1
FAIL: gcc.dg/vect/vect-67.c scan-tree-dump-times vect "vectorized 1 loops" 1
FAIL: gcc.dg/vect/vect-multitypes-12.c scan-tree-dump-times vect "vectorized 1 loops" 1
FAIL: gcc.dg/vect/vect-multitypes-5.c scan-tree-dump-times vect "vectorized 1 loops" 1
FAIL: gcc.dg/vect/vect-multitypes-6.c scan-tree-dump-times vect "vectorized 1 loops" 1
FAIL: gcc.dg/vect/vect-outer-5.c scan-tree-dump-times vect "OUTER LOOP VECTORIZED" 1
FAIL: gcc.dg/vect/vect-outer-6.c scan-tree-dump-times vect "OUTER LOOP VECTORIZED" 1
FAIL: gcc.dg/vect/vect-outer-6.c scan-tree-dump-times vect "zero step in outer loop." 1
FAIL: gcc.dg/vect/slp-multitypes-2.c execution test
FAIL: gcc.dg/vect/slp-multitypes-3.c scan-tree-dump-times vect "vectorized 1 loops" 1
FAIL: gcc.dg/vect/slp-multitypes-3.c scan-tree-dump-times vect "vectorizing stmts using SLP" 2
FAIL: gcc.dg/weak/weak-1.c scan-assembler weak[^ \\t]*[ \\t]_?j
FAIL: gcc.dg/weak/weak-16.c scan-assembler weak[^ \\t]*[ \\t]_?kallsyms_token_index
FAIL: gcc.target/sparc/pdist-3.c (internal compiler error)
FAIL: gcc.target/sparc/pdist-3.c (test for excess errors)
UNRESOLVED: gcc.target/sparc/pdist-3.c compilation failed to produce executable
=== gcc Summary for unix ===
# of expected passes 49141
# of unexpected failures 33
# of expected failures 235
# of unresolved testcases 1
# of unsupported tests 622
Running target unix/-m64
FAIL: gcc.dg/compat/vector-1 c_compat_x_tst.o-c_compat_y_tst.o execute
FAIL: gcc.dg/debug/dwarf2/dwarf-die3.c scan-assembler-not DW_AT_inline
FAIL: gcc.dg/pr33645-3.c scan-assembler-not var1_t
FAIL: gcc.dg/pr35729.c scan-rtl-dump-times loop2_invariant "Decided to move invariant" 0
FAIL: gcc.dg/visibility-16.c scan-hidden hidden[ \\t_]*foo
FAIL: gcc.dg/pch/valid-1b.c -O0 -g -I. (test for excess errors)
FAIL: gcc.dg/pch/valid-1b.c -O0 -g assembly comparison
FAIL: gcc.dg/pch/valid-1b.c -O0 -I. (test for excess errors)
FAIL: gcc.dg/pch/valid-1b.c -O0 assembly comparison
FAIL: gcc.dg/pch/valid-1b.c -O1 -I. (test for excess errors)
FAIL: gcc.dg/pch/valid-1b.c -O1 assembly comparison
FAIL: gcc.dg/pch/valid-1b.c -O2 -I. (test for excess errors)
FAIL: gcc.dg/pch/valid-1b.c -O2 assembly comparison
FAIL: gcc.dg/pch/valid-1b.c -O3 -fomit-frame-pointer -I. (test for excess errors)
FAIL: gcc.dg/pch/valid-1b.c -O3 -fomit-frame-pointer assembly comparison
FAIL: gcc.dg/pch/valid-1b.c -O3 -g -I. (test for excess errors)
FAIL: gcc.dg/pch/valid-1b.c -O3 -g assembly comparison
FAIL: gcc.dg/pch/valid-1b.c -Os -I. (test for excess errors)
FAIL: gcc.dg/pch/valid-1b.c -Os assembly comparison
FAIL: gcc.dg/tree-ssa/gen-vect-11c.c scan-tree-dump-times vect "vectorized 0 loops" 1
FAIL: gcc.dg/vect/vect-67.c scan-tree-dump-times vect "vectorized 1 loops" 1
FAIL: gcc.dg/vect/vect-outer-5.c scan-tree-dump-times vect "OUTER LOOP VECTORIZED" 1
FAIL: gcc.dg/vect/vect-outer-6.c scan-tree-dump-times vect "OUTER LOOP VECTORIZED" 1
FAIL: gcc.dg/vect/vect-outer-6.c scan-tree-dump-times vect "zero step in outer loop." 1
FAIL: gcc.dg/weak/weak-1.c scan-assembler weak[^ \\t]*[ \\t]_?j
FAIL: gcc.dg/weak/weak-16.c scan-assembler weak[^ \\t]*[ \\t]_?kallsyms_token_index
FAIL: gcc.misc-tests/linkage.c link
FAIL: gcc.target/sparc/pdist-3.c execution test
=== gcc Summary for unix/-m64 ===
# of expected passes 49114
# of unexpected failures 28
# of expected failures 236
# of unsupported tests 633
=== gcc Summary ===
# of expected passes 98255
# of unexpected failures 61
# of expected failures 471
# of unresolved testcases 1
# of unsupported tests 1255
/home/packages/gcc/snap/gcc-snapshot-20081019/build/gcc/xgcc version 4.4.0 20081017 (experimental) [gcj/classpath-098-merge-branch revision 141123] (Ubuntu 20081019-1)
=== gnat tests ===
Running target unix
=== gnat Summary for unix ===
# of expected passes 584
# of expected failures 6
Running target unix/-m64
FAIL: gnat.dg/abstract1.adb (test for excess errors)
FAIL: gnat.dg/abstract_with_anonymous_result.adb (test for excess errors)
UNRESOLVED: gnat.dg/abstract_with_anonymous_result.adb compilation failed to produce executable
FAIL: gnat.dg/access3.adb (test for excess errors)
FAIL: gnat.dg/access4.adb (test for excess errors)
UNRESOLVED: gnat.dg/access4.adb compilation failed to produce executable
FAIL: gnat.dg/access_discr.adb (test for excess errors)
FAIL: gnat.dg/access_discr2.adb (test for excess errors)
UNRESOLVED: gnat.dg/access_discr2.adb compilation failed to produce executable
FAIL: gnat.dg/access_test.adb (test for excess errors)
UNRESOLVED: gnat.dg/access_test.adb compilation failed to produce executable
FAIL: gnat.dg/addr2.adb (test for excess errors)
UNRESOLVED: gnat.dg/addr2.adb compilation failed to produce executable
FAIL: gnat.dg/address_conversion.adb (test for excess errors)
UNRESOLVED: gnat.dg/address_conversion.adb compilation failed to produce executable
FAIL: gnat.dg/aggr1.adb (test for excess errors)
UNRESOLVED: gnat.dg/aggr1.adb compilation failed to produce executable
FAIL: gnat.dg/aggr3.adb (test for excess errors)
UNRESOLVED: gnat.dg/aggr3.adb compilation failed to produce executable
FAIL: gnat.dg/aggr7.adb (test for excess errors)
FAIL: gnat.dg/aliased_prefix_accessibility.adb (test for excess errors)
UNRESOLVED: gnat.dg/aliased_prefix_accessibility.adb compilation failed to produce executable
FAIL: gnat.dg/align_check.adb (test for excess errors)
UNRESOLVED: gnat.dg/align_check.adb compilation failed to produce executable
FAIL: gnat.dg/aligned_vla.adb (test for excess errors)
UNRESOLVED: gnat.dg/aligned_vla.adb compilation failed to produce executable
FAIL: gnat.dg/alignment1.adb (test for excess errors)
UNRESOLVED: gnat.dg/alignment1.adb compilation failed to produce executable
FAIL: gnat.dg/alignment2.adb (test for excess errors)
UNRESOLVED: gnat.dg/alignment2.adb compilation failed to produce executable
FAIL: gnat.dg/alignment3.adb (test for excess errors)
FAIL: gnat.dg/allocator_maxalign1.adb (test for excess errors)
UNRESOLVED: gnat.dg/allocator_maxalign1.adb compilation failed to produce executable
FAIL: gnat.dg/array3.adb (test for excess errors)
UNRESOLVED: gnat.dg/array3.adb compilation failed to produce executable
FAIL: gnat.dg/array4.adb (test for excess errors)
UNRESOLVED: gnat.dg/array4.adb compilation failed to produce executable
FAIL: gnat.dg/assert1.adb (test for excess errors)
UNRESOLVED: gnat.dg/assert1.adb compilation failed to produce executable
FAIL: gnat.dg/assign_from_packed.adb (test for excess errors)
UNRESOLVED: gnat.dg/assign_from_packed.adb compilation failed to produce executable
FAIL: gnat.dg/asynch.adb (test for excess errors)
FAIL: gnat.dg/biased_uc.adb (test for excess errors)
UNRESOLVED: gnat.dg/biased_uc.adb compilation failed to produce executable
FAIL: gnat.dg/bip_aggregate_bug.adb (test for excess errors)
UNRESOLVED: gnat.dg/bip_aggregate_bug.adb compilation failed to produce executable
FAIL: gnat.dg/bip_prim_func.adb (test for excess errors)
FAIL: gnat.dg/bit_packed_array3.adb (test for excess errors)
UNRESOLVED: gnat.dg/bit_packed_array3.adb compilation failed to produce executable
FAIL: gnat.dg/blkextract_from_reg.adb (test for excess errors)
UNRESOLVED: gnat.dg/blkextract_from_reg.adb compilation failed to produce executable
FAIL: gnat.dg/bltins.adb (test for excess errors)
UNRESOLVED: gnat.dg/bltins.adb compilation failed to produce executable
FAIL: gnat.dg/boolean_expr2.adb (test for excess errors)
UNRESOLVED: gnat.dg/boolean_expr2.adb compilation failed to produce executable
FAIL: gnat.dg/c_words.adb (test for excess errors)
FAIL: gnat.dg/capture_value.adb (test for excess errors)
UNRESOLVED: gnat.dg/capture_value.adb compilation failed to produce executable
FAIL: gnat.dg/check_displace_generation.adb (test for excess errors)
UNRESOLVED: gnat.dg/check_displace_generation.adb compilation failed to produce executable
FAIL: gnat.dg/check_elaboration_code.adb (test for excess errors)
UNRESOLVED: gnat.dg/check_elaboration_code.adb compilation failed to produce executable
FAIL: gnat.dg/class_wide.adb (test for excess errors)
FAIL: gnat.dg/compose.adb (test for excess errors)
UNRESOLVED: gnat.dg/compose.adb compilation failed to produce executable
FAIL: gnat.dg/concat_length.adb (test for excess errors)
UNRESOLVED: gnat.dg/concat_length.adb compilation failed to produce executable
FAIL: gnat.dg/controlled_record.adb (test for excess errors)
FAIL: gnat.dg/conv_bug.adb (test for excess errors)
UNRESOLVED: gnat.dg/conv_bug.adb compilation failed to produce executable
FAIL: gnat.dg/conv_decimal.adb (test for excess errors)
UNRESOLVED: gnat.dg/conv_decimal.adb compilation failed to produce executable
FAIL: gnat.dg/conv_real.adb (test for excess errors)
UNRESOLVED: gnat.dg/conv_real.adb compilation failed to produce executable
FAIL: gnat.dg/curr_task.adb (test for excess errors)
UNRESOLVED: gnat.dg/curr_task.adb compilation failed to produce executable
FAIL: gnat.dg/deferred_const2.adb (test for excess errors)
UNRESOLVED: gnat.dg/deferred_const2.adb compilation failed to produce executable
FAIL: gnat.dg/deferred_const3.adb (test for excess errors)
UNRESOLVED: gnat.dg/deferred_const3.adb compilation failed to produce executable
FAIL: gnat.dg/derived_aggregate.adb (test for excess errors)
UNRESOLVED: gnat.dg/derived_aggregate.adb compilation failed to produce executable
FAIL: gnat.dg/discr4.adb (test for excess errors)
UNRESOLVED: gnat.dg/discr4.adb compilation failed to produce executable
FAIL: gnat.dg/dispatch1.adb (test for excess errors)
UNRESOLVED: gnat.dg/dispatch1.adb compilation failed to produce executable
FAIL: gnat.dg/dispatch2.adb (test for excess errors)
UNRESOLVED: gnat.dg/dispatch2.adb compilation failed to produce executable
FAIL: gnat.dg/dispatch2_p.adb (test for excess errors)
FAIL: gnat.dg/elim1.adb (test for excess errors)
FAIL: gnat.dg/elim2.adb (test for excess errors)
UNRESOLVED: gnat.dg/elim2.adb compilation failed to produce executable
FAIL: gnat.dg/empty_vector_length.adb (test for excess errors)
UNRESOLVED: gnat.dg/empty_vector_length.adb compilation failed to produce executable
FAIL: gnat.dg/entry_queues.adb (test for excess errors)
UNRESOLVED: gnat.dg/entry_queues.adb compilation failed to produce executable
FAIL: gnat.dg/exp0_eval.adb (test for excess errors)
UNRESOLVED: gnat.dg/exp0_eval.adb compilation failed to produce executable
FAIL: gnat.dg/expect1.adb (test for excess errors)
UNRESOLVED: gnat.dg/expect1.adb compilation failed to produce executable
FAIL: gnat.dg/finalized.adb (test for excess errors)
FAIL: gnat.dg/fixce.adb (test for excess errors)
UNRESOLVED: gnat.dg/fixce.adb compilation failed to produce executable
FAIL: gnat.dg/fixedpnt.adb (test for excess errors)
UNRESOLVED: gnat.dg/fixedpnt.adb compilation failed to produce executable
FAIL: gnat.dg/frame_overflow.adb (test for errors, line 14)
FAIL: gnat.dg/frame_overflow.adb (test for errors, line 17)
FAIL: gnat.dg/frame_overflow.adb (test for errors, line 24)
FAIL: gnat.dg/gen_disp.adb (test for excess errors)
FAIL: gnat.dg/generic_dispatch.adb (test for excess errors)
UNRESOLVED: gnat.dg/generic_dispatch.adb compilation failed to produce executable
FAIL: gnat.dg/generic_dispatch_p.adb (test for excess errors)
FAIL: gnat.dg/gnat_malloc.adb (test for excess errors)
UNRESOLVED: gnat.dg/gnat_malloc.adb compilation failed to produce executable
FAIL: gnat.dg/gnatg.adb (test for excess errors)
FAIL: gnat.dg/graphic.adb (test for excess errors)
FAIL: gnat.dg/iface_test.adb (test for excess errors)
FAIL: gnat.dg/ifaces.adb (test for excess errors)
FAIL: gnat.dg/in_out_parameter.adb (test for excess errors)
UNRESOLVED: gnat.dg/in_out_parameter.adb compilation failed to produce executable
FAIL: gnat.dg/init_scalar1.adb (test for excess errors)
UNRESOLVED: gnat.dg/init_scalar1.adb compilation failed to produce executable
FAIL: gnat.dg/inline_tagged.adb (test for excess errors)
UNRESOLVED: gnat.dg/inline_tagged.adb compilation failed to produce executable
FAIL: gnat.dg/interface1.adb (test for excess errors)
UNRESOLVED: gnat.dg/interface1.adb compilation failed to produce executable
FAIL: gnat.dg/interface2.adb (test for excess errors)
UNRESOLVED: gnat.dg/interface2.adb compilation failed to produce executable
FAIL: gnat.dg/interface3.adb (test for excess errors)
UNRESOLVED: gnat.dg/interface3.adb compilation failed to produce executable
FAIL: gnat.dg/interface5.adb (test for excess errors)
FAIL: gnat.dg/interface_conv.adb (test for excess errors)
UNRESOLVED: gnat.dg/interface_conv.adb compilation failed to produce executable
FAIL: gnat.dg/iprot_test.adb (test for excess errors)
UNRESOLVED: gnat.dg/iprot_test.adb compilation failed to produce executable
FAIL: gnat.dg/kill_value.adb (test for excess errors)
UNRESOLVED: gnat.dg/kill_value.adb compilation failed to produce executable
FAIL: gnat.dg/late_overriding.adb (test for excess errors)
FAIL: gnat.dg/lhs_view_convert.adb (test for excess errors)
UNRESOLVED: gnat.dg/lhs_view_convert.adb compilation failed to produce executable
FAIL: gnat.dg/loop_address2.adb (test for excess errors)
FAIL: gnat.dg/loop_optimization2.adb (test for excess errors)
FAIL: gnat.dg/loop_optimization3.adb (test for excess errors)
UNRESOLVED: gnat.dg/loop_optimization3.adb compilation failed to produce executable
FAIL: gnat.dg/loop_optimization4.adb (test for excess errors)
UNRESOLVED: gnat.dg/loop_optimization4.adb compilation failed to produce executable
FAIL: gnat.dg/md5_test.adb (test for excess errors)
UNRESOLVED: gnat.dg/md5_test.adb compilation failed to produce executable
FAIL: gnat.dg/missing_acc_check.adb (test for excess errors)
UNRESOLVED: gnat.dg/missing_acc_check.adb compilation failed to produce executable
FAIL: gnat.dg/modular1.adb (test for excess errors)
UNRESOLVED: gnat.dg/modular1.adb compilation failed to produce executable
FAIL: gnat.dg/modular2.adb (test for excess errors)
UNRESOLVED: gnat.dg/modular2.adb compilation failed to produce executable
FAIL: gnat.dg/mutable1.adb (test for excess errors)
UNRESOLVED: gnat.dg/mutable1.adb compilation failed to produce executable
FAIL: gnat.dg/named_test.adb (test for excess errors)
UNRESOLVED: gnat.dg/named_test.adb compilation failed to produce executable
FAIL: gnat.dg/nat1r.adb (test for excess errors)
UNRESOLVED: gnat.dg/nat1r.adb compilation failed to produce executable
FAIL: gnat.dg/nested_controlled_alloc.adb (test for excess errors)
UNRESOLVED: gnat.dg/nested_controlled_alloc.adb compilation failed to produce executable
FAIL: gnat.dg/nested_return_test.adb (test for excess errors)
UNRESOLVED: gnat.dg/nested_return_test.adb compilation failed to produce executable
FAIL: gnat.dg/no_final.adb (test for excess errors)
UNRESOLVED: gnat.dg/no_final.adb compilation failed to produce executable
FAIL: gnat.dg/not_null.adb (test for excess errors)
UNRESOLVED: gnat.dg/not_null.adb compilation failed to produce executable
FAIL: gnat.dg/outer_agg_bitfield_constructor.adb (test for excess errors)
UNRESOLVED: gnat.dg/outer_agg_bitfield_constructor.adb compilation failed to produce executable
FAIL: gnat.dg/overriding_ops.adb (test for excess errors)
FAIL: gnat.dg/pack10.adb (test for excess errors)
UNRESOLVED: gnat.dg/pack10.adb compilation failed to produce executable
FAIL: gnat.dg/pack3.adb (test for excess errors)
UNRESOLVED: gnat.dg/pack3.adb compilation failed to produce executable
FAIL: gnat.dg/pack4.adb (test for excess errors)
UNRESOLVED: gnat.dg/pack4.adb compilation failed to produce executable
FAIL: gnat.dg/packed_subtype.adb (test for excess errors)
UNRESOLVED: gnat.dg/packed_subtype.adb compilation failed to produce executable
FAIL: gnat.dg/pak.adb (test for excess errors)
FAIL: gnat.dg/parent_ltd_with-child_full_view.adb (test for excess errors)
FAIL: gnat.dg/pointer_conversion.adb (test for excess errors)
UNRESOLVED: gnat.dg/pointer_conversion.adb compilation failed to produce executable
FAIL: gnat.dg/prefix1.adb (test for excess errors)
FAIL: gnat.dg/prefix2.adb (test for excess errors)
FAIL: gnat.dg/prot_def.adb (test for excess errors)
UNRESOLVED: gnat.dg/prot_def.adb compilation failed to produce executable
FAIL: gnat.dg/protected_self_ref1.adb (test for excess errors)
UNRESOLVED: gnat.dg/protected_self_ref1.adb compilation failed to produce executable
FAIL: gnat.dg/quote.adb (test for excess errors)
UNRESOLVED: gnat.dg/quote.adb compilation failed to produce executable
FAIL: gnat.dg/range_check.adb (test for excess errors)
UNRESOLVED: gnat.dg/range_check.adb compilation failed to produce executable
FAIL: gnat.dg/ref_type.adb (test for excess errors)
FAIL: gnat.dg/regpat1.adb (test for excess errors)
UNRESOLVED: gnat.dg/regpat1.adb compilation failed to produce executable
FAIL: gnat.dg/release_unc_maxalign.adb (test for excess errors)
UNRESOLVED: gnat.dg/release_unc_maxalign.adb compilation failed to produce executable
FAIL: gnat.dg/renaming2.adb (test for excess errors)
UNRESOLVED: gnat.dg/renaming2.adb compilation failed to produce executable
FAIL: gnat.dg/renaming3.adb (test for excess errors)
UNRESOLVED: gnat.dg/renaming3.adb compilation failed to produce executable
FAIL: gnat.dg/requeue1.adb (test for excess errors)
UNRESOLVED: gnat.dg/requeue1.adb compilation failed to produce executable
FAIL: gnat.dg/return1.adb (test for excess errors)
FAIL: gnat.dg/scalar_mode_agg_compare.adb (test for excess errors)
UNRESOLVED: gnat.dg/scalar_mode_agg_compare.adb compilation failed to produce executable
FAIL: gnat.dg/self1.adb (test for excess errors)
FAIL: gnat.dg/self_aggregate_with_array.adb (test for excess errors)
UNRESOLVED: gnat.dg/self_aggregate_with_array.adb compilation failed to produce executable
FAIL: gnat.dg/self_aggregate_with_call.adb (test for excess errors)
UNRESOLVED: gnat.dg/self_aggregate_with_call.adb compilation failed to produce executable
FAIL: gnat.dg/self_aggregate_with_pointer.adb (test for excess errors)
UNRESOLVED: gnat.dg/self_aggregate_with_pointer.adb compilation failed to produce executable
FAIL: gnat.dg/self_aggregate_with_zeros.adb (test for excess errors)
UNRESOLVED: gnat.dg/self_aggregate_with_zeros.adb compilation failed to produce executable
FAIL: gnat.dg/set_in_pproc.adb (test for excess errors)
FAIL: gnat.dg/sizetype.adb (test for excess errors)
UNRESOLVED: gnat.dg/sizetype.adb compilation failed to produce executable
FAIL: gnat.dg/slice3.adb (test for excess errors)
UNRESOLVED: gnat.dg/slice3.adb compilation failed to produce executable
FAIL: gnat.dg/slice4.adb (test for excess errors)
UNRESOLVED: gnat.dg/slice4.adb compilation failed to produce executable
FAIL: gnat.dg/small_alignment.adb (test for excess errors)
UNRESOLVED: gnat.dg/small_alignment.adb compilation failed to produce executable
FAIL: gnat.dg/socket1.adb (test for excess errors)
UNRESOLVED: gnat.dg/socket1.adb compilation failed to produce executable
FAIL: gnat.dg/sort2.adb (test for excess errors)
UNRESOLVED: gnat.dg/sort2.adb compilation failed to produce executable
FAIL: gnat.dg/spipaterr.adb (test for excess errors)
UNRESOLVED: gnat.dg/spipaterr.adb compilation failed to produce executable
FAIL: gnat.dg/string_slice.adb (test for excess errors)
UNRESOLVED: gnat.dg/string_slice.adb compilation failed to produce executable
FAIL: gnat.dg/sync1.adb (test for excess errors)
FAIL: gnat.dg/sync_iface_test.adb (test for excess errors)
FAIL: gnat.dg/tag1.adb (test for excess errors)
UNRESOLVED: gnat.dg/tag1.adb compilation failed to produce executable
FAIL: gnat.dg/tagged_type_pkg.adb (test for excess errors)
FAIL: gnat.dg/tail_call.adb (test for excess errors)
UNRESOLVED: gnat.dg/tail_call.adb compilation failed to produce executable
FAIL: gnat.dg/task_name.adb (test for excess errors)
FAIL: gnat.dg/task_stack_align.adb (test for excess errors)
UNRESOLVED: gnat.dg/task_stack_align.adb compilation failed to produce executable
FAIL: gnat.dg/test_address_null_init.adb (test for excess errors)
UNRESOLVED: gnat.dg/test_address_null_init.adb compilation failed to produce executable
FAIL: gnat.dg/test_allocator_maxalign2.adb (test for excess errors)
UNRESOLVED: gnat.dg/test_allocator_maxalign2.adb compilation failed to produce executable
FAIL: gnat.dg/test_bounded.adb (test for excess errors)
UNRESOLVED: gnat.dg/test_bounded.adb compilation failed to produce executable
FAIL: gnat.dg/test_call.adb (test for excess errors)
FAIL: gnat.dg/test_delay.adb (test for excess errors)
UNRESOLVED: gnat.dg/test_delay.adb compilation failed to produce executable
FAIL: gnat.dg/test_direct_io.adb (test for excess errors)
UNRESOLVED: gnat.dg/test_direct_io.adb compilation failed to produce executable
FAIL: gnat.dg/test_enum_io.adb (test for excess errors)
UNRESOLVED: gnat.dg/test_enum_io.adb compilation failed to produce executable
FAIL: gnat.dg/test_fixed_io.adb (test for excess errors)
UNRESOLVED: gnat.dg/test_fixed_io.adb compilation failed to produce executable
FAIL: gnat.dg/test_iface_aggr.adb (test for excess errors)
UNRESOLVED: gnat.dg/test_iface_aggr.adb compilation failed to produce executable
FAIL: gnat.dg/test_ifaces.adb (test for excess errors)
UNRESOLVED: gnat.dg/test_ifaces.adb compilation failed to produce executable
FAIL: gnat.dg/test_image.adb (test for excess errors)
UNRESOLVED: gnat.dg/test_image.adb compilation failed to produce executable
FAIL: gnat.dg/test_image_p.adb (test for excess errors)
FAIL: gnat.dg/test_nested_subtype_byref.adb (test for excess errors)
UNRESOLVED: gnat.dg/test_nested_subtype_byref.adb compilation failed to produce executable
FAIL: gnat.dg/test_oalign.adb (test for excess errors)
UNRESOLVED: gnat.dg/test_oalign.adb compilation failed to produce executable
FAIL: gnat.dg/test_overflow_sum.adb (test for excess errors)
UNRESOLVED: gnat.dg/test_overflow_sum.adb compilation failed to produce executable
FAIL: gnat.dg/test_prefix1.adb (test for excess errors)
UNRESOLVED: gnat.dg/test_prefix1.adb compilation failed to produce executable
FAIL: gnat.dg/test_prio.adb (test for excess errors)
UNRESOLVED: gnat.dg/test_prio.adb compilation failed to produce executable
FAIL: gnat.dg/test_raise_from_pure.adb (test for excess errors)
UNRESOLVED: gnat.dg/test_raise_from_pure.adb compilation failed to produce executable
FAIL: gnat.dg/test_self.adb (test for excess errors)
UNRESOLVED: gnat.dg/test_self.adb compilation failed to produce executable
FAIL: gnat.dg/test_self_ref.adb (test for excess errors)
UNRESOLVED: gnat.dg/test_self_ref.adb compilation failed to produce executable
FAIL: gnat.dg/test_table1.adb (test for excess errors)
UNRESOLVED: gnat.dg/test_table1.adb compilation failed to produce executable
FAIL: gnat.dg/test_tamdt.adb (test for excess errors)
UNRESOLVED: gnat.dg/test_tamdt.adb compilation failed to produce executable
FAIL: gnat.dg/test_time_stamp.adb (test for excess errors)
UNRESOLVED: gnat.dg/test_time_stamp.adb compilation failed to produce executable
FAIL: gnat.dg/test_version.adb (test for excess errors)
UNRESOLVED: gnat.dg/test_version.adb compilation failed to produce executable
FAIL: gnat.dg/testint.adb (test for excess errors)
UNRESOLVED: gnat.dg/testint.adb compilation failed to produce executable
FAIL: gnat.dg/tf_interface_1.adb (test for excess errors)
FAIL: gnat.dg/tfren.adb (test for excess errors)
UNRESOLVED: gnat.dg/tfren.adb compilation failed to produce executable
FAIL: gnat.dg/timing_events.adb (test for excess errors)
UNRESOLVED: gnat.dg/timing_events.adb compilation failed to produce executable
FAIL: gnat.dg/trampoline2.adb (test for excess errors)
UNRESOLVED: gnat.dg/trampoline2.adb compilation failed to produce executable
FAIL: gnat.dg/tree_static_use.adb (test for excess errors)
UNRESOLVED: gnat.dg/tree_static_use.adb compilation failed to produce executable
FAIL: gnat.dg/unc_memfree.adb (test for excess errors)
UNRESOLVED: gnat.dg/unc_memfree.adb compilation failed to produce executable
FAIL: gnat.dg/unchecked_convert1.adb (test for excess errors)
UNRESOLVED: gnat.dg/unchecked_convert1.adb compilation failed to produce executable
FAIL: gnat.dg/unchecked_convert2.adb (test for excess errors)
UNRESOLVED: gnat.dg/unchecked_convert2.adb compilation failed to produce executable
FAIL: gnat.dg/unchecked_union1.adb (test for excess errors)
UNRESOLVED: gnat.dg/unchecked_union1.adb compilation failed to produce executable
FAIL: gnat.dg/valid1.adb (test for excess errors)
UNRESOLVED: gnat.dg/valid1.adb compilation failed to produce executable
FAIL: gnat.dg/warn1.adb (test for excess errors)
UNRESOLVED: gnat.dg/warn1.adb compilation failed to produce executable
FAIL: gnat.dg/warn5.adb (test for excess errors)
FAIL: gnat.dg/wide_test.adb (test for excess errors)
UNRESOLVED: gnat.dg/wide_test.adb compilation failed to produce executable
FAIL: gnat.dg/specs/abstract_limited.ads (test for excess errors)
FAIL: gnat.dg/specs/ai_116.ads (test for excess errors)
FAIL: gnat.dg/specs/box1.ads (test for excess errors)
FAIL: gnat.dg/specs/controller.ads (test for excess errors)
FAIL: gnat.dg/specs/cpp1.ads (test for excess errors)
FAIL: gnat.dg/specs/cpp_assignment.ads (test for excess errors)
FAIL: gnat.dg/specs/double_record_extension1.ads (test for excess errors)
FAIL: gnat.dg/specs/double_record_extension2.ads (test for excess errors)
FAIL: gnat.dg/specs/elab1.ads (test for excess errors)
FAIL: gnat.dg/specs/gen_interface.ads (test for excess errors)
FAIL: gnat.dg/specs/limited1.ads (test for excess errors)
FAIL: gnat.dg/specs/null_aggr_bug.ads (test for excess errors)
FAIL: gnat.dg/specs/preelab.ads (test for excess errors)
FAIL: gnat.dg/specs/private_with.ads (test for excess errors)
FAIL: gnat.dg/specs/self_class.ads (test for excess errors)
FAIL: gnat.dg/specs/static_initializer4.ads (test for excess errors)
FAIL: gnat.dg/specs/tag1.ads (test for excess errors)
=== gnat Summary for unix/-m64 ===
# of expected passes 252
# of unexpected failures 196
# of expected failures 6
# of unresolved testcases 136
=== gnat Summary ===
# of expected passes 836
# of unexpected failures 196
# of expected failures 12
# of unresolved testcases 136
=== obj-c++ tests ===
Running target unix
UNRESOLVED: obj-c++.dg/bitfield-1.mm compilation failed to produce executable
UNRESOLVED: obj-c++.dg/lookup-2.mm compilation failed to produce executable
UNRESOLVED: obj-c++.dg/try-catch-2.mm compilation failed to produce executable
UNRESOLVED: obj-c++.dg/try-catch-9.mm compilation failed to produce executable
=== obj-c++ Summary for unix ===
# of expected passes 437
# of expected failures 11
# of unresolved testcases 4
# of unsupported tests 13
Running target unix/-m64
UNRESOLVED: obj-c++.dg/bitfield-1.mm compilation failed to produce executable
UNRESOLVED: obj-c++.dg/lookup-2.mm compilation failed to produce executable
UNRESOLVED: obj-c++.dg/try-catch-2.mm compilation failed to produce executable
UNRESOLVED: obj-c++.dg/try-catch-9.mm compilation failed to produce executable
=== obj-c++ Summary for unix/-m64 ===
# of expected passes 426
# of expected failures 22
# of unresolved testcases 4
# of unsupported tests 13
=== obj-c++ Summary ===
# of expected passes 863
# of expected failures 33
# of unresolved testcases 8
# of unsupported tests 26
/home/packages/gcc/snap/gcc-snapshot-20081019/build/gcc/testsuite/obj-c++/../../g++ version 4.4.0 20081017 (experimental) [gcj/classpath-098-merge-branch revision 141123] (Ubuntu 20081019-1)
=== objc tests ===
Running target unix
FAIL: objc/execute/exceptions/catchall-1.m execution, -O1 -fgnu-runtime
FAIL: objc/execute/exceptions/catchall-1.m execution, -O2 -fgnu-runtime
FAIL: objc/execute/exceptions/catchall-1.m execution, -Os -fgnu-runtime
FAIL: objc/execute/exceptions/foward-1.m execution, -O3 -fomit-frame-pointer -funroll-loops -fgnu-runtime
FAIL: objc/execute/exceptions/foward-1.m execution, -O3 -fomit-frame-pointer -funroll-all-loops -finline-functions -fgnu-runtime
=== objc Summary for unix ===
# of expected passes 1809
# of unexpected failures 5
# of expected failures 7
# of unsupported tests 24
Running target unix/-m64
FAIL: objc/execute/exceptions/catchall-1.m execution, -O1 -fgnu-runtime
FAIL: objc/execute/exceptions/catchall-1.m execution, -O2 -fgnu-runtime
FAIL: objc/execute/exceptions/catchall-1.m execution, -Os -fgnu-runtime
=== objc Summary for unix/-m64 ===
# of expected passes 1811
# of unexpected failures 3
# of expected failures 7
# of unsupported tests 24
=== objc Summary ===
# of expected passes 3620
# of unexpected failures 8
# of expected failures 14
# of unsupported tests 48
/home/packages/gcc/snap/gcc-snapshot-20081019/build/gcc/xgcc version 4.4.0 20081017 (experimental) [gcj/classpath-098-merge-branch revision 141123] (Ubuntu 20081019-1)
=== libffi tests ===
Running target unix
FAIL: libffi.call/return_sc.c -O0 -W -Wall execution test
FAIL: libffi.special/unwindtest.cc -shared-libgcc -lstdc++ execution test
=== libffi Summary for unix ===
# of expected passes 1386
# of unexpected failures 2
# of unsupported tests 10
Running target unix/-m64
FAIL: libffi.special/unwindtest.cc -shared-libgcc -lstdc++ execution test
=== libffi Summary for unix/-m64 ===
# of expected passes 1387
# of unexpected failures 1
# of unsupported tests 10
=== libffi Summary ===
# of expected passes 2773
# of unexpected failures 3
# of unsupported tests 20
=== libgomp tests ===
Running target unix
=== libgomp Summary for unix ===
# of expected passes 876
# of unsupported tests 7
Running target unix/-m64
FAIL: libgomp.c/sort-1.c execution test
=== libgomp Summary for unix/-m64 ===
# of expected passes 875
# of unexpected failures 1
# of unsupported tests 7
=== libgomp Summary ===
# of expected passes 1751
# of unexpected failures 1
# of unsupported tests 14
=== libjava tests ===
Running target unix
FAIL: PR218 execution - source compiled test
FAIL: StackTrace2 output - source compiled test
FAIL: StackTrace2 -findirect-dispatch output - source compiled test
FAIL: StackTrace2 -O3 output - source compiled test
FAIL: StackTrace2 -O3 -findirect-dispatch output - source compiled test
FAIL: Throw_3 execution - source compiled test
FAIL: Throw_3 -findirect-dispatch execution - source compiled test
=== libjava Summary ===
# of expected passes 2564
# of unexpected failures 7
# of untested testcases 3
=== libmudflap tests ===
Running target unix
FAIL: libmudflap.c/pass54-frag.c execution test
FAIL: libmudflap.c/pass54-frag.c execution test
FAIL: libmudflap.c/pass54-frag.c (-static) execution test
FAIL: libmudflap.c/pass54-frag.c (-static) execution test
FAIL: libmudflap.c++/pass41-frag.cxx execution test
FAIL: libmudflap.c++/pass41-frag.cxx (-static) execution test
FAIL: libmudflap.c++/pass41-frag.cxx (-O2) execution test
FAIL: libmudflap.c++/pass41-frag.cxx (-O3) execution test
=== libmudflap Summary for unix ===
# of expected passes 1878
# of unexpected failures 8
Running target unix/-m64
FAIL: libmudflap.c/pass54-frag.c execution test
FAIL: libmudflap.c/pass54-frag.c execution test
FAIL: libmudflap.c/pass54-frag.c (-static) execution test
FAIL: libmudflap.c/pass54-frag.c (-static) execution test
FAIL: libmudflap.c++/pass41-frag.cxx execution test
FAIL: libmudflap.c++/pass41-frag.cxx (-static) execution test
FAIL: libmudflap.c++/pass41-frag.cxx (-O2) execution test
FAIL: libmudflap.c++/pass41-frag.cxx (-O3) execution test
=== libmudflap Summary for unix/-m64 ===
# of expected passes 1878
# of unexpected failures 8
=== libmudflap Summary ===
# of expected passes 3756
# of unexpected failures 16
=== libstdc++ tests ===
Running target unix
FAIL: 23_containers/vector/capacity/2.cc execution test
XPASS: 26_numerics/headers/cmath/c99_classification_macros_c.cc (test for excess errors)
=== libstdc++ Summary for unix ===
# of expected passes 5638
# of unexpected failures 1
# of unexpected successes 1
# of expected failures 72
# of unsupported tests 329
Running target unix/-m64
FAIL: 23_containers/list/modifiers/insert/25288.cc execution test
FAIL: 23_containers/vector/capacity/2.cc execution test
XPASS: 26_numerics/headers/cmath/c99_classification_macros_c.cc (test for excess errors)
FAIL: 27_io/basic_filebuf/close/char/4879.cc execution test
FAIL: 27_io/basic_filebuf/close/char/9964.cc execution test
WARNING: program timed out.
FAIL: 27_io/basic_filebuf/seekoff/char/26777.cc execution test
FAIL: 27_io/basic_filebuf/underflow/char/10097.cc execution test
FAIL: 27_io/objects/char/7.cc execution test
FAIL: 27_io/objects/char/9661-1.cc execution test
FAIL: 27_io/objects/wchar_t/7.cc execution test
FAIL: 27_io/objects/wchar_t/9661-1.cc execution test
=== libstdc++ Summary for unix/-m64 ===
# of expected passes 5621
# of unexpected failures 10
# of unexpected successes 1
# of expected failures 72
# of unsupported tests 333
=== libstdc++ Summary ===
# of expected passes 11259
# of unexpected failures 11
# of unexpected successes 2
# of expected failures 144
# of unsupported tests 662
Compiler version: 4.4.0 20081017 (experimental) [gcj/classpath-098-merge-branch revision 141123] (Ubuntu 20081019-1)
Platform: sparc-unknown-linux-gnu
configure flags: -v --with-pkgversion='Ubuntu 20081019-1' --with-bugurl=file:///usr/share/doc/gcc-snapshot/README.Bugs --enable-languages=c,c++,java,objc,obj-c++,ada --prefix=/usr/lib/gcc-snapshot --enable-shared --with-system-zlib --disable-nls --enable-clocale=gnu --enable-libstdcxx-debug --enable-java-awt=gtk --enable-gtk-cairo --disable-plugin --with-java-home=/usr/lib/gcc-snapshot/jre --with-ecj-jar=/usr/share/java/eclipse-ecj.jar --enable-objc-gc --enable-targets=all --with-cpu=v8 --with-long-double-128 --disable-werror --build=sparc-linux-gnu --host=sparc-linux-gnu --target=sparc-linux-gnu
BOOT_CFLAGS=
Build Dependencies:
Desired=Unknown/Install/Remove/Purge/Hold
| Status=Not/Inst/Cfg-files/Unpacked/Failed-cfg/Half-inst/trig-aWait/Trig-pend
|/ Err?=(none)/Hold/Reinst-required/X=both-problems (Status,Err: uppercase=bad)
||/ Name Version Description
+++-=======================================================-==========================-==============================================
ii binutils 2.18.93.20081009-0ubuntu1 The GNU assembler, linker and binary utilities
ii libc6 2.8~20080505-0ubuntu7 GNU C Library: Shared libraries
Patches that Ubuntu applied in this version:
r141182-revert:
Revert revision 141182 (breaks Ada)
pr27880:
PR target/27880: Restore static linking on ia64 with system libunwind
by adding unwind-compat to the static libgcc.
pr37815:
Proposed patch for PR target/37815
cpu-default-i486:
set default 32bit ix86 architecture to i486
gcc-ice-hack-trunk:
Retry the build on an ice, save the calling options and preprocessed
source when the ice is reproducible.
gcc-ice-apport-trunk:
Report an ICE to apport (if apport is available
and the environment variable GCC_NOAPPORT is not set)
libjava-disable-static:
Disable building the static libjava.
multiarch-include-trunk:
biarch-include.dpatch
Adds biarch include directories
/usr/local/include/<arch>-linux-gnu
/usr/include/<arch>-linux-gnu
to the system include paths, depending on 32/64 bit mode.
libjava-nobiarch-check:
For biarch builds, disable the testsuite for the non-default architecture
for runtime libraries, which are not built by default (libjava).
config-ml:
disable some biarch libraries for biarch builds
Counting all warnings,
there are 0 warnings in stage3 of this bootstrap.
Number of warnings per file:
Number of warning types: