This is the mail archive of the gcc-testresults@gcc.gnu.org mailing list for the GCC project.


Index Nav: [Date Index] [Subject Index] [Author Index] [Thread Index]
Message Nav: [Date Prev] [Date Next] [Thread Prev] [Thread Next]
Other format: [Raw text]

Results for 4.4.0 20081020 (experimental) [trunk revision 141240] (GCC) testsuite on powerpc64-apple-darwin9.5.0


LAST_UPDATED: Mon Oct 20 13:38:09 UTC 2008 (revision 141240)

Native configuration is powerpc64-apple-darwin9.5.0

		=== g++ tests ===


Running target unix/-mcpu=970/-m64
FAIL: tmpdir-g++.dg-struct-layout-1/t003 cp_compat_x_tst.o-cp_compat_y_tst.o execute 
FAIL: tmpdir-g++.dg-struct-layout-1/t006 cp_compat_x_tst.o-cp_compat_y_tst.o execute 
FAIL: tmpdir-g++.dg-struct-layout-1/t007 cp_compat_x_tst.o-cp_compat_y_tst.o execute 
FAIL: tmpdir-g++.dg-struct-layout-1/t008 cp_compat_x_tst.o-cp_compat_y_tst.o execute 
FAIL: tmpdir-g++.dg-struct-layout-1/t010 cp_compat_x_tst.o-cp_compat_y_tst.o execute 
FAIL: tmpdir-g++.dg-struct-layout-1/t011 cp_compat_x_tst.o-cp_compat_y_tst.o execute 
FAIL: tmpdir-g++.dg-struct-layout-1/t020 cp_compat_x_tst.o-cp_compat_y_tst.o execute 
FAIL: tmpdir-g++.dg-struct-layout-1/t026 cp_compat_x_tst.o-cp_compat_y_tst.o execute 
FAIL: tmpdir-g++.dg-struct-layout-1/t027 cp_compat_x_tst.o-cp_compat_y_tst.o execute 
FAIL: g++.dg/abi/key2.C scan-assembler .globl __ZTI1f\\\\n\\t.weak_definition __ZTI1f\\\\n\\t.section __DATA,__const_coal,coalesced
FAIL: g++.dg/ipa/iinline-1.C scan-ipa-dump inline "String::funcOne[^\\n]*inline copy in int main"
FAIL: g++.dg/other/PR23205.C scan-assembler .stabs.*foobar:c=i
FAIL: g++.dg/other/anon5.C (test for excess errors)
FAIL: g++.dg/pubtypes.C scan-assembler long+[ \\t]+0x24+[ \\t]+[#;]+[ \\t]+Length of Public Type Names Info
FAIL: g++.dg/special/conpr-3.C execution test
FAIL: g++.dg/special/initpri1.C execution test
FAIL: g++.old-deja/g++.mike/warn1.C  (test for errors, line 12)
FAIL: g++.old-deja/g++.mike/warn1.C (test for excess errors)
FAIL: g++.old-deja/g++.pt/const2.C (test for excess errors)

		=== g++ Summary ===

# of expected passes		18373
# of unexpected failures	19
# of expected failures		80
# of unsupported tests		162
/Users/lucier/programs/gcc/objdirs/mainline/gcc/testsuite/g++/../../g++  version 4.4.0 20081020 (experimental) [trunk revision 141240] (GCC) 

		=== gcc tests ===


Running target unix/-mcpu=970/-m64
FAIL: gcc.c-torture/execute/nestfunc-6.c execution,  -O0 
FAIL: tmpdir-gcc.dg-struct-layout-1/t001 c_compat_x_tst.o-c_compat_y_tst.o execute 
FAIL: tmpdir-gcc.dg-struct-layout-1/t003 c_compat_x_tst.o-c_compat_y_tst.o execute 
FAIL: tmpdir-gcc.dg-struct-layout-1/t005 c_compat_x_tst.o-c_compat_y_tst.o execute 
FAIL: tmpdir-gcc.dg-struct-layout-1/t006 c_compat_x_tst.o-c_compat_y_tst.o execute 
FAIL: tmpdir-gcc.dg-struct-layout-1/t008 c_compat_x_tst.o-c_compat_y_tst.o execute 
FAIL: tmpdir-gcc.dg-struct-layout-1/t016 c_compat_x_tst.o-c_compat_y_tst.o execute 
FAIL: tmpdir-gcc.dg-struct-layout-1/t024 c_compat_x_tst.o-c_compat_y_tst.o execute 
FAIL: tmpdir-gcc.dg-struct-layout-1/t026 c_compat_x_tst.o-c_compat_y_tst.o execute 
FAIL: tmpdir-gcc.dg-struct-layout-1/t027 c_compat_x_tst.o-c_compat_y_tst.o execute 
FAIL: gcc.dg/cpp/subframework1.c -fno-show-column (test for excess errors)
FAIL: gcc.dg/debug/dwarf2/dwarf-die3.c scan-assembler-not DW_AT_inline
FAIL: gcc.dg/20020919-1.c  (test for errors, line 108)
FAIL: gcc.dg/20020919-1.c  (test for errors, line 126)
FAIL: gcc.dg/20020919-1.c  (test for errors, line 135)
FAIL: gcc.dg/20020919-1.c  (test for errors, line 162)
FAIL: gcc.dg/20020919-1.c  (test for errors, line 180)
FAIL: gcc.dg/20020919-1.c  (test for errors, line 234)
FAIL: gcc.dg/and-1.c scan-assembler-not nand
FAIL: gcc.dg/initpri1.c execution test
FAIL: gcc.dg/pr33645-3.c scan-assembler-not var1_t
FAIL: gcc.dg/pr35729.c scan-rtl-dump-times loop2_invariant "Decided to move invariant" 0
FAIL: gcc.dg/visibility-14.c scan-hidden private_extern[ \\t_]*_?foo
FAIL: gcc.dg/visibility-15.c scan-hidden private_extern[ \\t_]*_?foo
FAIL: gcc.dg/visibility-16.c scan-hidden private_extern[ \\t_]*_?foo
FAIL: gcc.dg/visibility-17.c scan-hidden private_extern[ \\t_]*_?foo
FAIL: gcc.dg/visibility-18.c scan-hidden private_extern[ \\t_]*_?foo
FAIL: gcc.dg/visibility-19.c scan-hidden private_extern[ \\t_]*_?foo
FAIL: gcc.dg/torture/builtin-modf-1.c  -O0  (test for excess errors)
FAIL: gcc.dg/torture/builtin-modf-1.c  -O1  (test for excess errors)
FAIL: gcc.dg/torture/builtin-modf-1.c  -O2  (test for excess errors)
FAIL: gcc.dg/torture/builtin-modf-1.c  -O3 -fomit-frame-pointer  (test for excess errors)
FAIL: gcc.dg/torture/builtin-modf-1.c  -O3 -fomit-frame-pointer -funroll-loops  (test for excess errors)
FAIL: gcc.dg/torture/builtin-modf-1.c  -O3 -fomit-frame-pointer -funroll-all-loops -finline-functions  (test for excess errors)
FAIL: gcc.dg/torture/builtin-modf-1.c  -O3 -g  (test for excess errors)
FAIL: gcc.dg/torture/builtin-modf-1.c  -Os  (test for excess errors)
XPASS: gcc.dg/tree-ssa/sra-2.c scan-tree-dump-times optimized "link_error" 0
FAIL: gcc.dg/tree-ssa/vrp47.c scan-tree-dump-times vrp1 "[xy][^ ]* !=" 0
FAIL: gcc.dg/tree-ssa/vrp47.c scan-tree-dump-times dom1 "x[^ ]* & y" 1
FAIL: gcc.dg/vect/costmodel/ppc/costmodel-slp-12.c scan-tree-dump-times vect "vectorized 1 loops" 1
FAIL: gcc.dg/vect/costmodel/ppc/costmodel-slp-12.c scan-tree-dump-times vect "vectorizing stmts using SLP" 1
FAIL: gcc.dg/vect/vect-67.c scan-tree-dump-times vect "vectorized 1 loops" 1
FAIL: gcc.dg/vect/vect-89.c scan-tree-dump-times vect "Alignment of access forced using peeling" 1
FAIL: gcc.dg/vect/section-anchors-pr27770.c (test for excess errors)
FAIL: gcc.dg/vect/section-anchors-vect-69.c (test for excess errors)
FAIL: gcc.dg/vect/section-anchors-vect-69.c scan-tree-dump-times vect "Alignment of access forced using versioning" 4
FAIL: gcc.target/powerpc/altivec-1.c (test for excess errors)
WARNING: gcc.target/powerpc/altivec-1.c compilation failed to produce executable
FAIL: gcc.target/powerpc/altivec-12.c (test for excess errors)
WARNING: gcc.target/powerpc/altivec-12.c compilation failed to produce executable
FAIL: gcc.target/powerpc/altivec-24.c (test for excess errors)
WARNING: gcc.target/powerpc/altivec-24.c compilation failed to produce executable
FAIL: gcc.target/powerpc/altivec-3.c (test for excess errors)
WARNING: gcc.target/powerpc/altivec-3.c compilation failed to produce executable
FAIL: gcc.target/powerpc/altivec-cell-2.c (test for excess errors)
WARNING: gcc.target/powerpc/altivec-cell-2.c compilation failed to produce executable
FAIL: gcc.target/powerpc/altivec-cell-3.c (test for excess errors)
WARNING: gcc.target/powerpc/altivec-cell-3.c compilation failed to produce executable
FAIL: gcc.target/powerpc/altivec-cell-4.c (test for excess errors)
WARNING: gcc.target/powerpc/altivec-cell-4.c compilation failed to produce executable
FAIL: gcc.target/powerpc/altivec-cell-6.c (test for excess errors)
FAIL: gcc.target/powerpc/altivec-cell-7.c (test for excess errors)
ERROR: gcc.target/powerpc/altivec-cell-7.c: error executing dg-final: couldn't open "altivec-cell-7.s": no such file or directory
UNRESOLVED: gcc.target/powerpc/altivec-cell-7.c: error executing dg-final: couldn't open "altivec-cell-7.s": no such file or directory
FAIL: gcc.target/powerpc/altivec-cell-8.c (test for excess errors)
WARNING: gcc.target/powerpc/altivec-cell-8.c compilation failed to produce executable
FAIL: gcc.target/powerpc/altivec-consts.c (test for excess errors)
WARNING: gcc.target/powerpc/altivec-consts.c compilation failed to produce executable
FAIL: gcc.target/powerpc/altivec-varargs-1.c (test for excess errors)
WARNING: gcc.target/powerpc/altivec-varargs-1.c compilation failed to produce executable
FAIL: gcc.target/powerpc/altivec-vec-merge.c (test for excess errors)
WARNING: gcc.target/powerpc/altivec-vec-merge.c compilation failed to produce executable
FAIL: gcc.target/powerpc/ppc64-abi-1.c (test for excess errors)
WARNING: gcc.target/powerpc/ppc64-abi-1.c compilation failed to produce executable
FAIL: gcc.target/powerpc/ppc64-double-1.c scan-assembler-not stfd
FAIL: gcc.target/powerpc/pr35907.c (test for excess errors)
WARNING: gcc.target/powerpc/pr35907.c compilation failed to produce executable

		=== gcc Summary ===

# of expected passes		50734
# of unexpected failures	61
# of unexpected successes	1
# of expected failures		206
# of unresolved testcases	1
# of unsupported tests		680
/Users/lucier/programs/gcc/objdirs/mainline/gcc/xgcc  version 4.4.0 20081020 (experimental) [trunk revision 141240] (GCC) 

		=== gfortran tests ===


Running target unix/-mcpu=970/-m64
FAIL: gfortran.dg/aliasing_dummy_1.f90  -O0  (internal compiler error)
FAIL: gfortran.dg/aliasing_dummy_1.f90  -O0  (test for excess errors)
WARNING: gfortran.dg/aliasing_dummy_1.f90  -O0  compilation failed to produce executable
FAIL: gfortran.dg/aliasing_dummy_1.f90  -O1  (internal compiler error)
FAIL: gfortran.dg/aliasing_dummy_1.f90  -O1  (test for excess errors)
WARNING: gfortran.dg/aliasing_dummy_1.f90  -O1  compilation failed to produce executable
FAIL: gfortran.dg/aliasing_dummy_1.f90  -O2  (internal compiler error)
FAIL: gfortran.dg/aliasing_dummy_1.f90  -O2  (test for excess errors)
WARNING: gfortran.dg/aliasing_dummy_1.f90  -O2  compilation failed to produce executable
FAIL: gfortran.dg/aliasing_dummy_1.f90  -O3 -fomit-frame-pointer  (internal compiler error)
FAIL: gfortran.dg/aliasing_dummy_1.f90  -O3 -fomit-frame-pointer  (test for excess errors)
WARNING: gfortran.dg/aliasing_dummy_1.f90  -O3 -fomit-frame-pointer  compilation failed to produce executable
FAIL: gfortran.dg/aliasing_dummy_1.f90  -O3 -fomit-frame-pointer -funroll-loops  (internal compiler error)
FAIL: gfortran.dg/aliasing_dummy_1.f90  -O3 -fomit-frame-pointer -funroll-loops  (test for excess errors)
WARNING: gfortran.dg/aliasing_dummy_1.f90  -O3 -fomit-frame-pointer -funroll-loops  compilation failed to produce executable
FAIL: gfortran.dg/aliasing_dummy_1.f90  -O3 -fomit-frame-pointer -funroll-all-loops -finline-functions  (internal compiler error)
FAIL: gfortran.dg/aliasing_dummy_1.f90  -O3 -fomit-frame-pointer -funroll-all-loops -finline-functions  (test for excess errors)
WARNING: gfortran.dg/aliasing_dummy_1.f90  -O3 -fomit-frame-pointer -funroll-all-loops -finline-functions  compilation failed to produce executable
FAIL: gfortran.dg/aliasing_dummy_1.f90  -O3 -g  (internal compiler error)
FAIL: gfortran.dg/aliasing_dummy_1.f90  -O3 -g  (test for excess errors)
WARNING: gfortran.dg/aliasing_dummy_1.f90  -O3 -g  compilation failed to produce executable
FAIL: gfortran.dg/aliasing_dummy_1.f90  -Os  (internal compiler error)
FAIL: gfortran.dg/aliasing_dummy_1.f90  -Os  (test for excess errors)
WARNING: gfortran.dg/aliasing_dummy_1.f90  -Os  compilation failed to produce executable
FAIL: gfortran.dg/alloc_comp_basics_3.f90  -O  (internal compiler error)
FAIL: gfortran.dg/alloc_comp_basics_3.f90  -O  (test for excess errors)
FAIL: gfortran.dg/assign_func_dtcomp_1.f90  -O0  (internal compiler error)
FAIL: gfortran.dg/assign_func_dtcomp_1.f90  -O0  (test for excess errors)
WARNING: gfortran.dg/assign_func_dtcomp_1.f90  -O0  compilation failed to produce executable
FAIL: gfortran.dg/assign_func_dtcomp_1.f90  -O1  (internal compiler error)
FAIL: gfortran.dg/assign_func_dtcomp_1.f90  -O1  (test for excess errors)
WARNING: gfortran.dg/assign_func_dtcomp_1.f90  -O1  compilation failed to produce executable
FAIL: gfortran.dg/assign_func_dtcomp_1.f90  -O2  (internal compiler error)
FAIL: gfortran.dg/assign_func_dtcomp_1.f90  -O2  (test for excess errors)
WARNING: gfortran.dg/assign_func_dtcomp_1.f90  -O2  compilation failed to produce executable
FAIL: gfortran.dg/assign_func_dtcomp_1.f90  -O3 -fomit-frame-pointer  (internal compiler error)
FAIL: gfortran.dg/assign_func_dtcomp_1.f90  -O3 -fomit-frame-pointer  (test for excess errors)
WARNING: gfortran.dg/assign_func_dtcomp_1.f90  -O3 -fomit-frame-pointer  compilation failed to produce executable
FAIL: gfortran.dg/assign_func_dtcomp_1.f90  -O3 -fomit-frame-pointer -funroll-loops  (internal compiler error)
FAIL: gfortran.dg/assign_func_dtcomp_1.f90  -O3 -fomit-frame-pointer -funroll-loops  (test for excess errors)
WARNING: gfortran.dg/assign_func_dtcomp_1.f90  -O3 -fomit-frame-pointer -funroll-loops  compilation failed to produce executable
FAIL: gfortran.dg/assign_func_dtcomp_1.f90  -O3 -fomit-frame-pointer -funroll-all-loops -finline-functions  (internal compiler error)
FAIL: gfortran.dg/assign_func_dtcomp_1.f90  -O3 -fomit-frame-pointer -funroll-all-loops -finline-functions  (test for excess errors)
WARNING: gfortran.dg/assign_func_dtcomp_1.f90  -O3 -fomit-frame-pointer -funroll-all-loops -finline-functions  compilation failed to produce executable
FAIL: gfortran.dg/assign_func_dtcomp_1.f90  -O3 -g  (internal compiler error)
FAIL: gfortran.dg/assign_func_dtcomp_1.f90  -O3 -g  (test for excess errors)
WARNING: gfortran.dg/assign_func_dtcomp_1.f90  -O3 -g  compilation failed to produce executable
FAIL: gfortran.dg/assign_func_dtcomp_1.f90  -Os  (internal compiler error)
FAIL: gfortran.dg/assign_func_dtcomp_1.f90  -Os  (test for excess errors)
WARNING: gfortran.dg/assign_func_dtcomp_1.f90  -Os  compilation failed to produce executable
FAIL: gfortran.dg/equiv_7.f90  -Os  execution test
FAIL: gfortran.dg/func_derived_1.f90  -O0  (internal compiler error)
FAIL: gfortran.dg/func_derived_1.f90  -O0  (test for excess errors)
WARNING: gfortran.dg/func_derived_1.f90  -O0  compilation failed to produce executable
FAIL: gfortran.dg/func_derived_1.f90  -O1  (internal compiler error)
FAIL: gfortran.dg/func_derived_1.f90  -O1  (test for excess errors)
WARNING: gfortran.dg/func_derived_1.f90  -O1  compilation failed to produce executable
FAIL: gfortran.dg/func_derived_1.f90  -O2  (internal compiler error)
FAIL: gfortran.dg/func_derived_1.f90  -O2  (test for excess errors)
WARNING: gfortran.dg/func_derived_1.f90  -O2  compilation failed to produce executable
FAIL: gfortran.dg/func_derived_1.f90  -O3 -fomit-frame-pointer  (internal compiler error)
FAIL: gfortran.dg/func_derived_1.f90  -O3 -fomit-frame-pointer  (test for excess errors)
WARNING: gfortran.dg/func_derived_1.f90  -O3 -fomit-frame-pointer  compilation failed to produce executable
FAIL: gfortran.dg/func_derived_1.f90  -O3 -fomit-frame-pointer -funroll-loops  (internal compiler error)
FAIL: gfortran.dg/func_derived_1.f90  -O3 -fomit-frame-pointer -funroll-loops  (test for excess errors)
WARNING: gfortran.dg/func_derived_1.f90  -O3 -fomit-frame-pointer -funroll-loops  compilation failed to produce executable
FAIL: gfortran.dg/func_derived_1.f90  -O3 -fomit-frame-pointer -funroll-all-loops -finline-functions  (internal compiler error)
FAIL: gfortran.dg/func_derived_1.f90  -O3 -fomit-frame-pointer -funroll-all-loops -finline-functions  (test for excess errors)
WARNING: gfortran.dg/func_derived_1.f90  -O3 -fomit-frame-pointer -funroll-all-loops -finline-functions  compilation failed to produce executable
FAIL: gfortran.dg/func_derived_1.f90  -O3 -g  (internal compiler error)
FAIL: gfortran.dg/func_derived_1.f90  -O3 -g  (test for excess errors)
WARNING: gfortran.dg/func_derived_1.f90  -O3 -g  compilation failed to produce executable
FAIL: gfortran.dg/func_derived_1.f90  -Os  (internal compiler error)
FAIL: gfortran.dg/func_derived_1.f90  -Os  (test for excess errors)
WARNING: gfortran.dg/func_derived_1.f90  -Os  compilation failed to produce executable
FAIL: gfortran.dg/generic_10.f90  -O  (internal compiler error)
FAIL: gfortran.dg/generic_10.f90  -O  (test for excess errors)
FAIL: gfortran.dg/large_real_kind_3.F90  -O0  execution test
FAIL: gfortran.dg/parameter_array_init_3.f90  -O  (internal compiler error)
FAIL: gfortran.dg/parameter_array_init_3.f90  -O  (test for excess errors)
FAIL: gfortran.dg/pr17612.f90  -O0  (internal compiler error)
FAIL: gfortran.dg/pr17612.f90  -O0  (test for excess errors)
WARNING: gfortran.dg/pr17612.f90  -O0  compilation failed to produce executable
FAIL: gfortran.dg/pr17612.f90  -O1  (internal compiler error)
FAIL: gfortran.dg/pr17612.f90  -O1  (test for excess errors)
WARNING: gfortran.dg/pr17612.f90  -O1  compilation failed to produce executable
FAIL: gfortran.dg/pr17612.f90  -O2  (internal compiler error)
FAIL: gfortran.dg/pr17612.f90  -O2  (test for excess errors)
WARNING: gfortran.dg/pr17612.f90  -O2  compilation failed to produce executable
FAIL: gfortran.dg/pr17612.f90  -O3 -fomit-frame-pointer  (internal compiler error)
FAIL: gfortran.dg/pr17612.f90  -O3 -fomit-frame-pointer  (test for excess errors)
WARNING: gfortran.dg/pr17612.f90  -O3 -fomit-frame-pointer  compilation failed to produce executable
FAIL: gfortran.dg/pr17612.f90  -O3 -fomit-frame-pointer -funroll-loops  (internal compiler error)
FAIL: gfortran.dg/pr17612.f90  -O3 -fomit-frame-pointer -funroll-loops  (test for excess errors)
WARNING: gfortran.dg/pr17612.f90  -O3 -fomit-frame-pointer -funroll-loops  compilation failed to produce executable
FAIL: gfortran.dg/pr17612.f90  -O3 -fomit-frame-pointer -funroll-all-loops -finline-functions  (internal compiler error)
FAIL: gfortran.dg/pr17612.f90  -O3 -fomit-frame-pointer -funroll-all-loops -finline-functions  (test for excess errors)
WARNING: gfortran.dg/pr17612.f90  -O3 -fomit-frame-pointer -funroll-all-loops -finline-functions  compilation failed to produce executable
FAIL: gfortran.dg/pr17612.f90  -O3 -g  (internal compiler error)
FAIL: gfortran.dg/pr17612.f90  -O3 -g  (test for excess errors)
WARNING: gfortran.dg/pr17612.f90  -O3 -g  compilation failed to produce executable
FAIL: gfortran.dg/pr17612.f90  -Os  (internal compiler error)
FAIL: gfortran.dg/pr17612.f90  -Os  (test for excess errors)
WARNING: gfortran.dg/pr17612.f90  -Os  compilation failed to produce executable

		=== gfortran Summary ===

# of expected passes		28178
# of unexpected failures	72
# of expected failures		48
# of unsupported tests		67
/Users/lucier/programs/gcc/objdirs/mainline/gcc/testsuite/gfortran/../../gfortran  version 4.4.0 20081020 (experimental) [trunk revision 141240] (GCC) 

		=== objc tests ===


Running target unix/-mcpu=970/-m64
FAIL: objc/execute/bf-10.m execution,  -O0 -fgnu-runtime
FAIL: objc/execute/bf-10.m execution,  -O1 -fgnu-runtime
FAIL: objc/execute/bf-10.m execution,  -O2 -fgnu-runtime
FAIL: objc/execute/bf-10.m execution,  -O3 -fomit-frame-pointer -fgnu-runtime
FAIL: objc/execute/bf-10.m execution,  -O3 -g -fgnu-runtime
FAIL: objc/execute/bf-10.m execution,  -Os -fgnu-runtime
FAIL: objc/execute/bf-14.m execution,  -O0 -fgnu-runtime
FAIL: objc/execute/bf-14.m execution,  -O1 -fgnu-runtime
FAIL: objc/execute/bf-14.m execution,  -O2 -fgnu-runtime
FAIL: objc/execute/bf-14.m execution,  -O3 -fomit-frame-pointer -fgnu-runtime
FAIL: objc/execute/bf-14.m execution,  -O3 -g -fgnu-runtime
FAIL: objc/execute/bf-14.m execution,  -Os -fgnu-runtime
FAIL: objc/execute/bf-16.m execution,  -O0 -fgnu-runtime
FAIL: objc/execute/bf-16.m execution,  -O1 -fgnu-runtime
FAIL: objc/execute/bf-16.m execution,  -O2 -fgnu-runtime
FAIL: objc/execute/bf-16.m execution,  -O3 -fomit-frame-pointer -fgnu-runtime
FAIL: objc/execute/bf-16.m execution,  -O3 -g -fgnu-runtime
FAIL: objc/execute/bf-16.m execution,  -Os -fgnu-runtime
FAIL: objc/execute/bf-17.m execution,  -O0 -fgnu-runtime
FAIL: objc/execute/bf-17.m execution,  -O1 -fgnu-runtime
FAIL: objc/execute/bf-17.m execution,  -O2 -fgnu-runtime
FAIL: objc/execute/bf-17.m execution,  -O3 -fomit-frame-pointer -fgnu-runtime
FAIL: objc/execute/bf-17.m execution,  -O3 -g -fgnu-runtime
FAIL: objc/execute/bf-17.m execution,  -Os -fgnu-runtime
FAIL: objc/execute/bf-19.m execution,  -O0 -fgnu-runtime
FAIL: objc/execute/bf-19.m execution,  -O1 -fgnu-runtime
FAIL: objc/execute/bf-19.m execution,  -O2 -fgnu-runtime
FAIL: objc/execute/bf-19.m execution,  -O3 -fomit-frame-pointer -fgnu-runtime
FAIL: objc/execute/bf-19.m execution,  -O3 -g -fgnu-runtime
FAIL: objc/execute/bf-19.m execution,  -Os -fgnu-runtime
FAIL: objc/execute/bf-5.m execution,  -O0 -fgnu-runtime
FAIL: objc/execute/bf-5.m execution,  -O1 -fgnu-runtime
FAIL: objc/execute/bf-5.m execution,  -O2 -fgnu-runtime
FAIL: objc/execute/bf-5.m execution,  -O3 -fomit-frame-pointer -fgnu-runtime
FAIL: objc/execute/bf-5.m execution,  -O3 -g -fgnu-runtime
FAIL: objc/execute/bf-5.m execution,  -Os -fgnu-runtime
FAIL: objc/execute/bf-6.m execution,  -O0 -fgnu-runtime
FAIL: objc/execute/bf-6.m execution,  -O1 -fgnu-runtime
FAIL: objc/execute/bf-6.m execution,  -O2 -fgnu-runtime
FAIL: objc/execute/bf-6.m execution,  -O3 -fomit-frame-pointer -fgnu-runtime
FAIL: objc/execute/bf-6.m execution,  -O3 -g -fgnu-runtime
FAIL: objc/execute/bf-6.m execution,  -Os -fgnu-runtime
FAIL: objc/execute/bf-7.m execution,  -O0 -fgnu-runtime
FAIL: objc/execute/bf-7.m execution,  -O1 -fgnu-runtime
FAIL: objc/execute/bf-7.m execution,  -O2 -fgnu-runtime
FAIL: objc/execute/bf-7.m execution,  -O3 -fomit-frame-pointer -fgnu-runtime
FAIL: objc/execute/bf-7.m execution,  -O3 -g -fgnu-runtime
FAIL: objc/execute/bf-7.m execution,  -Os -fgnu-runtime
FAIL: objc/execute/bf-8.m execution,  -O0 -fgnu-runtime
FAIL: objc/execute/bf-8.m execution,  -O1 -fgnu-runtime
FAIL: objc/execute/bf-8.m execution,  -O2 -fgnu-runtime
FAIL: objc/execute/bf-8.m execution,  -O3 -fomit-frame-pointer -fgnu-runtime
FAIL: objc/execute/bf-8.m execution,  -O3 -g -fgnu-runtime
FAIL: objc/execute/bf-8.m execution,  -Os -fgnu-runtime
FAIL: objc/execute/bf-9.m execution,  -O0 -fgnu-runtime
FAIL: objc/execute/bf-9.m execution,  -O1 -fgnu-runtime
FAIL: objc/execute/bf-9.m execution,  -O2 -fgnu-runtime
FAIL: objc/execute/bf-9.m execution,  -O3 -fomit-frame-pointer -fgnu-runtime
FAIL: objc/execute/bf-9.m execution,  -O3 -g -fgnu-runtime
FAIL: objc/execute/bf-9.m execution,  -Os -fgnu-runtime
FAIL: objc.dg/bitfield-1.m (test for excess errors)
WARNING: objc.dg/bitfield-1.m compilation failed to produce executable
FAIL: objc.dg/call-super-1.m (test for excess errors)
WARNING: objc.dg/call-super-1.m compilation failed to produce executable
FAIL: objc.dg/call-super-3.m (test for excess errors)
WARNING: objc.dg/call-super-3.m compilation failed to produce executable
FAIL: objc.dg/category-1.m (test for excess errors)
WARNING: objc.dg/category-1.m compilation failed to produce executable
FAIL: objc.dg/const-str-10.m (test for excess errors)
FAIL: objc.dg/const-str-10.m scan-assembler .long\\t__NSConstantStringClassReference\\n\\t.long\\t.*\\n\\t.long\\t5\\n\\t.data
FAIL: objc.dg/const-str-11.m (test for excess errors)
FAIL: objc.dg/const-str-11.m scan-assembler .long\\t__XStrClassReference\\n\\t.long\\t.*\\n\\t.long\\t5\\n\\t.data
FAIL: objc.dg/const-str-3.m (test for excess errors)
WARNING: objc.dg/const-str-3.m compilation failed to produce executable
FAIL: objc.dg/const-str-7.m (test for excess errors)
WARNING: objc.dg/const-str-7.m compilation failed to produce executable
FAIL: objc.dg/const-str-8.m (test for excess errors)
WARNING: objc.dg/const-str-8.m compilation failed to produce executable
FAIL: objc.dg/const-str-9.m (test for excess errors)
FAIL: objc.dg/const-str-9.m scan-assembler .long\\t__NSConstantStringClassReference\\n\\t.long\\t.*\\n\\t.long\\t5\\n\\t.data
FAIL: objc.dg/defs.m (test for excess errors)
WARNING: objc.dg/defs.m compilation failed to produce executable
FAIL: objc.dg/desig-init-1.m (test for excess errors)
WARNING: objc.dg/desig-init-1.m compilation failed to produce executable
FAIL: objc.dg/encode-2.m (test for excess errors)
WARNING: objc.dg/encode-2.m compilation failed to produce executable
FAIL: objc.dg/encode-3.m (test for excess errors)
WARNING: objc.dg/encode-3.m compilation failed to produce executable
FAIL: objc.dg/encode-4.m (test for excess errors)
WARNING: objc.dg/encode-4.m compilation failed to produce executable
FAIL: objc.dg/encode-5.m (test for excess errors)
FAIL: objc.dg/encode-8.m execution test
FAIL: objc.dg/fix-and-continue-1.m (test for excess errors)
WARNING: objc.dg/fix-and-continue-1.m compilation failed to produce executable
FAIL: objc.dg/func-ptr-1.m (test for excess errors)
WARNING: objc.dg/func-ptr-1.m compilation failed to produce executable
FAIL: objc.dg/func-ptr-2.m (test for excess errors)
WARNING: objc.dg/func-ptr-2.m compilation failed to produce executable
FAIL: objc.dg/headers.m (test for excess errors)
FAIL: objc.dg/lookup-1.m (test for excess errors)
WARNING: objc.dg/lookup-1.m compilation failed to produce executable
FAIL: objc.dg/method-10.m (test for excess errors)
WARNING: objc.dg/method-10.m compilation failed to produce executable
FAIL: objc.dg/method-13.m execution test
FAIL: objc.dg/method-3.m (test for excess errors)
WARNING: objc.dg/method-3.m compilation failed to produce executable
FAIL: objc.dg/method-6.m (test for excess errors)
FAIL: objc.dg/next-runtime-1.m scan-assembler L_OBJC_MODULES:\\n[ \\t]*.long\\t6\\n
FAIL: objc.dg/no-extra-load.m (test for excess errors)
ERROR: objc.dg/no-extra-load.m: error executing dg-final: couldn't open "no-extra-load.s": no such file or directory
UNRESOLVED: objc.dg/no-extra-load.m: error executing dg-final: couldn't open "no-extra-load.s": no such file or directory
FAIL: objc.dg/proto-lossage-3.m (test for excess errors)
WARNING: objc.dg/proto-lossage-3.m compilation failed to produce executable
FAIL: objc.dg/proto-qual-1.m (test for excess errors)
WARNING: objc.dg/proto-qual-1.m compilation failed to produce executable
FAIL: objc.dg/sizeof-1.m (test for excess errors)
WARNING: objc.dg/sizeof-1.m compilation failed to produce executable
FAIL: objc.dg/stret-1.m (test for excess errors)
WARNING: objc.dg/stret-1.m compilation failed to produce executable
FAIL: objc.dg/stret-2.m scan-assembler objc_msgSend_stret
FAIL: objc.dg/stret-2.m scan-assembler objc_msgSendSuper_stret
FAIL: objc.dg/stret-2.m scan-assembler-not objc_msgSend[^_S]
FAIL: objc.dg/stret-2.m scan-assembler-not objc_msgSendSuper[^_]
FAIL: objc.dg/super-class-3.m (test for excess errors)
WARNING: objc.dg/super-class-3.m compilation failed to produce executable
FAIL: objc.dg/symtab-1.m scan-assembler L_OBJC_SYMBOLS.*:\\n\\t.long\\t0\\n\\t.long\\t0\\n\\t.short\\t2\\n\\t.short\\t0\\n\\t.long\\tL_OBJC_CLASS_Derived.*\\n\\t.long\\tL_OBJC_CLASS_Base.*\\n
FAIL: objc.dg/type-size-2.m (test for excess errors)
FAIL: objc.dg/type-size-2.m execution test
FAIL: objc.dg/va-meth-1.m (test for excess errors)
WARNING: objc.dg/va-meth-1.m compilation failed to produce executable
FAIL: objc.dg/zero-link-3.m (test for excess errors)
WARNING: objc.dg/zero-link-3.m compilation failed to produce executable
FAIL: objc.dg-struct-layout-encoding-1/t001_main.m execution test
FAIL: objc.dg-struct-layout-encoding-1/t005_main.m execution test
FAIL: objc.dg-struct-layout-encoding-1/t009_main.m execution test
FAIL: objc.dg-struct-layout-encoding-1/t010_main.m execution test
FAIL: objc.dg-struct-layout-encoding-1/t013_main.m execution test
FAIL: objc.dg-struct-layout-encoding-1/t014_main.m execution test
FAIL: objc.dg-struct-layout-encoding-1/t016_main.m execution test
FAIL: objc.dg-struct-layout-encoding-1/t017_main.m execution test
FAIL: objc.dg-struct-layout-encoding-1/t018_main.m execution test
FAIL: objc.dg-struct-layout-encoding-1/t019_main.m execution test
FAIL: objc.dg-struct-layout-encoding-1/t020_main.m execution test
FAIL: objc.dg-struct-layout-encoding-1/t021_main.m execution test
FAIL: objc.dg-struct-layout-encoding-1/t023_main.m execution test
FAIL: objc.dg-struct-layout-encoding-1/t024_main.m execution test
FAIL: objc.dg/special/unclaimed-category-1.m unclaimed-category-1a.o (test for excess errors)
FAIL: objc.dg/special/unclaimed-category-1.m unclaimed-category-1a.o execution test

		=== objc Summary ===

# of expected passes		1708
# of unexpected failures	121
# of expected failures		17
# of unresolved testcases	1
# of unsupported tests		2
/Users/lucier/programs/gcc/objdirs/mainline/gcc/xgcc  version 4.4.0 20081020 (experimental) [trunk revision 141240] (GCC) 

		=== libgomp tests ===


Running target unix/-mcpu=970/-m64

		=== libgomp Summary ===

# of expected passes		2033
# of unsupported tests		128
		=== libstdc++ tests ===


Running target unix/-mcpu=970/-m64
XPASS: 21_strings/basic_string/element_access/char/21674.cc execution test
XPASS: 21_strings/basic_string/element_access/wchar_t/21674.cc execution test
XPASS: 26_numerics/headers/cmath/c99_classification_macros_c.cc (test for excess errors)
WARNING: program timed out.
FAIL: 27_io/ios_base/storage/2.cc execution test
FAIL: ext/mt_allocator/deallocate_local_thread-5.cc execution test
FAIL: ext/mt_allocator/deallocate_local_thread-7.cc execution test

		=== libstdc++ Summary ===

# of expected passes		5444
# of unexpected failures	3
# of unexpected successes	3
# of expected failures		69
# of unsupported tests		425

Compiler version: 4.4.0 20081020 (experimental) [trunk revision 141240] (GCC) 
Platform: powerpc64-apple-darwin9.5.0
configure flags: CC='/usr/bin/gcc-4.0 -mcpu=970 -m64' --disable-werror --build=powerpc64-apple-darwin9.5.0 --host=powerpc64-apple-darwin9.5.0 --target=powerpc64-apple-darwin9.5.0 --with-gmp-include=/sw/include/ --with-gmp-lib=/sw/lib/ppc64 --with-mpfr-include=/sw/include/ --with-mpfr-lib=/sw/lib/ppc64 --prefix=/pkgs/gcc-4.4.0-64 --with-libiconv-prefix=/usr --with-system-zlib
BOOT_CFLAGS=-g -O2


Index Nav: [Date Index] [Subject Index] [Author Index] [Thread Index]
Message Nav: [Date Prev] [Date Next] [Thread Prev] [Thread Next]