This is the mail archive of the gcc-testresults@gcc.gnu.org mailing list for the GCC project.


Index Nav: [Date Index] [Subject Index] [Author Index] [Thread Index]
Message Nav: [Date Prev] [Date Next] [Thread Prev] [Thread Next]
Other format: [Raw text]

Results for 4.4.0 20081019 (experimental) [trunk revision 141232] (GCC) testsuite on powerpc64-unknown-linux-gnu


Linux 2.6.5-7.252-pseries64 ppc64
GNU C Library stable release version 2.3.5 (20050720)
GNU ld (GNU Binutils) 2.18.50.20080905
GNU assembler (GNU Binutils) 2.18.50.20080905
GNU Make 3.80

DejaGnu:
	Expect version is	5.43.0
	Tcl version is		8.4
	Framework version is	1.4.4

32-bit biarch default32

SVN branch: trunk

This hardware has VMX instructions.

LAST_UPDATED: Sun Oct 19 21:15:13 UTC 2008 (revision 141232)

Native configuration is powerpc64-unknown-linux-gnu

		=== g++ tests ===


Running target unix/-m32
FAIL: g++.dg/ext/altivec-types-1.C  (test for errors, line 30)
FAIL: g++.dg/ipa/iinline-1.C scan-ipa-dump inline "String::funcOne[^\\n]*inline copy in int main"
FAIL: g++.dg/other/PR23205.C scan-assembler .stabs.*foobar:c=i

		=== g++ Summary for unix/-m32 ===

# of expected passes		19389
# of unexpected failures	3
# of expected failures		81
# of unsupported tests		127

Running target unix/-m64
FAIL: g++.dg/ext/altivec-types-1.C  (test for errors, line 30)
FAIL: g++.dg/ipa/iinline-1.C scan-ipa-dump inline "String::funcOne[^\\n]*inline copy in int main"
FAIL: g++.dg/other/PR23205.C scan-assembler .stabs.*foobar:c=i
FAIL: g++.old-deja/g++.mike/warn1.C  (test for errors, line 12)
FAIL: g++.old-deja/g++.mike/warn1.C (test for excess errors)

		=== g++ Summary for unix/-m64 ===

# of expected passes		19347
# of unexpected failures	5
# of expected failures		81
# of unsupported tests		130

		=== g++ Summary ===

# of expected passes		38736
# of unexpected failures	8
# of expected failures		162
# of unsupported tests		257
/extra_space/gccbuild/build/nightly/build-gcc-trunk/gcc/testsuite/g++/../../g++  version 4.4.0 20081019 (experimental) [trunk revision 141232] (GCC) 

		=== gcc tests ===


Running target unix/-m32
FAIL: gcc.dg/debug/dwarf2/dwarf-die3.c scan-assembler-not DW_AT_inline
FAIL: gcc.dg/dfp/convert-int-max.c execution test
XPASS: gcc.dg/20020103-1.c scan-assembler-not LC[0-9]
FAIL: gcc.dg/and-1.c scan-assembler-not nand
FAIL: gcc.dg/memcpy-1.c scan-tree-dump-times optimized "nasty_local" 0
FAIL: gcc.dg/pr33645-3.c scan-assembler-not var1_t
FAIL: gcc.dg/pr35729.c scan-rtl-dump-times loop2_invariant "Decided to move invariant" 0
FAIL: gcc.dg/pch/valid-1b.c -O0 -g -I. (test for excess errors)
FAIL: gcc.dg/pch/valid-1b.c -O0 -g assembly comparison
FAIL: gcc.dg/pch/valid-1b.c  -O0  -I. (test for excess errors)
FAIL: gcc.dg/pch/valid-1b.c  -O0  assembly comparison
FAIL: gcc.dg/pch/valid-1b.c  -O1  -I. (test for excess errors)
FAIL: gcc.dg/pch/valid-1b.c  -O1  assembly comparison
FAIL: gcc.dg/pch/valid-1b.c  -O2  -I. (test for excess errors)
FAIL: gcc.dg/pch/valid-1b.c  -O2  assembly comparison
FAIL: gcc.dg/pch/valid-1b.c  -O3 -fomit-frame-pointer  -I. (test for excess errors)
FAIL: gcc.dg/pch/valid-1b.c  -O3 -fomit-frame-pointer  assembly comparison
FAIL: gcc.dg/pch/valid-1b.c  -O3 -g  -I. (test for excess errors)
FAIL: gcc.dg/pch/valid-1b.c  -O3 -g  assembly comparison
FAIL: gcc.dg/pch/valid-1b.c  -Os  -I. (test for excess errors)
FAIL: gcc.dg/pch/valid-1b.c  -Os  assembly comparison
FAIL: gcc.dg/tree-ssa/vrp47.c scan-tree-dump-times vrp1 "[xy][^ ]* !=" 0
FAIL: gcc.dg/tree-ssa/vrp47.c scan-tree-dump-times dom1 "x[^ ]* & y" 1
FAIL: gcc.dg/vect/costmodel/ppc/costmodel-slp-12.c scan-tree-dump-times vect "vectorized 1 loops" 1
FAIL: gcc.dg/vect/costmodel/ppc/costmodel-slp-12.c scan-tree-dump-times vect "vectorizing stmts using SLP" 1
FAIL: gcc.dg/vect/vect-67.c scan-tree-dump-times vect "vectorized 1 loops" 1
FAIL: gcc.target/powerpc/pr18096-1.c stack frame too large (test for errors, line 8)
FAIL: gcc.target/powerpc/pr18096-1.c (test for excess errors)

		=== gcc Summary for unix/-m32 ===

# of expected passes		52912
# of unexpected failures	27
# of unexpected successes	1
# of expected failures		200
# of unsupported tests		540

Running target unix/-m64
FAIL: gcc.dg/debug/dwarf2/dwarf-die3.c scan-assembler-not DW_AT_inline
FAIL: gcc.dg/dfp/convert-int-max.c execution test
FAIL: gcc.dg/and-1.c scan-assembler-not nand
FAIL: gcc.dg/pr33645-3.c scan-assembler-not var1_t
FAIL: gcc.dg/pr35729.c scan-rtl-dump-times loop2_invariant "Decided to move invariant" 0
FAIL: gcc.dg/visibility-16.c scan-hidden hidden[ \\t_]*foo
FAIL: gcc.dg/pch/valid-1b.c -O0 -g -I. (test for excess errors)
FAIL: gcc.dg/pch/valid-1b.c -O0 -g assembly comparison
FAIL: gcc.dg/pch/valid-1b.c  -O0  -I. (test for excess errors)
FAIL: gcc.dg/pch/valid-1b.c  -O0  assembly comparison
FAIL: gcc.dg/pch/valid-1b.c  -O1  -I. (test for excess errors)
FAIL: gcc.dg/pch/valid-1b.c  -O1  assembly comparison
FAIL: gcc.dg/pch/valid-1b.c  -O2  -I. (test for excess errors)
FAIL: gcc.dg/pch/valid-1b.c  -O2  assembly comparison
FAIL: gcc.dg/pch/valid-1b.c  -O3 -fomit-frame-pointer  -I. (test for excess errors)
FAIL: gcc.dg/pch/valid-1b.c  -O3 -fomit-frame-pointer  assembly comparison
FAIL: gcc.dg/pch/valid-1b.c  -O3 -g  -I. (test for excess errors)
FAIL: gcc.dg/pch/valid-1b.c  -O3 -g  assembly comparison
FAIL: gcc.dg/pch/valid-1b.c  -Os  -I. (test for excess errors)
FAIL: gcc.dg/pch/valid-1b.c  -Os  assembly comparison
XPASS: gcc.dg/tree-ssa/sra-2.c scan-tree-dump-times optimized "link_error" 0
FAIL: gcc.dg/tree-ssa/vrp47.c scan-tree-dump-times vrp1 "[xy][^ ]* !=" 0
FAIL: gcc.dg/tree-ssa/vrp47.c scan-tree-dump-times dom1 "x[^ ]* & y" 1
FAIL: gcc.dg/vect/costmodel/ppc/costmodel-slp-12.c scan-tree-dump-times vect "vectorized 1 loops" 1
FAIL: gcc.dg/vect/costmodel/ppc/costmodel-slp-12.c scan-tree-dump-times vect "vectorizing stmts using SLP" 1
FAIL: gcc.dg/vect/vect-67.c scan-tree-dump-times vect "vectorized 1 loops" 1
FAIL: gcc.dg/weak/weak-1.c scan-assembler weak[^ \\t]*[ \\t]_?j
FAIL: gcc.dg/weak/weak-16.c scan-assembler weak[^ \\t]*[ \\t]_?kallsyms_token_index
FAIL: gcc.target/powerpc/ppc64-double-1.c scan-assembler-not stfd

		=== gcc Summary for unix/-m64 ===

# of expected passes		52754
# of unexpected failures	28
# of unexpected successes	1
# of expected failures		202
# of unsupported tests		606

		=== gcc Summary ===

# of expected passes		105666
# of unexpected failures	55
# of unexpected successes	2
# of expected failures		402
# of unsupported tests		1146
/extra_space/gccbuild/build/nightly/build-gcc-trunk/gcc/xgcc  version 4.4.0 20081019 (experimental) [trunk revision 141232] (GCC) 

		=== gfortran tests ===


Running target unix/-m32
FAIL: gfortran.dg/csqrt_2.f  -O0  execution test
FAIL: gfortran.dg/csqrt_2.f  -O1  execution test
FAIL: gfortran.dg/csqrt_2.f  -O2  execution test
FAIL: gfortran.dg/csqrt_2.f  -O3 -fomit-frame-pointer  execution test
FAIL: gfortran.dg/csqrt_2.f  -O3 -fomit-frame-pointer -funroll-loops  execution test
FAIL: gfortran.dg/csqrt_2.f  -O3 -fomit-frame-pointer -funroll-all-loops -finline-functions  execution test
FAIL: gfortran.dg/csqrt_2.f  -O3 -g  execution test
FAIL: gfortran.dg/csqrt_2.f  -Os  execution test
FAIL: gfortran.dg/f2003_io_1.f03  -O0  execution test
FAIL: gfortran.dg/f2003_io_1.f03  -O1  execution test
FAIL: gfortran.dg/f2003_io_1.f03  -O2  execution test
FAIL: gfortran.dg/f2003_io_1.f03  -O3 -fomit-frame-pointer  execution test
FAIL: gfortran.dg/f2003_io_1.f03  -O3 -fomit-frame-pointer -funroll-loops  execution test
FAIL: gfortran.dg/f2003_io_1.f03  -O3 -fomit-frame-pointer -funroll-all-loops -finline-functions  execution test
FAIL: gfortran.dg/f2003_io_1.f03  -O3 -g  execution test
FAIL: gfortran.dg/f2003_io_1.f03  -Os  execution test
FAIL: gfortran.dg/f2003_io_4.f03  -O0  execution test
FAIL: gfortran.dg/f2003_io_4.f03  -O1  execution test
FAIL: gfortran.dg/f2003_io_4.f03  -O2  execution test
FAIL: gfortran.dg/f2003_io_4.f03  -O3 -fomit-frame-pointer  execution test
FAIL: gfortran.dg/f2003_io_4.f03  -O3 -fomit-frame-pointer -funroll-loops  execution test
FAIL: gfortran.dg/f2003_io_4.f03  -O3 -fomit-frame-pointer -funroll-all-loops -finline-functions  execution test
FAIL: gfortran.dg/f2003_io_4.f03  -O3 -g  execution test
FAIL: gfortran.dg/f2003_io_4.f03  -Os  execution test
FAIL: gfortran.dg/f2003_io_5.f03  -O0  execution test
FAIL: gfortran.dg/f2003_io_5.f03  -O1  execution test
FAIL: gfortran.dg/f2003_io_5.f03  -O2  execution test
FAIL: gfortran.dg/f2003_io_5.f03  -O3 -fomit-frame-pointer  execution test
FAIL: gfortran.dg/f2003_io_5.f03  -O3 -fomit-frame-pointer -funroll-loops  execution test
FAIL: gfortran.dg/f2003_io_5.f03  -O3 -fomit-frame-pointer -funroll-all-loops -finline-functions  execution test
FAIL: gfortran.dg/f2003_io_5.f03  -O3 -g  execution test
FAIL: gfortran.dg/f2003_io_5.f03  -Os  execution test
FAIL: gfortran.dg/f2003_io_6.f03  -O0  execution test
FAIL: gfortran.dg/f2003_io_6.f03  -O1  execution test
FAIL: gfortran.dg/f2003_io_6.f03  -O2  execution test
FAIL: gfortran.dg/f2003_io_6.f03  -O3 -fomit-frame-pointer  execution test
FAIL: gfortran.dg/f2003_io_6.f03  -O3 -fomit-frame-pointer -funroll-loops  execution test
FAIL: gfortran.dg/f2003_io_6.f03  -O3 -fomit-frame-pointer -funroll-all-loops -finline-functions  execution test
FAIL: gfortran.dg/f2003_io_6.f03  -O3 -g  execution test
FAIL: gfortran.dg/f2003_io_6.f03  -Os  execution test
FAIL: gfortran.dg/f2003_io_7.f03  -O0  execution test
FAIL: gfortran.dg/f2003_io_7.f03  -O1  execution test
FAIL: gfortran.dg/f2003_io_7.f03  -O2  execution test
FAIL: gfortran.dg/f2003_io_7.f03  -O3 -fomit-frame-pointer  execution test
FAIL: gfortran.dg/f2003_io_7.f03  -O3 -fomit-frame-pointer -funroll-loops  execution test
FAIL: gfortran.dg/f2003_io_7.f03  -O3 -fomit-frame-pointer -funroll-all-loops -finline-functions  execution test
FAIL: gfortran.dg/f2003_io_7.f03  -O3 -g  execution test
FAIL: gfortran.dg/f2003_io_7.f03  -Os  execution test

		=== gfortran Summary for unix/-m32 ===

# of expected passes		27885
# of unexpected failures	48
# of expected failures		11
# of unsupported tests		255

Running target unix/-m64
FAIL: gfortran.dg/csqrt_2.f  -O0  execution test
FAIL: gfortran.dg/csqrt_2.f  -O1  execution test
FAIL: gfortran.dg/csqrt_2.f  -O2  execution test
FAIL: gfortran.dg/csqrt_2.f  -O3 -fomit-frame-pointer  execution test
FAIL: gfortran.dg/csqrt_2.f  -O3 -fomit-frame-pointer -funroll-loops  execution test
FAIL: gfortran.dg/csqrt_2.f  -O3 -fomit-frame-pointer -funroll-all-loops -finline-functions  execution test
FAIL: gfortran.dg/csqrt_2.f  -O3 -g  execution test
FAIL: gfortran.dg/csqrt_2.f  -Os  execution test

		=== gfortran Summary for unix/-m64 ===

# of expected passes		28074
# of unexpected failures	8
# of expected failures		11
# of unsupported tests		182

		=== gfortran Summary ===

# of expected passes		55959
# of unexpected failures	56
# of expected failures		22
# of unsupported tests		437
/extra_space/gccbuild/build/nightly/build-gcc-trunk/gcc/testsuite/gfortran/../../gfortran  version 4.4.0 20081019 (experimental) [trunk revision 141232] (GCC) 

		=== libgomp tests ===


Running target unix/-m32

		=== libgomp Summary for unix/-m32 ===

# of expected passes		2289

Running target unix/-m64

		=== libgomp Summary for unix/-m64 ===

# of expected passes		2289

		=== libgomp Summary ===

# of expected passes		4578
		=== libmudflap tests ===


Running target unix/-m32
FAIL: libmudflap.c++/pass41-frag.cxx execution test
FAIL: libmudflap.c++/pass41-frag.cxx (-static) execution test
FAIL: libmudflap.c++/pass41-frag.cxx (-O2) execution test
FAIL: libmudflap.c++/pass41-frag.cxx (-O3) execution test

		=== libmudflap Summary for unix/-m32 ===

# of expected passes		1882
# of unexpected failures	4

Running target unix/-m64
FAIL: libmudflap.c/fail27-frag.c output pattern test
FAIL: libmudflap.c/fail27-frag.c (-O2) output pattern test
FAIL: libmudflap.c/fail27-frag.c (-O3) output pattern test
FAIL: libmudflap.c++/pass41-frag.cxx execution test
FAIL: libmudflap.c++/pass41-frag.cxx (-static) execution test
FAIL: libmudflap.c++/pass41-frag.cxx (-O2) execution test
FAIL: libmudflap.c++/pass41-frag.cxx (-O3) execution test
WARNING: program timed out.
FAIL: libmudflap.cth/pass37-frag.c (rerun 9) execution test
FAIL: libmudflap.cth/pass37-frag.c (rerun 9) output pattern test
WARNING: program timed out.
FAIL: libmudflap.cth/pass39-frag.c (rerun 1) execution test
FAIL: libmudflap.cth/pass39-frag.c (rerun 1) output pattern test
WARNING: program timed out.
FAIL: libmudflap.cth/pass39-frag.c (rerun 2) execution test
FAIL: libmudflap.cth/pass39-frag.c (rerun 2) output pattern test
WARNING: program timed out.
FAIL: libmudflap.cth/pass39-frag.c (rerun 6) execution test
FAIL: libmudflap.cth/pass39-frag.c (rerun 6) output pattern test
WARNING: program timed out.
FAIL: libmudflap.cth/pass39-frag.c (rerun 8) execution test
FAIL: libmudflap.cth/pass39-frag.c (rerun 8) output pattern test
WARNING: program timed out.
FAIL: libmudflap.cth/pass37-frag.c (-static -DSTATIC) (rerun 4) execution test
FAIL: libmudflap.cth/pass37-frag.c (-static -DSTATIC) (rerun 4) output pattern test
WARNING: program timed out.
FAIL: libmudflap.cth/pass37-frag.c (-static -DSTATIC) (rerun 7) execution test
FAIL: libmudflap.cth/pass37-frag.c (-static -DSTATIC) (rerun 7) output pattern test
WARNING: program timed out.
FAIL: libmudflap.cth/pass39-frag.c (-static -DSTATIC) (rerun 3) execution test
FAIL: libmudflap.cth/pass39-frag.c (-static -DSTATIC) (rerun 3) output pattern test
WARNING: program timed out.
FAIL: libmudflap.cth/pass39-frag.c (-static -DSTATIC) (rerun 10) execution test
FAIL: libmudflap.cth/pass39-frag.c (-static -DSTATIC) (rerun 10) output pattern test
WARNING: program timed out.
FAIL: libmudflap.cth/pass37-frag.c (-O2) (rerun 2) execution test
FAIL: libmudflap.cth/pass37-frag.c (-O2) (rerun 2) output pattern test

		=== libmudflap Summary for unix/-m64 ===

# of expected passes		1859
# of unexpected failures	27

		=== libmudflap Summary ===

# of expected passes		3741
# of unexpected failures	31
		=== libstdc++ tests ===


Running target unix/-m32
FAIL: abi_check
FAIL: 25_algorithms/replace_copy_if/requirements/explicit_instantiation/pod.cc (test for excess errors)
FAIL: 25_algorithms/replace_if/requirements/explicit_instantiation/pod.cc (test for excess errors)
FAIL: 25_algorithms/stable_partition/requirements/explicit_instantiation/2.cc (test for excess errors)
FAIL: 25_algorithms/stable_partition/requirements/explicit_instantiation/pod.cc (test for excess errors)
XPASS: 26_numerics/headers/cmath/c99_classification_macros_c.cc (test for excess errors)

		=== libstdc++ Summary for unix/-m32 ===

# of expected passes		6272
# of unexpected failures	5
# of unexpected successes	1
# of expected failures		72
# of unsupported tests		10

Running target unix/-m64
FAIL: abi_check
XPASS: 26_numerics/complex/13450.cc execution test
XPASS: 26_numerics/complex/complex_value.cc execution test
XPASS: 26_numerics/complex/pow.cc execution test
XPASS: 26_numerics/headers/cmath/c99_classification_macros_c.cc (test for excess errors)

		=== libstdc++ Summary for unix/-m64 ===

# of expected passes		6273
# of unexpected failures	1
# of unexpected successes	4
# of expected failures		72
# of unsupported tests		10

		=== libstdc++ Summary ===

# of expected passes		12545
# of unexpected failures	6
# of unexpected successes	5
# of expected failures		144
# of unsupported tests		20

Compiler version: 4.4.0 20081019 (experimental) [trunk revision 141232] (GCC) 
Platform: powerpc64-unknown-linux-gnu
configure flags: --prefix=/opt/gcc-nightly/trunk-20081019 --build=powerpc64-linux --host=powerpc64-linux --target=powerpc64-linux --with-cpu=default32 --with-as=/opt/gcc-nightly/binutils-20080904/bin/as --with-ld=/opt/gcc-nightly/binutils-20080904/bin/ld --enable-threads=posix --enable-shared --enable-__cxa_atexit --enable-languages=c,c++,fortran --enable-checking --disable-alsa --with-gmp=/opt/gcc-nightly/gmp-mpfr-static --with-mpfr=/opt/gcc-nightly/gmp-mpfr-static --enable-decimal-float

		=== Test Framework Summary ===

# of expected passes		2518


Index Nav: [Date Index] [Subject Index] [Author Index] [Thread Index]
Message Nav: [Date Prev] [Date Next] [Thread Prev] [Thread Next]