This is the mail archive of the gcc-testresults@gcc.gnu.org mailing list for the GCC project.


Index Nav: [Date Index] [Subject Index] [Author Index] [Thread Index]
Message Nav: [Date Prev] [Date Next] [Thread Prev] [Thread Next]
Other format: [Raw text]

Results for 4.4.0 20081019 (experimental) (GCC) testsuite on i686-pc-linux-gnu


LAST_UPDATED: Sun Oct 19 07:17:41 UTC 2008 (/trunk revision 141218)

Native configuration is i686-pc-linux-gnu

		=== g++ tests ===


Running target localhost
FAIL: g++.dg/abi/forced.C execution test
FAIL: g++.dg/other/PR23205.C scan-assembler .stabs.*foobar:c=i
FAIL: g++.dg/rtti/typeid4.C execution test
FAIL: g++.old-deja/g++.other/unchanging1.C execution test

		=== g++ Summary ===

# of expected passes		19073
# of unexpected failures	4
# of expected failures		81
# of unsupported tests		96
/scratch/gcc/nightly-2008-10-19-mainline/i686-pc-linux-gnu/obj/test-mainline-0-i686-pc-linux-gnu/host-i686-pc-linux-gnu/fsf-mainline/bin/i686-pc-linux-gnu-g++  version 4.4.0 20081019 (experimental) (GCC) 

		=== gcc tests ===


Running target localhost
FAIL: gcc.dg/debug/dwarf2/dwarf-die3.c scan-assembler-not DW_AT_inline
FAIL: gcc.dg/pr30286.c execution test
FAIL: gcc.dg/pr33645-3.c scan-assembler-not var1_t
FAIL: gcc.dg/pch/valid-1b.c -O0 -g -I. (test for excess errors)
FAIL: gcc.dg/pch/valid-1b.c -O0 -g assembly comparison
FAIL: gcc.dg/pch/valid-1b.c  -O0  -I. (test for excess errors)
FAIL: gcc.dg/pch/valid-1b.c  -O0  assembly comparison
FAIL: gcc.dg/pch/valid-1b.c  -O1  -I. (test for excess errors)
FAIL: gcc.dg/pch/valid-1b.c  -O1  assembly comparison
FAIL: gcc.dg/pch/valid-1b.c  -O2  -I. (test for excess errors)
FAIL: gcc.dg/pch/valid-1b.c  -O2  assembly comparison
FAIL: gcc.dg/pch/valid-1b.c  -O3 -fomit-frame-pointer  -I. (test for excess errors)
FAIL: gcc.dg/pch/valid-1b.c  -O3 -fomit-frame-pointer  assembly comparison
FAIL: gcc.dg/pch/valid-1b.c  -O3 -g  -I. (test for excess errors)
FAIL: gcc.dg/pch/valid-1b.c  -O3 -g  assembly comparison
FAIL: gcc.dg/pch/valid-1b.c  -Os  -I. (test for excess errors)
FAIL: gcc.dg/pch/valid-1b.c  -Os  assembly comparison
FAIL: gcc.dg/vect/vect-67.c scan-tree-dump-times vect "vectorized 1 loops" 1
FAIL: gcc.dg/vect/no-scevccp-outer-13.c scan-tree-dump-times vect "OUTER LOOP VECTORIZED." 1
FAIL: gcc.dg/vect/no-scevccp-outer-7.c scan-tree-dump-times vect "OUTER LOOP VECTORIZED." 1

		=== gcc Summary ===

# of expected passes		55349
# of unexpected failures	20
# of expected failures		186
# of unsupported tests		431
/scratch/gcc/nightly-2008-10-19-mainline/i686-pc-linux-gnu/obj/test-mainline-0-i686-pc-linux-gnu/host-i686-pc-linux-gnu/fsf-mainline/bin/i686-pc-linux-gnu-gcc  version 4.4.0 20081019 (experimental) (GCC) 

		=== libstdc++ tests ===


Running target localhost
FAIL: 19_diagnostics/error_category/cons/default.cc execution test
FAIL: 19_diagnostics/error_category/operators/equal.cc execution test
FAIL: 19_diagnostics/error_category/operators/not_equal.cc execution test
FAIL: 19_diagnostics/error_code/cons/1.cc execution test
FAIL: 19_diagnostics/error_code/operators/bool.cc execution test
FAIL: 19_diagnostics/error_code/operators/equal.cc execution test
FAIL: 19_diagnostics/error_code/operators/not_equal.cc execution test
FAIL: 19_diagnostics/error_condition/cons/1.cc execution test
FAIL: 19_diagnostics/error_condition/operators/bool.cc execution test
FAIL: 19_diagnostics/error_condition/operators/equal.cc execution test
FAIL: 19_diagnostics/error_condition/operators/not_equal.cc execution test
FAIL: 19_diagnostics/system_error/cons-1.cc execution test
FAIL: 19_diagnostics/system_error/cons_virtual_derivation.cc execution test
FAIL: 19_diagnostics/system_error/what-1.cc execution test
FAIL: 19_diagnostics/system_error/what-2.cc execution test
FAIL: 19_diagnostics/system_error/what-3.cc execution test
FAIL: 19_diagnostics/system_error/what-4.cc execution test
FAIL: 19_diagnostics/system_error/what-big.cc execution test
FAIL: 20_util/clocks/1.cc execution test
FAIL: 20_util/hash/operators/size_t.cc execution test
FAIL: 20_util/shared_ptr/cons/alloc.cc execution test
FAIL: 20_util/shared_ptr/creation/alloc.cc execution test
FAIL: 20_util/shared_ptr/modifiers/reset_alloc.cc execution test
FAIL: 21_strings/basic_string/init-list.cc execution test
FAIL: 21_strings/basic_string/inserters_extractors/char/1.cc execution test
FAIL: 21_strings/basic_string/inserters_extractors/char/4.cc execution test
FAIL: 21_strings/basic_string/inserters_extractors/char/5.cc execution test
FAIL: 21_strings/basic_string/inserters_extractors/pod/10081-in.cc execution test
FAIL: 21_strings/basic_string/inserters_extractors/pod/10081-out.cc execution test
FAIL: 22_locale/ctype/narrow/char/1.cc execution test
FAIL: 22_locale/ctype/narrow/char/19955.cc execution test
FAIL: 22_locale/ctype/narrow/char/2.cc execution test
FAIL: 22_locale/ctype/widen/char/1.cc execution test
FAIL: 22_locale/facet/1.cc execution test
FAIL: 22_locale/facet/25421.cc execution test
FAIL: 22_locale/global_templates/standard_facet_hierarchies.cc execution test
FAIL: 22_locale/locale/cons/6.cc execution test
FAIL: 22_locale/locale/operations/2.cc execution test
FAIL: 22_locale/money_get/get/char/14.cc execution test
FAIL: 22_locale/money_get/get/char/19.cc execution test
FAIL: 22_locale/money_get/get/char/22131.cc execution test
FAIL: 22_locale/money_get/get/char/5.cc execution test
FAIL: 22_locale/money_get/get/char/6.cc execution test
FAIL: 22_locale/money_get/get/char/8.cc execution test
FAIL: 22_locale/money_get/get/char/9.cc execution test
FAIL: 22_locale/money_get/get/wchar_t/14.cc execution test
FAIL: 22_locale/money_get/get/wchar_t/19.cc execution test
FAIL: 22_locale/money_get/get/wchar_t/22131.cc execution test
FAIL: 22_locale/money_get/get/wchar_t/5.cc execution test
FAIL: 22_locale/money_get/get/wchar_t/6.cc execution test
FAIL: 22_locale/money_get/get/wchar_t/8.cc execution test
FAIL: 22_locale/money_get/get/wchar_t/9.cc execution test
FAIL: 22_locale/money_put/put/char/4.cc execution test
FAIL: 22_locale/money_put/put/char/5.cc execution test
FAIL: 22_locale/money_put/put/char/6.cc execution test
FAIL: 22_locale/money_put/put/wchar_t/5.cc execution test
FAIL: 22_locale/money_put/put/wchar_t/6.cc execution test
FAIL: 22_locale/moneypunct/requirements/false/intl.cc execution test
FAIL: 22_locale/moneypunct/requirements/true/intl.cc execution test
FAIL: 22_locale/num_get/get/char/10.cc execution test
FAIL: 22_locale/num_get/get/char/11.cc execution test
FAIL: 22_locale/num_get/get/char/12.cc execution test
FAIL: 22_locale/num_get/get/char/13.cc execution test
FAIL: 22_locale/num_get/get/char/14.cc execution test
FAIL: 22_locale/num_get/get/char/15.cc execution test
FAIL: 22_locale/num_get/get/char/16.cc execution test
FAIL: 22_locale/num_get/get/char/22131.cc execution test
FAIL: 22_locale/num_get/get/char/23953.cc execution test
FAIL: 22_locale/num_get/get/char/4.cc execution test
FAIL: 22_locale/num_get/get/wchar_t/10.cc execution test
FAIL: 22_locale/num_get/get/wchar_t/11.cc execution test
FAIL: 22_locale/num_get/get/wchar_t/12.cc execution test
FAIL: 22_locale/num_get/get/wchar_t/13.cc execution test
FAIL: 22_locale/num_get/get/wchar_t/14.cc execution test
FAIL: 22_locale/num_get/get/wchar_t/15.cc execution test
FAIL: 22_locale/num_get/get/wchar_t/16.cc execution test
FAIL: 22_locale/num_get/get/wchar_t/22131.cc execution test
FAIL: 22_locale/num_get/get/wchar_t/23953.cc execution test
FAIL: 22_locale/num_get/get/wchar_t/4.cc execution test
FAIL: 22_locale/num_put/put/char/11.cc execution test
FAIL: 22_locale/num_put/put/char/23953.cc execution test
FAIL: 22_locale/num_put/put/char/4.cc execution test
FAIL: 22_locale/num_put/put/wchar_t/11.cc execution test
FAIL: 22_locale/num_put/put/wchar_t/23953.cc execution test
FAIL: 22_locale/numpunct/members/char/cache_1.cc execution test
FAIL: 22_locale/numpunct/members/char/cache_2.cc execution test
FAIL: 22_locale/numpunct/members/pod/2.cc execution test
FAIL: 22_locale/numpunct/members/wchar_t/cache_1.cc execution test
FAIL: 22_locale/numpunct/members/wchar_t/cache_2.cc execution test
FAIL: 22_locale/time_get/get_date/char/3.cc execution test
FAIL: 22_locale/time_get/get_date/char/5.cc execution test
FAIL: 22_locale/time_get/get_monthname/char/3.cc execution test
FAIL: 22_locale/time_get/get_monthname/char/5.cc execution test
FAIL: 22_locale/time_get/get_time/char/3.cc execution test
FAIL: 22_locale/time_get/get_time/char/5.cc execution test
FAIL: 22_locale/time_get/get_weekday/char/3.cc execution test
FAIL: 22_locale/time_get/get_weekday/char/5.cc execution test
FAIL: 22_locale/time_get/get_year/char/3.cc execution test
FAIL: 22_locale/time_get/get_year/char/5.cc execution test
FAIL: 22_locale/time_put/put/char/10.cc execution test
FAIL: 22_locale/time_put/put/char/12439_3.cc execution test
FAIL: 22_locale/time_put/put/char/9.cc execution test
FAIL: 23_containers/bitset/input/1.cc execution test
FAIL: 23_containers/bitset/invalidation/1.cc execution test
FAIL: 23_containers/bitset/to_ulong/1.cc execution test
FAIL: 23_containers/deque/check_construct_destroy.cc execution test
FAIL: 23_containers/deque/cons/2.cc execution test
FAIL: 23_containers/deque/init-list.cc execution test
FAIL: 23_containers/deque/invalidation/1.cc execution test
FAIL: 23_containers/deque/invalidation/2.cc execution test
FAIL: 23_containers/deque/invalidation/3.cc execution test
FAIL: 23_containers/deque/invalidation/4.cc execution test
FAIL: 23_containers/deque/modifiers/swap/2.cc execution test
FAIL: 23_containers/deque/modifiers/swap/3.cc execution test
FAIL: 23_containers/list/check_construct_destroy.cc execution test
FAIL: 23_containers/list/init-list.cc execution test
FAIL: 23_containers/list/invalidation/1.cc execution test
FAIL: 23_containers/list/invalidation/2.cc execution test
FAIL: 23_containers/list/invalidation/3.cc execution test
FAIL: 23_containers/list/invalidation/4.cc execution test
FAIL: 23_containers/list/modifiers/swap/2.cc execution test
FAIL: 23_containers/list/modifiers/swap/3.cc execution test
FAIL: 23_containers/list/operations/35969.cc execution test
FAIL: 23_containers/list/operations/5.cc execution test
FAIL: 23_containers/map/invalidation/1.cc execution test
FAIL: 23_containers/map/invalidation/2.cc execution test
FAIL: 23_containers/map/modifiers/insert/16813.cc execution test
FAIL: 23_containers/map/modifiers/swap/2.cc execution test
FAIL: 23_containers/map/modifiers/swap/3.cc execution test
FAIL: 23_containers/multimap/invalidation/1.cc execution test
FAIL: 23_containers/multimap/invalidation/2.cc execution test
FAIL: 23_containers/multimap/modifiers/swap/2.cc execution test
FAIL: 23_containers/multimap/modifiers/swap/3.cc execution test
FAIL: 23_containers/multiset/invalidation/1.cc execution test
FAIL: 23_containers/multiset/invalidation/2.cc execution test
FAIL: 23_containers/multiset/modifiers/swap/2.cc execution test
FAIL: 23_containers/multiset/modifiers/swap/3.cc execution test
FAIL: 23_containers/set/check_construct_destroy.cc execution test
FAIL: 23_containers/set/invalidation/1.cc execution test
FAIL: 23_containers/set/invalidation/2.cc execution test
FAIL: 23_containers/set/modifiers/swap/2.cc execution test
FAIL: 23_containers/set/modifiers/swap/3.cc execution test
FAIL: 23_containers/unordered_map/dr761.cc execution test
FAIL: 23_containers/unordered_map/init-list.cc execution test
FAIL: 23_containers/unordered_map/moveable.cc execution test
FAIL: 23_containers/unordered_map/requirements/citerators.cc execution test
FAIL: 23_containers/unordered_map/requirements/cliterators.cc execution test
FAIL: 23_containers/unordered_multimap/init-list.cc execution test
FAIL: 23_containers/unordered_multimap/moveable.cc execution test
FAIL: 23_containers/unordered_multimap/requirements/citerators.cc execution test
FAIL: 23_containers/unordered_multimap/requirements/cliterators.cc execution test
FAIL: 23_containers/unordered_multiset/init-list.cc execution test
FAIL: 23_containers/unordered_multiset/moveable.cc execution test
FAIL: 23_containers/unordered_multiset/requirements/citerators.cc execution test
FAIL: 23_containers/unordered_multiset/requirements/cliterators.cc execution test
FAIL: 23_containers/unordered_set/init-list.cc execution test
FAIL: 23_containers/unordered_set/moveable.cc execution test
FAIL: 23_containers/unordered_set/requirements/citerators.cc execution test
FAIL: 23_containers/unordered_set/requirements/cliterators.cc execution test
FAIL: 23_containers/vector/bool/modifiers/swap/1.cc execution test
FAIL: 23_containers/vector/bool/modifiers/swap/2.cc execution test
FAIL: 23_containers/vector/capacity/2.cc execution test
FAIL: 23_containers/vector/check_construct_destroy.cc execution test
FAIL: 23_containers/vector/cons/4.cc execution test
FAIL: 23_containers/vector/debug_mode_requires_reallocation-1.cc execution test
FAIL: 23_containers/vector/debug_mode_requires_reallocation-2.cc execution test
FAIL: 23_containers/vector/init-list.cc execution test
FAIL: 23_containers/vector/invalidation/1.cc execution test
FAIL: 23_containers/vector/invalidation/2.cc execution test
FAIL: 23_containers/vector/invalidation/3.cc execution test
FAIL: 23_containers/vector/invalidation/4.cc execution test
FAIL: 23_containers/vector/modifiers/swap/2.cc execution test
FAIL: 23_containers/vector/modifiers/swap/3.cc execution test
FAIL: 26_numerics/complex/inserters_extractors/char/1.cc execution test
FAIL: 26_numerics/complex/inserters_extractors/wchar_t/1.cc execution test
FAIL: 26_numerics/valarray/binary_closure.cc execution test
FAIL: 27_io/basic_filebuf/close/12790-1.cc execution test
FAIL: 27_io/basic_filebuf/close/char/4879.cc execution test
FAIL: 27_io/basic_filebuf/cons/2020.cc execution test
FAIL: 27_io/basic_filebuf/imbue/12206.cc execution test
FAIL: 27_io/basic_filebuf/open/12790-1.cc execution test
FAIL: 27_io/basic_filebuf/open/char/4.cc execution test
FAIL: 27_io/basic_filebuf/overflow/char/1.cc execution test
FAIL: 27_io/basic_filebuf/overflow/char/3599.cc execution test
FAIL: 27_io/basic_filebuf/seekoff/10132-2.cc execution test
FAIL: 27_io/basic_filebuf/seekoff/12790-1.cc execution test
FAIL: 27_io/basic_filebuf/seekoff/12790-2.cc execution test
FAIL: 27_io/basic_filebuf/seekoff/12790-3.cc execution test
FAIL: 27_io/basic_filebuf/seekoff/12790-4.cc execution test
FAIL: 27_io/basic_filebuf/seekoff/char/11543.cc execution test
FAIL: 27_io/basic_filebuf/seekoff/wchar_t/11543.cc execution test
FAIL: 27_io/basic_filebuf/seekpos/10132-3.cc execution test
FAIL: 27_io/basic_filebuf/seekpos/12790-1.cc execution test
FAIL: 27_io/basic_filebuf/seekpos/12790-2.cc execution test
FAIL: 27_io/basic_filebuf/seekpos/12790-3.cc execution test
FAIL: 27_io/basic_filebuf/underflow/10096.cc execution test
FAIL: 27_io/basic_filebuf/underflow/char/3.cc execution test
FAIL: 27_io/basic_fstream/cons/3.cc execution test
FAIL: 27_io/basic_ifstream/cons/2020.cc execution test
FAIL: 27_io/basic_ios/cons/char/1.cc execution test
FAIL: 27_io/basic_ios/cons/char/3.cc execution test
FAIL: 27_io/basic_ios/imbue/14072.cc execution test
FAIL: 27_io/basic_ios/locales/char/1.cc execution test
FAIL: 27_io/basic_istream/extractors_arithmetic/char/07.cc execution test
FAIL: 27_io/basic_istream/extractors_arithmetic/char/08.cc execution test
FAIL: 27_io/basic_istream/extractors_arithmetic/char/10.cc execution test
FAIL: 27_io/basic_istream/extractors_arithmetic/pod/3983-1.cc execution test
FAIL: 27_io/basic_istream/extractors_arithmetic/wchar_t/07.cc execution test
FAIL: 27_io/basic_istream/extractors_arithmetic/wchar_t/08.cc execution test
FAIL: 27_io/basic_istream/extractors_arithmetic/wchar_t/10.cc execution test
FAIL: 27_io/basic_istream/extractors_character/pod/3983-2.cc execution test
FAIL: 27_io/basic_istream/get/char/1.cc execution test
FAIL: 27_io/basic_istream/get/char/2.cc execution test
FAIL: 27_io/basic_istream/get/char/3.cc execution test
FAIL: 27_io/basic_istream/getline/char/1.cc execution test
FAIL: 27_io/basic_istream/getline/char/2.cc execution test
FAIL: 27_io/basic_istream/getline/char/3.cc execution test
FAIL: 27_io/basic_istream/getline/char/4.cc execution test
FAIL: 27_io/basic_istream/getline/char/6.cc execution test
FAIL: 27_io/basic_istream/sentry/pod/1.cc execution test
FAIL: 27_io/basic_ofstream/cons/2020.cc execution test
FAIL: 27_io/basic_ostream/endl/char/1.cc execution test
FAIL: 27_io/basic_ostream/exceptions/char/9561.cc execution test
FAIL: 27_io/basic_ostream/inserters_arithmetic/char/1.cc execution test
FAIL: 27_io/basic_ostream/inserters_arithmetic/pod/23875.cc execution test
FAIL: 27_io/basic_ostream/inserters_arithmetic/wchar_t/1.cc execution test
FAIL: 27_io/basic_ostream/inserters_character/char/2.cc execution test
FAIL: 27_io/basic_ostream/inserters_character/char/3.cc execution test
FAIL: 27_io/basic_ostream/inserters_character/char/4.cc execution test
FAIL: 27_io/basic_ostream/inserters_other/char/3.cc execution test
FAIL: 27_io/basic_ostream/inserters_other/char/error_code.cc execution test
FAIL: 27_io/basic_ostream/inserters_other/wchar_t/error_code.cc execution test
FAIL: 27_io/basic_ostream/sentry/pod/1.cc execution test
FAIL: 27_io/basic_streambuf/overflow/char/2.cc execution test
FAIL: 27_io/basic_streambuf/overflow/char/3599.cc execution test
FAIL: 27_io/basic_stringbuf/overflow/char/2.cc execution test
FAIL: 27_io/basic_stringbuf/overflow/char/3599.cc execution test
FAIL: 27_io/basic_stringstream/str/char/3.cc execution test
FAIL: 27_io/manipulators/adjustfield/char/1.cc execution test
FAIL: 27_io/manipulators/adjustfield/wchar_t/1.cc execution test
FAIL: 27_io/manipulators/basefield/char/1.cc execution test
FAIL: 27_io/manipulators/basefield/wchar_t/1.cc execution test
FAIL: 27_io/manipulators/standard/char/1.cc execution test
FAIL: 27_io/manipulators/standard/char/2.cc execution test
FAIL: 27_io/objects/char/1.cc execution test
FAIL: 27_io/objects/char/2.cc execution test
FAIL: 27_io/objects/char/3647.cc execution test
FAIL: 27_io/objects/char/5.cc execution test
FAIL: 29_atomics/atomic_flag/atomic_global_fence_compatibility.cc execution test
FAIL: 29_atomics/atomic_flag/test_and_set/explicit.c execution test
FAIL: 29_atomics/atomic_flag/test_and_set/explicit.cc execution test
FAIL: 29_atomics/atomic_flag/test_and_set/implicit.c execution test
FAIL: 29_atomics/atomic_flag/test_and_set/implicit.cc execution test
FAIL: 30_threads/call_once/call_once1.cc execution test
FAIL: 30_threads/condition_variable/cons/1.cc execution test
FAIL: 30_threads/condition_variable/member/1.cc execution test
FAIL: 30_threads/condition_variable/member/2.cc execution test
FAIL: 30_threads/condition_variable_any/cons/1.cc execution test
FAIL: 30_threads/mutex/cons/1.cc execution test
FAIL: 30_threads/mutex/dest/destructor_locked.cc execution test
FAIL: 30_threads/mutex/lock/1.cc execution test
FAIL: 30_threads/mutex/native_handle/1.cc execution test
FAIL: 30_threads/mutex/try_lock/1.cc execution test
FAIL: 30_threads/mutex/try_lock/2.cc execution test
FAIL: 30_threads/mutex/unlock/1.cc execution test
FAIL: 30_threads/recursive_mutex/cons/1.cc execution test
FAIL: 30_threads/recursive_mutex/dest/destructor_locked.cc execution test
FAIL: 30_threads/recursive_mutex/lock/1.cc execution test
FAIL: 30_threads/recursive_mutex/native_handle/1.cc execution test
FAIL: 30_threads/recursive_mutex/try_lock/1.cc execution test
FAIL: 30_threads/recursive_mutex/try_lock/2.cc execution test
FAIL: 30_threads/recursive_mutex/unlock/1.cc execution test
FAIL: 30_threads/recursive_timed_mutex/cons/1.cc execution test
FAIL: 30_threads/recursive_timed_mutex/dest/destructor_locked.cc execution test
FAIL: 30_threads/recursive_timed_mutex/lock/1.cc execution test
FAIL: 30_threads/recursive_timed_mutex/lock/2.cc execution test
FAIL: 30_threads/recursive_timed_mutex/native_handle/1.cc execution test
FAIL: 30_threads/recursive_timed_mutex/try_lock/1.cc execution test
FAIL: 30_threads/recursive_timed_mutex/try_lock/2.cc execution test
FAIL: 30_threads/recursive_timed_mutex/try_lock_for/1.cc execution test
FAIL: 30_threads/recursive_timed_mutex/try_lock_for/2.cc execution test
FAIL: 30_threads/recursive_timed_mutex/try_lock_for/3.cc execution test
FAIL: 30_threads/recursive_timed_mutex/try_lock_until/1.cc execution test
FAIL: 30_threads/recursive_timed_mutex/try_lock_until/2.cc execution test
FAIL: 30_threads/recursive_timed_mutex/unlock/1.cc execution test
FAIL: 30_threads/thread/algorithm/1.cc execution test
FAIL: 30_threads/thread/algorithm/2.cc execution test
FAIL: 30_threads/thread/cons/1.cc execution test
FAIL: 30_threads/thread/cons/2.cc execution test
FAIL: 30_threads/thread/cons/3.cc execution test
FAIL: 30_threads/thread/cons/4.cc execution test
FAIL: 30_threads/thread/member/1.cc execution test
FAIL: 30_threads/thread/member/2.cc execution test
FAIL: 30_threads/thread/member/3.cc execution test
FAIL: 30_threads/thread/this_thread/1.cc execution test
FAIL: 30_threads/thread/this_thread/2.cc execution test
FAIL: 30_threads/thread/this_thread/3.cc execution test
FAIL: 30_threads/thread/this_thread/4.cc execution test
FAIL: 30_threads/timed_mutex/cons/1.cc execution test
FAIL: 30_threads/timed_mutex/dest/destructor_locked.cc execution test
FAIL: 30_threads/timed_mutex/lock/1.cc execution test
FAIL: 30_threads/timed_mutex/native_handle/1.cc execution test
FAIL: 30_threads/timed_mutex/try_lock/1.cc execution test
FAIL: 30_threads/timed_mutex/try_lock/2.cc execution test
FAIL: 30_threads/timed_mutex/try_lock_for/1.cc execution test
FAIL: 30_threads/timed_mutex/try_lock_for/2.cc execution test
FAIL: 30_threads/timed_mutex/try_lock_for/3.cc execution test
FAIL: 30_threads/timed_mutex/try_lock_until/1.cc execution test
FAIL: 30_threads/timed_mutex/try_lock_until/2.cc execution test
FAIL: 30_threads/timed_mutex/unlock/1.cc execution test
FAIL: 30_threads/try_lock/1.cc execution test
FAIL: 30_threads/try_lock/2.cc execution test
FAIL: 30_threads/try_lock/3.cc execution test
FAIL: 30_threads/unique_lock/cons/1.cc execution test
FAIL: 30_threads/unique_lock/cons/2.cc execution test
FAIL: 30_threads/unique_lock/cons/3.cc execution test
FAIL: 30_threads/unique_lock/cons/4.cc execution test
FAIL: 30_threads/unique_lock/cons/5.cc execution test
FAIL: 30_threads/unique_lock/cons/6.cc execution test
FAIL: 30_threads/unique_lock/locking/1.cc execution test
FAIL: 30_threads/unique_lock/locking/2.cc execution test
FAIL: 30_threads/unique_lock/locking/3.cc execution test
FAIL: 30_threads/unique_lock/locking/4.cc execution test
FAIL: 30_threads/unique_lock/modifiers/1.cc execution test
FAIL: 30_threads/unique_lock/modifiers/2.cc execution test
FAIL: abi/demangle/abi_examples/20.cc execution test
FAIL: abi/demangle/abi_text/02.cc execution test
FAIL: abi/demangle/cxx0x/rref.cc execution test
FAIL: abi/demangle/regression/cw-16.cc execution test
FAIL: backward/hash_map/14648.cc execution test
FAIL: backward/hash_set/check_construct_destroy.cc execution test
FAIL: backward/strstream_members.cc execution test
FAIL: ext/array_allocator/2.cc execution test
FAIL: ext/enc_filebuf/char/13189.cc execution test
FAIL: ext/enc_filebuf/char/13598.cc execution test
FAIL: ext/enc_filebuf/wchar_t/13189.cc execution test
FAIL: ext/pb_ds/example/assoc_container_traits.cc execution test
FAIL: ext/pb_ds/example/basic_map.cc execution test
FAIL: ext/pb_ds/example/basic_priority_queue.cc execution test
FAIL: ext/pb_ds/example/basic_set.cc execution test
FAIL: ext/pb_ds/example/priority_queue_container_traits.cc execution test
FAIL: ext/pb_ds/example/priority_queue_dijkstra.cc execution test
FAIL: ext/pb_ds/example/priority_queue_split_join.cc execution test
FAIL: ext/pb_ds/example/priority_queue_xref.cc execution test
FAIL: ext/pb_ds/example/trie_prefix_search.cc execution test
FAIL: ext/pb_ds/regression/associative_containers.cc execution test
FAIL: ext/pb_ds/regression/hash_data_map_rand.cc execution test
FAIL: ext/pb_ds/regression/hash_no_data_map_rand.cc execution test
FAIL: ext/pb_ds/regression/list_update_data_map_rand.cc execution test
FAIL: ext/pb_ds/regression/list_update_no_data_map_rand.cc execution test
FAIL: ext/pb_ds/regression/priority_queue_rand.cc execution test
FAIL: ext/pb_ds/regression/priority_queues.cc execution test
FAIL: ext/pb_ds/regression/tree_data_map_rand.cc execution test
FAIL: ext/pb_ds/regression/tree_no_data_map_rand.cc execution test
FAIL: ext/pb_ds/regression/trie_data_map_rand.cc execution test
FAIL: ext/pb_ds/regression/trie_no_data_map_rand.cc execution test
FAIL: ext/rope/1.cc execution test
FAIL: ext/slist/check_construct_destroy.cc execution test
WARNING: program timed out.
FAIL: thread/guard.cc execution test
FAIL: tr1/5_numerical_facilities/random/discard_block/operators/serialize.cc execution test
FAIL: tr1/5_numerical_facilities/random/linear_congruential/operators/serialize.cc execution test
FAIL: tr1/5_numerical_facilities/random/mersenne_twister/operators/serialize.cc execution test
FAIL: tr1/5_numerical_facilities/random/subtract_with_carry/operators/serialize.cc execution test
FAIL: tr1/5_numerical_facilities/random/subtract_with_carry_01/operators/serialize.cc execution test
FAIL: tr1/5_numerical_facilities/random/xor_combine/operators/serialize.cc execution test
FAIL: tr1/6_containers/hash/operators/size_t.cc execution test
FAIL: tr1/6_containers/unordered_map/24064.cc execution test
FAIL: tr1/6_containers/unordered_map/capacity/29134-map.cc execution test
FAIL: tr1/6_containers/unordered_map/erase/1.cc execution test
FAIL: tr1/6_containers/unordered_map/erase/24061-map.cc execution test
FAIL: tr1/6_containers/unordered_map/find/map1.cc execution test
FAIL: tr1/6_containers/unordered_map/insert/24061-map.cc execution test
FAIL: tr1/6_containers/unordered_map/insert/array_syntax.cc execution test
FAIL: tr1/6_containers/unordered_map/insert/map_range.cc execution test
FAIL: tr1/6_containers/unordered_map/insert/map_single.cc execution test
FAIL: tr1/6_containers/unordered_map/swap/1.cc execution test
FAIL: tr1/6_containers/unordered_map/swap/2.cc execution test
FAIL: tr1/6_containers/unordered_multimap/capacity/29134-multimap.cc execution test
FAIL: tr1/6_containers/unordered_multimap/erase/1.cc execution test
FAIL: tr1/6_containers/unordered_multimap/erase/24061-multimap.cc execution test
FAIL: tr1/6_containers/unordered_multimap/find/multimap1.cc execution test
FAIL: tr1/6_containers/unordered_multimap/insert/24061-multimap.cc execution test
FAIL: tr1/6_containers/unordered_multimap/insert/multimap_range.cc execution test
FAIL: tr1/6_containers/unordered_multimap/insert/multimap_single.cc execution test
FAIL: tr1/6_containers/unordered_multimap/swap/1.cc execution test
FAIL: tr1/6_containers/unordered_multimap/swap/2.cc execution test
FAIL: tr1/6_containers/unordered_multiset/24054.cc execution test
FAIL: tr1/6_containers/unordered_multiset/capacity/29134-multiset.cc execution test
FAIL: tr1/6_containers/unordered_multiset/erase/1.cc execution test
FAIL: tr1/6_containers/unordered_multiset/erase/24061-multiset.cc execution test
FAIL: tr1/6_containers/unordered_multiset/find/multiset1.cc execution test
FAIL: tr1/6_containers/unordered_multiset/insert/24061-multiset.cc execution test
FAIL: tr1/6_containers/unordered_multiset/insert/multiset_range.cc execution test
FAIL: tr1/6_containers/unordered_multiset/insert/multiset_single.cc execution test
FAIL: tr1/6_containers/unordered_multiset/swap/1.cc execution test
FAIL: tr1/6_containers/unordered_multiset/swap/2.cc execution test
FAIL: tr1/6_containers/unordered_set/23465.cc execution test
FAIL: tr1/6_containers/unordered_set/26132.cc execution test
FAIL: tr1/6_containers/unordered_set/capacity/29134-set.cc execution test
FAIL: tr1/6_containers/unordered_set/erase/1.cc execution test
FAIL: tr1/6_containers/unordered_set/erase/24061-set.cc execution test
FAIL: tr1/6_containers/unordered_set/find/set1.cc execution test
FAIL: tr1/6_containers/unordered_set/insert/24061-set.cc execution test
FAIL: tr1/6_containers/unordered_set/insert/set_range.cc execution test
FAIL: tr1/6_containers/unordered_set/insert/set_single.cc execution test
FAIL: tr1/6_containers/unordered_set/swap/1.cc execution test
FAIL: tr1/6_containers/unordered_set/swap/2.cc execution test

		=== libstdc++ Summary ===

# of expected passes		5227
# of unexpected failures	407
# of expected failures		73
# of unsupported tests		331
		=== g++ tests ===


Running target localhost/-m64
FAIL: g++.dg/other/PR23205.C scan-assembler .stabs.*foobar:c=i
FAIL: g++.old-deja/g++.mike/warn1.C  (test for errors, line 12)
FAIL: g++.old-deja/g++.mike/warn1.C (test for excess errors)

		=== g++ Summary ===

# of expected passes		18760
# of unexpected failures	3
# of expected failures		81
# of unsupported tests		247
/scratch/gcc/nightly-2008-10-19-mainline/i686-pc-linux-gnu/obj/test-mainline-0-i686-pc-linux-gnu/host-i686-pc-linux-gnu/fsf-mainline/bin/i686-pc-linux-gnu-g++  version 4.4.0 20081019 (experimental) (GCC) 

		=== gcc tests ===


Running target localhost/-m64
FAIL: gcc.dg/debug/dwarf2/dwarf-die3.c scan-assembler-not DW_AT_inline
FAIL: gcc.dg/pr33645-3.c scan-assembler-not var1_t
FAIL: gcc.dg/tree-prof/bb-reorg.c compilation,  -fprofile-use -D_PROFILE_USE
UNRESOLVED: gcc.dg/tree-prof/bb-reorg.c execution,    -fprofile-use -D_PROFILE_USE
FAIL: gcc.dg/tree-prof/pr34999.c compilation,  -fprofile-use -D_PROFILE_USE
UNRESOLVED: gcc.dg/tree-prof/pr34999.c execution,    -fprofile-use -D_PROFILE_USE
FAIL: gcc.dg/vect/vect-67.c scan-tree-dump-times vect "vectorized 1 loops" 1
FAIL: gcc.dg/vect/no-scevccp-outer-13.c scan-tree-dump-times vect "OUTER LOOP VECTORIZED." 1
FAIL: gcc.dg/vect/no-scevccp-outer-7.c scan-tree-dump-times vect "OUTER LOOP VECTORIZED." 1
FAIL: gcc.misc-tests/linkage.c link
FAIL: gcc.target/i386/pr34256.c scan-assembler-times mov 2

		=== gcc Summary ===

# of expected passes		54941
# of unexpected failures	9
# of expected failures		186
# of unresolved testcases	2
# of unsupported tests		703
/scratch/gcc/nightly-2008-10-19-mainline/i686-pc-linux-gnu/obj/test-mainline-0-i686-pc-linux-gnu/host-i686-pc-linux-gnu/fsf-mainline/bin/i686-pc-linux-gnu-gcc  version 4.4.0 20081019 (experimental) (GCC) 

		=== libstdc++ tests ===


Running target localhost/-m64

		=== libstdc++ Summary ===

# of expected passes		5640
# of expected failures		73
# of unsupported tests		328

Compiler version: 4.4.0 20081019 (experimental) (GCC) 
Platform: i686-pc-linux-gnu
configure flags: --build=i686-pc-linux-gnu --host=i686-pc-linux-gnu --target=i686-pc-linux-gnu --enable-threads --disable-libmudflap --disable-libssp --disable-libstdcxx-pch --enable-targets=all --with-gnu-as --with-gnu-ld --enable-languages=c,c++ --enable-shared --disable-nls --prefix=/opt/codesourcery --with-gmp=/scratch/gcc/nightly-2008-10-19-mainline/i686-pc-linux-gnu/obj/host-libs-mainline-0-i686-pc-linux-gnu-i686-pc-linux-gnu/usr --with-mpfr=/scratch/gcc/nightly-2008-10-19-mainline/i686-pc-linux-gnu/obj/host-libs-mainline-0-i686-pc-linux-gnu-i686-pc-linux-gnu/usr --disable-libgomp --with-build-time-tools=/scratch/gcc/nightly-2008-10-19-mainline/i686-pc-linux-gnu/install/i686-pc-linux-gnu/bin --with-build-time-tools=/scratch/gcc/nightly-2008-10-19-mainline/i686-pc-linux-gnu/install/i686-pc-linux-gnu/bin


Index Nav: [Date Index] [Subject Index] [Author Index] [Thread Index]
Message Nav: [Date Prev] [Date Next] [Thread Prev] [Thread Next]