This is the mail archive of the gcc-testresults@gcc.gnu.org mailing list for the GCC project.


Index Nav: [Date Index] [Subject Index] [Author Index] [Thread Index]
Message Nav: [Date Prev] [Date Next] [Thread Prev] [Thread Next]
Other format: [Raw text]

Results for 4.4.0 20081019 (experimental) (GCC) testsuite on x86_64-unknown-linux-gnu


LAST_UPDATED: Sun Oct 19 10:14:06 UTC 2008 (revision 141220M)

Native configuration is x86_64-unknown-linux-gnu

		=== gcc tests ===


Running target unix
FAIL: gcc.dg/debug/dwarf2/dwarf-die3.c scan-assembler-not DW_AT_inline
FAIL: gcc.dg/pr33645-3.c scan-assembler-not var1_t
FAIL: gcc.dg/tree-prof/bb-reorg.c compilation,  -fprofile-use -D_PROFILE_USE
UNRESOLVED: gcc.dg/tree-prof/bb-reorg.c execution,    -fprofile-use -D_PROFILE_USE
FAIL: gcc.dg/tree-prof/pr34999.c compilation,  -fprofile-use -D_PROFILE_USE
UNRESOLVED: gcc.dg/tree-prof/pr34999.c execution,    -fprofile-use -D_PROFILE_USE
FAIL: gcc.dg/vect/vect-67.c scan-tree-dump-times vect "vectorized 1 loops" 1
FAIL: gcc.dg/vect/no-scevccp-outer-13.c scan-tree-dump-times vect "OUTER LOOP VECTORIZED." 1
FAIL: gcc.dg/vect/no-scevccp-outer-7.c scan-tree-dump-times vect "OUTER LOOP VECTORIZED." 1
FAIL: gcc.target/i386/pr34256.c scan-assembler-times mov 2

		=== gcc Summary ===

# of expected passes		54014
# of unexpected failures	8
# of expected failures		186
# of unresolved testcases	2
# of unsupported tests		1165
/home/toon/compilers/obj-t/gcc/xgcc  version 4.4.0 20081019 (experimental) (GCC) 

		=== gfortran tests ===


Running target unix
FAIL: gfortran.dg/namelist_18.f90  -O0  execution test
FAIL: gfortran.dg/namelist_18.f90  -O1  execution test
FAIL: gfortran.dg/namelist_18.f90  -O2  execution test
FAIL: gfortran.dg/namelist_18.f90  -O3 -fomit-frame-pointer  execution test
FAIL: gfortran.dg/namelist_18.f90  -O3 -fomit-frame-pointer -funroll-loops  execution test
FAIL: gfortran.dg/namelist_18.f90  -O3 -fomit-frame-pointer -funroll-all-loops -finline-functions  execution test
FAIL: gfortran.dg/namelist_18.f90  -O3 -g  execution test
FAIL: gfortran.dg/namelist_18.f90  -Os  execution test

		=== gfortran Summary ===

# of expected passes		28348
# of unexpected failures	8
# of expected failures		10
# of unsupported tests		42
/home/toon/compilers/obj-t/gcc/testsuite/gfortran/../../gfortran  version 4.4.0 20081019 (experimental) (GCC) 

		=== libgomp tests ===


Running target unix

		=== libgomp Summary ===

# of expected passes		1640
		=== libmudflap tests ===


Running target unix

		=== libmudflap Summary ===

# of expected passes		1732
# of unsupported tests		2

Compiler version: 4.4.0 20081019 (experimental) (GCC) 
Platform: x86_64-unknown-linux-gnu
configure flags: --prefix=/usr/snp --disable-multilib --disable-nls --enable-languages=fortran


Index Nav: [Date Index] [Subject Index] [Author Index] [Thread Index]
Message Nav: [Date Prev] [Date Next] [Thread Prev] [Thread Next]