This is the mail archive of the gcc-testresults@gcc.gnu.org mailing list for the GCC project.


Index Nav: [Date Index] [Subject Index] [Author Index] [Thread Index]
Message Nav: [Date Prev] [Date Next] [Thread Prev] [Thread Next]
Other format: [Raw text]

Results for 4.4.0 20081008 (experimental) [trunk revision 140972] (GCC) testsuite on x86_64-unknown-linux-gnu


LAST_UPDATED: Wed Oct  8 10:45:52 UTC 2008 (revision 140972)

Native configuration is x86_64-unknown-linux-gnu

		=== gcc tests ===


Running target emx-avx-sim/-m32
FAIL: gcc.c-torture/compile/limits-exprparen.c  -O0  (test for excess errors)
FAIL: gcc.c-torture/compile/limits-exprparen.c  -O1  (test for excess errors)
FAIL: gcc.c-torture/compile/limits-exprparen.c  -O2  (test for excess errors)
FAIL: gcc.c-torture/compile/limits-exprparen.c  -O3 -fomit-frame-pointer  (test for excess errors)
FAIL: gcc.c-torture/compile/limits-exprparen.c  -O3 -g  (test for excess errors)
FAIL: gcc.c-torture/compile/limits-exprparen.c  -Os  (test for excess errors)
FAIL: gcc.dg/debug/dwarf2/dwarf-die3.c scan-assembler-not DW_AT_inline
FAIL: gcc.dg/pr30286.c execution test
FAIL: gcc.dg/pr33645-3.c scan-assembler-not var1_t
FAIL: gcc.dg/pch/valid-1b.c -O0 -g -I. (test for excess errors)
FAIL: gcc.dg/pch/valid-1b.c -O0 -g assembly comparison
FAIL: gcc.dg/pch/valid-1b.c  -O0  -I. (test for excess errors)
FAIL: gcc.dg/pch/valid-1b.c  -O0  assembly comparison
FAIL: gcc.dg/pch/valid-1b.c  -O1  -I. (test for excess errors)
FAIL: gcc.dg/pch/valid-1b.c  -O1  assembly comparison
FAIL: gcc.dg/pch/valid-1b.c  -O2  -I. (test for excess errors)
FAIL: gcc.dg/pch/valid-1b.c  -O2  assembly comparison
FAIL: gcc.dg/pch/valid-1b.c  -O3 -fomit-frame-pointer  -I. (test for excess errors)
FAIL: gcc.dg/pch/valid-1b.c  -O3 -fomit-frame-pointer  assembly comparison
FAIL: gcc.dg/pch/valid-1b.c  -O3 -g  -I. (test for excess errors)
FAIL: gcc.dg/pch/valid-1b.c  -O3 -g  assembly comparison
FAIL: gcc.dg/pch/valid-1b.c  -Os  -I. (test for excess errors)
FAIL: gcc.dg/pch/valid-1b.c  -Os  assembly comparison
FAIL: gcc.dg/torture/stackalign/builtin-apply-4.c  -O0  execution test
FAIL: gcc.dg/torture/stackalign/builtin-apply-4.c  -O1  execution test
FAIL: gcc.dg/torture/stackalign/builtin-apply-4.c  -O2  execution test
FAIL: gcc.dg/torture/stackalign/builtin-apply-4.c  -O3 -fomit-frame-pointer  execution test
FAIL: gcc.dg/torture/stackalign/builtin-apply-4.c  -O3 -g  execution test
FAIL: gcc.dg/torture/stackalign/builtin-apply-4.c  -Os  execution test
FAIL: gcc.dg/torture/stackalign/builtin-apply-4.c  -O0  execution test
FAIL: gcc.dg/torture/stackalign/builtin-apply-4.c  -O1  execution test
FAIL: gcc.dg/torture/stackalign/builtin-apply-4.c  -O2  execution test
FAIL: gcc.dg/torture/stackalign/builtin-apply-4.c  -O3 -fomit-frame-pointer  execution test
FAIL: gcc.dg/torture/stackalign/builtin-apply-4.c  -O3 -g  execution test
FAIL: gcc.dg/torture/stackalign/builtin-apply-4.c  -Os  execution test
FAIL: gcc.dg/torture/stackalign/builtin-apply-4.c  -O0  execution test
FAIL: gcc.dg/torture/stackalign/builtin-apply-4.c  -O1  execution test
FAIL: gcc.dg/torture/stackalign/builtin-apply-4.c  -O2  execution test
FAIL: gcc.dg/torture/stackalign/builtin-apply-4.c  -O3 -fomit-frame-pointer  execution test
FAIL: gcc.dg/torture/stackalign/builtin-apply-4.c  -O3 -g  execution test
FAIL: gcc.dg/torture/stackalign/builtin-apply-4.c  -Os  execution test
FAIL: gcc.dg/torture/stackalign/builtin-apply-4.c  -O0  execution test
FAIL: gcc.dg/torture/stackalign/builtin-apply-4.c  -O1  execution test
FAIL: gcc.dg/torture/stackalign/builtin-apply-4.c  -O2  execution test
FAIL: gcc.dg/torture/stackalign/builtin-apply-4.c  -O3 -fomit-frame-pointer  execution test
FAIL: gcc.dg/torture/stackalign/builtin-apply-4.c  -O3 -g  execution test
FAIL: gcc.dg/torture/stackalign/builtin-apply-4.c  -Os  execution test
FAIL: gcc.dg/vect/vect-67.c scan-tree-dump-times vect "vectorized 1 loops" 1
FAIL: gcc.dg/vect/no-scevccp-outer-13.c scan-tree-dump-times vect "OUTER LOOP VECTORIZED." 1
FAIL: gcc.dg/vect/no-scevccp-outer-7.c scan-tree-dump-times vect "OUTER LOOP VECTORIZED." 1
FAIL: gcc.misc-tests/i386-pf-none-1.c  -march=i386 -mtune=i386  scan-assembler-not fetch
FAIL: gcc.misc-tests/i386-pf-none-1.c  -march=i386 -mtune=i486  scan-assembler-not fetch
FAIL: gcc.misc-tests/i386-pf-none-1.c  -march=i386 -mtune=i586  scan-assembler-not fetch
FAIL: gcc.misc-tests/i386-pf-none-1.c  -march=i386 -mtune=i686  scan-assembler-not fetch
FAIL: gcc.misc-tests/i386-pf-none-1.c  -march=i386 -mtune=pentium2  scan-assembler-not fetch
FAIL: gcc.misc-tests/i386-pf-none-1.c  -march=i386 -mtune=k6  scan-assembler-not fetch
FAIL: gcc.misc-tests/i386-pf-none-1.c  -march=i386 -mtune=k6-2  scan-assembler-not fetch
FAIL: gcc.misc-tests/i386-pf-none-1.c  -march=i386 -mtune=k6-3  scan-assembler-not fetch
FAIL: gcc.misc-tests/i386-pf-none-1.c  -march=i386  scan-assembler-not fetch
FAIL: gcc.misc-tests/i386-pf-none-1.c  -march=i486  scan-assembler-not fetch
FAIL: gcc.misc-tests/i386-pf-none-1.c  -march=i586  scan-assembler-not fetch
FAIL: gcc.misc-tests/i386-pf-none-1.c  -march=i686  scan-assembler-not fetch
FAIL: gcc.misc-tests/i386-pf-none-1.c  -march=pentium2  scan-assembler-not fetch
FAIL: gcc.misc-tests/i386-pf-none-1.c  -march=k6  scan-assembler-not fetch
FAIL: gcc.misc-tests/i386-pf-3dnow-1.c  -march=c3  scan-assembler-not prefetchnta
FAIL: gcc.misc-tests/i386-pf-3dnow-1.c  -march=c3  scan-assembler-not prefetcht
FAIL: gcc.misc-tests/i386-pf-3dnow-1.c  -march=k6-2  scan-assembler-not prefetchnta
FAIL: gcc.misc-tests/i386-pf-3dnow-1.c  -march=k6-2  scan-assembler-not prefetcht
FAIL: gcc.misc-tests/i386-pf-3dnow-1.c  -march=k6-3  scan-assembler-not prefetchnta
FAIL: gcc.misc-tests/i386-pf-3dnow-1.c  -march=k6-3  scan-assembler-not prefetcht
FAIL: gcc.target/i386/defines-1.c (test for excess errors)
FAIL: gcc.target/i386/funcspec-1.c scan-assembler fsubs[ \\t]
FAIL: gcc.target/i386/funcspec-10.c scan-assembler-not cmov
FAIL: gcc.target/i386/funcspec-8.c  (test for errors, line 27)
FAIL: gcc.target/i386/funcspec-8.c  (test for errors, line 46)
FAIL: gcc.target/i386/funcspec-8.c  (test for errors, line 65)
FAIL: gcc.target/i386/funcspec-8.c  (test for errors, line 84)
FAIL: gcc.target/i386/funcspec-8.c  (test for errors, line 103)
FAIL: gcc.target/i386/funcspec-8.c  (test for errors, line 122)
FAIL: gcc.target/i386/funcspec-8.c  (test for errors, line 141)
FAIL: gcc.target/i386/funcspec-8.c  (test for errors, line 160)
FAIL: gcc.target/i386/funcspec-8.c (test for excess errors)
FAIL: gcc.target/i386/isa-10.c execution test
FAIL: gcc.target/i386/isa-11.c execution test
FAIL: gcc.target/i386/isa-12.c execution test
FAIL: gcc.target/i386/isa-13.c execution test
FAIL: gcc.target/i386/isa-14.c execution test
FAIL: gcc.target/i386/isa-4.c execution test
FAIL: gcc.target/i386/isa-5.c execution test
FAIL: gcc.target/i386/isa-6.c execution test
FAIL: gcc.target/i386/isa-7.c execution test
FAIL: gcc.target/i386/isa-8.c execution test
FAIL: gcc.target/i386/isa-9.c execution test
FAIL: gcc.target/i386/parity-1.c scan-assembler setnp
FAIL: gcc.target/i386/parity-2.c scan-assembler setnp
FAIL: gcc.target/i386/sse-21.c scan-assembler-not fisttp
FAIL: gcc.target/i386/sse-5.c  (test for warnings, line 7)
FAIL: gcc.target/i386/ssefn-1.c scan-assembler-not movsd
FAIL: gcc.target/i386/ssefn-1.c scan-assembler-not mulsd
FAIL: gcc.target/i386/sseregparm-2.c  (test for errors, line 7)
FAIL: gcc.target/i386/sseregparm-2.c  (test for errors, line 8)
FAIL: gcc.target/i386/sseregparm-8.c  (test for errors, line 13)
FAIL: gcc.target/i386/sseregparm-8.c  (test for errors, line 14)
FAIL: gcc.target/i386/sseregparm-8.c  (test for errors, line 15)
FAIL: gcc.target/i386/sseregparm-8.c  (test for errors, line 16)
FAIL: gcc.target/i386/vecinit-1.c scan-assembler-not xor
FAIL: gcc.target/i386/vecinit-2.c scan-assembler-not xor
FAIL: gcc.target/i386/xorps-sse.c scan-assembler xorps[ \\t]

		=== gcc Summary for emx-avx-sim/-m32 ===

# of expected passes		55224
# of unexpected failures	108
# of expected failures		186
# of unsupported tests		426

Running target emx-avx-sim
FAIL: gcc.c-torture/compile/limits-exprparen.c  -O0  (test for excess errors)
FAIL: gcc.c-torture/compile/limits-exprparen.c  -O1  (test for excess errors)
FAIL: gcc.c-torture/compile/limits-exprparen.c  -O2  (test for excess errors)
FAIL: gcc.c-torture/compile/limits-exprparen.c  -O3 -fomit-frame-pointer  (test for excess errors)
FAIL: gcc.c-torture/compile/limits-exprparen.c  -O3 -g  (test for excess errors)
FAIL: gcc.c-torture/compile/limits-exprparen.c  -Os  (test for excess errors)
FAIL: gcc.dg/debug/dwarf2/dwarf-die3.c scan-assembler-not DW_AT_inline
FAIL: gcc.dg/pr33645-3.c scan-assembler-not var1_t
FAIL: gcc.dg/tree-prof/bb-reorg.c compilation,  -fprofile-use -D_PROFILE_USE
UNRESOLVED: gcc.dg/tree-prof/bb-reorg.c execution,    -fprofile-use -D_PROFILE_USE
FAIL: gcc.dg/tree-prof/pr34999.c compilation,  -fprofile-use -D_PROFILE_USE
UNRESOLVED: gcc.dg/tree-prof/pr34999.c execution,    -fprofile-use -D_PROFILE_USE
FAIL: gcc.dg/vect/vect-67.c scan-tree-dump-times vect "vectorized 1 loops" 1
FAIL: gcc.dg/vect/no-scevccp-outer-13.c scan-tree-dump-times vect "OUTER LOOP VECTORIZED." 1
FAIL: gcc.dg/vect/no-scevccp-outer-7.c scan-tree-dump-times vect "OUTER LOOP VECTORIZED." 1
FAIL: gcc.target/i386/amd64-abi-1.c  (test for errors, line 5)
FAIL: gcc.target/i386/amd64-abi-3.c scan-assembler subq[\\\\t ]*\\\\\$88,[\\\\t ]*%rsp
FAIL: gcc.target/i386/amd64-abi-3.c scan-assembler-not subq[\\\\t ]*\\\\\$216,[\\\\t ]*%rsp
FAIL: gcc.target/i386/defines-1.c (test for excess errors)
FAIL: gcc.target/i386/funcspec-3.c scan-assembler call\\t(.*)sse42_pop_l
FAIL: gcc.target/i386/funcspec-3.c scan-assembler call\\t(.*)popcountdi2
FAIL: gcc.target/i386/funcspec-8.c  (test for errors, line 27)
FAIL: gcc.target/i386/funcspec-8.c  (test for errors, line 46)
FAIL: gcc.target/i386/funcspec-8.c  (test for errors, line 65)
FAIL: gcc.target/i386/funcspec-8.c  (test for errors, line 84)
FAIL: gcc.target/i386/funcspec-8.c  (test for errors, line 103)
FAIL: gcc.target/i386/funcspec-8.c  (test for errors, line 122)
FAIL: gcc.target/i386/funcspec-8.c  (test for errors, line 141)
FAIL: gcc.target/i386/funcspec-8.c  (test for errors, line 160)
FAIL: gcc.target/i386/funcspec-8.c (test for excess errors)
FAIL: gcc.target/i386/isa-10.c execution test
FAIL: gcc.target/i386/isa-11.c execution test
FAIL: gcc.target/i386/isa-12.c execution test
FAIL: gcc.target/i386/isa-13.c execution test
FAIL: gcc.target/i386/isa-14.c execution test
FAIL: gcc.target/i386/isa-4.c execution test
FAIL: gcc.target/i386/isa-5.c execution test
FAIL: gcc.target/i386/isa-6.c execution test
FAIL: gcc.target/i386/isa-7.c execution test
FAIL: gcc.target/i386/isa-8.c execution test
FAIL: gcc.target/i386/isa-9.c execution test
FAIL: gcc.target/i386/parity-1.c scan-assembler setnp
FAIL: gcc.target/i386/parity-2.c scan-assembler setnp
FAIL: gcc.target/i386/pr33524.c scan-assembler pperm
FAIL: gcc.target/i386/pr34256.c scan-assembler-times mov 2
FAIL: gcc.target/i386/sse-21.c scan-assembler-not fisttp
FAIL: gcc.target/i386/vecinit-1.c scan-assembler-not xor
FAIL: gcc.target/i386/vecinit-2.c scan-assembler-not xor
FAIL: gcc.target/i386/xorps-sse.c scan-assembler xorps[ \\t]

		=== gcc Summary for emx-avx-sim ===

# of expected passes		54864
# of unexpected failures	47
# of expected failures		186
# of unresolved testcases	2
# of unsupported tests		699

		=== gcc Summary ===

# of expected passes		110088
# of unexpected failures	155
# of expected failures		372
# of unresolved testcases	2
# of unsupported tests		1125
/export/build/gnu/gcc-avx/build-x86_64-linux/gcc/xgcc  version 4.4.0 20081008 (experimental) [trunk revision 140972] (GCC) 

		=== gfortran tests ===


Running target emx-avx-sim/-m32

		=== gfortran Summary for emx-avx-sim/-m32 ===

# of expected passes		28142
# of expected failures		10
# of unsupported tests		97

Running target emx-avx-sim

		=== gfortran Summary for emx-avx-sim ===

# of expected passes		28257
# of expected failures		10
# of unsupported tests		42

		=== gfortran Summary ===

# of expected passes		56399
# of expected failures		20
# of unsupported tests		139
/export/build/gnu/gcc-avx/build-x86_64-linux/gcc/testsuite/gfortran/../../gfortran  version 4.4.0 20081008 (experimental) [trunk revision 140972] (GCC) 

		=== g++ tests ===


Running target emx-avx-sim/-m32
FAIL: g++.dg/other/PR23205.C scan-assembler .stabs.*foobar:c=i

		=== g++ Summary for emx-avx-sim/-m32 ===

# of expected passes		19042
# of unexpected failures	1
# of expected failures		81
# of unsupported tests		97

Running target emx-avx-sim
FAIL: g++.dg/other/PR23205.C scan-assembler .stabs.*foobar:c=i
FAIL: g++.old-deja/g++.mike/warn1.C  (test for errors, line 12)
FAIL: g++.old-deja/g++.mike/warn1.C (test for excess errors)

		=== g++ Summary for emx-avx-sim ===

# of expected passes		18727
# of unexpected failures	3
# of expected failures		81
# of unsupported tests		247

		=== g++ Summary ===

# of expected passes		37769
# of unexpected failures	4
# of expected failures		162
# of unsupported tests		344
/export/build/gnu/gcc-avx/build-x86_64-linux/gcc/testsuite/g++/../../g++  version 4.4.0 20081008 (experimental) [trunk revision 140972] (GCC) 

		=== objc tests ===


Running target emx-avx-sim/-m32

		=== objc Summary for emx-avx-sim/-m32 ===

# of expected passes		1814
# of expected failures		7
# of unsupported tests		24

Running target emx-avx-sim

		=== objc Summary for emx-avx-sim ===

# of expected passes		1814
# of expected failures		7
# of unsupported tests		24

		=== objc Summary ===

# of expected passes		3628
# of expected failures		14
# of unsupported tests		48
/export/build/gnu/gcc-avx/build-x86_64-linux/gcc/xgcc  version 4.4.0 20081008 (experimental) [trunk revision 140972] (GCC) 

		=== libffi tests ===


Running target emx-avx-sim/-m32

		=== libffi Summary for emx-avx-sim/-m32 ===

# of expected passes		1389
# of unsupported tests		10

Running target emx-avx-sim

		=== libffi Summary for emx-avx-sim ===

# of expected passes		1389
# of unsupported tests		10

		=== libffi Summary ===

# of expected passes		2778
# of unsupported tests		20
		=== libgomp tests ===


Running target emx-avx-sim/-m32

		=== libgomp Summary for emx-avx-sim/-m32 ===

# of expected passes		2289

Running target emx-avx-sim

		=== libgomp Summary for emx-avx-sim ===

# of expected passes		2289

		=== libgomp Summary ===

# of expected passes		4578
		=== libjava tests ===


Running target emx-avx-sim/-m32

		=== libjava Summary for emx-avx-sim/-m32 ===

# of expected passes		2574

Running target emx-avx-sim

		=== libjava Summary for emx-avx-sim ===

# of expected passes		2574

		=== libjava Summary ===

# of expected passes		5148
		=== libmudflap tests ===


Running target emx-avx-sim/-m32
FAIL: externs-12 execution 
FAIL: externs-21 execution 
FAIL: externs-12 execution -static
FAIL: externs-21 execution -static
FAIL: externs-12 execution -O2
FAIL: externs-21 execution -O2
FAIL: externs-12 execution -O3
FAIL: externs-21 execution -O3
FAIL: libmudflap.c++/pass41-frag.cxx execution test
FAIL: libmudflap.c++/pass41-frag.cxx (-static) execution test
FAIL: libmudflap.c++/pass41-frag.cxx (-O2) execution test
FAIL: libmudflap.c++/pass41-frag.cxx (-O3) execution test
FAIL: ctors-12 execution 
FAIL: ctors-21 execution 
FAIL: ctors-12 execution -static
FAIL: ctors-21 execution -static
FAIL: ctors-12 execution -O2
FAIL: ctors-21 execution -O2
FAIL: ctors-12 execution -O3
FAIL: ctors-21 execution -O3
WARNING: program timed out.
FAIL: libmudflap.cth/pass40-frag.c execution test
FAIL: libmudflap.cth/pass40-frag.c output pattern test
WARNING: program timed out.
FAIL: libmudflap.cth/pass40-frag.c (-static -DSTATIC) execution test
FAIL: libmudflap.cth/pass40-frag.c (-static -DSTATIC) output pattern test
WARNING: program timed out.
FAIL: libmudflap.cth/pass39-frag.c (-O2) (rerun 12) execution test
FAIL: libmudflap.cth/pass39-frag.c (-O2) (rerun 12) output pattern test
WARNING: program timed out.
FAIL: libmudflap.cth/pass40-frag.c (-O2) execution test
FAIL: libmudflap.cth/pass40-frag.c (-O2) output pattern test
WARNING: program timed out.
FAIL: libmudflap.cth/pass40-frag.c (-O3) execution test
FAIL: libmudflap.cth/pass40-frag.c (-O3) output pattern test

		=== libmudflap Summary for emx-avx-sim/-m32 ===

# of expected passes		1851
# of unexpected failures	30

Running target emx-avx-sim
FAIL: libmudflap.c/fail11-frag.c (-static) output pattern test
FAIL: libmudflap.c/fail14-frag.c (-static) output pattern test
FAIL: libmudflap.c/fail38-frag.c (-static) output pattern test
FAIL: libmudflap.c/fail8-frag.c (-static) output pattern test
FAIL: libmudflap.c/pass1-frag.c (-static) execution test
FAIL: libmudflap.c/pass2-frag.c (-static) execution test
FAIL: libmudflap.c/pass30-frag.c (-static) execution test
FAIL: libmudflap.c/pass38-frag.c (-static) execution test
FAIL: libmudflap.c/pass38-frag.c (-static) execution test
FAIL: libmudflap.c/pass44-frag.c (-static) execution test
FAIL: libmudflap.c/pass53-frag.c (-static) execution test
FAIL: libmudflap.c/pass7-frag.c (-static) execution test
FAIL: libmudflap.c/pass9-frag.c (-static) execution test
FAIL: libmudflap.c++/pass41-frag.cxx execution test
FAIL: libmudflap.c++/pass41-frag.cxx (-static) execution test
FAIL: libmudflap.c++/pass58-frag.cxx (-static) execution test
FAIL: libmudflap.c++/pass41-frag.cxx (-O2) execution test
FAIL: libmudflap.c++/pass41-frag.cxx (-O3) execution test
WARNING: program timed out.
FAIL: libmudflap.cth/pass40-frag.c execution test
FAIL: libmudflap.cth/pass40-frag.c output pattern test
FAIL: libmudflap.cth/pass37-frag.c (-static -DSTATIC) (rerun 12) execution test
FAIL: libmudflap.cth/pass37-frag.c (-static -DSTATIC) (rerun 12) output pattern test
FAIL: libmudflap.cth/pass39-frag.c (-static -DSTATIC) (rerun 18) execution test
FAIL: libmudflap.cth/pass39-frag.c (-static -DSTATIC) (rerun 18) output pattern test
FAIL: libmudflap.cth/pass39-frag.c (-static -DSTATIC) (rerun 19) execution test
FAIL: libmudflap.cth/pass39-frag.c (-static -DSTATIC) (rerun 19) output pattern test
WARNING: program timed out.
FAIL: libmudflap.cth/pass40-frag.c (-static -DSTATIC) execution test
FAIL: libmudflap.cth/pass40-frag.c (-static -DSTATIC) output pattern test
WARNING: program timed out.
FAIL: libmudflap.cth/pass40-frag.c (-O2) execution test
FAIL: libmudflap.cth/pass40-frag.c (-O2) output pattern test
WARNING: program timed out.
FAIL: libmudflap.cth/pass40-frag.c (-O3) execution test
FAIL: libmudflap.cth/pass40-frag.c (-O3) output pattern test

		=== libmudflap Summary for emx-avx-sim ===

# of expected passes		1849
# of unexpected failures	32

		=== libmudflap Summary ===

# of expected passes		3700
# of unexpected failures	62
		=== libstdc++ tests ===


Running target emx-avx-sim/-m32
FAIL: 21_strings/basic_string/cons/char/1.cc execution test
FAIL: 21_strings/basic_string/cons/wchar_t/1.cc execution test
FAIL: 21_strings/basic_string/init-list.cc execution test
FAIL: 21_strings/basic_string/insert/char/1.cc execution test
FAIL: 21_strings/basic_string/insert/wchar_t/1.cc execution test
FAIL: 22_locale/locale/cons/12438.cc execution test
FAIL: 23_containers/map/init-list.cc execution test
FAIL: 23_containers/multimap/init-list.cc execution test
FAIL: 23_containers/multiset/init-list.cc execution test
FAIL: 23_containers/set/init-list.cc execution test
FAIL: 23_containers/unordered_map/init-list.cc execution test
FAIL: 23_containers/unordered_multimap/init-list.cc execution test
FAIL: 23_containers/unordered_multiset/init-list.cc execution test
FAIL: 23_containers/unordered_set/init-list.cc execution test
XPASS: 26_numerics/headers/cmath/c99_classification_macros_c.cc (test for excess errors)
FAIL: 26_numerics/valarray/init-list.cc execution test
FAIL: 27_io/ios_base/storage/1.cc execution test
FAIL: 27_io/ios_base/storage/2.cc execution test
FAIL: 27_io/ios_base/storage/3.cc execution test
FAIL: 28_regex/init-list.cc execution test
FAIL: ext/vstring/init-list.cc execution test
WARNING: program timed out.
FAIL: thread/pthread7-rope.cc execution test

		=== libstdc++ Summary for emx-avx-sim/-m32 ===

# of expected passes		6187
# of unexpected failures	21
# of unexpected successes	1
# of expected failures		72
# of unsupported tests		13

Running target emx-avx-sim
FAIL: 21_strings/basic_string/cons/char/1.cc execution test
FAIL: 21_strings/basic_string/cons/wchar_t/1.cc execution test
FAIL: 21_strings/basic_string/init-list.cc execution test
FAIL: 21_strings/basic_string/insert/char/1.cc execution test
FAIL: 21_strings/basic_string/insert/wchar_t/1.cc execution test
FAIL: 22_locale/locale/cons/12438.cc execution test
FAIL: 23_containers/map/init-list.cc execution test
FAIL: 23_containers/multimap/init-list.cc execution test
FAIL: 23_containers/multiset/init-list.cc execution test
FAIL: 23_containers/set/init-list.cc execution test
FAIL: 23_containers/unordered_map/init-list.cc execution test
FAIL: 23_containers/unordered_multimap/init-list.cc execution test
FAIL: 23_containers/unordered_multiset/init-list.cc execution test
FAIL: 23_containers/unordered_set/init-list.cc execution test
XPASS: 26_numerics/headers/cmath/c99_classification_macros_c.cc (test for excess errors)
FAIL: 26_numerics/valarray/init-list.cc execution test
FAIL: 27_io/ios_base/storage/1.cc execution test
FAIL: 27_io/ios_base/storage/2.cc execution test
FAIL: 27_io/ios_base/storage/3.cc execution test
FAIL: 28_regex/init-list.cc execution test
FAIL: ext/vstring/init-list.cc execution test
WARNING: program timed out.
FAIL: thread/pthread7-rope.cc execution test

		=== libstdc++ Summary for emx-avx-sim ===

# of expected passes		6193
# of unexpected failures	21
# of unexpected successes	1
# of expected failures		72
# of unsupported tests		10

		=== libstdc++ Summary ===

# of expected passes		12380
# of unexpected failures	42
# of unexpected successes	2
# of expected failures		144
# of unsupported tests		23

Compiler version: 4.4.0 20081008 (experimental) [trunk revision 140972] (GCC) 
Platform: x86_64-unknown-linux-gnu
configure flags: --enable-clocale=gnu --with-system-zlib --enable-checking=assert --with-demangler-in-ld --enable-shared --enable-threads=posix --enable-haifa --prefix=/usr/gcc-4.4 --with-local-prefix=/usr/local


Index Nav: [Date Index] [Subject Index] [Author Index] [Thread Index]
Message Nav: [Date Prev] [Date Next] [Thread Prev] [Thread Next]