This is the mail archive of the gcc-testresults@gcc.gnu.org mailing list for the GCC project.


Index Nav: [Date Index] [Subject Index] [Author Index] [Thread Index]
Message Nav: [Date Prev] [Date Next] [Thread Prev] [Thread Next]
Other format: [Raw text]

Results for 4.4.0 20081006 (experimental) [trunk revision 140917] (GCC) testsuite on x86_64-unknown-linux-gnu


LAST_UPDATED: Mon Oct  6 23:12:59 UTC 2008 (revision 140917)

		=== acats tests ===
FAIL:	cxa4034
FAIL:	cxaa019
FAIL:	cxg2015

		=== acats Summary ===
# of expected passes		2309
# of unexpected failures	3
Native configuration is x86_64-unknown-linux-gnu

		=== gcc tests ===


Running target unix
FAIL: gcc.dg/debug/dwarf2/dwarf-die3.c scan-assembler-not DW_AT_inline
FAIL: gcc.dg/pr33645-3.c scan-assembler-not var1_t
FAIL: gcc.dg/tree-prof/bb-reorg.c compilation,  -fprofile-use -D_PROFILE_USE
UNRESOLVED: gcc.dg/tree-prof/bb-reorg.c execution,    -fprofile-use -D_PROFILE_USE
FAIL: gcc.dg/tree-prof/pr34999.c compilation,  -fprofile-use -D_PROFILE_USE
UNRESOLVED: gcc.dg/tree-prof/pr34999.c execution,    -fprofile-use -D_PROFILE_USE
FAIL: gcc.dg/vect/vect-67.c scan-tree-dump-times vect "vectorized 1 loops" 1
FAIL: gcc.dg/vect/no-scevccp-outer-13.c scan-tree-dump-times vect "OUTER LOOP VECTORIZED." 1
FAIL: gcc.dg/vect/no-scevccp-outer-7.c scan-tree-dump-times vect "OUTER LOOP VECTORIZED." 1
FAIL: gcc.target/i386/pr34256.c scan-assembler-times mov 2

		=== gcc Summary ===

# of expected passes		53391
# of unexpected failures	8
# of expected failures		186
# of unresolved testcases	2
# of unsupported tests		1262
/home/guerby/build/gcc/xgcc  version 4.4.0 20081006 (experimental) [trunk revision 140917] (GCC) 

		=== gnat tests ===


Running target unix

		=== gnat Summary ===

# of expected passes		577
# of expected failures		6
		=== libgomp tests ===


Running target unix

		=== libgomp Summary ===

# of expected passes		241
		=== libmudflap tests ===


Running target unix

		=== libmudflap Summary ===

# of expected passes		1732
# of unsupported tests		2

Compiler version: 4.4.0 20081006 (experimental) [trunk revision 140917] (GCC) 
Platform: x86_64-unknown-linux-gnu
configure flags: --prefix=/n/11/guerby/install-trunk --enable-languages=c,ada --enable-__cxa_atexit --disable-nls --enable-threads=posix --with-mpfr=/opt/cfarm/mpfr-2.3.1


Index Nav: [Date Index] [Subject Index] [Author Index] [Thread Index]
Message Nav: [Date Prev] [Date Next] [Thread Prev] [Thread Next]