This is the mail archive of the gcc-testresults@gcc.gnu.org mailing list for the GCC project.


Index Nav: [Date Index] [Subject Index] [Author Index] [Thread Index]
Message Nav: [Date Prev] [Date Next] [Thread Prev] [Thread Next]
Other format: [Raw text]

Results for 4.4.0 20080930 (experimental) (GCC) testsuite on i686-apple-darwin9


LAST_UPDATED: 
Native configuration is i686-apple-darwin9

		=== g++ tests ===


Running target unix
FAIL: g++.dg/abi/key2.C scan-assembler .globl __ZTI1f\\\\n\\t.weak_definition __ZTI1f\\\\n\\t.section __DATA,__const_coal,coalesced
FAIL: g++.dg/other/PR23205.C scan-assembler .stabs.*foobar:c=i
FAIL: g++.dg/other/anon5.C (test for excess errors)
FAIL: g++.dg/pubtypes.C scan-assembler long+[ \\t]+0x24+[ \\t]+[#;]+[ \\t]+Length of Public Type Names Info
FAIL: g++.dg/special/conpr-3.C execution test
FAIL: g++.dg/special/initpri1.C execution test
FAIL: g++.dg/torture/stackalign/eh-alloca-1.C  -O3 -g  execution test
FAIL: g++.dg/torture/stackalign/eh-vararg-1.C  -O3 -g  execution test
FAIL: g++.dg/torture/stackalign/eh-vararg-2.C  -O3 -g  execution test
FAIL: g++.dg/torture/stackalign/throw-1.C  -O3 -g  execution test
FAIL: g++.dg/torture/stackalign/throw-2.C  -O3 -g  execution test
FAIL: g++.dg/torture/stackalign/throw-3.C  -O3 -g  execution test
FAIL: g++.dg/torture/stackalign/eh-alloca-1.C  -O3 -g  execution test
FAIL: g++.dg/torture/stackalign/eh-vararg-1.C  -O3 -g  execution test
FAIL: g++.dg/torture/stackalign/eh-vararg-2.C  -O3 -g  execution test
FAIL: g++.dg/torture/stackalign/throw-1.C  -O3 -g  execution test
FAIL: g++.dg/torture/stackalign/throw-2.C  -O3 -g  execution test
FAIL: g++.dg/torture/stackalign/throw-3.C  -O3 -g  execution test
FAIL: g++.old-deja/g++.pt/const2.C (test for excess errors)

		=== g++ Summary ===

# of expected passes		18871
# of unexpected failures	19
# of expected failures		81
# of unsupported tests		132
/sw/src/fink.build/gcc44-4.3.999-20080930/darwin_objdir/gcc/testsuite/g++/../../g++  version 4.4.0 20080930 (experimental) (GCC) 

		=== gcc tests ===


Running target unix
FAIL: gcc.c-torture/compile/pr37669.c  -O1  (internal compiler error)
FAIL: gcc.c-torture/compile/pr37669.c  -O1  (test for excess errors)
FAIL: gcc.c-torture/compile/pr37669.c  -O2  (internal compiler error)
FAIL: gcc.c-torture/compile/pr37669.c  -O2  (test for excess errors)
FAIL: gcc.c-torture/compile/pr37669.c  -O3 -fomit-frame-pointer  (internal compiler error)
FAIL: gcc.c-torture/compile/pr37669.c  -O3 -fomit-frame-pointer  (test for excess errors)
FAIL: gcc.c-torture/compile/pr37669.c  -O3 -g  (internal compiler error)
FAIL: gcc.c-torture/compile/pr37669.c  -O3 -g  (test for excess errors)
FAIL: gcc.c-torture/compile/pr37669.c  -Os  (internal compiler error)
FAIL: gcc.c-torture/compile/pr37669.c  -Os  (test for excess errors)
FAIL: tmpdir-gcc.dg-struct-layout-1/t027 c_compat_x_tst.o-c_compat_y_tst.o execute 
FAIL: gcc.dg/cpp/subframework1.c -fno-show-column (test for excess errors)
FAIL: gcc.dg/debug/dwarf2/dwarf-die3.c scan-assembler-not DW_AT_inline
FAIL: gcc.dg/initpri1.c execution test
FAIL: gcc.dg/pr30286.c execution test
FAIL: gcc.dg/pr33645-3.c scan-assembler-not var1_t
FAIL: gcc.dg/pr35729.c scan-rtl-dump-times loop2_invariant "Decided to move invariant" 0
FAIL: gcc.dg/visibility-14.c scan-hidden private_extern[ \\t_]*_?foo
FAIL: gcc.dg/visibility-15.c scan-hidden private_extern[ \\t_]*_?foo
FAIL: gcc.dg/visibility-16.c scan-hidden private_extern[ \\t_]*_?foo
FAIL: gcc.dg/visibility-17.c scan-hidden private_extern[ \\t_]*_?foo
FAIL: gcc.dg/visibility-18.c scan-hidden private_extern[ \\t_]*_?foo
FAIL: gcc.dg/visibility-19.c scan-hidden private_extern[ \\t_]*_?foo
FAIL: gcc.dg/vect/vect-67.c scan-tree-dump-times vect "vectorized 1 loops" 1
FAIL: gcc.dg/vect/no-scevccp-outer-13.c scan-tree-dump-times vect "OUTER LOOP VECTORIZED." 1
FAIL: gcc.dg/vect/no-scevccp-outer-7.c scan-tree-dump-times vect "OUTER LOOP VECTORIZED." 1
FAIL: gcc.target/i386/quad-sse.c scan-assembler-not call
FAIL: gcc.target/i386/sse4_2-popcntl.c (test for excess errors)
WARNING: gcc.target/i386/sse4_2-popcntl.c compilation failed to produce executable

		=== gcc Summary ===

# of expected passes		52829
# of unexpected failures	28
# of expected failures		201
# of unsupported tests		1035
/sw/src/fink.build/gcc44-4.3.999-20080930/darwin_objdir/gcc/xgcc  version 4.4.0 20080930 (experimental) (GCC) 

		=== gfortran tests ===


Running target unix

		=== gfortran Summary ===

# of expected passes		28008
# of expected failures		22
# of unsupported tests		111
/sw/src/fink.build/gcc44-4.3.999-20080930/darwin_objdir/gcc/testsuite/gfortran/../../gfortran  version 4.4.0 20080930 (experimental) (GCC) 

		=== objc tests ===


Running target unix
FAIL: objc/execute/bycopy-1.m compilation,  -O0 -fnext-runtime
UNRESOLVED: objc/execute/bycopy-1.m execution,  -O0 -fnext-runtime
FAIL: objc/execute/bycopy-1.m compilation,  -O1 -fnext-runtime
UNRESOLVED: objc/execute/bycopy-1.m execution,  -O1 -fnext-runtime
FAIL: objc/execute/bycopy-1.m compilation,  -O2 -fnext-runtime
UNRESOLVED: objc/execute/bycopy-1.m execution,  -O2 -fnext-runtime
FAIL: objc/execute/bycopy-1.m compilation,  -O3 -fomit-frame-pointer -fnext-runtime
UNRESOLVED: objc/execute/bycopy-1.m execution,  -O3 -fomit-frame-pointer -fnext-runtime
FAIL: objc/execute/bycopy-1.m compilation,  -O3 -g -fnext-runtime
UNRESOLVED: objc/execute/bycopy-1.m execution,  -O3 -g -fnext-runtime
FAIL: objc/execute/bycopy-1.m compilation,  -Os -fnext-runtime
UNRESOLVED: objc/execute/bycopy-1.m execution,  -Os -fnext-runtime
FAIL: objc/execute/bycopy-2.m compilation,  -O0 -fnext-runtime
UNRESOLVED: objc/execute/bycopy-2.m execution,  -O0 -fnext-runtime
FAIL: objc/execute/bycopy-2.m compilation,  -O1 -fnext-runtime
UNRESOLVED: objc/execute/bycopy-2.m execution,  -O1 -fnext-runtime
FAIL: objc/execute/bycopy-2.m compilation,  -O2 -fnext-runtime
UNRESOLVED: objc/execute/bycopy-2.m execution,  -O2 -fnext-runtime
FAIL: objc/execute/bycopy-2.m compilation,  -O3 -fomit-frame-pointer -fnext-runtime
UNRESOLVED: objc/execute/bycopy-2.m execution,  -O3 -fomit-frame-pointer -fnext-runtime
FAIL: objc/execute/bycopy-2.m compilation,  -O3 -g -fnext-runtime
UNRESOLVED: objc/execute/bycopy-2.m execution,  -O3 -g -fnext-runtime
FAIL: objc/execute/bycopy-2.m compilation,  -Os -fnext-runtime
UNRESOLVED: objc/execute/bycopy-2.m execution,  -Os -fnext-runtime
FAIL: objc/execute/bycopy-3.m compilation,  -O0 -fnext-runtime
UNRESOLVED: objc/execute/bycopy-3.m execution,  -O0 -fnext-runtime
FAIL: objc/execute/bycopy-3.m compilation,  -O1 -fnext-runtime
UNRESOLVED: objc/execute/bycopy-3.m execution,  -O1 -fnext-runtime
FAIL: objc/execute/bycopy-3.m compilation,  -O2 -fnext-runtime
UNRESOLVED: objc/execute/bycopy-3.m execution,  -O2 -fnext-runtime
FAIL: objc/execute/bycopy-3.m compilation,  -O3 -fomit-frame-pointer -fnext-runtime
UNRESOLVED: objc/execute/bycopy-3.m execution,  -O3 -fomit-frame-pointer -fnext-runtime
FAIL: objc/execute/bycopy-3.m compilation,  -O3 -g -fnext-runtime
UNRESOLVED: objc/execute/bycopy-3.m execution,  -O3 -g -fnext-runtime
FAIL: objc/execute/bycopy-3.m compilation,  -Os -fnext-runtime
UNRESOLVED: objc/execute/bycopy-3.m execution,  -Os -fnext-runtime
FAIL: objc/execute/formal_protocol-5.m compilation,  -O0 -fnext-runtime
UNRESOLVED: objc/execute/formal_protocol-5.m execution,  -O0 -fnext-runtime
FAIL: objc/execute/formal_protocol-5.m compilation,  -O1 -fnext-runtime
UNRESOLVED: objc/execute/formal_protocol-5.m execution,  -O1 -fnext-runtime
FAIL: objc/execute/formal_protocol-5.m compilation,  -O2 -fnext-runtime
UNRESOLVED: objc/execute/formal_protocol-5.m execution,  -O2 -fnext-runtime
FAIL: objc/execute/formal_protocol-5.m compilation,  -O3 -fomit-frame-pointer -fnext-runtime
UNRESOLVED: objc/execute/formal_protocol-5.m execution,  -O3 -fomit-frame-pointer -fnext-runtime
FAIL: objc/execute/formal_protocol-5.m compilation,  -O3 -g -fnext-runtime
UNRESOLVED: objc/execute/formal_protocol-5.m execution,  -O3 -g -fnext-runtime
FAIL: objc/execute/formal_protocol-5.m compilation,  -Os -fnext-runtime
UNRESOLVED: objc/execute/formal_protocol-5.m execution,  -Os -fnext-runtime
FAIL: objc/execute/formal_protocol-6.m compilation,  -O0 -fnext-runtime
UNRESOLVED: objc/execute/formal_protocol-6.m execution,  -O0 -fnext-runtime
FAIL: objc/execute/formal_protocol-6.m compilation,  -O1 -fnext-runtime
UNRESOLVED: objc/execute/formal_protocol-6.m execution,  -O1 -fnext-runtime
FAIL: objc/execute/formal_protocol-6.m compilation,  -O2 -fnext-runtime
UNRESOLVED: objc/execute/formal_protocol-6.m execution,  -O2 -fnext-runtime
FAIL: objc/execute/formal_protocol-6.m compilation,  -O3 -fomit-frame-pointer -fnext-runtime
UNRESOLVED: objc/execute/formal_protocol-6.m execution,  -O3 -fomit-frame-pointer -fnext-runtime
FAIL: objc/execute/formal_protocol-6.m compilation,  -O3 -g -fnext-runtime
UNRESOLVED: objc/execute/formal_protocol-6.m execution,  -O3 -g -fnext-runtime
FAIL: objc/execute/formal_protocol-6.m compilation,  -Os -fnext-runtime
UNRESOLVED: objc/execute/formal_protocol-6.m execution,  -Os -fnext-runtime
FAIL: objc/execute/formal_protocol-7.m compilation,  -O0 -fnext-runtime
UNRESOLVED: objc/execute/formal_protocol-7.m execution,  -O0 -fnext-runtime
FAIL: objc/execute/formal_protocol-7.m compilation,  -O1 -fnext-runtime
UNRESOLVED: objc/execute/formal_protocol-7.m execution,  -O1 -fnext-runtime
FAIL: objc/execute/formal_protocol-7.m compilation,  -O2 -fnext-runtime
UNRESOLVED: objc/execute/formal_protocol-7.m execution,  -O2 -fnext-runtime
FAIL: objc/execute/formal_protocol-7.m compilation,  -O3 -fomit-frame-pointer -fnext-runtime
UNRESOLVED: objc/execute/formal_protocol-7.m execution,  -O3 -fomit-frame-pointer -fnext-runtime
FAIL: objc/execute/formal_protocol-7.m compilation,  -O3 -g -fnext-runtime
UNRESOLVED: objc/execute/formal_protocol-7.m execution,  -O3 -g -fnext-runtime
FAIL: objc/execute/formal_protocol-7.m compilation,  -Os -fnext-runtime
UNRESOLVED: objc/execute/formal_protocol-7.m execution,  -Os -fnext-runtime
FAIL: objc/execute/np-1.m compilation,  -O0 -fnext-runtime
UNRESOLVED: objc/execute/np-1.m execution,  -O0 -fnext-runtime
FAIL: objc/execute/np-1.m compilation,  -O1 -fnext-runtime
UNRESOLVED: objc/execute/np-1.m execution,  -O1 -fnext-runtime
FAIL: objc/execute/np-1.m compilation,  -O2 -fnext-runtime
UNRESOLVED: objc/execute/np-1.m execution,  -O2 -fnext-runtime
FAIL: objc/execute/np-1.m compilation,  -O3 -fomit-frame-pointer -fnext-runtime
UNRESOLVED: objc/execute/np-1.m execution,  -O3 -fomit-frame-pointer -fnext-runtime
FAIL: objc/execute/np-1.m compilation,  -O3 -g -fnext-runtime
UNRESOLVED: objc/execute/np-1.m execution,  -O3 -g -fnext-runtime
FAIL: objc/execute/np-1.m compilation,  -Os -fnext-runtime
UNRESOLVED: objc/execute/np-1.m execution,  -Os -fnext-runtime
FAIL: objc/execute/np-2.m compilation,  -O0 -fnext-runtime
UNRESOLVED: objc/execute/np-2.m execution,  -O0 -fnext-runtime
FAIL: objc/execute/np-2.m compilation,  -O1 -fnext-runtime
UNRESOLVED: objc/execute/np-2.m execution,  -O1 -fnext-runtime
FAIL: objc/execute/np-2.m compilation,  -O2 -fnext-runtime
UNRESOLVED: objc/execute/np-2.m execution,  -O2 -fnext-runtime
FAIL: objc/execute/np-2.m compilation,  -O3 -fomit-frame-pointer -fnext-runtime
UNRESOLVED: objc/execute/np-2.m execution,  -O3 -fomit-frame-pointer -fnext-runtime
FAIL: objc/execute/np-2.m compilation,  -O3 -g -fnext-runtime
UNRESOLVED: objc/execute/np-2.m execution,  -O3 -g -fnext-runtime
FAIL: objc/execute/np-2.m compilation,  -Os -fnext-runtime
UNRESOLVED: objc/execute/np-2.m execution,  -Os -fnext-runtime
FAIL: objc/execute/protocol-isEqual-1.m compilation,  -O0 -fnext-runtime
UNRESOLVED: objc/execute/protocol-isEqual-1.m execution,  -O0 -fnext-runtime
FAIL: objc/execute/protocol-isEqual-1.m compilation,  -O1 -fnext-runtime
UNRESOLVED: objc/execute/protocol-isEqual-1.m execution,  -O1 -fnext-runtime
FAIL: objc/execute/protocol-isEqual-1.m compilation,  -O2 -fnext-runtime
UNRESOLVED: objc/execute/protocol-isEqual-1.m execution,  -O2 -fnext-runtime
FAIL: objc/execute/protocol-isEqual-1.m compilation,  -O3 -fomit-frame-pointer -fnext-runtime
UNRESOLVED: objc/execute/protocol-isEqual-1.m execution,  -O3 -fomit-frame-pointer -fnext-runtime
FAIL: objc/execute/protocol-isEqual-1.m compilation,  -O3 -g -fnext-runtime
UNRESOLVED: objc/execute/protocol-isEqual-1.m execution,  -O3 -g -fnext-runtime
FAIL: objc/execute/protocol-isEqual-1.m compilation,  -Os -fnext-runtime
UNRESOLVED: objc/execute/protocol-isEqual-1.m execution,  -Os -fnext-runtime
FAIL: objc/execute/protocol-isEqual-2.m compilation,  -O0 -fnext-runtime
UNRESOLVED: objc/execute/protocol-isEqual-2.m execution,  -O0 -fnext-runtime
FAIL: objc/execute/protocol-isEqual-2.m compilation,  -O1 -fnext-runtime
UNRESOLVED: objc/execute/protocol-isEqual-2.m execution,  -O1 -fnext-runtime
FAIL: objc/execute/protocol-isEqual-2.m compilation,  -O2 -fnext-runtime
UNRESOLVED: objc/execute/protocol-isEqual-2.m execution,  -O2 -fnext-runtime
FAIL: objc/execute/protocol-isEqual-2.m compilation,  -O3 -fomit-frame-pointer -fnext-runtime
UNRESOLVED: objc/execute/protocol-isEqual-2.m execution,  -O3 -fomit-frame-pointer -fnext-runtime
FAIL: objc/execute/protocol-isEqual-2.m compilation,  -O3 -g -fnext-runtime
UNRESOLVED: objc/execute/protocol-isEqual-2.m execution,  -O3 -g -fnext-runtime
FAIL: objc/execute/protocol-isEqual-2.m compilation,  -Os -fnext-runtime
UNRESOLVED: objc/execute/protocol-isEqual-2.m execution,  -Os -fnext-runtime
FAIL: objc/execute/protocol-isEqual-3.m compilation,  -O0 -fnext-runtime
UNRESOLVED: objc/execute/protocol-isEqual-3.m execution,  -O0 -fnext-runtime
FAIL: objc/execute/protocol-isEqual-3.m compilation,  -O1 -fnext-runtime
UNRESOLVED: objc/execute/protocol-isEqual-3.m execution,  -O1 -fnext-runtime
FAIL: objc/execute/protocol-isEqual-3.m compilation,  -O2 -fnext-runtime
UNRESOLVED: objc/execute/protocol-isEqual-3.m execution,  -O2 -fnext-runtime
FAIL: objc/execute/protocol-isEqual-3.m compilation,  -O3 -fomit-frame-pointer -fnext-runtime
UNRESOLVED: objc/execute/protocol-isEqual-3.m execution,  -O3 -fomit-frame-pointer -fnext-runtime
FAIL: objc/execute/protocol-isEqual-3.m compilation,  -O3 -g -fnext-runtime
UNRESOLVED: objc/execute/protocol-isEqual-3.m execution,  -O3 -g -fnext-runtime
FAIL: objc/execute/protocol-isEqual-3.m compilation,  -Os -fnext-runtime
UNRESOLVED: objc/execute/protocol-isEqual-3.m execution,  -Os -fnext-runtime
FAIL: objc/execute/protocol-isEqual-4.m compilation,  -O0 -fnext-runtime
UNRESOLVED: objc/execute/protocol-isEqual-4.m execution,  -O0 -fnext-runtime
FAIL: objc/execute/protocol-isEqual-4.m compilation,  -O1 -fnext-runtime
UNRESOLVED: objc/execute/protocol-isEqual-4.m execution,  -O1 -fnext-runtime
FAIL: objc/execute/protocol-isEqual-4.m compilation,  -O2 -fnext-runtime
UNRESOLVED: objc/execute/protocol-isEqual-4.m execution,  -O2 -fnext-runtime
FAIL: objc/execute/protocol-isEqual-4.m compilation,  -O3 -fomit-frame-pointer -fnext-runtime
UNRESOLVED: objc/execute/protocol-isEqual-4.m execution,  -O3 -fomit-frame-pointer -fnext-runtime
FAIL: objc/execute/protocol-isEqual-4.m compilation,  -O3 -g -fnext-runtime
UNRESOLVED: objc/execute/protocol-isEqual-4.m execution,  -O3 -g -fnext-runtime
FAIL: objc/execute/protocol-isEqual-4.m compilation,  -Os -fnext-runtime
UNRESOLVED: objc/execute/protocol-isEqual-4.m execution,  -Os -fnext-runtime
FAIL: objc.dg/category-1.m (test for excess errors)
FAIL: objc.dg/const-str-10.m (test for excess errors)
FAIL: objc.dg/const-str-11.m (test for excess errors)
FAIL: objc.dg/const-str-3.m (test for excess errors)
FAIL: objc.dg/const-str-7.m (test for excess errors)
FAIL: objc.dg/const-str-8.m (test for excess errors)
FAIL: objc.dg/const-str-9.m (test for excess errors)
FAIL: objc.dg/encode-2.m (test for excess errors)
FAIL: objc.dg/encode-3.m (test for excess errors)
WARNING: objc.dg/encode-3.m compilation failed to produce executable
FAIL: objc.dg/encode-4.m (test for excess errors)
FAIL: objc.dg/encode-5.m (test for excess errors)
FAIL: objc.dg/headers.m (test for excess errors)
FAIL: objc.dg/method-6.m (test for excess errors)
FAIL: objc.dg/no-extra-load.m (test for excess errors)
ERROR: objc.dg/no-extra-load.m: error executing dg-final: couldn't open "no-extra-load.s": no such file or directory
UNRESOLVED: objc.dg/no-extra-load.m: error executing dg-final: couldn't open "no-extra-load.s": no such file or directory
FAIL: objc.dg/proto-lossage-3.m (test for excess errors)
WARNING: objc.dg/proto-lossage-3.m compilation failed to produce executable
FAIL: objc.dg/proto-qual-1.m (test for excess errors)
WARNING: objc.dg/proto-qual-1.m compilation failed to produce executable
FAIL: objc.dg/stret-2.m scan-assembler objc_msgSend_stret
FAIL: objc.dg/stret-2.m scan-assembler-not objc_msgSend[^_S]
FAIL: objc.dg/stret-2.m scan-assembler-not objc_msgSendSuper[^_]
FAIL: objc.dg/stubify-1.m (test for excess errors)
ERROR: objc.dg/stubify-1.m: error executing dg-final: couldn't open "stubify-1.s": no such file or directory
UNRESOLVED: objc.dg/stubify-1.m: error executing dg-final: couldn't open "stubify-1.s": no such file or directory
FAIL: objc.dg/stubify-2.m (test for excess errors)
FAIL: objc.dg/stubify-2.m scan-rtl-dump-not jump "symbol_ref.*"objc_msgSend"": dump file does not exist
FAIL: objc.dg/symtab-1.m scan-assembler L_OBJC_SYMBOLS.*:\\n\\t.long\\t0\\n\\t.long\\t0\\n\\t.short\\t2\\n\\t.short\\t0\\n\\t.long\\tL_OBJC_CLASS_Derived.*\\n\\t.long\\tL_OBJC_CLASS_Base.*\\n
FAIL: objc.dg/type-size-2.m (test for excess errors)

		=== objc Summary ===

# of expected passes		2885
# of unexpected failures	96
# of expected failures		7
# of unresolved testcases	74
# of unsupported tests		2
/sw/src/fink.build/gcc44-4.3.999-20080930/darwin_objdir/gcc/xgcc  version 4.4.0 20080930 (experimental) (GCC) 

		=== libffi tests ===


Running target unix

		=== libffi Summary ===

# of expected passes		1389
# of unsupported tests		10
		=== libgomp tests ===


Running target unix

		=== libgomp Summary ===

# of expected passes		2033
# of unsupported tests		128
		=== libjava tests ===


Running target unix

		=== libjava Summary ===

# of expected passes		2574
		=== libstdc++ tests ===


Running target unix
XPASS: 21_strings/basic_string/element_access/char/21674.cc execution test
XPASS: 21_strings/basic_string/element_access/wchar_t/21674.cc execution test
XPASS: 26_numerics/headers/cmath/c99_classification_macros_c.cc (test for excess errors)
FAIL: ext/mt_allocator/deallocate_local_thread-5.cc execution test
FAIL: ext/mt_allocator/deallocate_local_thread-7.cc execution test

		=== libstdc++ Summary ===

# of expected passes		5359
# of unexpected failures	2
# of unexpected successes	3
# of expected failures		69
# of unsupported tests		433

Compiler version: 4.4.0 20080930 (experimental) (GCC) 
Platform: i686-apple-darwin9
configure flags: --prefix=/sw --prefix=/sw/lib/gcc4.4 --mandir=/sw/share/man --infodir=/sw/share/info --enable-languages=c,c++,fortran,objc,java --with-arch=nocona --with-tune=generic --build=i686-apple-darwin9 --with-gmp=/sw --with-libiconv-prefix=/sw --with-system-zlib --x-includes=/usr/X11R6/include --x-libraries=/usr/X11R6/lib --with-cloog=/sw --with-ppl=/sw --disable-libjava-multilib


Index Nav: [Date Index] [Subject Index] [Author Index] [Thread Index]
Message Nav: [Date Prev] [Date Next] [Thread Prev] [Thread Next]