This is the mail archive of the gcc-testresults@gcc.gnu.org mailing list for the GCC project.


Index Nav: [Date Index] [Subject Index] [Author Index] [Thread Index]
Message Nav: [Date Prev] [Date Next] [Thread Prev] [Thread Next]
Other format: [Raw text]

Results for 4.2.5 20080930 (prerelease) testsuite on powerpc64-unknown-linux-gnu


Linux 2.6.16.46-0.4-ppc64 ppc64
GNU C Library development release version 2.4 (20070330)
GNU ld (GNU Binutils) 2.18.50.20080903
GNU assembler (GNU Binutils) 2.18.50.20080903
GNU Make 3.80

DejaGnu:
	Expect version is	5.43.0
	Tcl version is		8.4
	Framework version is	1.4.4

32-bit biarch default32

SVN branch: gcc-4_2-branch

This hardware does not have VMX instructions.

LAST_UPDATED: Tue Sep 30 01:27:43 UTC 2008 (revision 140776)

Native configuration is powerpc64-unknown-linux-gnu

		=== g++ tests ===


Running target unix/-m32

		=== g++ Summary for unix/-m32 ===

# of expected passes		13666
# of expected failures		67
# of unsupported tests		104

Running target unix/-m64

		=== g++ Summary for unix/-m64 ===

# of expected passes		13628
# of expected failures		67
# of unsupported tests		107

		=== g++ Summary ===

# of expected passes		27294
# of expected failures		134
# of unsupported tests		211
/home/gccbuild/build/nightly/build-gcc-4.2/gcc/testsuite/g++/../../g++  version 4.2.5 20080930 (prerelease)

		=== gcc tests ===


Running target unix/-m32
UNRESOLVED: gcc.c-torture/execute/mayalias-2.c execution,  -O3 -g 
FAIL: gcc.dg/dfp/convert-bfp.c (test for excess errors)
WARNING: gcc.dg/dfp/convert-bfp.c compilation failed to produce executable
FAIL: gcc.dg/tree-ssa/loop-19.c scan-tree-dump-times MEM.(base: &|symbol: )a, 2
FAIL: gcc.dg/tree-ssa/loop-19.c scan-tree-dump-times MEM.(base: &|symbol: )c, 2

		=== gcc Summary for unix/-m32 ===

# of expected passes		44151
# of unexpected failures	3
# of expected failures		115
# of unresolved testcases	1
# of untested testcases		28
# of unsupported tests		385

Running target unix/-m64
UNRESOLVED: gcc.c-torture/execute/mayalias-2.c execution,  -O3 -g 
FAIL: gcc.dg/dfp/convert-bfp.c (test for excess errors)
WARNING: gcc.dg/dfp/convert-bfp.c compilation failed to produce executable
FAIL: gcc.dg/tree-ssa/loop-19.c scan-tree-dump-times MEM.(base: &|symbol: )a, 2
FAIL: gcc.dg/tree-ssa/loop-19.c scan-tree-dump-times MEM.(base: &|symbol: )c, 2
XPASS: gcc.dg/tree-ssa/sra-2.c scan-tree-dump-times link_error 0
FAIL: gcc.target/powerpc/ppc-negeq0-1.c scan-assembler-not cntlzw

		=== gcc Summary for unix/-m64 ===

# of expected passes		44002
# of unexpected failures	4
# of unexpected successes	1
# of expected failures		115
# of unresolved testcases	1
# of untested testcases		28
# of unsupported tests		449

		=== gcc Summary ===

# of expected passes		88153
# of unexpected failures	7
# of unexpected successes	1
# of expected failures		230
# of unresolved testcases	2
# of untested testcases		56
# of unsupported tests		834
/home/gccbuild/build/nightly/build-gcc-4.2/gcc/xgcc  version 4.2.5 20080930 (prerelease)

		=== gfortran tests ===


Running target unix/-m32
FAIL: gfortran.dg/c_by_val_1.f  -O0  execution test
FAIL: gfortran.dg/c_by_val_1.f  -O1  execution test
FAIL: gfortran.dg/c_by_val_1.f  -O2  execution test
FAIL: gfortran.dg/c_by_val_1.f  -O3 -fomit-frame-pointer  execution test
FAIL: gfortran.dg/c_by_val_1.f  -O3 -fomit-frame-pointer -funroll-loops  execution test
FAIL: gfortran.dg/c_by_val_1.f  -O3 -fomit-frame-pointer -funroll-all-loops -finline-functions  execution test
FAIL: gfortran.dg/c_by_val_1.f  -O3 -g  execution test
FAIL: gfortran.dg/c_by_val_1.f  -Os  execution test
XPASS: gfortran.dg/csqrt_2.f  -O0  execution test
XPASS: gfortran.dg/csqrt_2.f  -O1  execution test
XPASS: gfortran.dg/csqrt_2.f  -O2  execution test
XPASS: gfortran.dg/csqrt_2.f  -O3 -fomit-frame-pointer  execution test
XPASS: gfortran.dg/csqrt_2.f  -O3 -fomit-frame-pointer -funroll-loops  execution test
XPASS: gfortran.dg/csqrt_2.f  -O3 -fomit-frame-pointer -funroll-all-loops -finline-functions  execution test
XPASS: gfortran.dg/csqrt_2.f  -O3 -g  execution test
XPASS: gfortran.dg/csqrt_2.f  -Os  execution test
FAIL: gfortran.dg/large_real_kind_form_io_2.f90  -O0  execution test
FAIL: gfortran.dg/large_real_kind_form_io_2.f90  -O1  execution test
FAIL: gfortran.dg/large_real_kind_form_io_2.f90  -O2  execution test
FAIL: gfortran.dg/large_real_kind_form_io_2.f90  -O3 -fomit-frame-pointer  execution test
FAIL: gfortran.dg/large_real_kind_form_io_2.f90  -O3 -fomit-frame-pointer -funroll-loops  execution test
FAIL: gfortran.dg/large_real_kind_form_io_2.f90  -O3 -fomit-frame-pointer -funroll-all-loops -finline-functions  execution test
FAIL: gfortran.dg/large_real_kind_form_io_2.f90  -O3 -g  execution test
FAIL: gfortran.dg/large_real_kind_form_io_2.f90  -Os  execution test

		=== gfortran Summary for unix/-m32 ===

# of expected passes		16227
# of unexpected failures	16
# of unexpected successes	8
# of expected failures		7
# of unsupported tests		35

Running target unix/-m64
FAIL: gfortran.dg/c_by_val_1.f  -O0  execution test
FAIL: gfortran.dg/c_by_val_1.f  -O1  execution test
FAIL: gfortran.dg/c_by_val_1.f  -O2  execution test
FAIL: gfortran.dg/c_by_val_1.f  -O3 -fomit-frame-pointer  execution test
FAIL: gfortran.dg/c_by_val_1.f  -O3 -fomit-frame-pointer -funroll-loops  execution test
FAIL: gfortran.dg/c_by_val_1.f  -O3 -fomit-frame-pointer -funroll-all-loops -finline-functions  execution test
FAIL: gfortran.dg/c_by_val_1.f  -O3 -g  execution test
FAIL: gfortran.dg/c_by_val_1.f  -Os  execution test
XPASS: gfortran.dg/csqrt_2.f  -O0  execution test
XPASS: gfortran.dg/csqrt_2.f  -O1  execution test
XPASS: gfortran.dg/csqrt_2.f  -O2  execution test
XPASS: gfortran.dg/csqrt_2.f  -O3 -fomit-frame-pointer  execution test
XPASS: gfortran.dg/csqrt_2.f  -O3 -fomit-frame-pointer -funroll-loops  execution test
XPASS: gfortran.dg/csqrt_2.f  -O3 -fomit-frame-pointer -funroll-all-loops -finline-functions  execution test
XPASS: gfortran.dg/csqrt_2.f  -O3 -g  execution test
XPASS: gfortran.dg/csqrt_2.f  -Os  execution test
FAIL: gfortran.dg/large_real_kind_form_io_2.f90  -O0  execution test
FAIL: gfortran.dg/large_real_kind_form_io_2.f90  -O1  execution test
FAIL: gfortran.dg/large_real_kind_form_io_2.f90  -O2  execution test
FAIL: gfortran.dg/large_real_kind_form_io_2.f90  -O3 -fomit-frame-pointer  execution test
FAIL: gfortran.dg/large_real_kind_form_io_2.f90  -O3 -fomit-frame-pointer -funroll-loops  execution test
FAIL: gfortran.dg/large_real_kind_form_io_2.f90  -O3 -fomit-frame-pointer -funroll-all-loops -finline-functions  execution test
FAIL: gfortran.dg/large_real_kind_form_io_2.f90  -O3 -g  execution test
FAIL: gfortran.dg/large_real_kind_form_io_2.f90  -Os  execution test

		=== gfortran Summary for unix/-m64 ===

# of expected passes		16259
# of unexpected failures	16
# of unexpected successes	8
# of expected failures		7
# of unsupported tests		19

		=== gfortran Summary ===

# of expected passes		32486
# of unexpected failures	32
# of unexpected successes	16
# of expected failures		14
# of unsupported tests		54
/home/gccbuild/build/nightly/build-gcc-4.2/gcc/testsuite/gfortran/../../gfortran  version 4.2.5 20080930 (prerelease)

		=== obj-c++ tests ===


Running target unix/-m32
FAIL: obj-c++.dg/comp-types-10.mm (internal compiler error)
FAIL: obj-c++.dg/comp-types-10.mm (test for excess errors)
WARNING: obj-c++.dg/lookup-2.mm compilation failed to produce executable
WARNING: obj-c++.dg/try-catch-2.mm compilation failed to produce executable
FAIL: obj-c++.dg/try-catch-9.mm (test for excess errors)
WARNING: obj-c++.dg/try-catch-9.mm compilation failed to produce executable

		=== obj-c++ Summary for unix/-m32 ===

# of expected passes		442
# of unexpected failures	3
# of expected failures		6
# of unsupported tests		13

Running target unix/-m64
FAIL: obj-c++.dg/comp-types-10.mm (internal compiler error)
FAIL: obj-c++.dg/comp-types-10.mm (test for excess errors)
WARNING: obj-c++.dg/lookup-2.mm compilation failed to produce executable
WARNING: obj-c++.dg/try-catch-2.mm compilation failed to produce executable
FAIL: obj-c++.dg/try-catch-9.mm (test for excess errors)
WARNING: obj-c++.dg/try-catch-9.mm compilation failed to produce executable

		=== obj-c++ Summary for unix/-m64 ===

# of expected passes		428
# of unexpected failures	3
# of expected failures		20
# of unsupported tests		13

		=== obj-c++ Summary ===

# of expected passes		870
# of unexpected failures	6
# of expected failures		26
# of unsupported tests		26
/home/gccbuild/build/nightly/build-gcc-4.2/gcc/testsuite/obj-c++/../../g++  version 4.2.5 20080930 (prerelease)

		=== objc tests ===


Running target unix/-m32

		=== objc Summary for unix/-m32 ===

# of expected passes		1806
# of expected failures		7
# of unsupported tests		24

Running target unix/-m64

		=== objc Summary for unix/-m64 ===

# of expected passes		1806
# of expected failures		7
# of unsupported tests		24

		=== objc Summary ===

# of expected passes		3612
# of expected failures		14
# of unsupported tests		48
/home/gccbuild/build/nightly/build-gcc-4.2/gcc/xgcc  version 4.2.5 20080930 (prerelease)

		=== libffi tests ===


Running target unix/-m32

		=== libffi Summary for unix/-m32 ===

# of expected passes		1084
# of unsupported tests		8

Running target unix/-m64

		=== libffi Summary for unix/-m64 ===

# of expected passes		1084
# of unsupported tests		8

		=== libffi Summary ===

# of expected passes		2168
# of unsupported tests		16
		=== libgomp tests ===


Running target unix/-m32

		=== libgomp Summary for unix/-m32 ===

# of expected passes		1574

Running target unix/-m64

		=== libgomp Summary for unix/-m64 ===

# of expected passes		1574

		=== libgomp Summary ===

# of expected passes		3148
		=== libjava tests ===


Running target unix/-m32
FAIL: events output
FAIL: PR27908 execution - source compiled test
FAIL: PR27908 -findirect-dispatch execution - bytecode->native test
FAIL: PR27908 -O3 -findirect-dispatch execution - bytecode->native test

		=== libjava Summary for unix/-m32 ===

# of expected passes		6999
# of unexpected failures	4
# of expected failures		12
# of untested testcases		11

Running target unix/-m64
FAIL: events output

		=== libjava Summary for unix/-m64 ===

# of expected passes		7005
# of unexpected failures	1
# of expected failures		12
# of untested testcases		8

		=== libjava Summary ===

# of expected passes		14004
# of unexpected failures	5
# of expected failures		24
# of untested testcases		19
		=== libmudflap tests ===


Running target unix/-m32

		=== libmudflap Summary for unix/-m32 ===

# of expected passes		1814

Running target unix/-m64
FAIL: libmudflap.c/fail27-frag.c output pattern test
FAIL: libmudflap.c/fail27-frag.c (-static) output pattern test
FAIL: libmudflap.c/fail27-frag.c (-O2) output pattern test
FAIL: libmudflap.c/fail27-frag.c (-O3) output pattern test

		=== libmudflap Summary for unix/-m64 ===

# of expected passes		1810
# of unexpected failures	4

		=== libmudflap Summary ===

# of expected passes		3624
# of unexpected failures	4
		=== libstdc++ tests ===


Running target unix/-m32
FAIL: abi_check
XPASS: 26_numerics/cmath/c99_classification_macros_c.cc (test for excess errors)

		=== libstdc++ Summary for unix/-m32 ===

# of expected passes		4484
# of unexpected failures	1
# of unexpected successes	1
# of expected failures		14

Running target unix/-m64
FAIL: abi_check
XPASS: 26_numerics/cmath/c99_classification_macros_c.cc (test for excess errors)

		=== libstdc++ Summary for unix/-m64 ===

# of expected passes		4484
# of unexpected failures	1
# of unexpected successes	1
# of expected failures		14

		=== libstdc++ Summary ===

# of expected passes		8968
# of unexpected failures	2
# of unexpected successes	2
# of expected failures		28

Compiler version: 4.2.5 20080930 (prerelease) 
Platform: powerpc64-unknown-linux-gnu
configure flags: --prefix=/opt/gcc-nightly/4.2-20080930 --build=powerpc64-linux --host=powerpc64-linux --target=powerpc64-linux --with-cpu=default32 --with-as=/opt/gcc-nightly/binutils-20080903/bin/as --with-ld=/opt/gcc-nightly/binutils-20080903/bin/ld --enable-threads=posix --enable-shared --enable-__cxa_atexit --enable-checking --disable-alsa --with-gmp=/opt/gcc-nightly/gmp-mpfr --with-mpfr=/opt/gcc-nightly/gmp-mpfr --enable-decimal-float --enable-languages=c,c++,fortran,java,objc,obj-c++


Index Nav: [Date Index] [Subject Index] [Author Index] [Thread Index]
Message Nav: [Date Prev] [Date Next] [Thread Prev] [Thread Next]