This is the mail archive of the
gcc-testresults@gcc.gnu.org
mailing list for the GCC project.
Results for 4.4.0 20080925 (experimental) [trunk revision 140665] (GCC) testsuite on hppa64-hp-hpux11.11
- From: John David Anglin <dave at hiauly3 dot hia dot nrc dot ca>
- To: dave at hiauly3 dot hia dot nrc dot ca, gcc-testresults at gcc dot gnu dot org
- Date: Mon, 29 Sep 2008 09:18:57 -0400 (EDT)
- Subject: Results for 4.4.0 20080925 (experimental) [trunk revision 140665] (GCC) testsuite on hppa64-hp-hpux11.11
LAST_UPDATED: Mon Sep 29 01:18:45 UTC 2008 (revision 140665)
Native configuration is hppa64-hp-hpux11.11
=== gcc tests ===
Running target unix
FAIL: gcc.c-torture/compile/limits-fnargs.c -O2 (internal compiler error)
FAIL: gcc.c-torture/compile/limits-fnargs.c -O2 (test for excess errors)
FAIL: gcc.c-torture/compile/limits-fnargs.c -O3 -fomit-frame-pointer (internal compiler error)
FAIL: gcc.c-torture/compile/limits-fnargs.c -O3 -fomit-frame-pointer (test for excess errors)
FAIL: gcc.c-torture/compile/limits-fnargs.c -O3 -g (internal compiler error)
FAIL: gcc.c-torture/compile/limits-fnargs.c -O3 -g (test for excess errors)
FAIL: gcc.c-torture/compile/limits-fnargs.c -Os (internal compiler error)
FAIL: gcc.c-torture/compile/limits-fnargs.c -Os (test for excess errors)
FAIL: gcc.c-torture/execute/memset-3.c execution, -O3 -fomit-frame-pointer -funroll-loops
FAIL: gcc.c-torture/execute/memset-3.c execution, -O3 -fomit-frame-pointer -funroll-all-loops -finline-functions
FAIL: gcc.dg/debug/dwarf2/dwarf-die3.c scan-assembler-not DW_AT_inline
WARNING: program timed out.
FAIL: gcc.dg/20020425-1.c (test for excess errors)
FAIL: gcc.dg/builtin-apply4.c execution test
FAIL: gcc.dg/cleanup-10.c execution test
FAIL: gcc.dg/cleanup-11.c execution test
FAIL: gcc.dg/cleanup-12.c execution test
FAIL: gcc.dg/cleanup-5.c execution test
FAIL: gcc.dg/cleanup-8.c execution test
FAIL: gcc.dg/cleanup-9.c execution test
XPASS: gcc.dg/funcorder.c scan-assembler-not link_error,%r
FAIL: gcc.dg/pr33645-3.c scan-assembler-not var1_t
FAIL: gcc.dg/pr35729.c scan-rtl-dump-times loop2_invariant "Decided to move invariant" 0
FAIL: gcc.dg/pch/valid-1b.c -O0 -g -I. (test for excess errors)
FAIL: gcc.dg/pch/valid-1b.c -O0 -g assembly comparison
FAIL: gcc.dg/pch/valid-1b.c -O0 -I. (test for excess errors)
FAIL: gcc.dg/pch/valid-1b.c -O0 assembly comparison
FAIL: gcc.dg/pch/valid-1b.c -O1 -I. (test for excess errors)
FAIL: gcc.dg/pch/valid-1b.c -O1 assembly comparison
FAIL: gcc.dg/pch/valid-1b.c -O2 -I. (test for excess errors)
FAIL: gcc.dg/pch/valid-1b.c -O2 assembly comparison
FAIL: gcc.dg/pch/valid-1b.c -O3 -fomit-frame-pointer -I. (test for excess errors)
FAIL: gcc.dg/pch/valid-1b.c -O3 -fomit-frame-pointer assembly comparison
FAIL: gcc.dg/pch/valid-1b.c -O3 -g -I. (test for excess errors)
FAIL: gcc.dg/pch/valid-1b.c -O3 -g assembly comparison
FAIL: gcc.dg/pch/valid-1b.c -Os -I. (test for excess errors)
FAIL: gcc.dg/pch/valid-1b.c -Os assembly comparison
FAIL: gcc.dg/tree-ssa/ssa-store-ccp-3.c scan-tree-dump-times optimized "conststaticvariable" 1
=== gcc Summary ===
# of expected passes 46581
# of unexpected failures 36
# of unexpected successes 1
# of expected failures 130
# of unsupported tests 555
/test/gnu/gcc/objdir/gcc/xgcc version 4.4.0 20080925 (experimental) [trunk revision 140665] (GCC)
=== libgomp tests ===
Running target unix
FAIL: libgomp.c/pr24455.c execution test
=== libgomp Summary ===
# of expected passes 222
# of unexpected failures 1
# of unsupported tests 9
Compiler version: 4.4.0 20080925 (experimental) [trunk revision 140665] (GCC)
Platform: hppa64-hp-hpux11.11
configure flags: --with-gnu-as --with-as=/opt/gnu64/bin/as --with-ld=/usr/ccs/bin/ld --enable-shared --disable-nls --with-local-prefix=/opt/gnu64 --prefix=/opt/gnu64/gcc/gcc-4.4.0 --build=hppa64-hp-hpux11.11 --enable-threads=posix --disable-libmudflap --with-gmp=/opt/gnu64/gcc/gcc-4.4.0 --enable-languages=c