This is the mail archive of the gcc-testresults@gcc.gnu.org mailing list for the GCC project.


Index Nav: [Date Index] [Subject Index] [Author Index] [Thread Index]
Message Nav: [Date Prev] [Date Next] [Thread Prev] [Thread Next]
Other format: [Raw text]

Results for 4.4.0 20080926 (experimental) (GCC) testsuite on m68k-unknown-linux-gnu


LAST_UPDATED: 
Target is m68k-unknown-linux-gnu
Host   is ia64-unknown-linux-gnu

		=== g++ tests ===


Running target aranym
FAIL: g++.dg/compat/eh/unexpected1 cp_compat_x_tst.o-cp_compat_y_tst.o execute 
FAIL: tmpdir-g++.dg-struct-layout-1/t003 cp_compat_x_tst.o-cp_compat_y_tst.o execute 
FAIL: tmpdir-g++.dg-struct-layout-1/t023 cp_compat_x_tst.o-cp_compat_y_tst.o execute 
FAIL: tmpdir-g++.dg-struct-layout-1/t024 cp_compat_x_tst.o-cp_compat_y_tst.o execute 
FAIL: tmpdir-g++.dg-struct-layout-1/t025 cp_compat_x_tst.o-cp_compat_y_tst.o execute 
FAIL: tmpdir-g++.dg-struct-layout-1/t027 cp_compat_x_tst.o-cp_compat_y_tst.o execute 
FAIL: g++.dg/cdce3.C scan-tree-dump cdce "cdce3.C:96: note: function call is shrink-wrapped into error conditions."
FAIL: g++.dg/cdce3.C scan-tree-dump cdce "cdce3.C:106: note: function call is shrink-wrapped into error conditions."
FAIL: g++.dg/eh/forced1.C execution test
FAIL: g++.dg/eh/registers1.C execution test
FAIL: g++.dg/eh/uncaught1.C execution test
FAIL: g++.dg/eh/unexpected1.C execution test
FAIL: g++.dg/ext/utf-rtti.C (test for excess errors)
FAIL: g++.dg/other/PR23205.C scan-assembler .stabs.*foobar:c=i
FAIL: g++.dg/torture/pr33572.C  -Os  execution test
FAIL: g++.old-deja/g++.abi/cxa_vec.C execution test
FAIL: g++.old-deja/g++.eh/badalloc1.C execution test
FAIL: g++.old-deja/g++.eh/fntry1.C execution test
FAIL: g++.old-deja/g++.eh/rethrow1.C execution test
FAIL: g++.old-deja/g++.eh/rethrow2.C execution test
FAIL: g++.old-deja/g++.eh/rethrow3.C execution test
FAIL: g++.old-deja/g++.eh/rethrow4.C execution test
FAIL: g++.old-deja/g++.eh/rethrow5.C execution test
FAIL: g++.old-deja/g++.eh/rethrow6.C execution test
FAIL: g++.old-deja/g++.eh/spec1.C execution test
FAIL: g++.old-deja/g++.eh/spec2.C execution test
FAIL: g++.old-deja/g++.eh/spec3.C execution test
FAIL: g++.old-deja/g++.eh/spec4.C execution test
FAIL: g++.old-deja/g++.mike/eh23.C execution test
FAIL: g++.old-deja/g++.mike/eh33.C execution test
FAIL: g++.old-deja/g++.mike/eh39.C execution test
FAIL: g++.old-deja/g++.mike/eh40.C execution test
FAIL: g++.old-deja/g++.mike/eh50.C execution test
FAIL: g++.old-deja/g++.mike/eh51.C execution test
FAIL: g++.old-deja/g++.robertl/eb31.C execution test

		=== g++ Summary ===

# of expected passes		18260
# of unexpected failures	35
# of expected failures		81
# of unsupported tests		174
/sykes/cvs/test/cross/ia64/m68k/gcc/gcc/testsuite/g++/../../g++  version 4.4.0 20080926 (experimental) (GCC) 

Host   is ia64-unknown-linux-gnu

		=== gcc tests ===


Running target aranym
WARNING: program timed out.
FAIL: gcc.c-torture/compile/limits-externalid.c  -O3 -g  (test for excess errors)
FAIL: gcc.c-torture/execute/20030718-1.c execution,  -O0 
FAIL: gcc.c-torture/execute/20030718-1.c execution,  -O1 
FAIL: gcc.c-torture/execute/20030718-1.c execution,  -O2 
FAIL: gcc.c-torture/execute/20030718-1.c execution,  -O3 -fomit-frame-pointer 
FAIL: gcc.c-torture/execute/20030718-1.c execution,  -O3 -g 
FAIL: gcc.c-torture/execute/20040709-2.c execution,  -O2 
FAIL: gcc.c-torture/execute/20040709-2.c execution,  -O3 -fomit-frame-pointer 
FAIL: gcc.c-torture/execute/20040709-2.c execution,  -O3 -fomit-frame-pointer -funroll-loops 
FAIL: gcc.c-torture/execute/20040709-2.c execution,  -O3 -fomit-frame-pointer -funroll-all-loops -finline-functions 
FAIL: gcc.c-torture/execute/20040709-2.c execution,  -O3 -g 
FAIL: gcc.c-torture/execute/20040831-1.c execution,  -O0 
FAIL: gcc.c-torture/execute/20060420-1.c compilation,  -O2  (internal compiler error)
UNRESOLVED: gcc.c-torture/execute/20060420-1.c execution,  -O2 
FAIL: gcc.c-torture/execute/20060420-1.c compilation,  -O3 -fomit-frame-pointer  (internal compiler error)
UNRESOLVED: gcc.c-torture/execute/20060420-1.c execution,  -O3 -fomit-frame-pointer 
FAIL: gcc.c-torture/execute/20060420-1.c compilation,  -O3 -fomit-frame-pointer -funroll-loops  (internal compiler error)
UNRESOLVED: gcc.c-torture/execute/20060420-1.c execution,  -O3 -fomit-frame-pointer -funroll-loops 
FAIL: gcc.c-torture/execute/20060420-1.c compilation,  -O3 -fomit-frame-pointer -funroll-all-loops -finline-functions  (internal compiler error)
UNRESOLVED: gcc.c-torture/execute/20060420-1.c execution,  -O3 -fomit-frame-pointer -funroll-all-loops -finline-functions 
FAIL: gcc.c-torture/execute/20060420-1.c compilation,  -O3 -g  (internal compiler error)
UNRESOLVED: gcc.c-torture/execute/20060420-1.c execution,  -O3 -g 
FAIL: gcc.c-torture/execute/960301-1.c execution,  -Os 
FAIL: gcc.c-torture/execute/960302-1.c execution,  -O0 
FAIL: gcc.c-torture/execute/960302-1.c execution,  -O1 
FAIL: gcc.c-torture/execute/960302-1.c execution,  -O2 
FAIL: gcc.c-torture/execute/960302-1.c execution,  -O3 -fomit-frame-pointer 
FAIL: gcc.c-torture/execute/960302-1.c execution,  -O3 -g 
FAIL: gcc.c-torture/execute/960302-1.c execution,  -Os 
FAIL: gcc.c-torture/execute/960311-1.c execution,  -O0 
FAIL: gcc.c-torture/execute/conversion.c execution,  -O0 
FAIL: gcc.c-torture/execute/conversion.c execution,  -O1 
FAIL: gcc.c-torture/execute/ieee/compare-fp-1.c execution,  -O0 
FAIL: gcc.c-torture/execute/ieee/compare-fp-1.c execution,  -O1 
FAIL: gcc.c-torture/execute/ieee/compare-fp-1.c execution,  -O2 
FAIL: gcc.c-torture/execute/ieee/compare-fp-1.c execution,  -O3 -fomit-frame-pointer 
FAIL: gcc.c-torture/execute/ieee/compare-fp-1.c execution,  -O3 -g 
FAIL: gcc.c-torture/execute/ieee/compare-fp-1.c execution,  -Os 
FAIL: gcc.c-torture/execute/ieee/compare-fp-4.c execution,  -O0 
FAIL: gcc.c-torture/execute/ieee/compare-fp-4.c execution,  -O1 
FAIL: gcc.c-torture/execute/ieee/compare-fp-4.c execution,  -O2 
FAIL: gcc.c-torture/execute/ieee/compare-fp-4.c execution,  -O3 -fomit-frame-pointer 
FAIL: gcc.c-torture/execute/ieee/compare-fp-4.c execution,  -O3 -g 
FAIL: gcc.c-torture/execute/ieee/compare-fp-4.c execution,  -Os 
FAIL: gcc.c-torture/execute/ieee/copysign1.c execution,  -O0 
FAIL: gcc.c-torture/execute/ieee/copysign1.c execution,  -O1 
FAIL: gcc.c-torture/execute/ieee/copysign1.c execution,  -O2 
FAIL: gcc.c-torture/execute/ieee/copysign1.c execution,  -O3 -fomit-frame-pointer 
FAIL: gcc.c-torture/execute/ieee/copysign1.c execution,  -O3 -fomit-frame-pointer -funroll-loops 
FAIL: gcc.c-torture/execute/ieee/copysign1.c execution,  -O3 -fomit-frame-pointer -funroll-all-loops -finline-functions 
FAIL: gcc.c-torture/execute/ieee/copysign1.c execution,  -O3 -g 
FAIL: gcc.c-torture/execute/ieee/copysign1.c execution,  -Os 
FAIL: gcc.c-torture/execute/ieee/copysign2.c execution,  -O0 
FAIL: gcc.c-torture/execute/ieee/copysign2.c execution,  -O1 
FAIL: gcc.c-torture/execute/ieee/copysign2.c execution,  -O2 
FAIL: gcc.c-torture/execute/ieee/copysign2.c execution,  -O3 -fomit-frame-pointer 
FAIL: gcc.c-torture/execute/ieee/copysign2.c execution,  -O3 -fomit-frame-pointer -funroll-loops 
FAIL: gcc.c-torture/execute/ieee/copysign2.c execution,  -O3 -fomit-frame-pointer -funroll-all-loops -finline-functions 
FAIL: gcc.c-torture/execute/ieee/copysign2.c execution,  -O3 -g 
FAIL: gcc.c-torture/execute/ieee/copysign2.c execution,  -Os 
FAIL: gcc.dg/compat/scalar-by-value-5 c_compat_x_tst.o-c_compat_y_tst.o execute 
FAIL: gcc.dg/compat/struct-by-value-6b c_compat_x_tst.o-c_compat_y_tst.o execute 
FAIL: tmpdir-gcc.dg-struct-layout-1/t008 c_compat_x_tst.o-c_compat_y_tst.o execute 
FAIL: tmpdir-gcc.dg-struct-layout-1/t009 c_compat_x_tst.o-c_compat_y_tst.o execute 
FAIL: tmpdir-gcc.dg-struct-layout-1/t020 c_compat_x_tst.o-c_compat_y_tst.o execute 
FAIL: gcc.dg/debug/dwarf2/dwarf-die3.c scan-assembler-not DW_AT_inline
FAIL: gcc.dg/gnu99-init-1.c execution test
FAIL: gcc.dg/ifcvt-fabs-1.c execution test
FAIL: gcc.dg/ifelse-2.c execution test
FAIL: gcc.dg/pr33645-3.c scan-assembler-not var1_t
FAIL: gcc.dg/pr37544.c execution test
FAIL: gcc.dg/pch/valid-1b.c -O0 -g -I. (test for excess errors)
FAIL: gcc.dg/pch/valid-1b.c -O0 -g assembly comparison
FAIL: gcc.dg/pch/valid-1b.c  -O0  -I. (test for excess errors)
FAIL: gcc.dg/pch/valid-1b.c  -O0  assembly comparison
FAIL: gcc.dg/pch/valid-1b.c  -O1  -I. (test for excess errors)
FAIL: gcc.dg/pch/valid-1b.c  -O1  assembly comparison
FAIL: gcc.dg/pch/valid-1b.c  -O2  -I. (test for excess errors)
FAIL: gcc.dg/pch/valid-1b.c  -O2  assembly comparison
FAIL: gcc.dg/pch/valid-1b.c  -O3 -fomit-frame-pointer  -I. (test for excess errors)
FAIL: gcc.dg/pch/valid-1b.c  -O3 -fomit-frame-pointer  assembly comparison
FAIL: gcc.dg/pch/valid-1b.c  -O3 -g  -I. (test for excess errors)
FAIL: gcc.dg/pch/valid-1b.c  -O3 -g  assembly comparison
FAIL: gcc.dg/pch/valid-1b.c  -Os  -I. (test for excess errors)
FAIL: gcc.dg/pch/valid-1b.c  -Os  assembly comparison
FAIL: gcc.dg/torture/fp-int-convert-double.c  -O0  execution test
FAIL: gcc.dg/torture/fp-int-convert-double.c  -O1  execution test
FAIL: gcc.dg/torture/fp-int-convert-double.c  -O2  execution test
FAIL: gcc.dg/torture/fp-int-convert-double.c  -O3 -fomit-frame-pointer  execution test
FAIL: gcc.dg/torture/fp-int-convert-double.c  -O3 -g  execution test
FAIL: gcc.dg/torture/fp-int-convert-double.c  -Os  execution test
FAIL: gcc.dg/torture/fp-int-convert-float.c  -O0  execution test
FAIL: gcc.dg/torture/fp-int-convert-float.c  -O1  execution test
FAIL: gcc.dg/torture/fp-int-convert-float.c  -O2  execution test
FAIL: gcc.dg/torture/fp-int-convert-float.c  -O3 -fomit-frame-pointer  execution test
FAIL: gcc.dg/torture/fp-int-convert-float.c  -O3 -g  execution test
FAIL: gcc.dg/torture/fp-int-convert-float.c  -Os  execution test
FAIL: gcc.dg/torture/fp-int-convert-long-double.c  -O0  execution test
FAIL: gcc.dg/torture/fp-int-convert-long-double.c  -O1  execution test
FAIL: gcc.dg/torture/fp-int-convert-long-double.c  -O2  execution test
FAIL: gcc.dg/torture/fp-int-convert-long-double.c  -O3 -fomit-frame-pointer  execution test
FAIL: gcc.dg/torture/fp-int-convert-long-double.c  -O3 -g  execution test
FAIL: gcc.dg/torture/fp-int-convert-long-double.c  -Os  execution test
FAIL: gcc.dg/torture/fp-int-convert-timode.c  -O0  execution test
FAIL: gcc.dg/torture/fp-int-convert-timode.c  -O1  execution test
FAIL: gcc.dg/torture/fp-int-convert-timode.c  -O2  execution test
FAIL: gcc.dg/torture/fp-int-convert-timode.c  -O3 -fomit-frame-pointer  execution test
FAIL: gcc.dg/torture/fp-int-convert-timode.c  -O3 -g  execution test
FAIL: gcc.dg/torture/fp-int-convert-timode.c  -Os  execution test
FAIL: gcc.dg/tree-ssa/vrp47.c scan-tree-dump-times vrp1 "[xy][^ ]* !=" 0
FAIL: gcc.dg/tree-ssa/vrp47.c scan-tree-dump-times dom1 "x[^ ]* & y" 1
FAIL: gcc.dg/tree-ssa/vrp47.c scan-tree-dump-times vrp1 "x[^ ]* [|] y" 1

		=== gcc Summary ===

# of expected passes		47296
# of unexpected failures	107
# of expected failures		110
# of unresolved testcases	5
# of unsupported tests		539
/sykes/cvs/test/cross/ia64/m68k/gcc/gcc/xgcc  version 4.4.0 20080926 (experimental) (GCC) 

Host   is m68k-unknown-linux-gnu

		=== libgomp tests ===


Running target aranym
FAIL: libgomp.c/autopar-1.c execution test

		=== libgomp Summary ===

# of expected passes		875
# of unexpected failures	1
# of unsupported tests		7
Host   is m68k-unknown-linux-gnu

		=== libmudflap tests ===


Running target aranym
FAIL: libmudflap.c/fail10-frag.c crash test
FAIL: libmudflap.c/fail11-frag.c crash test
FAIL: libmudflap.c/fail12-frag.c crash test
FAIL: libmudflap.c/fail14-frag.c crash test
FAIL: libmudflap.c/fail15-frag.c crash test
FAIL: libmudflap.c/fail16-frag.c crash test
FAIL: libmudflap.c/fail17-frag.c crash test
FAIL: libmudflap.c/fail18-frag.c crash test
FAIL: libmudflap.c/fail19-frag.c crash test
FAIL: libmudflap.c/fail21-frag.c crash test
FAIL: libmudflap.c/fail22-frag.c crash test
FAIL: libmudflap.c/fail23-frag.c crash test
FAIL: libmudflap.c/fail25-frag.c crash test
FAIL: libmudflap.c/fail27-frag.c crash test
FAIL: libmudflap.c/fail28-frag.c crash test
FAIL: libmudflap.c/fail29-frag.c crash test
FAIL: libmudflap.c/fail30-frag.c crash test
FAIL: libmudflap.c/fail31-frag.c crash test
FAIL: libmudflap.c/fail33-frag.c crash test
FAIL: libmudflap.c/fail34-frag.c crash test
FAIL: libmudflap.c/fail35-frag.c crash test
FAIL: libmudflap.c/fail36-frag.c crash test
FAIL: libmudflap.c/fail37-frag.c crash test
FAIL: libmudflap.c/fail38-frag.c crash test
FAIL: libmudflap.c/fail39-frag.c crash test
FAIL: libmudflap.c/fail40-frag.c crash test
FAIL: libmudflap.c/fail5-frag.c crash test
FAIL: libmudflap.c/fail6-frag.c crash test
FAIL: libmudflap.c/fail7-frag.c crash test
FAIL: libmudflap.c/fail8-frag.c crash test
FAIL: libmudflap.c/fail9-frag.c crash test
FAIL: libmudflap.c/fail10-frag.c (-static) crash test
FAIL: libmudflap.c/fail11-frag.c (-static) crash test
FAIL: libmudflap.c/fail12-frag.c (-static) crash test
FAIL: libmudflap.c/fail14-frag.c (-static) crash test
FAIL: libmudflap.c/fail15-frag.c (-static) crash test
FAIL: libmudflap.c/fail16-frag.c (-static) crash test
FAIL: libmudflap.c/fail17-frag.c (-static) crash test
FAIL: libmudflap.c/fail18-frag.c (-static) crash test
FAIL: libmudflap.c/fail19-frag.c (-static) crash test
FAIL: libmudflap.c/fail21-frag.c (-static) crash test
FAIL: libmudflap.c/fail22-frag.c (-static) crash test
FAIL: libmudflap.c/fail23-frag.c (-static) crash test
FAIL: libmudflap.c/fail25-frag.c (-static) crash test
FAIL: libmudflap.c/fail27-frag.c (-static) crash test
FAIL: libmudflap.c/fail28-frag.c (-static) crash test
FAIL: libmudflap.c/fail29-frag.c (-static) crash test
FAIL: libmudflap.c/fail30-frag.c (-static) crash test
FAIL: libmudflap.c/fail31-frag.c (-static) crash test
FAIL: libmudflap.c/fail33-frag.c (-static) crash test
FAIL: libmudflap.c/fail34-frag.c (-static) crash test
FAIL: libmudflap.c/fail35-frag.c (-static) crash test
FAIL: libmudflap.c/fail36-frag.c (-static) crash test
FAIL: libmudflap.c/fail37-frag.c (-static) crash test
FAIL: libmudflap.c/fail38-frag.c (-static) crash test
FAIL: libmudflap.c/fail39-frag.c (-static) crash test
FAIL: libmudflap.c/fail40-frag.c (-static) crash test
FAIL: libmudflap.c/fail5-frag.c (-static) crash test
FAIL: libmudflap.c/fail6-frag.c (-static) crash test
FAIL: libmudflap.c/fail7-frag.c (-static) crash test
FAIL: libmudflap.c/fail8-frag.c (-static) crash test
FAIL: libmudflap.c/fail9-frag.c (-static) crash test
FAIL: libmudflap.c/fail11-frag.c (-O2) crash test
FAIL: libmudflap.c/fail12-frag.c (-O2) crash test
FAIL: libmudflap.c/fail16-frag.c (-O2) crash test
FAIL: libmudflap.c/fail17-frag.c (-O2) crash test
FAIL: libmudflap.c/fail18-frag.c (-O2) crash test
FAIL: libmudflap.c/fail19-frag.c (-O2) crash test
FAIL: libmudflap.c/fail21-frag.c (-O2) crash test
FAIL: libmudflap.c/fail22-frag.c (-O2) crash test
FAIL: libmudflap.c/fail23-frag.c (-O2) crash test
FAIL: libmudflap.c/fail25-frag.c (-O2) crash test
FAIL: libmudflap.c/fail27-frag.c (-O2) crash test
FAIL: libmudflap.c/fail28-frag.c (-O2) crash test
FAIL: libmudflap.c/fail29-frag.c (-O2) crash test
FAIL: libmudflap.c/fail30-frag.c (-O2) crash test
FAIL: libmudflap.c/fail31-frag.c (-O2) crash test
FAIL: libmudflap.c/fail33-frag.c (-O2) crash test
FAIL: libmudflap.c/fail34-frag.c (-O2) crash test
FAIL: libmudflap.c/fail35-frag.c (-O2) crash test
FAIL: libmudflap.c/fail36-frag.c (-O2) crash test
FAIL: libmudflap.c/fail37-frag.c (-O2) crash test
FAIL: libmudflap.c/fail39-frag.c (-O2) crash test
FAIL: libmudflap.c/fail40-frag.c (-O2) crash test
FAIL: libmudflap.c/fail5-frag.c (-O2) crash test
FAIL: libmudflap.c/fail6-frag.c (-O2) crash test
FAIL: libmudflap.c/fail7-frag.c (-O2) crash test
FAIL: libmudflap.c/fail8-frag.c (-O2) crash test
FAIL: libmudflap.c/fail9-frag.c (-O2) crash test
FAIL: libmudflap.c/fail11-frag.c (-O3) crash test
FAIL: libmudflap.c/fail12-frag.c (-O3) crash test
FAIL: libmudflap.c/fail16-frag.c (-O3) crash test
FAIL: libmudflap.c/fail17-frag.c (-O3) crash test
FAIL: libmudflap.c/fail18-frag.c (-O3) crash test
FAIL: libmudflap.c/fail19-frag.c (-O3) crash test
FAIL: libmudflap.c/fail21-frag.c (-O3) crash test
FAIL: libmudflap.c/fail22-frag.c (-O3) crash test
FAIL: libmudflap.c/fail23-frag.c (-O3) crash test
FAIL: libmudflap.c/fail25-frag.c (-O3) crash test
FAIL: libmudflap.c/fail27-frag.c (-O3) crash test
FAIL: libmudflap.c/fail28-frag.c (-O3) crash test
FAIL: libmudflap.c/fail29-frag.c (-O3) crash test
FAIL: libmudflap.c/fail30-frag.c (-O3) crash test
FAIL: libmudflap.c/fail31-frag.c (-O3) crash test
FAIL: libmudflap.c/fail33-frag.c (-O3) crash test
FAIL: libmudflap.c/fail34-frag.c (-O3) crash test
FAIL: libmudflap.c/fail35-frag.c (-O3) crash test
FAIL: libmudflap.c/fail36-frag.c (-O3) crash test
FAIL: libmudflap.c/fail37-frag.c (-O3) crash test
FAIL: libmudflap.c/fail39-frag.c (-O3) crash test
FAIL: libmudflap.c/fail40-frag.c (-O3) crash test
FAIL: libmudflap.c/fail5-frag.c (-O3) crash test
FAIL: libmudflap.c/fail6-frag.c (-O3) crash test
FAIL: libmudflap.c/fail7-frag.c (-O3) crash test
FAIL: libmudflap.c/fail8-frag.c (-O3) crash test
FAIL: libmudflap.c/fail9-frag.c (-O3) crash test
FAIL: externs-12 execution 
FAIL: externs-21 execution 
FAIL: externs-12 execution -static
FAIL: externs-21 execution -static
FAIL: externs-12 execution -O2
FAIL: externs-21 execution -O2
FAIL: externs-12 execution -O3
FAIL: externs-21 execution -O3
FAIL: libmudflap.c++/fail24-frag.cxx crash test
FAIL: libmudflap.c++/fail24-frag.cxx (-static) crash test
FAIL: libmudflap.c++/fail24-frag.cxx ( -O) crash test
FAIL: libmudflap.c++/fail24-frag.cxx (-O2) crash test
FAIL: libmudflap.c++/fail24-frag.cxx (-O3) crash test
FAIL: ctors-12 execution 
FAIL: ctors-21 execution 
FAIL: ctors-12 execution -static
FAIL: ctors-21 execution -static
FAIL: ctors-12 execution -O2
FAIL: ctors-21 execution -O2
FAIL: ctors-12 execution -O3
FAIL: ctors-21 execution -O3
FAIL: libmudflap.cth/pass37-frag.c execution test
FAIL: libmudflap.cth/pass37-frag.c output pattern test
FAIL: libmudflap.cth/pass37-frag.c (rerun 1) execution test
FAIL: libmudflap.cth/pass37-frag.c (rerun 1) output pattern test
FAIL: libmudflap.cth/pass37-frag.c (rerun 2) execution test
FAIL: libmudflap.cth/pass37-frag.c (rerun 2) output pattern test
FAIL: libmudflap.cth/pass37-frag.c (rerun 3) execution test
FAIL: libmudflap.cth/pass37-frag.c (rerun 3) output pattern test
FAIL: libmudflap.cth/pass37-frag.c (rerun 4) execution test
FAIL: libmudflap.cth/pass37-frag.c (rerun 4) output pattern test
FAIL: libmudflap.cth/pass37-frag.c (rerun 5) execution test
FAIL: libmudflap.cth/pass37-frag.c (rerun 5) output pattern test
FAIL: libmudflap.cth/pass37-frag.c (rerun 6) execution test
FAIL: libmudflap.cth/pass37-frag.c (rerun 6) output pattern test
FAIL: libmudflap.cth/pass37-frag.c (rerun 7) execution test
FAIL: libmudflap.cth/pass37-frag.c (rerun 7) output pattern test
FAIL: libmudflap.cth/pass37-frag.c (rerun 8) execution test
FAIL: libmudflap.cth/pass37-frag.c (rerun 8) output pattern test
FAIL: libmudflap.cth/pass37-frag.c (rerun 9) execution test
FAIL: libmudflap.cth/pass37-frag.c (rerun 9) output pattern test
FAIL: libmudflap.cth/pass37-frag.c (rerun 10) execution test
FAIL: libmudflap.cth/pass37-frag.c (rerun 10) output pattern test
FAIL: libmudflap.cth/pass37-frag.c (rerun 11) execution test
FAIL: libmudflap.cth/pass37-frag.c (rerun 11) output pattern test
FAIL: libmudflap.cth/pass37-frag.c (rerun 12) execution test
FAIL: libmudflap.cth/pass37-frag.c (rerun 12) output pattern test
FAIL: libmudflap.cth/pass37-frag.c (rerun 13) execution test
FAIL: libmudflap.cth/pass37-frag.c (rerun 13) output pattern test
FAIL: libmudflap.cth/pass37-frag.c (rerun 14) execution test
FAIL: libmudflap.cth/pass37-frag.c (rerun 14) output pattern test
FAIL: libmudflap.cth/pass37-frag.c (rerun 15) execution test
FAIL: libmudflap.cth/pass37-frag.c (rerun 15) output pattern test
FAIL: libmudflap.cth/pass37-frag.c (rerun 16) execution test
FAIL: libmudflap.cth/pass37-frag.c (rerun 16) output pattern test
FAIL: libmudflap.cth/pass37-frag.c (rerun 17) execution test
FAIL: libmudflap.cth/pass37-frag.c (rerun 17) output pattern test
FAIL: libmudflap.cth/pass37-frag.c (rerun 18) execution test
FAIL: libmudflap.cth/pass37-frag.c (rerun 18) output pattern test
FAIL: libmudflap.cth/pass37-frag.c (rerun 19) execution test
FAIL: libmudflap.cth/pass37-frag.c (rerun 19) output pattern test
FAIL: libmudflap.cth/pass39-frag.c execution test
FAIL: libmudflap.cth/pass39-frag.c output pattern test
FAIL: libmudflap.cth/pass39-frag.c (rerun 1) execution test
FAIL: libmudflap.cth/pass39-frag.c (rerun 1) output pattern test
FAIL: libmudflap.cth/pass39-frag.c (rerun 2) execution test
FAIL: libmudflap.cth/pass39-frag.c (rerun 2) output pattern test
FAIL: libmudflap.cth/pass39-frag.c (rerun 3) execution test
FAIL: libmudflap.cth/pass39-frag.c (rerun 3) output pattern test
FAIL: libmudflap.cth/pass39-frag.c (rerun 4) execution test
FAIL: libmudflap.cth/pass39-frag.c (rerun 4) output pattern test
FAIL: libmudflap.cth/pass39-frag.c (rerun 5) execution test
FAIL: libmudflap.cth/pass39-frag.c (rerun 5) output pattern test
FAIL: libmudflap.cth/pass39-frag.c (rerun 6) execution test
FAIL: libmudflap.cth/pass39-frag.c (rerun 6) output pattern test
FAIL: libmudflap.cth/pass39-frag.c (rerun 7) execution test
FAIL: libmudflap.cth/pass39-frag.c (rerun 7) output pattern test
FAIL: libmudflap.cth/pass39-frag.c (rerun 8) execution test
FAIL: libmudflap.cth/pass39-frag.c (rerun 8) output pattern test
FAIL: libmudflap.cth/pass39-frag.c (rerun 9) execution test
FAIL: libmudflap.cth/pass39-frag.c (rerun 9) output pattern test
FAIL: libmudflap.cth/pass39-frag.c (rerun 10) execution test
FAIL: libmudflap.cth/pass39-frag.c (rerun 10) output pattern test
FAIL: libmudflap.cth/pass39-frag.c (rerun 11) execution test
FAIL: libmudflap.cth/pass39-frag.c (rerun 11) output pattern test
FAIL: libmudflap.cth/pass39-frag.c (rerun 12) execution test
FAIL: libmudflap.cth/pass39-frag.c (rerun 12) output pattern test
FAIL: libmudflap.cth/pass39-frag.c (rerun 13) execution test
FAIL: libmudflap.cth/pass39-frag.c (rerun 13) output pattern test
FAIL: libmudflap.cth/pass39-frag.c (rerun 14) execution test
FAIL: libmudflap.cth/pass39-frag.c (rerun 14) output pattern test
FAIL: libmudflap.cth/pass39-frag.c (rerun 15) execution test
FAIL: libmudflap.cth/pass39-frag.c (rerun 15) output pattern test
FAIL: libmudflap.cth/pass39-frag.c (rerun 16) execution test
FAIL: libmudflap.cth/pass39-frag.c (rerun 16) output pattern test
FAIL: libmudflap.cth/pass39-frag.c (rerun 17) execution test
FAIL: libmudflap.cth/pass39-frag.c (rerun 17) output pattern test
FAIL: libmudflap.cth/pass39-frag.c (rerun 18) execution test
FAIL: libmudflap.cth/pass39-frag.c (rerun 18) output pattern test
FAIL: libmudflap.cth/pass39-frag.c (rerun 19) execution test
FAIL: libmudflap.cth/pass39-frag.c (rerun 19) output pattern test
FAIL: libmudflap.cth/pass40-frag.c execution test
FAIL: libmudflap.cth/pass40-frag.c output pattern test
FAIL: libmudflap.cth/pass59-frag.c execution test
FAIL: libmudflap.cth/pass59-frag.c output pattern test
FAIL: libmudflap.cth/pass37-frag.c (-static -DSTATIC) execution test
FAIL: libmudflap.cth/pass37-frag.c (-static -DSTATIC) output pattern test
FAIL: libmudflap.cth/pass37-frag.c (-static -DSTATIC) (rerun 1) execution test
FAIL: libmudflap.cth/pass37-frag.c (-static -DSTATIC) (rerun 1) output pattern test
FAIL: libmudflap.cth/pass37-frag.c (-static -DSTATIC) (rerun 2) execution test
FAIL: libmudflap.cth/pass37-frag.c (-static -DSTATIC) (rerun 2) output pattern test
FAIL: libmudflap.cth/pass37-frag.c (-static -DSTATIC) (rerun 3) execution test
FAIL: libmudflap.cth/pass37-frag.c (-static -DSTATIC) (rerun 3) output pattern test
FAIL: libmudflap.cth/pass37-frag.c (-static -DSTATIC) (rerun 4) execution test
FAIL: libmudflap.cth/pass37-frag.c (-static -DSTATIC) (rerun 4) output pattern test
FAIL: libmudflap.cth/pass37-frag.c (-static -DSTATIC) (rerun 5) execution test
FAIL: libmudflap.cth/pass37-frag.c (-static -DSTATIC) (rerun 5) output pattern test
FAIL: libmudflap.cth/pass37-frag.c (-static -DSTATIC) (rerun 6) execution test
FAIL: libmudflap.cth/pass37-frag.c (-static -DSTATIC) (rerun 6) output pattern test
FAIL: libmudflap.cth/pass37-frag.c (-static -DSTATIC) (rerun 7) execution test
FAIL: libmudflap.cth/pass37-frag.c (-static -DSTATIC) (rerun 7) output pattern test
FAIL: libmudflap.cth/pass37-frag.c (-static -DSTATIC) (rerun 8) execution test
FAIL: libmudflap.cth/pass37-frag.c (-static -DSTATIC) (rerun 8) output pattern test
FAIL: libmudflap.cth/pass37-frag.c (-static -DSTATIC) (rerun 9) execution test
FAIL: libmudflap.cth/pass37-frag.c (-static -DSTATIC) (rerun 9) output pattern test
FAIL: libmudflap.cth/pass37-frag.c (-static -DSTATIC) (rerun 10) execution test
FAIL: libmudflap.cth/pass37-frag.c (-static -DSTATIC) (rerun 10) output pattern test
FAIL: libmudflap.cth/pass37-frag.c (-static -DSTATIC) (rerun 11) execution test
FAIL: libmudflap.cth/pass37-frag.c (-static -DSTATIC) (rerun 11) output pattern test
FAIL: libmudflap.cth/pass37-frag.c (-static -DSTATIC) (rerun 12) execution test
FAIL: libmudflap.cth/pass37-frag.c (-static -DSTATIC) (rerun 12) output pattern test
FAIL: libmudflap.cth/pass37-frag.c (-static -DSTATIC) (rerun 13) execution test
FAIL: libmudflap.cth/pass37-frag.c (-static -DSTATIC) (rerun 13) output pattern test
FAIL: libmudflap.cth/pass37-frag.c (-static -DSTATIC) (rerun 14) execution test
FAIL: libmudflap.cth/pass37-frag.c (-static -DSTATIC) (rerun 14) output pattern test
FAIL: libmudflap.cth/pass37-frag.c (-static -DSTATIC) (rerun 15) execution test
FAIL: libmudflap.cth/pass37-frag.c (-static -DSTATIC) (rerun 15) output pattern test
FAIL: libmudflap.cth/pass37-frag.c (-static -DSTATIC) (rerun 16) execution test
FAIL: libmudflap.cth/pass37-frag.c (-static -DSTATIC) (rerun 16) output pattern test
FAIL: libmudflap.cth/pass37-frag.c (-static -DSTATIC) (rerun 17) execution test
FAIL: libmudflap.cth/pass37-frag.c (-static -DSTATIC) (rerun 17) output pattern test
FAIL: libmudflap.cth/pass37-frag.c (-static -DSTATIC) (rerun 18) execution test
FAIL: libmudflap.cth/pass37-frag.c (-static -DSTATIC) (rerun 18) output pattern test
FAIL: libmudflap.cth/pass37-frag.c (-static -DSTATIC) (rerun 19) execution test
FAIL: libmudflap.cth/pass37-frag.c (-static -DSTATIC) (rerun 19) output pattern test
FAIL: libmudflap.cth/pass39-frag.c (-static -DSTATIC) execution test
FAIL: libmudflap.cth/pass39-frag.c (-static -DSTATIC) output pattern test
FAIL: libmudflap.cth/pass39-frag.c (-static -DSTATIC) (rerun 1) execution test
FAIL: libmudflap.cth/pass39-frag.c (-static -DSTATIC) (rerun 1) output pattern test
FAIL: libmudflap.cth/pass39-frag.c (-static -DSTATIC) (rerun 2) execution test
FAIL: libmudflap.cth/pass39-frag.c (-static -DSTATIC) (rerun 2) output pattern test
FAIL: libmudflap.cth/pass39-frag.c (-static -DSTATIC) (rerun 3) execution test
FAIL: libmudflap.cth/pass39-frag.c (-static -DSTATIC) (rerun 3) output pattern test
FAIL: libmudflap.cth/pass39-frag.c (-static -DSTATIC) (rerun 4) execution test
FAIL: libmudflap.cth/pass39-frag.c (-static -DSTATIC) (rerun 4) output pattern test
FAIL: libmudflap.cth/pass39-frag.c (-static -DSTATIC) (rerun 5) execution test
FAIL: libmudflap.cth/pass39-frag.c (-static -DSTATIC) (rerun 5) output pattern test
FAIL: libmudflap.cth/pass39-frag.c (-static -DSTATIC) (rerun 6) execution test
FAIL: libmudflap.cth/pass39-frag.c (-static -DSTATIC) (rerun 6) output pattern test
FAIL: libmudflap.cth/pass39-frag.c (-static -DSTATIC) (rerun 7) execution test
FAIL: libmudflap.cth/pass39-frag.c (-static -DSTATIC) (rerun 7) output pattern test
FAIL: libmudflap.cth/pass39-frag.c (-static -DSTATIC) (rerun 8) execution test
FAIL: libmudflap.cth/pass39-frag.c (-static -DSTATIC) (rerun 8) output pattern test
FAIL: libmudflap.cth/pass39-frag.c (-static -DSTATIC) (rerun 9) execution test
FAIL: libmudflap.cth/pass39-frag.c (-static -DSTATIC) (rerun 9) output pattern test
FAIL: libmudflap.cth/pass39-frag.c (-static -DSTATIC) (rerun 10) execution test
FAIL: libmudflap.cth/pass39-frag.c (-static -DSTATIC) (rerun 10) output pattern test
FAIL: libmudflap.cth/pass39-frag.c (-static -DSTATIC) (rerun 11) execution test
FAIL: libmudflap.cth/pass39-frag.c (-static -DSTATIC) (rerun 11) output pattern test
FAIL: libmudflap.cth/pass39-frag.c (-static -DSTATIC) (rerun 12) execution test
FAIL: libmudflap.cth/pass39-frag.c (-static -DSTATIC) (rerun 12) output pattern test
FAIL: libmudflap.cth/pass39-frag.c (-static -DSTATIC) (rerun 13) execution test
FAIL: libmudflap.cth/pass39-frag.c (-static -DSTATIC) (rerun 13) output pattern test
FAIL: libmudflap.cth/pass39-frag.c (-static -DSTATIC) (rerun 14) execution test
FAIL: libmudflap.cth/pass39-frag.c (-static -DSTATIC) (rerun 14) output pattern test
FAIL: libmudflap.cth/pass39-frag.c (-static -DSTATIC) (rerun 15) execution test
FAIL: libmudflap.cth/pass39-frag.c (-static -DSTATIC) (rerun 15) output pattern test
FAIL: libmudflap.cth/pass39-frag.c (-static -DSTATIC) (rerun 16) execution test
FAIL: libmudflap.cth/pass39-frag.c (-static -DSTATIC) (rerun 16) output pattern test
FAIL: libmudflap.cth/pass39-frag.c (-static -DSTATIC) (rerun 17) execution test
FAIL: libmudflap.cth/pass39-frag.c (-static -DSTATIC) (rerun 17) output pattern test
FAIL: libmudflap.cth/pass39-frag.c (-static -DSTATIC) (rerun 18) execution test
FAIL: libmudflap.cth/pass39-frag.c (-static -DSTATIC) (rerun 18) output pattern test
FAIL: libmudflap.cth/pass39-frag.c (-static -DSTATIC) (rerun 19) execution test
FAIL: libmudflap.cth/pass39-frag.c (-static -DSTATIC) (rerun 19) output pattern test
FAIL: libmudflap.cth/pass40-frag.c (-static -DSTATIC) execution test
FAIL: libmudflap.cth/pass40-frag.c (-static -DSTATIC) output pattern test
FAIL: libmudflap.cth/pass59-frag.c (-static -DSTATIC) execution test
FAIL: libmudflap.cth/pass59-frag.c (-static -DSTATIC) output pattern test
FAIL: libmudflap.cth/pass37-frag.c (-O2) execution test
FAIL: libmudflap.cth/pass37-frag.c (-O2) output pattern test
FAIL: libmudflap.cth/pass37-frag.c (-O2) (rerun 1) execution test
FAIL: libmudflap.cth/pass37-frag.c (-O2) (rerun 1) output pattern test
FAIL: libmudflap.cth/pass37-frag.c (-O2) (rerun 2) execution test
FAIL: libmudflap.cth/pass37-frag.c (-O2) (rerun 2) output pattern test
FAIL: libmudflap.cth/pass37-frag.c (-O2) (rerun 3) execution test
FAIL: libmudflap.cth/pass37-frag.c (-O2) (rerun 3) output pattern test
FAIL: libmudflap.cth/pass37-frag.c (-O2) (rerun 4) execution test
FAIL: libmudflap.cth/pass37-frag.c (-O2) (rerun 4) output pattern test
FAIL: libmudflap.cth/pass37-frag.c (-O2) (rerun 5) execution test
FAIL: libmudflap.cth/pass37-frag.c (-O2) (rerun 5) output pattern test
FAIL: libmudflap.cth/pass37-frag.c (-O2) (rerun 6) execution test
FAIL: libmudflap.cth/pass37-frag.c (-O2) (rerun 6) output pattern test
FAIL: libmudflap.cth/pass37-frag.c (-O2) (rerun 7) execution test
FAIL: libmudflap.cth/pass37-frag.c (-O2) (rerun 7) output pattern test
FAIL: libmudflap.cth/pass37-frag.c (-O2) (rerun 8) execution test
FAIL: libmudflap.cth/pass37-frag.c (-O2) (rerun 8) output pattern test
FAIL: libmudflap.cth/pass37-frag.c (-O2) (rerun 9) execution test
FAIL: libmudflap.cth/pass37-frag.c (-O2) (rerun 9) output pattern test
FAIL: libmudflap.cth/pass37-frag.c (-O2) (rerun 10) execution test
FAIL: libmudflap.cth/pass37-frag.c (-O2) (rerun 10) output pattern test
FAIL: libmudflap.cth/pass37-frag.c (-O2) (rerun 11) execution test
FAIL: libmudflap.cth/pass37-frag.c (-O2) (rerun 11) output pattern test
FAIL: libmudflap.cth/pass37-frag.c (-O2) (rerun 12) execution test
FAIL: libmudflap.cth/pass37-frag.c (-O2) (rerun 12) output pattern test
FAIL: libmudflap.cth/pass37-frag.c (-O2) (rerun 13) execution test
FAIL: libmudflap.cth/pass37-frag.c (-O2) (rerun 13) output pattern test
FAIL: libmudflap.cth/pass37-frag.c (-O2) (rerun 14) execution test
FAIL: libmudflap.cth/pass37-frag.c (-O2) (rerun 14) output pattern test
FAIL: libmudflap.cth/pass37-frag.c (-O2) (rerun 15) execution test
FAIL: libmudflap.cth/pass37-frag.c (-O2) (rerun 15) output pattern test
FAIL: libmudflap.cth/pass37-frag.c (-O2) (rerun 16) execution test
FAIL: libmudflap.cth/pass37-frag.c (-O2) (rerun 16) output pattern test
FAIL: libmudflap.cth/pass37-frag.c (-O2) (rerun 17) execution test
FAIL: libmudflap.cth/pass37-frag.c (-O2) (rerun 17) output pattern test
FAIL: libmudflap.cth/pass37-frag.c (-O2) (rerun 18) execution test
FAIL: libmudflap.cth/pass37-frag.c (-O2) (rerun 18) output pattern test
FAIL: libmudflap.cth/pass37-frag.c (-O2) (rerun 19) execution test
FAIL: libmudflap.cth/pass37-frag.c (-O2) (rerun 19) output pattern test
FAIL: libmudflap.cth/pass39-frag.c (-O2) execution test
FAIL: libmudflap.cth/pass39-frag.c (-O2) output pattern test
FAIL: libmudflap.cth/pass39-frag.c (-O2) (rerun 1) execution test
FAIL: libmudflap.cth/pass39-frag.c (-O2) (rerun 1) output pattern test
FAIL: libmudflap.cth/pass39-frag.c (-O2) (rerun 2) execution test
FAIL: libmudflap.cth/pass39-frag.c (-O2) (rerun 2) output pattern test
FAIL: libmudflap.cth/pass39-frag.c (-O2) (rerun 3) execution test
FAIL: libmudflap.cth/pass39-frag.c (-O2) (rerun 3) output pattern test
FAIL: libmudflap.cth/pass39-frag.c (-O2) (rerun 4) execution test
FAIL: libmudflap.cth/pass39-frag.c (-O2) (rerun 4) output pattern test
FAIL: libmudflap.cth/pass39-frag.c (-O2) (rerun 5) execution test
FAIL: libmudflap.cth/pass39-frag.c (-O2) (rerun 5) output pattern test
FAIL: libmudflap.cth/pass39-frag.c (-O2) (rerun 6) execution test
FAIL: libmudflap.cth/pass39-frag.c (-O2) (rerun 6) output pattern test
FAIL: libmudflap.cth/pass39-frag.c (-O2) (rerun 7) execution test
FAIL: libmudflap.cth/pass39-frag.c (-O2) (rerun 7) output pattern test
FAIL: libmudflap.cth/pass39-frag.c (-O2) (rerun 8) execution test
FAIL: libmudflap.cth/pass39-frag.c (-O2) (rerun 8) output pattern test
FAIL: libmudflap.cth/pass39-frag.c (-O2) (rerun 9) execution test
FAIL: libmudflap.cth/pass39-frag.c (-O2) (rerun 9) output pattern test
FAIL: libmudflap.cth/pass39-frag.c (-O2) (rerun 10) execution test
FAIL: libmudflap.cth/pass39-frag.c (-O2) (rerun 10) output pattern test
FAIL: libmudflap.cth/pass39-frag.c (-O2) (rerun 11) execution test
FAIL: libmudflap.cth/pass39-frag.c (-O2) (rerun 11) output pattern test
FAIL: libmudflap.cth/pass39-frag.c (-O2) (rerun 12) execution test
FAIL: libmudflap.cth/pass39-frag.c (-O2) (rerun 12) output pattern test
FAIL: libmudflap.cth/pass39-frag.c (-O2) (rerun 13) execution test
FAIL: libmudflap.cth/pass39-frag.c (-O2) (rerun 13) output pattern test
FAIL: libmudflap.cth/pass39-frag.c (-O2) (rerun 14) execution test
FAIL: libmudflap.cth/pass39-frag.c (-O2) (rerun 14) output pattern test
FAIL: libmudflap.cth/pass39-frag.c (-O2) (rerun 15) execution test
FAIL: libmudflap.cth/pass39-frag.c (-O2) (rerun 15) output pattern test
FAIL: libmudflap.cth/pass39-frag.c (-O2) (rerun 16) execution test
FAIL: libmudflap.cth/pass39-frag.c (-O2) (rerun 16) output pattern test
FAIL: libmudflap.cth/pass39-frag.c (-O2) (rerun 17) execution test
FAIL: libmudflap.cth/pass39-frag.c (-O2) (rerun 17) output pattern test
FAIL: libmudflap.cth/pass39-frag.c (-O2) (rerun 18) execution test
FAIL: libmudflap.cth/pass39-frag.c (-O2) (rerun 18) output pattern test
FAIL: libmudflap.cth/pass39-frag.c (-O2) (rerun 19) execution test
FAIL: libmudflap.cth/pass39-frag.c (-O2) (rerun 19) output pattern test
FAIL: libmudflap.cth/pass40-frag.c (-O2) execution test
FAIL: libmudflap.cth/pass40-frag.c (-O2) output pattern test
FAIL: libmudflap.cth/pass59-frag.c (-O2) execution test
FAIL: libmudflap.cth/pass59-frag.c (-O2) output pattern test
FAIL: libmudflap.cth/pass37-frag.c (-O3) execution test
FAIL: libmudflap.cth/pass37-frag.c (-O3) output pattern test
FAIL: libmudflap.cth/pass37-frag.c (-O3) (rerun 1) execution test
FAIL: libmudflap.cth/pass37-frag.c (-O3) (rerun 1) output pattern test
FAIL: libmudflap.cth/pass37-frag.c (-O3) (rerun 2) execution test
FAIL: libmudflap.cth/pass37-frag.c (-O3) (rerun 2) output pattern test
FAIL: libmudflap.cth/pass37-frag.c (-O3) (rerun 3) execution test
FAIL: libmudflap.cth/pass37-frag.c (-O3) (rerun 3) output pattern test
FAIL: libmudflap.cth/pass37-frag.c (-O3) (rerun 4) execution test
FAIL: libmudflap.cth/pass37-frag.c (-O3) (rerun 4) output pattern test
FAIL: libmudflap.cth/pass37-frag.c (-O3) (rerun 5) execution test
FAIL: libmudflap.cth/pass37-frag.c (-O3) (rerun 5) output pattern test
FAIL: libmudflap.cth/pass37-frag.c (-O3) (rerun 6) execution test
FAIL: libmudflap.cth/pass37-frag.c (-O3) (rerun 6) output pattern test
FAIL: libmudflap.cth/pass37-frag.c (-O3) (rerun 7) execution test
FAIL: libmudflap.cth/pass37-frag.c (-O3) (rerun 7) output pattern test
FAIL: libmudflap.cth/pass37-frag.c (-O3) (rerun 8) execution test
FAIL: libmudflap.cth/pass37-frag.c (-O3) (rerun 8) output pattern test
FAIL: libmudflap.cth/pass37-frag.c (-O3) (rerun 9) execution test
FAIL: libmudflap.cth/pass37-frag.c (-O3) (rerun 9) output pattern test
FAIL: libmudflap.cth/pass37-frag.c (-O3) (rerun 10) execution test
FAIL: libmudflap.cth/pass37-frag.c (-O3) (rerun 10) output pattern test
FAIL: libmudflap.cth/pass37-frag.c (-O3) (rerun 11) execution test
FAIL: libmudflap.cth/pass37-frag.c (-O3) (rerun 11) output pattern test
FAIL: libmudflap.cth/pass37-frag.c (-O3) (rerun 12) execution test
FAIL: libmudflap.cth/pass37-frag.c (-O3) (rerun 12) output pattern test
FAIL: libmudflap.cth/pass37-frag.c (-O3) (rerun 13) execution test
FAIL: libmudflap.cth/pass37-frag.c (-O3) (rerun 13) output pattern test
FAIL: libmudflap.cth/pass37-frag.c (-O3) (rerun 14) execution test
FAIL: libmudflap.cth/pass37-frag.c (-O3) (rerun 14) output pattern test
FAIL: libmudflap.cth/pass37-frag.c (-O3) (rerun 15) execution test
FAIL: libmudflap.cth/pass37-frag.c (-O3) (rerun 15) output pattern test
FAIL: libmudflap.cth/pass37-frag.c (-O3) (rerun 16) execution test
FAIL: libmudflap.cth/pass37-frag.c (-O3) (rerun 16) output pattern test
FAIL: libmudflap.cth/pass37-frag.c (-O3) (rerun 17) execution test
FAIL: libmudflap.cth/pass37-frag.c (-O3) (rerun 17) output pattern test
FAIL: libmudflap.cth/pass37-frag.c (-O3) (rerun 18) execution test
FAIL: libmudflap.cth/pass37-frag.c (-O3) (rerun 18) output pattern test
FAIL: libmudflap.cth/pass37-frag.c (-O3) (rerun 19) execution test
FAIL: libmudflap.cth/pass37-frag.c (-O3) (rerun 19) output pattern test
FAIL: libmudflap.cth/pass39-frag.c (-O3) execution test
FAIL: libmudflap.cth/pass39-frag.c (-O3) output pattern test
FAIL: libmudflap.cth/pass39-frag.c (-O3) (rerun 1) execution test
FAIL: libmudflap.cth/pass39-frag.c (-O3) (rerun 1) output pattern test
FAIL: libmudflap.cth/pass39-frag.c (-O3) (rerun 2) execution test
FAIL: libmudflap.cth/pass39-frag.c (-O3) (rerun 2) output pattern test
FAIL: libmudflap.cth/pass39-frag.c (-O3) (rerun 3) execution test
FAIL: libmudflap.cth/pass39-frag.c (-O3) (rerun 3) output pattern test
FAIL: libmudflap.cth/pass39-frag.c (-O3) (rerun 4) execution test
FAIL: libmudflap.cth/pass39-frag.c (-O3) (rerun 4) output pattern test
FAIL: libmudflap.cth/pass39-frag.c (-O3) (rerun 5) execution test
FAIL: libmudflap.cth/pass39-frag.c (-O3) (rerun 5) output pattern test
FAIL: libmudflap.cth/pass39-frag.c (-O3) (rerun 6) execution test
FAIL: libmudflap.cth/pass39-frag.c (-O3) (rerun 6) output pattern test
FAIL: libmudflap.cth/pass39-frag.c (-O3) (rerun 7) execution test
FAIL: libmudflap.cth/pass39-frag.c (-O3) (rerun 7) output pattern test
FAIL: libmudflap.cth/pass39-frag.c (-O3) (rerun 8) execution test
FAIL: libmudflap.cth/pass39-frag.c (-O3) (rerun 8) output pattern test
FAIL: libmudflap.cth/pass39-frag.c (-O3) (rerun 9) execution test
FAIL: libmudflap.cth/pass39-frag.c (-O3) (rerun 9) output pattern test
FAIL: libmudflap.cth/pass39-frag.c (-O3) (rerun 10) execution test
FAIL: libmudflap.cth/pass39-frag.c (-O3) (rerun 10) output pattern test
FAIL: libmudflap.cth/pass39-frag.c (-O3) (rerun 11) execution test
FAIL: libmudflap.cth/pass39-frag.c (-O3) (rerun 11) output pattern test
FAIL: libmudflap.cth/pass39-frag.c (-O3) (rerun 12) execution test
FAIL: libmudflap.cth/pass39-frag.c (-O3) (rerun 12) output pattern test
FAIL: libmudflap.cth/pass39-frag.c (-O3) (rerun 13) execution test
FAIL: libmudflap.cth/pass39-frag.c (-O3) (rerun 13) output pattern test
FAIL: libmudflap.cth/pass39-frag.c (-O3) (rerun 14) execution test
FAIL: libmudflap.cth/pass39-frag.c (-O3) (rerun 14) output pattern test
FAIL: libmudflap.cth/pass39-frag.c (-O3) (rerun 15) execution test
FAIL: libmudflap.cth/pass39-frag.c (-O3) (rerun 15) output pattern test
FAIL: libmudflap.cth/pass39-frag.c (-O3) (rerun 16) execution test
FAIL: libmudflap.cth/pass39-frag.c (-O3) (rerun 16) output pattern test
FAIL: libmudflap.cth/pass39-frag.c (-O3) (rerun 17) execution test
FAIL: libmudflap.cth/pass39-frag.c (-O3) (rerun 17) output pattern test
FAIL: libmudflap.cth/pass39-frag.c (-O3) (rerun 18) execution test
FAIL: libmudflap.cth/pass39-frag.c (-O3) (rerun 18) output pattern test
FAIL: libmudflap.cth/pass39-frag.c (-O3) (rerun 19) execution test
FAIL: libmudflap.cth/pass39-frag.c (-O3) (rerun 19) output pattern test
FAIL: libmudflap.cth/pass40-frag.c (-O3) execution test
FAIL: libmudflap.cth/pass40-frag.c (-O3) output pattern test
FAIL: libmudflap.cth/pass59-frag.c (-O3) execution test
FAIL: libmudflap.cth/pass59-frag.c (-O3) output pattern test

		=== libmudflap Summary ===

# of expected passes		1408
# of unexpected failures	473
Host   is m68k-unknown-linux-gnu

		=== libstdc++ tests ===


Running target aranym
FAIL: 18_support/uncaught_exception/14026.cc execution test
FAIL: 20_util/shared_ptr/cons/unique_ptr.cc execution test
FAIL: 20_util/shared_ptr/cons/unique_ptr_deleter.cc execution test
FAIL: 20_util/shared_ptr/cons/unique_ptr_deleter_ref_1.cc execution test
FAIL: 20_util/shared_ptr/cons/unique_ptr_deleter_ref_2.cc execution test
FAIL: 20_util/shared_ptr/thread/default_weaktoshared.cc execution test
FAIL: 20_util/shared_ptr/thread/mutex_weaktoshared.cc execution test
FAIL: 22_locale/num_get/get/char/10.cc execution test
FAIL: 22_locale/num_get/get/char/12.cc execution test
FAIL: 22_locale/num_get/get/char/16.cc execution test
FAIL: 22_locale/num_get/get/char/22131.cc execution test
FAIL: 22_locale/num_get/get/wchar_t/10.cc execution test
FAIL: 22_locale/num_get/get/wchar_t/12.cc execution test
FAIL: 22_locale/num_get/get/wchar_t/16.cc execution test
FAIL: 22_locale/num_get/get/wchar_t/22131.cc execution test
FAIL: 22_locale/numpunct/members/pod/2.cc execution test
FAIL: 23_containers/deque/cons/2.cc execution test
FAIL: 23_containers/list/modifiers/3.cc execution test
FAIL: 23_containers/list/modifiers/insert/25288.cc execution test
XPASS: 23_containers/unordered_multimap/init-list.cc (test for excess errors)
FAIL: 23_containers/vector/capacity/2.cc execution test
FAIL: 23_containers/vector/cons/4.cc execution test
XPASS: 26_numerics/headers/cmath/c99_classification_macros_c.cc (test for excess errors)
FAIL: 27_io/basic_istream/exceptions/char/9561.cc execution test
FAIL: 27_io/basic_istream/exceptions/wchar_t/9561.cc execution test
FAIL: 27_io/basic_istream/extractors_arithmetic/char/exceptions_badbit_throw.cc execution test
FAIL: 27_io/basic_istream/extractors_arithmetic/wchar_t/exceptions_badbit_throw.cc execution test
FAIL: 27_io/basic_istream/extractors_other/char/exceptions_failbit_throw.cc execution test
FAIL: 27_io/basic_istream/extractors_other/wchar_t/exceptions_failbit_throw.cc execution test
FAIL: 27_io/basic_istream/seekg/char/exceptions_badbit_throw.cc execution test
FAIL: 27_io/basic_istream/seekg/wchar_t/exceptions_badbit_throw.cc execution test
FAIL: 27_io/basic_istream/tellg/char/exceptions_badbit_throw.cc execution test
FAIL: 27_io/basic_istream/tellg/wchar_t/exceptions_badbit_throw.cc execution test
FAIL: 27_io/basic_ostream/exceptions/char/9561.cc execution test
FAIL: 27_io/basic_ostream/exceptions/wchar_t/9561.cc execution test
FAIL: 27_io/basic_ostream/flush/char/exceptions_badbit_throw.cc execution test
FAIL: 27_io/basic_ostream/flush/wchar_t/exceptions_badbit_throw.cc execution test
FAIL: 27_io/basic_ostream/inserters_arithmetic/char/9555-oa.cc execution test
FAIL: 27_io/basic_ostream/inserters_arithmetic/char/exceptions_badbit_throw.cc execution test
FAIL: 27_io/basic_ostream/inserters_arithmetic/wchar_t/9555-oa.cc execution test
FAIL: 27_io/basic_ostream/inserters_arithmetic/wchar_t/exceptions_badbit_throw.cc execution test
FAIL: 27_io/basic_ostream/inserters_character/char/9555-oc.cc execution test
FAIL: 27_io/basic_ostream/inserters_character/wchar_t/9555-oc.cc execution test
FAIL: 27_io/basic_ostream/inserters_other/char/exceptions_failbit_throw.cc execution test
FAIL: 27_io/basic_ostream/inserters_other/wchar_t/exceptions_failbit_throw.cc execution test
FAIL: 27_io/basic_ostream/put/char/1.cc execution test
FAIL: 27_io/basic_ostream/put/wchar_t/1.cc execution test
FAIL: 27_io/basic_ostream/seekp/char/exceptions_badbit_throw.cc execution test
FAIL: 27_io/basic_ostream/seekp/wchar_t/exceptions_badbit_throw.cc execution test
FAIL: 27_io/basic_ostream/tellp/char/exceptions_badbit_throw.cc execution test
FAIL: 27_io/basic_ostream/tellp/wchar_t/exceptions_badbit_throw.cc execution test
FAIL: 27_io/basic_ostream/write/char/1.cc execution test
FAIL: 27_io/basic_ostream/write/wchar_t/1.cc execution test
FAIL: abi/demangle/regression/7986-09.cc execution test
FAIL: abi/demangle/regression/7986-10.cc execution test
FAIL: abi/demangle/regression/7986-11.cc execution test
FAIL: abi/demangle/regression/7986-12.cc execution test
FAIL: ext/malloc_allocator/deallocate_local.cc (test for excess errors)
WARNING: ext/malloc_allocator/deallocate_local.cc compilation failed to produce executable
FAIL: ext/mt_allocator/deallocate_local-2.cc (test for excess errors)
WARNING: ext/mt_allocator/deallocate_local-2.cc compilation failed to produce executable
FAIL: ext/mt_allocator/deallocate_local-4.cc (test for excess errors)
WARNING: ext/mt_allocator/deallocate_local-4.cc compilation failed to produce executable
FAIL: ext/mt_allocator/deallocate_local-6.cc (test for excess errors)
WARNING: ext/mt_allocator/deallocate_local-6.cc compilation failed to produce executable
FAIL: ext/mt_allocator/deallocate_local-8.cc (test for excess errors)
WARNING: ext/mt_allocator/deallocate_local-8.cc compilation failed to produce executable
FAIL: ext/mt_allocator/deallocate_local_thread-1.cc (test for excess errors)
WARNING: ext/mt_allocator/deallocate_local_thread-1.cc compilation failed to produce executable
FAIL: ext/mt_allocator/deallocate_local_thread-3.cc (test for excess errors)
WARNING: ext/mt_allocator/deallocate_local_thread-3.cc compilation failed to produce executable
FAIL: ext/mt_allocator/deallocate_local_thread-5.cc (test for excess errors)
WARNING: ext/mt_allocator/deallocate_local_thread-5.cc compilation failed to produce executable
FAIL: ext/mt_allocator/deallocate_local_thread-7.cc (test for excess errors)
WARNING: ext/mt_allocator/deallocate_local_thread-7.cc compilation failed to produce executable
FAIL: ext/new_allocator/deallocate_local.cc (test for excess errors)
WARNING: ext/new_allocator/deallocate_local.cc compilation failed to produce executable
FAIL: ext/pb_ds/example/hash_illegal_resize.cc execution test
FAIL: ext/pb_ds/regression/hash_data_map_rand.cc execution test
FAIL: ext/pb_ds/regression/hash_no_data_map_rand.cc execution test
FAIL: ext/pb_ds/regression/priority_queue_rand.cc execution test
FAIL: ext/pb_ds/regression/tree_data_map_rand.cc execution test
FAIL: ext/pb_ds/regression/tree_no_data_map_rand.cc execution test
FAIL: ext/pb_ds/regression/trie_data_map_rand.cc execution test
FAIL: ext/pb_ds/regression/trie_no_data_map_rand.cc execution test
FAIL: ext/throw_allocator/check_delete.cc execution test
FAIL: ext/throw_allocator/deallocate_global.cc execution test
FAIL: ext/throw_allocator/deallocate_local.cc (test for excess errors)
WARNING: ext/throw_allocator/deallocate_local.cc compilation failed to produce executable
FAIL: thread/pthread1.cc execution test
FAIL: thread/pthread2.cc execution test
FAIL: thread/pthread3.cc execution test
FAIL: thread/pthread4.cc execution test
FAIL: thread/pthread7-rope.cc execution test
FAIL: tr1/2_general_utilities/shared_ptr/thread/default_weaktoshared.cc execution test
FAIL: tr1/2_general_utilities/shared_ptr/thread/mutex_weaktoshared.cc execution test
FAIL: tr1/5_numerical_facilities/special_functions/01_assoc_laguerre/check_value.cc execution test
FAIL: tr1/5_numerical_facilities/special_functions/02_assoc_legendre/check_value.cc execution test
FAIL: tr1/5_numerical_facilities/special_functions/17_hyperg/check_value.cc execution test

		=== libstdc++ Summary ===

# of expected passes		5453
# of unexpected failures	86
# of unexpected successes	2
# of expected failures		72
# of unsupported tests		331

Compiler version: 4.4.0 20080926 (experimental) (GCC) 
Platform: m68k-unknown-linux-gnu
configure flags: --prefix=/usr/local/m68k-linux --with-sysroot=/usr/local/m68k-linux/m68k-linux/sys-root --build=ia64-linux --target=m68k-linux --enable-shared --disable-multilib --enable-clocale=gnu --enable-languages=c,c++


Index Nav: [Date Index] [Subject Index] [Author Index] [Thread Index]
Message Nav: [Date Prev] [Date Next] [Thread Prev] [Thread Next]