This is the mail archive of the
gcc-testresults@gcc.gnu.org
mailing list for the GCC project.
Results for 4.4.0 20080918 (experimental) [trunk revision 140475] (GCC) testsuite on h8300-unknown-rtems4.10
- From: "Joel Sherrill <joel dot sherrill at oarcorp dot com>" <joel at localhost dot localdomain>
- To: gcc-testresults at gcc dot gnu dot org
- Date: Fri, 26 Sep 2008 08:41:51 -0500
- Subject: Results for 4.4.0 20080918 (experimental) [trunk revision 140475] (GCC) testsuite on h8300-unknown-rtems4.10
LAST_UPDATED: Thu Sep 18 20:39:12 UTC 2008 (revision 140475)
Target is h8300-unknown-rtems4.10
Host is i686-pc-linux-gnu
=== gcc tests ===
Running target rtems-h8300-h8sim
FAIL: gcc.c-torture/execute/pr20621-1.c compilation, -O0 (internal compiler error)
UNRESOLVED: gcc.c-torture/execute/pr20621-1.c execution, -O0
FAIL: gcc.c-torture/execute/pr20621-1.c compilation, -O1 (internal compiler error)
UNRESOLVED: gcc.c-torture/execute/pr20621-1.c execution, -O1
=== gcc Summary ===
# of expected passes 24
# of unexpected failures 2
# of unresolved testcases 2
/home/joel/work-gnat/svn/b-gcc1-h8300/gcc/xgcc version 4.4.0 20080918 (experimental) [trunk revision 140475] (GCC)
Host is i686-pc-linux-gnu
=== g++ tests ===
Running target rtems-h8300-h8sim
=== g++ Summary ===
/home/joel/work-gnat/svn/b-gcc1-h8300/gcc/testsuite/g++/../../g++ version 4.4.0 20080918 (experimental) [trunk revision 140475] (GCC)
Compiler version: 4.4.0 20080918 (experimental) [trunk revision 140475] (GCC)
Platform: h8300-unknown-rtems4.10
configure flags: --enable-threads=rtems --with-gnu-as --enable-multilib --with-gnu-ld --with-newlib --verbose --with-system-zlib --disable-nls --enable-version-specific-runtime-libs --enable-languages=c,c++ --target=h8300-rtems4.10 --prefix=/home/joel/work-gnat/svn//install