This is the mail archive of the gcc-testresults@gcc.gnu.org mailing list for the GCC project.


Index Nav: [Date Index] [Subject Index] [Author Index] [Thread Index]
Message Nav: [Date Prev] [Date Next] [Thread Prev] [Thread Next]
Other format: [Raw text]

Results for 4.4.0 20080924 (experimental) [trunk revision 140623] (GCC) testsuite on hppa-unknown-linux-gnu


LAST_UPDATED: Wed Sep 24 02:24:53 UTC 2008 (revision 140623)

		=== acats tests ===
FAIL:	cd1c04e

		=== acats Summary ===
# of expected passes		2314
# of unexpected failures	1
Native configuration is hppa-unknown-linux-gnu

		=== g++ tests ===


Running target unix
FAIL: g++.dg/other/PR23205.C scan-assembler .stabs.*foobar:c=i

		=== g++ Summary ===

# of expected passes		18401
# of unexpected failures	1
# of expected failures		81
# of unsupported tests		147
/home/dave/gnu/gcc-4.4/objdir/gcc/testsuite/g++/../../g++  version 4.4.0 20080924 (experimental) [trunk revision 140623] (GCC) 

		=== gcc tests ===


Running target unix
FAIL: gcc.dg/debug/dwarf2/dwarf-die3.c scan-assembler-not DW_AT_inline
FAIL: gcc.dg/pr33645-3.c scan-assembler-not var1_t
FAIL: gcc.dg/pr35729.c scan-rtl-dump-times loop2_invariant "Decided to move invariant" 0
FAIL: gcc.dg/pch/valid-1b.c -O0 -g -I. (test for excess errors)
FAIL: gcc.dg/pch/valid-1b.c -O0 -g assembly comparison
FAIL: gcc.dg/pch/valid-1b.c  -O0  -I. (test for excess errors)
FAIL: gcc.dg/pch/valid-1b.c  -O0  assembly comparison
FAIL: gcc.dg/pch/valid-1b.c  -O1  -I. (test for excess errors)
FAIL: gcc.dg/pch/valid-1b.c  -O1  assembly comparison
FAIL: gcc.dg/pch/valid-1b.c  -O2  -I. (test for excess errors)
FAIL: gcc.dg/pch/valid-1b.c  -O2  assembly comparison
FAIL: gcc.dg/pch/valid-1b.c  -O3 -fomit-frame-pointer  -I. (test for excess errors)
FAIL: gcc.dg/pch/valid-1b.c  -O3 -fomit-frame-pointer  assembly comparison
FAIL: gcc.dg/pch/valid-1b.c  -O3 -g  -I. (test for excess errors)
FAIL: gcc.dg/pch/valid-1b.c  -O3 -g  assembly comparison
FAIL: gcc.dg/pch/valid-1b.c  -Os  -I. (test for excess errors)
FAIL: gcc.dg/pch/valid-1b.c  -Os  assembly comparison
XPASS: gcc.dg/tree-ssa/loop-1.c scan-assembler-times foo 5

		=== gcc Summary ===

# of expected passes		47578
# of unexpected failures	17
# of unexpected successes	1
# of expected failures		127
# of unsupported tests		501
/home/dave/gnu/gcc-4.4/objdir/gcc/xgcc  version 4.4.0 20080924 (experimental) [trunk revision 140623] (GCC) 

		=== gfortran tests ===


Running target unix
FAIL: gfortran.dg/f2003_io_1.f03  -O0  execution test
FAIL: gfortran.dg/f2003_io_1.f03  -O1  execution test
FAIL: gfortran.dg/f2003_io_1.f03  -O2  execution test
FAIL: gfortran.dg/f2003_io_1.f03  -O3 -fomit-frame-pointer  execution test
FAIL: gfortran.dg/f2003_io_1.f03  -O3 -fomit-frame-pointer -funroll-loops  execution test
FAIL: gfortran.dg/f2003_io_1.f03  -O3 -fomit-frame-pointer -funroll-all-loops -finline-functions  execution test
FAIL: gfortran.dg/f2003_io_1.f03  -O3 -g  execution test
FAIL: gfortran.dg/f2003_io_1.f03  -Os  execution test
FAIL: gfortran.dg/f2003_io_4.f03  -O0  execution test
FAIL: gfortran.dg/f2003_io_4.f03  -O1  execution test
FAIL: gfortran.dg/f2003_io_4.f03  -O2  execution test
FAIL: gfortran.dg/f2003_io_4.f03  -O3 -fomit-frame-pointer  execution test
FAIL: gfortran.dg/f2003_io_4.f03  -O3 -fomit-frame-pointer -funroll-loops  execution test
FAIL: gfortran.dg/f2003_io_4.f03  -O3 -fomit-frame-pointer -funroll-all-loops -finline-functions  execution test
FAIL: gfortran.dg/f2003_io_4.f03  -O3 -g  execution test
FAIL: gfortran.dg/f2003_io_4.f03  -Os  execution test
FAIL: gfortran.dg/f2003_io_5.f03  -O0  execution test
FAIL: gfortran.dg/f2003_io_5.f03  -O1  execution test
FAIL: gfortran.dg/f2003_io_5.f03  -O2  execution test
FAIL: gfortran.dg/f2003_io_5.f03  -O3 -fomit-frame-pointer  execution test
FAIL: gfortran.dg/f2003_io_5.f03  -O3 -fomit-frame-pointer -funroll-loops  execution test
FAIL: gfortran.dg/f2003_io_5.f03  -O3 -fomit-frame-pointer -funroll-all-loops -finline-functions  execution test
FAIL: gfortran.dg/f2003_io_5.f03  -O3 -g  execution test
FAIL: gfortran.dg/f2003_io_5.f03  -Os  execution test
FAIL: gfortran.dg/f2003_io_6.f03  -O0  execution test
FAIL: gfortran.dg/f2003_io_6.f03  -O1  execution test
FAIL: gfortran.dg/f2003_io_6.f03  -O2  execution test
FAIL: gfortran.dg/f2003_io_6.f03  -O3 -fomit-frame-pointer  execution test
FAIL: gfortran.dg/f2003_io_6.f03  -O3 -fomit-frame-pointer -funroll-loops  execution test
FAIL: gfortran.dg/f2003_io_6.f03  -O3 -fomit-frame-pointer -funroll-all-loops -finline-functions  execution test
FAIL: gfortran.dg/f2003_io_6.f03  -O3 -g  execution test
FAIL: gfortran.dg/f2003_io_6.f03  -Os  execution test
FAIL: gfortran.dg/f2003_io_7.f03  -O0  execution test
FAIL: gfortran.dg/f2003_io_7.f03  -O1  execution test
FAIL: gfortran.dg/f2003_io_7.f03  -O2  execution test
FAIL: gfortran.dg/f2003_io_7.f03  -O3 -fomit-frame-pointer  execution test
FAIL: gfortran.dg/f2003_io_7.f03  -O3 -fomit-frame-pointer -funroll-loops  execution test
FAIL: gfortran.dg/f2003_io_7.f03  -O3 -fomit-frame-pointer -funroll-all-loops -finline-functions  execution test
FAIL: gfortran.dg/f2003_io_7.f03  -O3 -g  execution test
FAIL: gfortran.dg/f2003_io_7.f03  -Os  execution test

		=== gfortran Summary ===

# of expected passes		27176
# of unexpected failures	40
# of expected failures		10
# of unsupported tests		246
/home/dave/gnu/gcc-4.4/objdir/gcc/testsuite/gfortran/../../gfortran  version 4.4.0 20080924 (experimental) [trunk revision 140623] (GCC) 

		=== gnat tests ===


Running target unix

		=== gnat Summary ===

# of expected passes		571
# of expected failures		6
		=== obj-c++ tests ===


Running target unix
UNRESOLVED: obj-c++.dg/bitfield-1.mm compilation failed to produce executable
UNRESOLVED: obj-c++.dg/lookup-2.mm compilation failed to produce executable
UNRESOLVED: obj-c++.dg/try-catch-2.mm compilation failed to produce executable
UNRESOLVED: obj-c++.dg/try-catch-9.mm compilation failed to produce executable

		=== obj-c++ Summary ===

# of expected passes		437
# of expected failures		11
# of unresolved testcases	4
# of unsupported tests		13
/home/dave/gnu/gcc-4.4/objdir/gcc/testsuite/obj-c++/../../g++  version 4.4.0 20080924 (experimental) [trunk revision 140623] (GCC) 

		=== objc tests ===


Running target unix

		=== objc Summary ===

# of expected passes		1814
# of expected failures		7
# of unsupported tests		24
/home/dave/gnu/gcc-4.4/objdir/gcc/xgcc  version 4.4.0 20080924 (experimental) [trunk revision 140623] (GCC) 

		=== libffi tests ===


Running target unix

		=== libffi Summary ===

# of expected passes		1389
# of unsupported tests		10
		=== libgomp tests ===


Running target unix
FAIL: libgomp.c/reduction-2.c execution test
FAIL: libgomp.c/reduction-3.c execution test
FAIL: libgomp.c++/reduction-2.C  -O  execution test
FAIL: libgomp.c++/reduction-3.C  -O  execution test
FAIL: libgomp.fortran/omp_parse4.f90  -O0  execution test
FAIL: libgomp.fortran/omp_parse4.f90  -O1  execution test
FAIL: libgomp.fortran/omp_parse4.f90  -O2  execution test
FAIL: libgomp.fortran/omp_parse4.f90  -O3 -fomit-frame-pointer  execution test
FAIL: libgomp.fortran/omp_parse4.f90  -O3 -fomit-frame-pointer -funroll-loops  execution test
FAIL: libgomp.fortran/omp_parse4.f90  -O3 -fomit-frame-pointer -funroll-all-loops -finline-functions  execution test
FAIL: libgomp.fortran/omp_parse4.f90  -O3 -g  execution test
FAIL: libgomp.fortran/omp_parse4.f90  -Os  execution test
FAIL: libgomp.fortran/reference1.f90  -O0  execution test
FAIL: libgomp.fortran/reference1.f90  -O1  execution test
FAIL: libgomp.fortran/reference1.f90  -O2  execution test
FAIL: libgomp.fortran/reference1.f90  -O3 -fomit-frame-pointer  execution test
FAIL: libgomp.fortran/reference1.f90  -O3 -fomit-frame-pointer -funroll-loops  execution test
FAIL: libgomp.fortran/reference1.f90  -O3 -fomit-frame-pointer -funroll-all-loops -finline-functions  execution test
FAIL: libgomp.fortran/reference1.f90  -O3 -g  execution test
FAIL: libgomp.fortran/reference1.f90  -Os  execution test
FAIL: libgomp.fortran/vla6.f90  -O0  execution test

		=== libgomp Summary ===

# of expected passes		2254
# of unexpected failures	21
# of unsupported tests		7
		=== libjava tests ===


Running target unix
FAIL: events output

		=== libjava Summary ===

# of expected passes		2573
# of unexpected failures	1
		=== libmudflap tests ===


Running target unix
FAIL: libmudflap.c++/pass41-frag.cxx execution test
FAIL: libmudflap.c++/pass41-frag.cxx (-static) execution test
FAIL: libmudflap.c++/pass41-frag.cxx (-O2) execution test
FAIL: libmudflap.c++/pass41-frag.cxx (-O3) execution test

		=== libmudflap Summary ===

# of expected passes		1877
# of unexpected failures	4
		=== libstdc++ tests ===


Running target unix
FAIL: abi_check
FAIL: 22_locale/time_get/get_date/wchar_t/4.cc execution test
XPASS: 23_containers/unordered_multimap/init-list.cc (test for excess errors)
XPASS: 26_numerics/headers/cmath/c99_classification_macros_c.cc (test for excess errors)

		=== libstdc++ Summary ===

# of expected passes		6185
# of unexpected failures	2
# of unexpected successes	2
# of expected failures		72
# of unsupported tests		13

Compiler version: 4.4.0 20080924 (experimental) [trunk revision 140623] (GCC) 
Platform: hppa-unknown-linux-gnu
configure flags: --with-gnu-as --with-gnu-ld --enable-shared --prefix=/home/dave/opt/gnu/gcc/gcc-4.4.0 --with-local-prefix=/home/dave/opt/gnu --enable-threads=posix --enable-__cxa_atexit --build=hppa-linux --enable-clocale=gnu --enable-java-gc=boehm --enable-java-awt=xlib --enable-languages=c,c++,objc,fortran,obj-c++,java,ada


Index Nav: [Date Index] [Subject Index] [Author Index] [Thread Index]
Message Nav: [Date Prev] [Date Next] [Thread Prev] [Thread Next]